INSERT INTO binarypackagerelease (id, binarypackagename, version, summary, description, build, binpackageformat, component, section, priority, shlibdeps, depends, recommends, suggests, conflicts, replaces, provides, essential, installedsize, architecturespecific, fti, datecreated, pre_depends, enhances, breaks, debug_package, user_defined_fields, homepage) VALUES (26, 8, '0.9', 'Mozilla Firefox Web Browser', 'Mozilla Firefox Web Browser is .....', 30, 1, 1, 1, 10, '', '', '', '', '', '', '', false, NULL, true, NULL, '2005-10-19 17:50:10.874189', NULL, NULL, NULL, NULL, NULL, NULL);
INSERT INTO binarypackagerelease (id, binarypackagename, version, summary, description, build, binpackageformat, component, section, priority, shlibdeps, depends, recommends, suggests, conflicts, replaces, provides, essential, installedsize, architecturespecific, fti, datecreated, pre_depends, enhances, breaks, debug_package, user_defined_fields, homepage) VALUES (27, 18, '0.9', 'Mozilla Firefox Data', 'Mozilla Firefox Data is .....', 2, 1, 1, 1, 10, '', '', '', '', '', '', '', false, NULL, false, NULL, '2005-10-19 17:50:10.874189', NULL, NULL, NULL, NULL, NULL, NULL);


ALTER TABLE binarypackagerelease ENABLE TRIGGER ALL;


ALTER TABLE binarypackagefile DISABLE TRIGGER ALL;

INSERT INTO binarypackagefile (binarypackagerelease, libraryfile, filetype, id) VALUES (6, 55, 1, 5);
INSERT INTO binarypackagefile (binarypackagerelease, libraryfile, filetype, id) VALUES (12, 40, 1, 1);
INSERT INTO binarypackagefile (binarypackagerelease, libraryfile, filetype, id) VALUES (16, 42, 1, 4);
INSERT INTO binarypackagefile (binarypackagerelease, libraryfile, filetype, id) VALUES (17, 45, 3, 3);
INSERT INTO binarypackagefile (binarypackagerelease, libraryfile, filetype, id) VALUES (18, 37, 1, 2);
INSERT INTO binarypackagefile (binarypackagerelease, libraryfile, filetype, id) VALUES (20, 90, 1, 8);
INSERT INTO binarypackagefile (binarypackagerelease, libraryfile, filetype, id) VALUES (21, 56, 1, 6);
INSERT INTO binarypackagefile (binarypackagerelease, libraryfile, filetype, id) VALUES (22, 40, 1, 7);
INSERT INTO binarypackagefile (binarypackagerelease, libraryfile, filetype, id) VALUES (25, 70, 1, 9);


ALTER TABLE binarypackagefile ENABLE TRIGGER ALL;


ALTER TABLE binarypackagepath DISABLE TRIGGER ALL;



ALTER TABLE binarypackagepath ENABLE TRIGGER ALL;


ALTER TABLE binarypackagepublishinghistory DISABLE TRIGGER ALL;

INSERT INTO binarypackagepublishinghistory (id, binarypackagerelease, distroarchseries, status, component, section, priority, datecreated, datepublished, datesuperseded, supersededby, datemadepending, scheduleddeletiondate, dateremoved, pocket, archive, removed_by, removal_comment) VALUES (9, 12, 1, 2, 1, 1, 10, '2005-05-05 00:00:00', '2005-06-18 00:00:00', NULL, NULL, NULL, NULL, NULL, 0, 1, NULL, NULL);
INSERT INTO binarypackagepublishinghistory (id, binarypackagerelease, distroarchseries, status, component, section, priority, datecreated, datepublished, datesuperseded, supersededby, datemadepending, scheduleddeletiondate, dateremoved, pocket, archive, removed_by, removal_comment) VALUES (11, 15, 6, 3, 1, 3, 40, '2005-05-05 00:00:00', '2005-05-05 00:01:00', '2006-01-25 00:00:00', 7, NULL, NULL, NULL, 0, 1, NULL, NULL);
INSERT INTO binarypackagepublishinghistory (id, binarypackagerelease, distroarchseries, status, component, section, priority, datecreated, datepublished, datesuperseded, supersededby, datemadepending, scheduleddeletiondate, dateremoved, pocket, archive, removed_by, removal_comment) VALUES (12, 15, 6, 2, 3, 3, 40, '2006-01-25 00:00:00', '2006-01-25 00:01:00', NULL, NULL, NULL, NULL, NULL, 0, 1, NULL, NULL);
INSERT INTO binarypackagepublishinghistory (id, binarypackagerelease, distroarchseries, status, component, section, priority, datecreated, datepublished, datesuperseded, supersededby, datemadepending, scheduleddeletiondate, dateremoved, pocket, archive, removed_by, removal_comment) VALUES (13, 15, 1, 3, 3, 3, 40, '2006-01-26 00:00:00', '2006-01-26 00:01:00', '2007-09-13 00:00:01', NULL, NULL, NULL, NULL, 0, 1, NULL, NULL);
INSERT INTO binarypackagepublishinghistory (id, binarypackagerelease, distroarchseries, status, component, section, priority, datecreated, datepublished, datesuperseded, supersededby, datemadepending, scheduleddeletiondate, dateremoved, pocket, archive, removed_by, removal_comment) VALUES (14, 15, 7, 3, 3, 3, 40, '2006-01-26 00:00:00', '2006-01-26 00:01:00', '2006-01-28 00:00:00', NULL, NULL, NULL, NULL, 0, 3, NULL, NULL);
INSERT INTO binarypackagepublishinghistory (id, binarypackagerelease, distroarchseries, status, component, section, priority, datecreated, datepublished, datesuperseded, supersededby, datemadepending, scheduleddeletiondate, dateremoved, pocket, archive, removed_by, removal_comment) VALUES (15, 12, 7, 2, 3, 3, 40, '2006-01-26 00:00:00', '2006-01-26 00:01:00', NULL, NULL, NULL, NULL, NULL, 0, 3, NULL, NULL);
INSERT INTO binarypackagepublishinghistory (id, binarypackagerelease, distroarchseries, status, component, section, priority, datecreated, datepublished, datesuperseded, supersededby, datemadepending, scheduleddeletiondate, dateremoved, pocket, archive, removed_by, removal_comment) VALUES (16, 15, 1, 2, 1, 1, 10, '2005-05-05 00:00:00', '2005-06-24 00:01:00', NULL, NULL, NULL, NULL, NULL, 0, 1, NULL, NULL);
INSERT INTO binarypackagepublishinghistory (id, binarypackagerelease, distroarchseries, status, component, section, priority, datecreated, datepublished, datesuperseded, supersededby, datemadepending, scheduleddeletiondate, dateremoved, pocket, archive, removed_by, removal_comment) VALUES (17, 16, 1, 2, 1, 1, 10, '2005-07-06 00:00:00', '2005-08-20 00:00:00', NULL, NULL, NULL, NULL, NULL, 0, 1, NULL, NULL);
INSERT INTO binarypackagepublishinghistory (id, binarypackagerelease, distroarchseries, status, component, section, priority, datecreated, datepublished, datesuperseded, supersededby, datemadepending, scheduleddeletiondate, dateremoved, pocket, archive, removed_by, removal_comment) VALUES (18, 17, 1, 3, 1, 1, 10, '2005-08-07 00:00:00', '2005-08-22 00:00:00', '2005-08-22 00:00:01', NULL, NULL, '2005-08-22 00:00:02', '2005-08-23 00:00:00', 0, 1, NULL, NULL);
INSERT INTO binarypackagepublishinghistory (id, binarypackagerelease, distroarchseries, status, component, section, priority, datecreated, datepublished, datesuperseded, supersededby, datemadepending, scheduleddeletiondate, dateremoved, pocket, archive, removed_by, removal_comment) VALUES (19, 18, 1, 2, 1, 1, 10, '2005-05-05 00:00:00', '2005-06-20 00:00:00', NULL, NULL, NULL, NULL, NULL, 0, 1, NULL, NULL);
INSERT INTO binarypackagepublishinghistory (id, binarypackagerelease, distroarchseries, status, component, section, priority, datecreated, datepublished, datesuperseded, supersededby, datemadepending, scheduleddeletiondate, dateremoved, pocket, archive, removed_by, removal_comment) VALUES (20, 17, 1, 2, 1, 1, 10, '2005-05-05 00:00:00', '2005-06-20 00:01:00', NULL, NULL, NULL, NULL, NULL, 0, 1, NULL, NULL);
INSERT INTO binarypackagepublishinghistory (id, binarypackagerelease, distroarchseries, status, component, section, priority, datecreated, datepublished, datesuperseded, supersededby, datemadepending, scheduleddeletiondate, dateremoved, pocket, archive, removed_by, removal_comment) VALUES (21, 18, 11, 2, 1, 1, 10, '2005-05-05 00:00:00', '2005-06-20 00:00:00', NULL, NULL, NULL, NULL, NULL, 0, 1, NULL, NULL);
INSERT INTO binarypackagepublishinghistory (id, binarypackagerelease, distroarchseries, status, component, section, priority, datecreated, datepublished, datesuperseded, supersededby, datemadepending, scheduleddeletiondate, dateremoved, pocket, archive, removed_by, removal_comment) VALUES (22, 20, 8, 4, 1, 1, 40, '2006-09-13 00:00:00', '2006-09-13 00:00:01', '2006-09-13 00:00:01', NULL, NULL, '2006-09-13 00:00:02', '2006-09-13 00:00:03', 0, 1, 1, 'nah ...');
INSERT INTO binarypackagepublishinghistory (id, binarypackagerelease, distroarchseries, status, component, section, priority, datecreated, datepublished, datesuperseded, supersededby, datemadepending, scheduleddeletiondate, dateremoved, pocket, archive, removed_by, removal_comment) VALUES (23, 6, 1, 4, 1, 1, 40, '2006-12-01 00:00:00', '2006-12-01 00:00:01', '2006-12-01 00:00:01', NULL, NULL, '2006-12-01 00:00:02', '2006-12-01 00:00:03', 0, 1, 28, 'I do not like it either');
INSERT INTO binarypackagepublishinghistory (id, binarypackagerelease, distroarchseries, status, component, section, priority, datecreated, datepublished, datesuperseded, supersededby, datemadepending, scheduleddeletiondate, dateremoved, pocket, archive, removed_by, removal_comment) VALUES (24, 21, 1, 2, 1, 1, 40, '2006-12-01 00:00:00', '2006-12-01 00:00:01', NULL, NULL, NULL, NULL, NULL, 0, 1, NULL, NULL);
INSERT INTO binarypackagepublishinghistory (id, binarypackagerelease, distroarchseries, status, component, section, priority, datecreated, datepublished, datesuperseded, supersededby, datemadepending, scheduleddeletiondate, dateremoved, pocket, archive, removed_by, removal_comment) VALUES (25, 12, 1, 2, 1, 1, 10, '2007-01-19 00:00:00', '2007-02-19 00:00:00', NULL, NULL, NULL, NULL, NULL, 0, 8, NULL, NULL);
INSERT INTO binarypackagepublishinghistory (id, binarypackagerelease, distroarchseries, status, component, section, priority, datecreated, datepublished, datesuperseded, supersededby, datemadepending, scheduleddeletiondate, dateremoved, pocket, archive, removed_by, removal_comment) VALUES (26, 22, 1, 2, 1, 1, 40, '2006-04-11 13:00:00', '2006-04-11 13:00:01', NULL, NULL, NULL, NULL, NULL, 0, 1, NULL, NULL);
INSERT INTO binarypackagepublishinghistory (id, binarypackagerelease, distroarchseries, status, component, section, priority, datecreated, datepublished, datesuperseded, supersededby, datemadepending, scheduleddeletiondate, dateremoved, pocket, archive, removed_by, removal_comment) VALUES (27, 22, 1, 2, 1, 1, 40, '2007-07-10 13:00:00', '2007-07-10 13:00:01', NULL, NULL, NULL, NULL, NULL, 0, 9, NULL, NULL);
INSERT INTO binarypackagepublishinghistory (id, binarypackagerelease, distroarchseries, status, component, section, priority, datecreated, datepublished, datesuperseded, supersededby, datemadepending, scheduleddeletiondate, dateremoved, pocket, archive, removed_by, removal_comment) VALUES (28, 23, 1, 2, 1, 1, 40, '2007-07-10 13:00:00', '2007-07-10 13:00:01', NULL, NULL, NULL, NULL, NULL, 0, 9, NULL, NULL);
INSERT INTO binarypackagepublishinghistory (id, binarypackagerelease, distroarchseries, status, component, section, priority, datecreated, datepublished, datesuperseded, supersededby, datemadepending, scheduleddeletiondate, dateremoved, pocket, archive, removed_by, removal_comment) VALUES (29, 23, 12, 2, 1, 1, 40, '2007-07-10 13:00:00', '2007-07-10 13:00:01', NULL, NULL, NULL, NULL, NULL, 0, 9, NULL, NULL);
INSERT INTO binarypackagepublishinghistory (id, binarypackagerelease, distroarchseries, status, component, section, priority, datecreated, datepublished, datesuperseded, supersededby, datemadepending, scheduleddeletiondate, dateremoved, pocket, archive, removed_by, removal_comment) VALUES (30, 24, 12, 2, 1, 1, 40, '2007-08-10 13:00:00', '2007-08-10 13:00:01', NULL, NULL, NULL, NULL, NULL, 0, 9, NULL, NULL);
INSERT INTO binarypackagepublishinghistory (id, binarypackagerelease, distroarchseries, status, component, section, priority, datecreated, datepublished, datesuperseded, supersededby, datemadepending, scheduleddeletiondate, dateremoved, pocket, archive, removed_by, removal_comment) VALUES (31, 25, 8, 2, 5, 7, 20, '2007-08-09 21:55:39.561526', '2007-08-09 21:56:39.561526', NULL, NULL, NULL, NULL, NULL, 0, 12, NULL, NULL);
INSERT INTO binarypackagepublishinghistory (id, binarypackagerelease, distroarchseries, status, component, section, priority, datecreated, datepublished, datesuperseded, supersededby, datemadepending, scheduleddeletiondate, dateremoved, pocket, archive, removed_by, removal_comment) VALUES (32, 26, 12, 2, 1, 1, 10, '2005-05-05 00:00:00', '2005-06-18 00:00:00', NULL, NULL, NULL, NULL, NULL, 0, 1, NULL, NULL);
INSERT INTO binarypackagepublishinghistory (id, binarypackagerelease, distroarchseries, status, component, section, priority, datecreated, datepublished, datesuperseded, supersededby, datemadepending, scheduleddeletiondate, dateremoved, pocket, archive, removed_by, removal_comment) VALUES (33, 27, 1, 2, 1, 1, 10, '2005-05-05 00:00:00', '2005-06-18 00:00:00', NULL, NULL, NULL, NULL, NULL, 0, 1, NULL, NULL);
INSERT INTO binarypackagepublishinghistory (id, binarypackagerelease, distroarchseries, status, component, section, priority, datecreated, datepublished, datesuperseded, supersededby, datemadepending, scheduleddeletiondate, dateremoved, pocket, archive, removed_by, removal_comment) VALUES (34, 27, 12, 2, 1, 1, 10, '2005-05-05 00:00:00', '2005-06-18 00:00:00', NULL, NULL, NULL, NULL, NULL, 0, 1, NULL, NULL);
INSERT INTO binarypackagepublishinghistory (id, binarypackagerelease, distroarchseries, status, component, section, priority, datecreated, datepublished, datesuperseded, supersededby, datemadepending, scheduleddeletiondate, dateremoved, pocket, archive, removed_by, removal_comment) VALUES (35, 24, 12, 2, 1, 1, 40, '2007-08-10 13:00:00', '2007-08-10 13:00:01', NULL, NULL, NULL, NULL, NULL, 0, 10, NULL, NULL);


ALTER TABLE binarypackagepublishinghistory ENABLE TRIGGER ALL;


ALTER TABLE binarypackagereleasecontents DISABLE TRIGGER ALL;



ALTER TABLE binarypackagereleasecontents ENABLE TRIGGER ALL;


ALTER TABLE continent DISABLE TRIGGER ALL;

INSERT INTO continent (id, code, name) VALUES (1, 'AF', 'Africa');
INSERT INTO continent (id, code, name) VALUES (2, 'AS', 'Asia');
INSERT INTO continent (id, code, name) VALUES (3, 'EU', 'Europe');
INSERT INTO continent (id, code, name) VALUES (4, 'NA', 'North America');
INSERT INTO continent (id, code, name) VALUES (5, 'SA', 'South America');
INSERT INTO continent (id, code, name) VALUES (6, 'OC', 'Oceania');
INSERT INTO continent (id, code, name) VALUES (7, 'AN', 'Antarctica');


ALTER TABLE continent ENABLE TRIGGER ALL;


ALTER TABLE country DISABLE TRIGGER ALL;

INSERT INTO country (id, iso3166code2, iso3166code3, name, title, description, continent) VALUES (1, 'AF', 'AFG', 'Afghanistan', 'The Transitional Islamic State of Afghanistan', NULL, 2);
INSERT INTO country (id, iso3166code2, iso3166code3, name, title, description, continent) VALUES (2, 'AX', 'ALA', 'Åland Islands', NULL, NULL, 3);
INSERT INTO country (id, iso3166code2, iso3166code3, name, title, description, continent) VALUES (3, 'AL', 'ALB', 'Albania', 'Republic of Albania', NULL, 3);
INSERT INTO country (id, iso3166code2, iso3166code3, name, title, description, continent) VALUES (4, 'DZ', 'DZA', 'Algeria', 'People''s Democratic Republic of Algeria', NULL, 1);
INSERT INTO country (id, iso3166code2, iso3166code3, name, title, description, continent) VALUES (5, 'AS', 'ASM', 'American Samoa', NULL, NULL, 6);
INSERT INTO country (id, iso3166code2, iso3166code3, name, title, description, continent) VALUES (6, 'AD', 'AND', 'Andorra', 'Principality of Andorra', NULL, 3);
INSERT INTO country (id, iso3166code2, iso3166code3, name, title, description, continent) VALUES (7, 'AO', 'AGO', 'Angola', 'Republic of Angola', NULL, 1);
INSERT INTO country (id, iso3166code2, iso3166code3, name, title, description, continent) VALUES (8, 'AI', 'AIA', 'Anguilla', NULL, NULL, 4);
INSERT INTO country (id, iso3166code2, iso3166code3, name, title, description, continent) VALUES (9, 'AQ', 'ATA', 'Antarctica', NULL, NULL, 7);
INSERT INTO country (id, iso3166code2, iso3166code3, name, title, description, continent) VALUES (10, 'AG', 'ATG', 'Antigua and Barbuda', NULL, NULL, 4);
INSERT INTO country (id, iso3166code2, iso3166code3, name, title, description, continent) VALUES (11, 'AR', 'ARG', 'Argentina', 'Argentine Republic', NULL, 5);
INSERT INTO country (id, iso3166code2, iso3166code3, name, title, description, continent) VALUES (12, 'AM', 'ARM', 'Armenia', 'Republic of Armenia', NULL, 2);
INSERT INTO country (id, iso3166code2, iso3166code3, name, title, description, continent) VALUES (13, 'AW', 'ABW', 'Aruba', NULL, NULL, 4);
INSERT INTO country (id, iso3166code2, iso3166code3, name, title, description, continent) VALUES (14, 'AU', 'AUS', 'Australia', NULL, NULL, 6);
INSERT INTO country (id, iso3166code2, iso3166code3, name, title, description, continent) VALUES (15, 'AT', 'AUT', 'Austria', 'Republic of Austria', NULL, 3);
INSERT INTO country (id, iso3166code2, iso3166code3, name, title, description, continent) VALUES (16, 'AZ', 'AZE', 'Azerbaijan', 'Republic of Azerbaijan', NULL, 2);
INSERT INTO country (id, iso3166code2, iso3166code3, name, title, description, continent) VALUES (17, 'BS', 'BHS', 'Bahamas', 'Commonwealth of the Bahamas', NULL, 4);
INSERT INTO country (id, iso3166code2, iso3166code3, name, title, description, continent) VALUES (18, 'BH', 'BHR', 'Bahrain', 'State of Bahrain', NULL, 2);
INSERT INTO country (id, iso3166code2, iso3166code3, name, title, description, continent) VALUES (19, 'BD', 'BGD', 'Bangladesh', 'People''s Republic of Bangladesh', NULL, 2);
INSERT INTO country (id, iso3166code2, iso3166code3, name, title, description, continent) VALUES (20, 'BB', 'BRB', 'Barbados', NULL, NULL, 4);
INSERT INTO country (id, iso3166code2, iso3166code3, name, title, description, continent) VALUES (21, 'BY', 'BLR', 'Belarus', 'Republic of Belarus', NULL, 3);
INSERT INTO country (id, iso3166code2, iso3166code3, name, title, description, continent) VALUES (22, 'BE', 'BEL', 'Belgium', 'Kingdom of Belgium', NULL, 3);
INSERT INTO country (id, iso3166code2, iso3166code3, name, title, description, continent) VALUES (23, 'BZ', 'BLZ', 'Belize', NULL, NULL, 4);
INSERT INTO country (id, iso3166code2, iso3166code3, name, title, description, continent) VALUES (24, 'BJ', 'BEN', 'Benin', 'Republic of Benin', NULL, 1);
INSERT INTO country (id, iso3166code2, iso3166code3, name, title, description, continent) VALUES (25, 'BM', 'BMU', 'Bermuda', NULL, NULL, 4);
INSERT INTO country (id, iso3166code2, iso3166code3, name, title, description, continent) VALUES (26, 'BT', 'BTN', 'Bhutan', 'Kingdom of Bhutan', NULL, 2);
INSERT INTO country (id, iso3166code2, iso3166code3, name, title, description, continent) VALUES (27, 'BO', 'BOL', 'Bolivia', 'Republic of Bolivia', NULL, 5);
INSERT INTO country (id, iso3166code2, iso3166code3, name, title, description, continent) VALUES (28, 'BA', 'BIH', 'Bosnia and Herzegovina', 'Republic of Bosnia and Herzegovina', NULL, 3);
INSERT INTO country (id, iso3166code2, iso3166code3, name, title, description, continent) VALUES (29, 'BW', 'BWA', 'Botswana', 'Republic of Botswana', NULL, 1);
INSERT INTO country (id, iso3166code2, iso3166code3, name, title, description, continent) VALUES (30, 'BV', 'BVT', 'Bouvet Island', NULL, NULL, 7);
INSERT INTO country (id, iso3166code2, iso3166code3, name, title, description, continent) VALUES (31, 'BR', 'BRA', 'Brazil', 'Federative Republic of Brazil', NULL, 5);
INSERT INTO country (id, iso3166code2, iso3166code3, name, title, description, continent) VALUES (32, 'IO', 'IOT', 'British Indian Ocean Territory', NULL, NULL, 2);
INSERT INTO country (id, iso3166code2, iso3166code3, name, title, description, continent) VALUES (33, 'BN', 'BRN', 'Brunei Darussalam', NULL, NULL, 2);
INSERT INTO country (id, iso3166code2, iso3166code3, name, title, description, continent) VALUES (34, 'BG', 'BGR', 'Bulgaria', 'Republic of Bulgaria', NULL, 3);
INSERT INTO country (id, iso3166code2, iso3166code3, name, title, description, continent) VALUES (35, 'BF', 'BFA', 'Burkina Faso', NULL, NULL, 1);
INSERT INTO country (id, iso3166code2, iso3166code3, name, title, description, continent) VALUES (36, 'BI', 'BDI', 'Burundi', 'Republic of Burundi', NULL, 1);
INSERT INTO country (id, iso3166code2, iso3166code3, name, title, description, continent) VALUES (37, 'KH', 'KHM', 'Cambodia', 'Kingdom of Cambodia', NULL, 2);
INSERT INTO country (id, iso3166code2, iso3166code3, name, title, description, continent) VALUES (38, 'CM', 'CMR', 'Cameroon', 'Republic of Cameroon', NULL, 1);
INSERT INTO country (id, iso3166code2, iso3166code3, name, title, description, continent) VALUES (39, 'CA', 'CAN', 'Canada', NULL, NULL, 4);
INSERT INTO country (id, iso3166code2, iso3166code3, name, title, description, continent) VALUES (40, 'CV', 'CPV', 'Cape Verde', 'Republic of Cape Verde', NULL, 1);
INSERT INTO country (id, iso3166code2, iso3166code3, name, title, description, continent) VALUES (41, 'KY', 'CYM', 'Cayman Islands', NULL, NULL, 4);
INSERT INTO country (id, iso3166code2, iso3166code3, name, title, description, continent) VALUES (42, 'CF', 'CAF', 'Central African Republic', NULL, NULL, 1);
INSERT INTO country (id, iso3166code2, iso3166code3, name, title, description, continent) VALUES (43, 'TD', 'TCD', 'Chad', 'Republic of Chad', NULL, 1);
INSERT INTO country (id, iso3166code2, iso3166code3, name, title, description, continent) VALUES (44, 'CL', 'CHL', 'Chile', 'Republic of Chile', NULL, 5);
INSERT INTO country (id, iso3166code2, iso3166code3, name, title, description, continent) VALUES (45, 'CN', 'CHN', 'China', 'People''s Republic of China', NULL, 2);
INSERT INTO country (id, iso3166code2, iso3166code3, name, title, description, continent) VALUES (46, 'CX', 'CXR', 'Christmas Island', NULL, NULL, 2);
INSERT INTO country (id, iso3166code2, iso3166code3, name, title, description, continent) VALUES (47, 'CC', 'CCK', 'Cocos (Keeling) Islands', NULL, NULL, 2);
INSERT INTO country (id, iso3166code2, iso3166code3, name, title, description, continent) VALUES (48, 'CO', 'COL', 'Colombia', 'Republic of Colombia', NULL, 5);
INSERT INTO country (id, iso3166code2, iso3166code3, name, title, description, continent) VALUES (49, 'KM', 'COM', 'Comoros', 'Union of the Comoros', NULL, 1);
INSERT INTO country (id, iso3166code2, iso3166code3, name, title, description, continent) VALUES (50, 'CG', 'COG', 'Congo', 'Republic of the Congo', NULL, 1);
INSERT INTO country (id, iso3166code2, iso3166code3, name, title, description, continent) VALUES (51, 'CD', 'ZAR', 'Congo, The Democratic Republic of the', NULL, NULL, 1);
INSERT INTO country (id, iso3166code2, iso3166code3, name, title, description, continent) VALUES (52, 'CK', 'COK', 'Cook Islands', NULL, NULL, 6);
INSERT INTO country (id, iso3166code2, iso3166code3, name, title, description, continent) VALUES (53, 'CR', 'CRI', 'Costa Rica', 'Republic of Costa Rica', NULL, 4);
INSERT INTO country (id, iso3166code2, iso3166code3, name, title, description, continent) VALUES (54, 'CI', 'CIV', 'Côte d''Ivoire', 'Republic of Cote d''Ivoire', NULL, 1);
INSERT INTO country (id, iso3166code2, iso3166code3, name, title, description, continent) VALUES (55, 'HR', 'HRV', 'Croatia', 'Republic of Croatia', NULL, 3);
INSERT INTO country (id, iso3166code2, iso3166code3, name, title, description, continent) VALUES (56, 'CU', 'CUB', 'Cuba', 'Republic of Cuba', NULL, 4);
INSERT INTO country (id, iso3166code2, iso3166code3, name, title, description, continent) VALUES (57, 'CY', 'CYP', 'Cyprus', 'Republic of Cyprus', NULL, 2);
INSERT INTO country (id, iso3166code2, iso3166code3, name, title, description, continent) VALUES (58, 'CZ', 'CZE', 'Czech Republic', NULL, NULL, 3);
INSERT INTO country (id, iso3166code2, iso3166code3, name, title, description, continent) VALUES (59, 'DK', 'DNK', 'Denmark', 'Kingdom of Denmark', NULL, 3);
INSERT INTO country (id, iso3166code2, iso3166code3, name, title, description, continent) VALUES (60, 'DJ', 'DJI', 'Djibouti', 'Republic of Djibouti', NULL, 1);
INSERT INTO country (id, iso3166code2, iso3166code3, name, title, description, continent) VALUES (61, 'DM', 'DMA', 'Dominica', 'Commonwealth of Dominica', NULL, 4);
INSERT INTO country (id, iso3166code2, iso3166code3, name, title, description, continent) VALUES (62, 'DO', 'DOM', 'Dominican Republic', NULL, NULL, 4);
INSERT INTO country (id, iso3166code2, iso3166code3, name, title, description, continent) VALUES (63, 'TL', 'TLS', 'Timor-Leste', 'Democratic Republic of Timor-Leste', NULL, 2);
INSERT INTO country (id, iso3166code2, iso3166code3, name, title, description, continent) VALUES (64, 'EC', 'ECU', 'Ecuador', 'Republic of Ecuador', NULL, 5);
INSERT INTO country (id, iso3166code2, iso3166code3, name, title, description, continent) VALUES (65, 'EG', 'EGY', 'Egypt', 'Arab Republic of Egypt', NULL, 1);
INSERT INTO country (id, iso3166code2, iso3166code3, name, title, description, continent) VALUES (66, 'SV', 'SLV', 'El Salvador', 'Republic of El Salvador', NULL, 4);
INSERT INTO country (id, iso3166code2, iso3166code3, name, title, description, continent) VALUES (67, 'GQ', 'GNQ', 'Equatorial Guinea', 'Republic of Equatorial Guinea', NULL, 1);
INSERT INTO country (id, iso3166code2, iso3166code3, name, title, description, continent) VALUES (68, 'ER', 'ERI', 'Eritrea', NULL, NULL, 1);
INSERT INTO country (id, iso3166code2, iso3166code3, name, title, description, continent) VALUES (69, 'EE', 'EST', 'Estonia', 'Republic of Estonia', NULL, 3);
INSERT INTO country (id, iso3166code2, iso3166code3, name, title, description, continent) VALUES (70, 'ET', 'ETH', 'Ethiopia', 'Federal Democratic Republic of Ethiopia', NULL, 1);
INSERT INTO country (id, iso3166code2, iso3166code3, name, title, description, continent) VALUES (71, 'FK', 'FLK', 'Falkland Islands (Malvinas)', NULL, NULL, 5);
INSERT INTO country (id, iso3166code2, iso3166code3, name, title, description, continent) VALUES (72, 'FO', 'FRO', 'Faroe Islands', NULL, NULL, 3);
INSERT INTO country (id, iso3166code2, iso3166code3, name, title, description, continent) VALUES (73, 'FJ', 'FJI', 'Fiji', 'Republic of the Fiji Islands', NULL, 6);
INSERT INTO country (id, iso3166code2, iso3166code3, name, title, description, continent) VALUES (74, 'FI', 'FIN', 'Finland', 'Republic of Finland', NULL, 3);
INSERT INTO country (id, iso3166code2, iso3166code3, name, title, description, continent) VALUES (75, 'FR', 'FRA', 'France', 'French Republic', NULL, 3);
INSERT INTO country (id, iso3166code2, iso3166code3, name, title, description, continent) VALUES (76, 'GF', 'GUF', 'French Guiana', NULL, NULL, 5);
INSERT INTO country (id, iso3166code2, iso3166code3, name, title, description, continent) VALUES (77, 'PF', 'PYF', 'French Polynesia', NULL, NULL, 6);
INSERT INTO country (id, iso3166code2, iso3166code3, name, title, description, continent) VALUES (78, 'TF', 'ATF', 'French Southern Territories', NULL, NULL, 7);
INSERT INTO country (id, iso3166code2, iso3166code3, name, title, description, continent) VALUES (79, 'GA', 'GAB', 'Gabon', 'Gabonese Republic', NULL, 1);
INSERT INTO country (id, iso3166code2, iso3166code3, name, title, description, continent) VALUES (80, 'GM', 'GMB', 'Gambia', 'Republic of the Gambia', NULL, 1);
INSERT INTO country (id, iso3166code2, iso3166code3, name, title, description, continent) VALUES (81, 'GE', 'GEO', 'Georgia', NULL, NULL, 2);
INSERT INTO country (id, iso3166code2, iso3166code3, name, title, description, continent) VALUES (82, 'DE', 'DEU', 'Germany', 'Federal Republic of Germany', NULL, 3);
INSERT INTO country (id, iso3166code2, iso3166code3, name, title, description, continent) VALUES (83, 'GH', 'GHA', 'Ghana', 'Republic of Ghana', NULL, 1);
INSERT INTO country (id, iso3166code2, iso3166code3, name, title, description, continent) VALUES (84, 'GI', 'GIB', 'Gibraltar', NULL, NULL, 3);
INSERT INTO country (id, iso3166code2, iso3166code3, name, title, description, continent) VALUES (85, 'GR', 'GRC', 'Greece', 'Hellenic Republic', NULL, 3);
INSERT INTO country (id, iso3166code2, iso3166code3, name, title, description, continent) VALUES (86, 'GL', 'GRL', 'Greenland', NULL, NULL, 4);
INSERT INTO country (id, iso3166code2, iso3166code3, name, title, description, continent) VALUES (87, 'GD', 'GRD', 'Grenada', NULL, NULL, 4);
INSERT INTO country (id, iso3166code2, iso3166code3, name, title, description, continent) VALUES (88, 'GP', 'GLP', 'Guadeloupe', NULL, NULL, 4);
INSERT INTO country (id, iso3166code2, iso3166code3, name, title, description, continent) VALUES (89, 'GU', 'GUM', 'Guam', NULL, NULL, 6);
INSERT INTO country (id, iso3166code2, iso3166code3, name, title, description, continent) VALUES (90, 'GT', 'GTM', 'Guatemala', 'Republic of Guatemala', NULL, 4);
INSERT INTO country (id, iso3166code2, iso3166code3, name, title, description, continent) VALUES (91, 'GN', 'GIN', 'Guinea', 'Republic of Guinea', NULL, 1);
INSERT INTO country (id, iso3166code2, iso3166code3, name, title, description, continent) VALUES (92, 'GW', 'GNB', 'Guinea-Bissau', 'Republic of Guinea-Bissau', NULL, 1);
INSERT INTO country (id, iso3166code2, iso3166code3, name, title, description, continent) VALUES (93, 'GY', 'GUY', 'Guyana', 'Republic of Guyana', NULL, 5);
INSERT INTO country (id, iso3166code2, iso3166code3, name, title, description, continent) VALUES (94, 'HT', 'HTI', 'Haiti', 'Republic of Haiti', NULL, 4);
INSERT INTO country (id, iso3166code2, iso3166code3, name, title, description, continent) VALUES (95, 'HM', 'HMD', 'Heard Island and McDonald Islands', NULL, NULL, 7);
INSERT INTO country (id, iso3166code2, iso3166code3, name, title, description, continent) VALUES (96, 'VA', 'VAT', 'Holy See (Vatican City State)', NULL, NULL, 3);
INSERT INTO country (id, iso3166code2, iso3166code3, name, title, description, continent) VALUES (97, 'HN', 'HND', 'Honduras', 'Republic of Honduras', NULL, 4);
INSERT INTO country (id, iso3166code2, iso3166code3, name, title, description, continent) VALUES (98, 'HK', 'HKG', 'Hong Kong', 'Hong Kong Special Administrative Region of China', NULL, 2);
INSERT INTO country (id, iso3166code2, iso3166code3, name, title, description, continent) VALUES (99, 'HU', 'HUN', 'Hungary', 'Republic of Hungary', NULL, 3);
INSERT INTO country (id, iso3166code2, iso3166code3, name, title, description, continent) VALUES (100, 'IS', 'ISL', 'Iceland', 'Republic of Iceland', NULL, 3);
INSERT INTO country (id, iso3166code2, iso3166code3, name, title, description, continent) VALUES (101, 'IN', 'IND', 'India', 'Republic of India', NULL, 2);
INSERT INTO country (id, iso3166code2, iso3166code3, name, title, description, continent) VALUES (102, 'ID', 'IDN', 'Indonesia', 'Republic of Indonesia', NULL, 2);
INSERT INTO country (id, iso3166code2, iso3166code3, name, title, description, continent) VALUES (103, 'IR', 'IRN', 'Iran, Islamic Republic of', 'Islamic Republic of Iran', NULL, 2);
INSERT INTO country (id, iso3166code2, iso3166code3, name, title, description, continent) VALUES (104, 'IQ', 'IRQ', 'Iraq', 'Republic of Iraq', NULL, 2);
INSERT INTO country (id, iso3166code2, iso3166code3, name, title, description, continent) VALUES (105, 'IE', 'IRL', 'Ireland', NULL, NULL, 3);
INSERT INTO country (id, iso3166code2, iso3166code3, name, title, description, continent) VALUES (106, 'IL', 'ISR', 'Israel', 'State of Israel', NULL, 2);
INSERT INTO country (id, iso3166code2, iso3166code3, name, title, description, continent) VALUES (107, 'IT', 'ITA', 'Italy', 'Italian Republic', NULL, 3);
INSERT INTO country (id, iso3166code2, iso3166code3, name, title, description, continent) VALUES (108, 'JM', 'JAM', 'Jamaica', NULL, NULL, 4);
INSERT INTO country (id, iso3166code2, iso3166code3, name, title, description, continent) VALUES (109, 'JP', 'JPN', 'Japan', NULL, NULL, 2);
INSERT INTO country (id, iso3166code2, iso3166code3, name, title, description, continent) VALUES (110, 'JO', 'JOR', 'Jordan', 'Hashemite Kingdom of Jordan', NULL, 2);
INSERT INTO country (id, iso3166code2, iso3166code3, name, title, description, continent) VALUES (111, 'KZ', 'KAZ', 'Kazakhstan', 'Republic of Kazakhstan', NULL, 2);
INSERT INTO country (id, iso3166code2, iso3166code3, name, title, description, continent) VALUES (112, 'KE', 'KEN', 'Kenya', 'Republic of Kenya', NULL, 1);
INSERT INTO country (id, iso3166code2, iso3166code3, name, title, description, continent) VALUES (113, 'KI', 'KIR', 'Kiribati', 'Republic of Kiribati', NULL, 6);
INSERT INTO country (id, iso3166code2, iso3166code3, name, title, description, continent) VALUES (114, 'KP', 'PRK', 'Korea, Democratic People''s Republic of', 'Democratic People''s Republic of Korea', NULL, 2);
INSERT INTO country (id, iso3166code2, iso3166code3, name, title, description, continent) VALUES (115, 'KR', 'KOR', 'Korea, Republic of', NULL, NULL, 2);
INSERT INTO country (id, iso3166code2, iso3166code3, name, title, description, continent) VALUES (116, 'KW', 'KWT', 'Kuwait', 'State of Kuwait', NULL, 2);
INSERT INTO country (id, iso3166code2, iso3166code3, name, title, description, continent) VALUES (117, 'KG', 'KGZ', 'Kyrgyzstan', 'Kyrgyz Republic', NULL, 2);
INSERT INTO country (id, iso3166code2, iso3166code3, name, title, description, continent) VALUES (118, 'LA', 'LAO', 'Lao People''s Democratic Republic', NULL, NULL, 2);
INSERT INTO country (id, iso3166code2, iso3166code3, name, title, description, continent) VALUES (119, 'LV', 'LVA', 'Latvia', 'Republic of Latvia', NULL, 3);
INSERT INTO country (id, iso3166code2, iso3166code3, name, title, description, continent) VALUES (120, 'LB', 'LBN', 'Lebanon', 'Lebanese Republic', NULL, 2);
INSERT INTO country (id, iso3166code2, iso3166code3, name, title, description, continent) VALUES (121, 'LS', 'LSO', 'Lesotho', 'Kingdom of Lesotho', NULL, 1);
INSERT INTO country (id, iso3166code2, iso3166code3, name, title, description, continent) VALUES (122, 'LR', 'LBR', 'Liberia', 'Republic of Liberia', NULL, 1);
INSERT INTO country (id, iso3166code2, iso3166code3, name, title, description, continent) VALUES (123, 'LY', 'LBY', 'Libyan Arab Jamahiriya', 'Socialist People''s Libyan Arab Jamahiriya', NULL, 1);
INSERT INTO country (id, iso3166code2, iso3166code3, name, title, description, continent) VALUES (124, 'LI', 'LIE', 'Liechtenstein', 'Principality of Liechtenstein', NULL, 3);
INSERT INTO country (id, iso3166code2, iso3166code3, name, title, description, continent) VALUES (125, 'LT', 'LTU', 'Lithuania', 'Republic of Lithuania', NULL, 3);
INSERT INTO country (id, iso3166code2, iso3166code3, name, title, description, continent) VALUES (126, 'LU', 'LUX', 'Luxembourg', 'Grand Duchy of Luxembourg', NULL, 3);
INSERT INTO country (id, iso3166code2, iso3166code3, name, title, description, continent) VALUES (127, 'MO', 'MAC', 'Macao', 'Macao Special Administrative Region of China', NULL, 2);
INSERT INTO country (id, iso3166code2, iso3166code3, name, title, description, continent) VALUES (128, 'MK', 'MKD', 'Macedonia, Republic of', 'The Former Yugoslav Republic of Macedonia', NULL, 3);
INSERT INTO country (id, iso3166code2, iso3166code3, name, title, description, continent) VALUES (129, 'MG', 'MDG', 'Madagascar', 'Republic of Madagascar', NULL, 1);
INSERT INTO country (id, iso3166code2, iso3166code3, name, title, description, continent) VALUES (130, 'MW', 'MWI', 'Malawi', 'Republic of Malawi', NULL, 1);
INSERT INTO country (id, iso3166code2, iso3166code3, name, title, description, continent) VALUES (131, 'MY', 'MYS', 'Malaysia', NULL, NULL, 2);
INSERT INTO country (id, iso3166code2, iso3166code3, name, title, description, continent) VALUES (132, 'MV', 'MDV', 'Maldives', 'Republic of Maldives', NULL, 2);
INSERT INTO country (id, iso3166code2, iso3166code3, name, title, description, continent) VALUES (133, 'ML', 'MLI', 'Mali', 'Republic of Mali', NULL, 1);
INSERT INTO country (id, iso3166code2, iso3166code3, name, title, description, continent) VALUES (134, 'MT', 'MLT', 'Malta', 'Republic of Malta', NULL, 3);
INSERT INTO country (id, iso3166code2, iso3166code3, name, title, description, continent) VALUES (135, 'MH', 'MHL', 'Marshall Islands', 'Republic of the Marshall Islands', NULL, 6);
INSERT INTO country (id, iso3166code2, iso3166code3, name, title, description, continent) VALUES (136, 'MQ', 'MTQ', 'Martinique', NULL, NULL, 4);
INSERT INTO country (id, iso3166code2, iso3166code3, name, title, description, continent) VALUES (137, 'MR', 'MRT', 'Mauritania', 'Islamic Republic of Mauritania', NULL, 1);
INSERT INTO country (id, iso3166code2, iso3166code3, name, title, description, continent) VALUES (138, 'MU', 'MUS', 'Mauritius', 'Republic of Mauritius', NULL, 1);
INSERT INTO country (id, iso3166code2, iso3166code3, name, title, description, continent) VALUES (139, 'YT', 'MYT', 'Mayotte', NULL, NULL, 1);
INSERT INTO country (id, iso3166code2, iso3166code3, name, title, description, continent) VALUES (140, 'MX', 'MEX', 'Mexico', 'United Mexican States', NULL, 4);
INSERT INTO country (id, iso3166code2, iso3166code3, name, title, description, continent) VALUES (141, 'FM', 'FSM', 'Micronesia, Federated States of', 'Federated States of Micronesia', NULL, 6);
INSERT INTO country (id, iso3166code2, iso3166code3, name, title, description, continent) VALUES (142, 'MD', 'MDA', 'Moldova, Republic of', 'Republic of Moldova', NULL, 3);
INSERT INTO country (id, iso3166code2, iso3166code3, name, title, description, continent) VALUES (143, 'MC', 'MCO', 'Monaco', 'Principality of Monaco', NULL, 3);
INSERT INTO country (id, iso3166code2, iso3166code3, name, title, description, continent) VALUES (144, 'MN', 'MNG', 'Mongolia', NULL, NULL, 2);
INSERT INTO country (id, iso3166code2, iso3166code3, name, title, description, continent) VALUES (145, 'MS', 'MSR', 'Montserrat', NULL, NULL, 4);
INSERT INTO country (id, iso3166code2, iso3166code3, name, title, description, continent) VALUES (146, 'MA', 'MAR', 'Morocco', 'Kingdom of Morocco', NULL, 1);
INSERT INTO country (id, iso3166code2, iso3166code3, name, title, description, continent) VALUES (147, 'MZ', 'MOZ', 'Mozambique', 'Republic of Mozambique', NULL, 1);
INSERT INTO country (id, iso3166code2, iso3166code3, name, title, description, continent) VALUES (148, 'MM', 'MMR', 'Myanmar', 'Union of Myanmar', NULL, 2);
INSERT INTO country (id, iso3166code2, iso3166code3, name, title, description, continent) VALUES (149, 'NA', 'NAM', 'Namibia', 'Republic of Namibia', NULL, 1);
INSERT INTO country (id, iso3166code2, iso3166code3, name, title, description, continent) VALUES (150, 'NR', 'NRU', 'Nauru', 'Republic of Nauru', NULL, 6);
INSERT INTO country (id, iso3166code2, iso3166code3, name, title, description, continent) VALUES (151, 'NP', 'NPL', 'Nepal', 'Kingdom of Nepal', NULL, 2);
INSERT INTO country (id, iso3166code2, iso3166code3, name, title, description, continent) VALUES (152, 'NL', 'NLD', 'Netherlands', 'Kingdom of the Netherlands', NULL, 3);
INSERT INTO country (id, iso3166code2, iso3166code3, name, title, description, continent) VALUES (153, 'AN', 'ANT', 'Netherlands Antilles', NULL, NULL, 4);
INSERT INTO country (id, iso3166code2, iso3166code3, name, title, description, continent) VALUES (154, 'NC', 'NCL', 'New Caledonia', NULL, NULL, 6);
INSERT INTO country (id, iso3166code2, iso3166code3, name, title, description, continent) VALUES (155, 'NZ', 'NZL', 'New Zealand', NULL, NULL, 6);
INSERT INTO country (id, iso3166code2, iso3166code3, name, title, description, continent) VALUES (156, 'NI', 'NIC', 'Nicaragua', 'Republic of Nicaragua', NULL, 4);
INSERT INTO country (id, iso3166code2, iso3166code3, name, title, description, continent) VALUES (157, 'NE', 'NER', 'Niger', 'Republic of the Niger', NULL, 1);
INSERT INTO country (id, iso3166code2, iso3166code3, name, title, description, continent) VALUES (158, 'NG', 'NGA', 'Nigeria', 'Federal Republic of Nigeria', NULL, 1);
INSERT INTO country (id, iso3166code2, iso3166code3, name, title, description, continent) VALUES (159, 'NU', 'NIU', 'Niue', 'Republic of Niue', NULL, 6);
INSERT INTO country (id, iso3166code2, iso3166code3, name, title, description, continent) VALUES (160, 'NF', 'NFK', 'Norfolk Island', NULL, NULL, 6);
INSERT INTO country (id, iso3166code2, iso3166code3, name, title, description, continent) VALUES (161, 'MP', 'MNP', 'Northern Mariana Islands', 'Commonwealth of the Northern Mariana Islands', NULL, 6);
INSERT INTO country (id, iso3166code2, iso3166code3, name, title, description, continent) VALUES (162, 'NO', 'NOR', 'Norway', 'Kingdom of Norway', NULL, 3);
INSERT INTO country (id, iso3166code2, iso3166code3, name, title, description, continent) VALUES (163, 'OM', 'OMN', 'Oman', 'Sultanate of Oman', NULL, 2);
INSERT INTO country (id, iso3166code2, iso3166code3, name, title, description, continent) VALUES (164, 'PK', 'PAK', 'Pakistan', 'Islamic Republic of Pakistan', NULL, 2);
INSERT INTO country (id, iso3166code2, iso3166code3, name, title, description, continent) VALUES (165, 'PW', 'PLW', 'Palau', 'Republic of Palau', NULL, 6);
INSERT INTO country (id, iso3166code2, iso3166code3, name, title, description, continent) VALUES (166, 'PS', 'PSE', 'Palestinian Territory, Occupied', 'Occupied Palestinian Territory', NULL, 2);
INSERT INTO country (id, iso3166code2, iso3166code3, name, title, description, continent) VALUES (167, 'PA', 'PAN', 'Panama', 'Republic of Panama', NULL, 4);
INSERT INTO country (id, iso3166code2, iso3166code3, name, title, description, continent) VALUES (168, 'PG', 'PNG', 'Papua New Guinea', NULL, NULL, 6);
INSERT INTO country (id, iso3166code2, iso3166code3, name, title, description, continent) VALUES (169, 'PY', 'PRY', 'Paraguay', 'Republic of Paraguay', NULL, 5);
INSERT INTO country (id, iso3166code2, iso3166code3, name, title, description, continent) VALUES (170, 'PE', 'PER', 'Peru', 'Republic of Peru', NULL, 5);
INSERT INTO country (id, iso3166code2, iso3166code3, name, title, description, continent) VALUES (171, 'PH', 'PHL', 'Philippines', 'Republic of the Philippines', NULL, 2);
INSERT INTO country (id, iso3166code2, iso3166code3, name, title, description, continent) VALUES (172, 'PN', 'PCN', 'Pitcairn', NULL, NULL, 6);
INSERT INTO country (id, iso3166code2, iso3166code3, name, title, description, continent) VALUES (173, 'PL', 'POL', 'Poland', 'Republic of Poland', NULL, 3);
INSERT INTO country (id, iso3166code2, iso3166code3, name, title, description, continent) VALUES (174, 'PT', 'PRT', 'Portugal', 'Portuguese Republic', NULL, 3);
INSERT INTO country (id, iso3166code2, iso3166code3, name, title, description, continent) VALUES (175, 'PR', 'PRI', 'Puerto Rico', NULL, NULL, 4);
INSERT INTO country (id, iso3166code2, iso3166code3, name, title, description, continent) VALUES (176, 'QA', 'QAT', 'Qatar', 'State of Qatar', NULL, 2);
INSERT INTO country (id, iso3166code2, iso3166code3, name, title, description, continent) VALUES (177, 'RE', 'REU', 'Reunion', NULL, NULL, 1);
INSERT INTO country (id, iso3166code2, iso3166code3, name, title, description, continent) VALUES (178, 'RO', 'ROU', 'Romania', NULL, NULL, 3);
INSERT INTO country (id, iso3166code2, iso3166code3, name, title, description, continent) VALUES (179, 'RU', 'RUS', 'Russian Federation', NULL, NULL, 3);
INSERT INTO country (id, iso3166code2, iso3166code3, name, title, description, continent) VALUES (180, 'RW', 'RWA', 'Rwanda', 'Rwandese Republic', NULL, 1);
INSERT INTO country (id, iso3166code2, iso3166code3, name, title, description, continent) VALUES (181, 'SH', 'SHN', 'Saint Helena', NULL, NULL, 1);
INSERT INTO country (id, iso3166code2, iso3166code3, name, title, description, continent) VALUES (182, 'KN', 'KNA', 'Saint Kitts and Nevis', NULL, NULL, 4);
INSERT INTO country (id, iso3166code2, iso3166code3, name, title, description, continent) VALUES (183, 'LC', 'LCA', 'Saint Lucia', NULL, NULL, 4);
INSERT INTO country (id, iso3166code2, iso3166code3, name, title, description, continent) VALUES (184, 'PM', 'SPM', 'Saint Pierre and Miquelon', NULL, NULL, 4);
INSERT INTO country (id, iso3166code2, iso3166code3, name, title, description, continent) VALUES (185, 'VC', 'VCT', 'Saint Vincent and the Grenadines', NULL, NULL, 4);
INSERT INTO country (id, iso3166code2, iso3166code3, name, title, description, continent) VALUES (186, 'WS', 'WSM', 'Samoa', 'Independent State of Samoa', NULL, 6);
INSERT INTO country (id, iso3166code2, iso3166code3, name, title, description, continent) VALUES (187, 'SM', 'SMR', 'San Marino', 'Republic of San Marino', NULL, 3);
INSERT INTO country (id, iso3166code2, iso3166code3, name, title, description, continent) VALUES (188, 'ST', 'STP', 'Sao Tome and Principe', 'Democratic Republic of Sao Tome and Principe', NULL, 1);
INSERT INTO country (id, iso3166code2, iso3166code3, name, title, description, continent) VALUES (189, 'SA', 'SAU', 'Saudi Arabia', 'Kingdom of Saudi Arabia', NULL, 2);
INSERT INTO country (id, iso3166code2, iso3166code3, name, title, description, continent) VALUES (190, 'SN', 'SEN', 'Senegal', 'Republic of Senegal', NULL, 1);
INSERT INTO country (id, iso3166code2, iso3166code3, name, title, description, continent) VALUES (191, 'SC', 'SYC', 'Seychelles', 'Republic of Seychelles', NULL, 1);
INSERT INTO country (id, iso3166code2, iso3166code3, name, title, description, continent) VALUES (192, 'SL', 'SLE', 'Sierra Leone', 'Republic of Sierra Leone', NULL, 1);
INSERT INTO country (id, iso3166code2, iso3166code3, name, title, description, continent) VALUES (193, 'SG', 'SGP', 'Singapore', 'Republic of Singapore', NULL, 2);
INSERT INTO country (id, iso3166code2, iso3166code3, name, title, description, continent) VALUES (194, 'SK', 'SVK', 'Slovakia', 'Slovak Republic', NULL, 3);
INSERT INTO country (id, iso3166code2, iso3166code3, name, title, description, continent) VALUES (195, 'SI', 'SVN', 'Slovenia', 'Republic of Slovenia', NULL, 3);
INSERT INTO country (id, iso3166code2, iso3166code3, name, title, description, continent) VALUES (196, 'SB', 'SLB', 'Solomon Islands', NULL, NULL, 6);
INSERT INTO country (id, iso3166code2, iso3166code3, name, title, description, continent) VALUES (197, 'SO', 'SOM', 'Somalia', 'Somali Republic', NULL, 1);
INSERT INTO country (id, iso3166code2, iso3166code3, name, title, description, continent) VALUES (198, 'ZA', 'ZAF', 'South Africa', 'Republic of South Africa', NULL, 1);
INSERT INTO country (id, iso3166code2, iso3166code3, name, title, description, continent) VALUES (199, 'GS', 'SGS', 'South Georgia and the South Sandwich Islands', NULL, NULL, 7);
INSERT INTO country (id, iso3166code2, iso3166code3, name, title, description, continent) VALUES (200, 'ES', 'ESP', 'Spain', 'Kingdom of Spain', NULL, 3);
INSERT INTO country (id, iso3166code2, iso3166code3, name, title, description, continent) VALUES (201, 'LK', 'LKA', 'Sri Lanka', 'Democratic Socialist Republic of Sri Lanka', NULL, 2);
INSERT INTO country (id, iso3166code2, iso3166code3, name, title, description, continent) VALUES (202, 'SD', 'SDN', 'Sudan', 'Republic of the Sudan', NULL, 1);
INSERT INTO country (id, iso3166code2, iso3166code3, name, title, description, continent) VALUES (203, 'SR', 'SUR', 'Suriname', 'Republic of Suriname', NULL, 5);
INSERT INTO country (id, iso3166code2, iso3166code3, name, title, description, continent) VALUES (204, 'SJ', 'SJM', 'Svalbard and Jan Mayen', NULL, NULL, 3);
INSERT INTO country (id, iso3166code2, iso3166code3, name, title, description, continent) VALUES (205, 'SZ', 'SWZ', 'Swaziland', 'Kingdom of Swaziland', NULL, 1);
INSERT INTO country (id, iso3166code2, iso3166code3, name, title, description, continent) VALUES (206, 'SE', 'SWE', 'Sweden', 'Kingdom of Sweden', NULL, 3);
INSERT INTO country (id, iso3166code2, iso3166code3, name, title, description, continent) VALUES (207, 'CH', 'CHE', 'Switzerland', 'Swiss Confederation', NULL, 3);
INSERT INTO country (id, iso3166code2, iso3166code3, name, title, description, continent) VALUES (208, 'SY', 'SYR', 'Syrian Arab Republic', NULL, NULL, 2);
INSERT INTO country (id, iso3166code2, iso3166code3, name, title, description, continent) VALUES (209, 'TW', 'TWN', 'Taiwan', 'Taiwan', NULL, 2);
INSERT INTO country (id, iso3166code2, iso3166code3, name, title, description, continent) VALUES (210, 'TJ', 'TJK', 'Tajikistan', 'Republic of Tajikistan', NULL, 2);
INSERT INTO country (id, iso3166code2, iso3166code3, name, title, description, continent) VALUES (211, 'TZ', 'TZA', 'Tanzania, United Republic of', 'United Republic of Tanzania', NULL, 1);
INSERT INTO country (id, iso3166code2, iso3166code3, name, title, description, continent) VALUES (212, 'TH', 'THA', 'Thailand', 'Kingdom of Thailand', NULL, 2);
INSERT INTO country (id, iso3166code2, iso3166code3, name, title, description, continent) VALUES (213, 'TG', 'TGO', 'Togo', 'Togolese Republic', NULL, 1);
INSERT INTO country (id, iso3166code2, iso3166code3, name, title, description, continent) VALUES (214, 'TK', 'TKL', 'Tokelau', NULL, NULL, 6);
INSERT INTO country (id, iso3166code2, iso3166code3, name, title, description, continent) VALUES (215, 'TO', 'TON', 'Tonga', 'Kingdom of Tonga', NULL, 6);
INSERT INTO country (id, iso3166code2, iso3166code3, name, title, description, continent) VALUES (216, 'TT', 'TTO', 'Trinidad and Tobago', 'Republic of Trinidad and Tobago', NULL, 4);
INSERT INTO country (id, iso3166code2, iso3166code3, name, title, description, continent) VALUES (217, 'TN', 'TUN', 'Tunisia', 'Republic of Tunisia', NULL, 1);
INSERT INTO country (id, iso3166code2, iso3166code3, name, title, description, continent) VALUES (218, 'TR', 'TUR', 'Turkey', 'Republic of Turkey', NULL, 2);
INSERT INTO country (id, iso3166code2, iso3166code3, name, title, description, continent) VALUES (219, 'TM', 'TKM', 'Turkmenistan', NULL, NULL, 2);
INSERT INTO country (id, iso3166code2, iso3166code3, name, title, description, continent) VALUES (220, 'TC', 'TCA', 'Turks and Caicos Islands', NULL, NULL, 4);
INSERT INTO country (id, iso3166code2, iso3166code3, name, title, description, continent) VALUES (221, 'TV', 'TUV', 'Tuvalu', NULL, NULL, 6);
INSERT INTO country (id, iso3166code2, iso3166code3, name, title, description, continent) VALUES (222, 'UG', 'UGA', 'Uganda', 'Republic of Uganda', NULL, 1);
INSERT INTO country (id, iso3166code2, iso3166code3, name, title, description, continent) VALUES (223, 'UA', 'UKR', 'Ukraine', NULL, NULL, 3);
INSERT INTO country (id, iso3166code2, iso3166code3, name, title, description, continent) VALUES (224, 'AE', 'ARE', 'United Arab Emirates', NULL, NULL, 2);
INSERT INTO country (id, iso3166code2, iso3166code3, name, title, description, continent) VALUES (225, 'GB', 'GBR', 'United Kingdom', 'United Kingdom of Great Britain and Northern Ireland', NULL, 3);
INSERT INTO country (id, iso3166code2, iso3166code3, name, title, description, continent) VALUES (226, 'US', 'USA', 'United States', 'United States of America', NULL, 4);
INSERT INTO country (id, iso3166code2, iso3166code3, name, title, description, continent) VALUES (227, 'UM', 'UMI', 'United States Minor Outlying Islands', NULL, NULL, 6);
INSERT INTO country (id, iso3166code2, iso3166code3, name, title, description, continent) VALUES (228, 'UY', 'URY', 'Uruguay', 'Eastern Republic of Uruguay', NULL, 5);
INSERT INTO country (id, iso3166code2, iso3166code3, name, title, description, continent) VALUES (229, 'UZ', 'UZB', 'Uzbekistan', 'Republic of Uzbekistan', NULL, 2);
INSERT INTO country (id, iso3166code2, iso3166code3, name, title, description, continent) VALUES (230, 'VU', 'VUT', 'Vanuatu', 'Republic of Vanuatu', NULL, 6);
INSERT INTO country (id, iso3166code2, iso3166code3, name, title, description, continent) VALUES (231, 'VE', 'VEN', 'Venezuela', 'Bolivarian Republic of Venezuela', NULL, 5);
INSERT INTO country (id, iso3166code2, iso3166code3, name, title, description, continent) VALUES (232, 'VN', 'VNM', 'Viet Nam', 'Socialist Republic of Viet Nam', NULL, 2);
INSERT INTO country (id, iso3166code2, iso3166code3, name, title, description, continent) VALUES (233, 'VG', 'VGB', 'Virgin Islands, British', 'British Virgin Islands', NULL, 4);
INSERT INTO country (id, iso3166code2, iso3166code3, name, title, description, continent) VALUES (234, 'VI', 'VIR', 'Virgin Islands, U.S.', 'Virgin Islands of the United States', NULL, 4);
INSERT INTO country (id, iso3166code2, iso3166code3, name, title, description, continent) VALUES (235, 'WF', 'WLF', 'Wallis and Futuna', NULL, NULL, 6);
INSERT INTO country (id, iso3166code2, iso3166code3, name, title, description, continent) VALUES (236, 'EH', 'ESH', 'Western Sahara', NULL, NULL, 1);
INSERT INTO country (id, iso3166code2, iso3166code3, name, title, description, continent) VALUES (237, 'YE', 'YEM', 'Yemen', 'Republic of Yemen', NULL, 2);
INSERT INTO country (id, iso3166code2, iso3166code3, name, title, description, continent) VALUES (238, 'ZM', 'ZMB', 'Zambia', 'Republic of Zambia', NULL, 1);
INSERT INTO country (id, iso3166code2, iso3166code3, name, title, description, continent) VALUES (239, 'ZW', 'ZWE', 'Zimbabwe', 'Republic of Zimbabwe', NULL, 1);
INSERT INTO country (id, iso3166code2, iso3166code3, name, title, description, continent) VALUES (240, 'CS', 'SCG', 'Serbia and Montenegro', NULL, NULL, 3);


ALTER TABLE country ENABLE TRIGGER ALL;


ALTER TABLE binarypackagereleasedownloadcount DISABLE TRIGGER ALL;



ALTER TABLE binarypackagereleasedownloadcount ENABLE TRIGGER ALL;


ALTER TABLE bounty DISABLE TRIGGER ALL;

INSERT INTO bounty (id, name, title, summary, description, usdvalue, difficulty, reviewer, datecreated, owner, deadline, claimant, dateclaimed, bountystatus) VALUES (1, 'foomatic-widgets', 'Make foomatic have better widgets.', 'Foomatic needs to have way better widgets. The current ones are SO WinXP. Eeewww. Maybe we can get some of that K-Bling that I saw in Kubuntu?', 'The widgets need to be particularly polished, since foomatic is going to be the default foomaster on the desktop for the planet.', 453.44, 50, 16, '2005-03-11 09:17:40.585397', 16, NULL, NULL, NULL, 1);
INSERT INTO bounty (id, name, title, summary, description, usdvalue, difficulty, reviewer, datecreated, owner, deadline, claimant, dateclaimed, bountystatus) VALUES (2, 'test-bounty', 'This is a Test Bounty', 'The test bounty summary would be compact, not more than 70 words. I would expect to see this displayed in bold at the top of the bounty page, and in listings of bounties.', 'This is a challenging bounty. Dolorem ipsum dominum nostrum. Quanto quando magno farto.  kjds hfslhf kdszhfskdj dsfvgdfvg ghjgsdfgsdfj hgsdkjsdg vsvgckjvcxvg xcIn some cases the bounty may have been offered in a variety of currencies, so this USD value iIn some cases the bounty may have been offered in a variety of currencies, so this USD value is an estimate based on recent currency rates.s an estimate based on recent currency rates.In some cases the bounty may have been offered in a variety of currencies, so this USD value is an estimate based on recent currency rates.

In some cases the bounty may have been offered in a variety of currencies, so this USD value is an estimate based on recent currency rates.

In some cases the bounty may have been offered in a variety ofIn some cases the bounty may have been offered in a variety of currencies, so this USD value is an estimate based on recent currency rates. currencies, so this USD value is an estimate based on recent currency rates.', 657.00, 50, 16, '2005-08-19 14:33:13.38112', 16, NULL, NULL, NULL, 1);
INSERT INTO bounty (id, name, title, summary, description, usdvalue, difficulty, reviewer, datecreated, owner, deadline, claimant, dateclaimed, bountystatus) VALUES (3, 'mozilla-svg', 'Support SVG in Mozilla', 'SVG is emerging as a well-supported and well-defined standard for classy vector images. Mozilla should support SVG images natively, without plugins as currently required. In addition, it would be great to be able to address SVG images using the DOM, since they are made up of XML just like XHTML.', ' Since you have come this far, you probably already know that SVG stands for Scalable Vector Graphics, and that it is an XML language for sophisticated 2-dimensional graphics. SVG is to graphics what XHTML is to text, MathML is to mathematical equations and CML is to the description of chemical molecules.

SVG is similar in scope to Macromedia''s proprietary Flash technology: among other things it offers anti-aliased rendering, pattern and gradient fills, sophisticated filter-effects, clipping to arbitrary paths, text and animations. What distinguishes SVG from Flash, is that it is a W3 recommendation (i.e. a standard for all intents and purposes) and that it is XML-based as opposed to a closed binary format. It is explicitly designed to work with other W3C standards such as CSS, DOM and SMIL.
', 877.00, 50, 16, '2005-08-19 14:37:20.144375', 16, NULL, NULL, NULL, 1);
INSERT INTO bounty (id, name, title, summary, description, usdvalue, difficulty, reviewer, datecreated, owner, deadline, claimant, dateclaimed, bountystatus) VALUES (4, 'evo-vcard', 'Comprehensive support for VCARD in Evolution', 'The VCARD standard, as irritating and silly as it is, should be better supported in Evolution. This bounty is for support for the creation, parsing, import and export of VCARDS in Evolution.', 'NOTE: (You MUST have python installed to do this)

1. Copy the script below to an empty ascii file and save it as:
''evol2tbird-addressbook.py''

2. Put it in an empty folder you create for this process.

3. Make the file executable:

chmod +x evol2tbird-addressbook.py

4. Run the program to export the addressbook file from Evolution:

./evol2tbird-addressbook.py --db [path to evolution''s addressbook.db]

ex.: ./evol2tbird-addressbook.py --db ~/evolution/local/Contacts/addressbook.db > adbook.txt

5. Now open the addressbook in Thunderbird and select ''Tools/Import''

6. Work through the dialogs until you point to the file the script created ... ''adbook.txt''

7. Select that file and click ''OK'' - then select what info you want imported and select ''OK'' again.

8. Your Evolution Addressbook is now imported into Thunderbird.', 300.00, 50, 16, '2005-08-19 14:40:02.046826', 16, NULL, NULL, NULL, 1);


ALTER TABLE bounty ENABLE TRIGGER ALL;


ALTER TABLE message DISABLE TRIGGER ALL;

INSERT INTO message (id, datecreated, subject, owner, parent, distribution, rfc822msgid, fti, raw, visible) VALUES (1, '2004-09-24 20:58:04.684057', 'PEBCAK', 16, NULL, NULL, 'foo@example.com-332342--1231', NULL, NULL, true);
INSERT INTO message (id, datecreated, subject, owner, parent, distribution, rfc822msgid, fti, raw, visible) VALUES (3, '2004-09-24 21:17:17.153792', 'Reproduced on AIX', 12, NULL, NULL, 'sdsdfsfd', NULL, NULL, true);
INSERT INTO message (id, datecreated, subject, owner, parent, distribution, rfc822msgid, fti, raw, visible) VALUES (4, '2004-09-24 21:24:03.922564', 'Re: Reproduced on AIX', 12, NULL, NULL, 'sdfssfdfsd', NULL, NULL, true);
INSERT INTO message (id, datecreated, subject, owner, parent, distribution, rfc822msgid, fti, raw, visible) VALUES (5, '2004-09-24 21:29:27.407354', 'Fantastic idea, I''d really like to see this', 12, NULL, NULL, 'dxssdfsdgf', NULL, NULL, true);
INSERT INTO message (id, datecreated, subject, owner, parent, distribution, rfc822msgid, fti, raw, visible) VALUES (6, '2004-09-24 21:35:20.125564', 'Strange bug with duplicate messages.', 12, NULL, NULL, 'sdfsfwew', NULL, NULL, true);
INSERT INTO message (id, datecreated, subject, owner, parent, distribution, rfc822msgid, fti, raw, visible) VALUES (7, '2005-01-14 17:20:12.820778', 'Reflow problems with complex page layouts', 12, NULL, NULL, '<20050114172012.6687.51124.malonedeb@localhost.localdomain>', NULL, NULL, true);
INSERT INTO message (id, datecreated, subject, owner, parent, distribution, rfc822msgid, fti, raw, visible) VALUES (8, '2005-01-14 17:27:03.702622', 'Firefox install instructions should be complete', 12, NULL, NULL, '<20050114172703.6687.71983.malonedeb@localhost.localdomain>', NULL, NULL, true);
INSERT INTO message (id, datecreated, subject, owner, parent, distribution, rfc822msgid, fti, raw, visible) VALUES (9, '2005-01-14 17:35:39.548665', 'Firefox crashes when Save As dialog for a nonexistent window is closed', 12, NULL, NULL, '<20050114173539.6687.81610.malonedeb@localhost.localdomain>', NULL, NULL, true);
INSERT INTO message (id, datecreated, subject, owner, parent, distribution, rfc822msgid, fti, raw, visible) VALUES (10, '2004-10-05 00:00:00', 'Re: Bug Title Test', 12, NULL, NULL, '<20050831114528.7616.78129.malone@localhost.localdomain>', NULL, NULL, true);
INSERT INTO message (id, datecreated, subject, owner, parent, distribution, rfc822msgid, fti, raw, visible) VALUES (11, '2005-10-14 15:12:29.602117', 'A test bug', 16, NULL, NULL, '<20051014151229.28962.1536.malonedeb@localhost.localdomain>', NULL, NULL, true);
INSERT INTO message (id, datecreated, subject, owner, parent, distribution, rfc822msgid, fti, raw, visible) VALUES (12, '2005-10-14 12:25:21.508923', 'Re: Newly installed plug-in doesn''t seem to be used', 16, NULL, NULL, '<20051014122521.14276.39260.lptickets@localhost.localdomain>', NULL, NULL, true);
INSERT INTO message (id, datecreated, subject, owner, parent, distribution, rfc822msgid, fti, raw, visible) VALUES (13, '2005-10-14 13:28:11.554476', 'Re: Slow system', 12, NULL, NULL, '<20051014132811.14276.65873.lptickets@localhost.localdomain>', NULL, NULL, true);
INSERT INTO message (id, datecreated, subject, owner, parent, distribution, rfc822msgid, fti, raw, visible) VALUES (14, '2005-10-28 09:10:17.13237', 'Printing doesn''t work', 12, NULL, 3, '<20051028091017.6690.9505.malonedeb@localhost.localdomain>', NULL, NULL, true);
INSERT INTO message (id, datecreated, subject, owner, parent, distribution, rfc822msgid, fti, raw, visible) VALUES (15, '2006-02-23 16:42:14.080227', 'Thunderbird crashes', 16, NULL, 1, '<20060223164214.9126.7558.malonedeb@localhost.localdomain>', NULL, NULL, true);
INSERT INTO message (id, datecreated, subject, owner, parent, distribution, rfc822msgid, fti, raw, visible) VALUES (16, '2006-06-16 17:12:54', 'Unicode™', 16, NULL, NULL, '<20060616141252.22134.71562@localhost.localdomain>', NULL, 51, true);
INSERT INTO message (id, datecreated, subject, owner, parent, distribution, rfc822msgid, fti, raw, visible) VALUES (17, '2006-02-22 19:42:21.890299', 'another test bug', 16, NULL, 1, '<20060222194221.25842.69665.malonedeb@banzai.async.com.br>', NULL, NULL, true);
INSERT INTO message (id, datecreated, subject, owner, parent, distribution, rfc822msgid, fti, raw, visible) VALUES (18, '2006-07-20 20:48:24.975495', 'Re: Continue playing after shutdown', 16, NULL, NULL, '<20060720204825.13277.37433.lptickets@Bourdieu.Contre.COM>', NULL, NULL, true);
INSERT INTO message (id, datecreated, subject, owner, parent, distribution, rfc822msgid, fti, raw, visible) VALUES (19, '2006-07-20 20:49:47.551344', 'Re: mailto: problem in webpage', 16, NULL, NULL, '<20060720204947.13277.79684.lptickets@Bourdieu.Contre.COM>', NULL, NULL, true);
INSERT INTO message (id, datecreated, subject, owner, parent, distribution, rfc822msgid, fti, raw, visible) VALUES (20, '2006-07-20 20:52:07.054216', 'Re: Installation of Java Runtime Environment for Mozilla', 16, NULL, NULL, '<20060720205207.13277.68582.lptickets@Bourdieu.Contre.COM>', NULL, NULL, true);
INSERT INTO message (id, datecreated, subject, owner, parent, distribution, rfc822msgid, fti, raw, visible) VALUES (21, '2006-07-20 20:53:53.684848', 'Re: Play DVDs in Totem', 16, NULL, NULL, '<20060720205354.13277.37000.lptickets@Bourdieu.Contre.COM>', NULL, NULL, true);
INSERT INTO message (id, datecreated, subject, owner, parent, distribution, rfc822msgid, fti, raw, visible) VALUES (22, '2006-07-20 20:56:35.442839', 'Re: mailto: problem in webpage', 12, NULL, NULL, '<20060720205635.13277.87295.lptickets@Bourdieu.Contre.COM>', NULL, NULL, true);
INSERT INTO message (id, datecreated, subject, owner, parent, distribution, rfc822msgid, fti, raw, visible) VALUES (23, '2006-07-20 23:11:24.975495', 'Re: Continue playing after shutdown', 12, NULL, NULL, '<20061201222020.597.97888.lptickets@Huxley.Contre.COM>', NULL, NULL, true);
INSERT INTO message (id, datecreated, subject, owner, parent, distribution, rfc822msgid, fti, raw, visible) VALUES (24, '2007-03-15 20:33:56.67893', 'Make Jokosher use autoaudiosink', 26, NULL, NULL, '<20070315203356.12919.76581.malonedeb@localhost>', NULL, NULL, true);
INSERT INTO message (id, datecreated, subject, owner, parent, distribution, rfc822msgid, fti, raw, visible) VALUES (25, '2007-03-15 20:34:26.518114', 'Re: Make Jokosher use autoaudiosink', 50, NULL, NULL, '<20070315203426.12919.54628.malone@localhost>', NULL, NULL, true);
INSERT INTO message (id, datecreated, subject, owner, parent, distribution, rfc822msgid, fti, raw, visible) VALUES (26, '2007-03-15 20:35:10.133383', 'Re: Make Jokosher use autoaudiosink', 66, NULL, NULL, '<20070315203510.12919.22697.malone@localhost>', NULL, NULL, true);
INSERT INTO message (id, datecreated, subject, owner, parent, distribution, rfc822msgid, fti, raw, visible) VALUES (27, '2007-03-15 20:36:01.779544', 'Autoaudiosink is no longer under development', 63, NULL, NULL, '<20070315203601.12919.29640.malone@localhost>', NULL, NULL, true);
INSERT INTO message (id, datecreated, subject, owner, parent, distribution, rfc822msgid, fti, raw, visible) VALUES (28, '2007-03-15 20:36:57.133832', 'Re: Autoaudiosink is no longer under development', 27, NULL, NULL, '<20070315203657.12919.48585.malone@localhost>', NULL, NULL, true);
INSERT INTO message (id, datecreated, subject, owner, parent, distribution, rfc822msgid, fti, raw, visible) VALUES (29, '2007-03-15 20:37:27.991571', 'This is a really new title', 33, NULL, NULL, '<20070315203728.12919.76787.malone@localhost>', NULL, NULL, true);
INSERT INTO message (id, datecreated, subject, owner, parent, distribution, rfc822msgid, fti, raw, visible) VALUES (30, '2007-03-15 20:37:51.544376', 'Re: Make Jokosher use autoaudiosink', 3, NULL, NULL, '<20070315203751.12919.49072.malone@localhost>', NULL, NULL, true);
INSERT INTO message (id, datecreated, subject, owner, parent, distribution, rfc822msgid, fti, raw, visible) VALUES (31, '2007-03-15 20:41:18.635493', 'Copy, Cut and Delete operations should work on selections', 8, NULL, NULL, '<20070315204118.14326.61124.malonedeb@localhost>', NULL, NULL, true);
INSERT INTO message (id, datecreated, subject, owner, parent, distribution, rfc822msgid, fti, raw, visible) VALUES (32, '2007-03-15 20:41:42.154264', 'Re: Copy, Cut and Delete operations should work on selections', 16, NULL, NULL, '<20070315204142.14326.82988.launchpad@localhost>', NULL, NULL, true);
INSERT INTO message (id, datecreated, subject, owner, parent, distribution, rfc822msgid, fti, raw, visible) VALUES (33, '2007-03-15 20:43:14.981111', 'Re: Copy, Cut and Delete operations should work on selections', 45, NULL, NULL, '<20070315204315.14326.75272.malone@localhost>', NULL, NULL, true);
INSERT INTO message (id, datecreated, subject, owner, parent, distribution, rfc822msgid, fti, raw, visible) VALUES (34, '2007-03-15 20:45:15.852052', 'Re: Copy, Cut and Delete operations should work on selections', 13, NULL, NULL, '<20070315204515.14326.38817.malone@localhost>', NULL, NULL, true);
INSERT INTO message (id, datecreated, subject, owner, parent, distribution, rfc822msgid, fti, raw, visible) VALUES (35, '2007-03-15 20:45:51.817826', 'Re: Copy, Cut and Delete operations should work on selections', 9, NULL, NULL, '<20070315204551.14326.36994.malone@localhost>', NULL, NULL, true);
INSERT INTO message (id, datecreated, subject, owner, parent, distribution, rfc822msgid, fti, raw, visible) VALUES (36, '2007-03-15 20:46:49.83307', 'Re: Copy, Cut and Delete operations should work on selections', 6, NULL, NULL, '<20070315204649.14326.69581.malone@localhost>', NULL, NULL, true);
INSERT INTO message (id, datecreated, subject, owner, parent, distribution, rfc822msgid, fti, raw, visible) VALUES (37, '2007-07-27 20:00:58.299796', 'Launchpad CSS and JS is not testible', 12, NULL, NULL, '<20070727200058.25131.76173.malonedeb@autumn.annrky-sinzui.local>', NULL, NULL, true);
INSERT INTO message (id, datecreated, subject, owner, parent, distribution, rfc822msgid, fti, raw, visible) VALUES (38, '2007-07-27 20:29:46.25854', 'Re: Launchpad CSS and JS is not testible', 12, NULL, NULL, '<20070727202946.25131.16206.malone@autumn.annrky-sinzui.local>', NULL, NULL, true);
INSERT INTO message (id, datecreated, subject, owner, parent, distribution, rfc822msgid, fti, raw, visible) VALUES (39, '2007-08-09 11:39:16.836856', 'jokosher exposes personal details in its actions portlet', 63, NULL, NULL, '<20070809113916.26819.83859.malonedeb@localhost.localdomain>', NULL, NULL, true);
INSERT INTO message (id, datecreated, subject, owner, parent, distribution, rfc822msgid, fti, raw, visible) VALUES (40, '2004-12-18 16:30:19.103679', 'Nonsensical bugs are useless', 16, NULL, NULL, '<20071218163019.18924.87555.malonedeb@localhost>', NULL, NULL, true);
INSERT INTO message (id, datecreated, subject, owner, parent, distribution, rfc822msgid, fti, raw, visible) VALUES (41, '2007-12-18 16:30:47.889614', 'Re: Nonsensical bugs are useless', 16, NULL, NULL, '<20071218163048.18924.13348.launchpad@localhost>', NULL, NULL, true);
INSERT INTO message (id, datecreated, subject, owner, parent, distribution, rfc822msgid, fti, raw, visible) VALUES (42, '2007-12-18 16:30:47.889614', 'Re: Nonsensical bugs are useless', 16, NULL, NULL, '<20071218163048.18924.86681.launchpad@localhost>', NULL, NULL, true);
INSERT INTO message (id, datecreated, subject, owner, parent, distribution, rfc822msgid, fti, raw, visible) VALUES (43, '2007-12-18 16:31:34.790641', 'Re: Nonsensical bugs are useless', 62, NULL, NULL, '<20071218163134.18996.53651.launchpad@localhost>', NULL, NULL, true);
INSERT INTO message (id, datecreated, subject, owner, parent, distribution, rfc822msgid, fti, raw, visible) VALUES (44, '2005-05-13 16:37:37', 'gnome-volume-manager: dvd+rw unreadable when automounted in burner because mounted read/write', 243614, NULL, NULL, '<4284D7D1.6010208@gmx.de>', NULL, 75, true);
INSERT INTO message (id, datecreated, subject, owner, parent, distribution, rfc822msgid, fti, raw, visible) VALUES (45, '2005-05-17 18:54:29', 'Re: Bug#308994: gnome-volume-manager: dvd+rw unreadable when automounted in burner because mounted read/write', 243615, 44, NULL, '<20050517185429.GB20786@spring.luon.net>', NULL, 76, true);
INSERT INTO message (id, datecreated, subject, owner, parent, distribution, rfc822msgid, fti, raw, visible) VALUES (46, '2005-05-17 19:24:25', 'Re: Bug#308994: gnome-volume-manager: dvd+rw unreadable when automounted in burner because mounted read/write', 243614, 45, NULL, '<428A44E9.6090802@gmx.de>', NULL, 77, true);
INSERT INTO message (id, datecreated, subject, owner, parent, distribution, rfc822msgid, fti, raw, visible) VALUES (47, '2005-05-17 20:20:44', 'Re: Bug#308994: gnome-volume-manager: dvd+rw unreadable when automounted in burner because mounted read/write', 243615, 46, NULL, '<20050517202044.GA23231@spring.luon.net>', NULL, 78, true);
INSERT INTO message (id, datecreated, subject, owner, parent, distribution, rfc822msgid, fti, raw, visible) VALUES (48, '2005-06-17 14:00:11', 'Re: Bug#308994: gnome-volume-manager: dvd+rw unreadable when automounted in burner because mounted read/write', 243616, 46, NULL, '<20050617140011.GA15638@piware.de>', NULL, 79, true);
INSERT INTO message (id, datecreated, subject, owner, parent, distribution, rfc822msgid, fti, raw, visible) VALUES (49, '2005-06-25 10:13:10', 'Re: Bug#308994: gnome-volume-manager: dvd+rw unreadable when automounted in burner because mounted read/write', 243614, NULL, NULL, '<42BD2E36.9090809@gmx.de>', NULL, 81, true);
INSERT INTO message (id, datecreated, subject, owner, parent, distribution, rfc822msgid, fti, raw, visible) VALUES (50, '2010-06-25 10:13:10', 'Sample comment 1', 1, NULL, NULL, '<42BD2E36.9090810@zz.de>', NULL, 81, true);
INSERT INTO message (id, datecreated, subject, owner, parent, distribution, rfc822msgid, fti, raw, visible) VALUES (51, '2010-06-26 10:13:10', 'Sample comment 2', 1, NULL, NULL, '<42BD2E36.9090810@zz.de>', NULL, 81, true);
INSERT INTO message (id, datecreated, subject, owner, parent, distribution, rfc822msgid, fti, raw, visible) VALUES (52, '2010-06-27 10:13:10', 'Sample comment 3', 1, NULL, NULL, '<42BD2E36.9090810@zz.de>', NULL, 81, true);


ALTER TABLE message ENABLE TRIGGER ALL;


ALTER TABLE bountymessage DISABLE TRIGGER ALL;



ALTER TABLE bountymessage ENABLE TRIGGER ALL;


ALTER TABLE bountysubscription DISABLE TRIGGER ALL;

INSERT INTO bountysubscription (id, bounty, person) VALUES (1, 1, 9);
INSERT INTO bountysubscription (id, bounty, person) VALUES (2, 1, 6);
INSERT INTO bountysubscription (id, bounty, person) VALUES (3, 1, 1);


ALTER TABLE bountysubscription ENABLE TRIGGER ALL;


ALTER TABLE branchmergequeue DISABLE TRIGGER ALL;



ALTER TABLE branchmergequeue ENABLE TRIGGER ALL;


ALTER TABLE branch DISABLE TRIGGER ALL;

INSERT INTO branch (id, title, summary, owner, product, author, name, home_page, url, whiteboard, lifecycle_status, last_mirrored, last_mirror_attempt, mirror_failures, mirror_status_message, last_scanned, last_scanned_id, last_mirrored_id, date_created, revision_count, next_mirror_time, private, branch_type, reviewer, date_last_modified, registrant, branch_format, repository_format, metadir_format, stacked_on, distroseries, sourcepackagename, owner_name, target_suffix, unique_name, size_on_disk, merge_queue, merge_queue_config) VALUES (1, 'Mozilla Firefox Mainline', 'text', 12, 4, 12, 'main', NULL, 'http://bazaar.example.com/mozilla@arch.ubuntu.com/mozilla--MAIN--0', NULL, 30, NULL, NULL, 0, NULL, NULL, NULL, NULL, '2006-10-16 18:31:42.98217', 0, NULL, false, 2, NULL, '2007-12-06 19:58:26.837773', 12, NULL, NULL, NULL, NULL, NULL, NULL, 'name12', 'firefox', '~name12/firefox/main', NULL, NULL, NULL);
INSERT INTO branch (id, title, summary, owner, product, author, name, home_page, url, whiteboard, lifecycle_status, last_mirrored, last_mirror_attempt, mirror_failures, mirror_status_message, last_scanned, last_scanned_id, last_mirrored_id, date_created, revision_count, next_mirror_time, private, branch_type, reviewer, date_last_modified, registrant, branch_format, repository_format, metadir_format, stacked_on, distroseries, sourcepackagename, owner_name, target_suffix, unique_name, size_on_disk, merge_queue, merge_queue_config) VALUES (2, 'Mozilla Thunderbird Mainline', 'Bazaar import of the Mozilla Thunderbird CVS mainline.', 11, 8, 1, 'main', NULL, 'http://bazaar.example.com/thunderbird@arch.ubuntu.com/thunderbird--MAIN--0', NULL, 30, NULL, '2006-04-08 01:40:15.816029', 1, NULL, NULL, NULL, NULL, '2006-10-16 18:31:43.042944', 0, NULL, false, 2, NULL, '2007-12-06 19:58:26.842033', 11, NULL, NULL, NULL, NULL, NULL, NULL, 'stevea', 'thunderbird', '~stevea/thunderbird/main', NULL, NULL, NULL);
INSERT INTO branch (id, title, summary, owner, product, author, name, home_page, url, whiteboard, lifecycle_status, last_mirrored, last_mirror_attempt, mirror_failures, mirror_status_message, last_scanned, last_scanned_id, last_mirrored_id, date_created, revision_count, next_mirror_time, private, branch_type, reviewer, date_last_modified, registrant, branch_format, repository_format, metadir_format, stacked_on, distroseries, sourcepackagename, owner_name, target_suffix, unique_name, size_on_disk, merge_queue, merge_queue_config) VALUES (3, 'Python Twisted Trunk', 'Bazaar import of the Twisted SVN trunk.', 7, NULL, 3, 'trunk', NULL, 'http://bazaar.example.com/twisted@arch.ubuntu.com/twisted--trunk--0', NULL, 30, NULL, NULL, 0, NULL, NULL, NULL, NULL, '2006-10-16 18:31:43.04419', 0, NULL, false, 2, NULL, '2007-12-06 19:58:26.843681', 7, NULL, NULL, NULL, NULL, NULL, NULL, 'spiv', NULL, '~spiv/+junk/trunk', NULL, NULL, NULL);
INSERT INTO branch (id, title, summary, owner, product, author, name, home_page, url, whiteboard, lifecycle_status, last_mirrored, last_mirror_attempt, mirror_failures, mirror_status_message, last_scanned, last_scanned_id, last_mirrored_id, date_created, revision_count, next_mirror_time, private, branch_type, reviewer, date_last_modified, registrant, branch_format, repository_format, metadir_format, stacked_on, distroseries, sourcepackagename, owner_name, target_suffix, unique_name, size_on_disk, merge_queue, merge_queue_config) VALUES (4, 'Bugzila Mainline', 'text', 3, NULL, NULL, 'main', NULL, 'http://bazaar.example.com/bugzilla@arch.ubuntu.com/bugzila--MAIN--0', NULL, 30, NULL, NULL, 0, NULL, NULL, NULL, NULL, '2006-10-16 18:31:43.045278', 0, NULL, false, 2, NULL, '2007-12-06 19:58:26.844341', 3, NULL, NULL, NULL, NULL, NULL, NULL, 'justdave', NULL, '~justdave/+junk/main', NULL, NULL, NULL);
INSERT INTO branch (id, title, summary, owner, product, author, name, home_page, url, whiteboard, lifecycle_status, last_mirrored, last_mirror_attempt, mirror_failures, mirror_status_message, last_scanned, last_scanned_id, last_mirrored_id, date_created, revision_count, next_mirror_time, private, branch_type, reviewer, date_last_modified, registrant, branch_format, repository_format, metadir_format, stacked_on, distroseries, sourcepackagename, owner_name, target_suffix, unique_name, size_on_disk, merge_queue, merge_queue_config) VALUES (5, 'Arch Devel', 'text', 8, NULL, NULL, 'devel-1.0', NULL, 'http://bazaar.example.com/arch@arch.ubuntu.com/arch--devel--1.0', NULL, 30, NULL, '2006-04-08 22:20:14.973705', 9, 'I do not like Arch, so I am pretending it failed to mirror.', NULL, NULL, NULL, '2006-10-16 18:31:43.046996', 0, NULL, false, 2, NULL, '2007-12-06 19:58:26.844975', 8, NULL, NULL, NULL, NULL, NULL, NULL, 'jblack', NULL, '~jblack/+junk/devel-1.0', NULL, NULL, NULL);
INSERT INTO branch (id, title, summary, owner, product, author, name, home_page, url, whiteboard, lifecycle_status, last_mirrored, last_mirror_attempt, mirror_failures, mirror_status_message, last_scanned, last_scanned_id, last_mirrored_id, date_created, revision_count, next_mirror_time, private, branch_type, reviewer, date_last_modified, registrant, branch_format, repository_format, metadir_format, stacked_on, distroseries, sourcepackagename, owner_name, target_suffix, unique_name, size_on_disk, merge_queue, merge_queue_config) VALUES (6, 'Kiwi2 Mainline', 'text', 9, NULL, NULL, 'main', NULL, 'http://bazaar.example.com/kiwi2@arch.ubuntu.com/kiwi2--MAIN--0', NULL, 30, NULL, NULL, 0, NULL, NULL, NULL, NULL, '2006-10-16 18:31:43.048164', 0, NULL, false, 2, NULL, '2007-12-06 19:58:26.84562', 9, NULL, NULL, NULL, NULL, NULL, NULL, 'kiko', NULL, '~kiko/+junk/main', NULL, NULL, NULL);
INSERT INTO branch (id, title, summary, owner, product, author, name, home_page, url, whiteboard, lifecycle_status, last_mirrored, last_mirror_attempt, mirror_failures, mirror_status_message, last_scanned, last_scanned_id, last_mirrored_id, date_created, revision_count, next_mirror_time, private, branch_type, reviewer, date_last_modified, registrant, branch_format, repository_format, metadir_format, stacked_on, distroseries, sourcepackagename, owner_name, target_suffix, unique_name, size_on_disk, merge_queue, merge_queue_config) VALUES (7, 'Plone Trunk', 'text', 10, NULL, NULL, 'trunk', NULL, 'http://bazaar.example.com/plone@arch.ubuntu.com/plone--trunk--0', NULL, 30, NULL, NULL, 0, NULL, NULL, NULL, NULL, '2006-10-16 18:31:43.049222', 0, NULL, false, 2, NULL, '2007-12-06 19:58:26.846258', 10, NULL, NULL, NULL, NULL, NULL, NULL, 'limi', NULL, '~limi/+junk/trunk', NULL, NULL, NULL);
INSERT INTO branch (id, title, summary, owner, product, author, name, home_page, url, whiteboard, lifecycle_status, last_mirrored, last_mirror_attempt, mirror_failures, mirror_status_message, last_scanned, last_scanned_id, last_mirrored_id, date_created, revision_count, next_mirror_time, private, branch_type, reviewer, date_last_modified, registrant, branch_format, repository_format, metadir_format, stacked_on, distroseries, sourcepackagename, owner_name, target_suffix, unique_name, size_on_disk, merge_queue, merge_queue_config) VALUES (8, 'Evolution 2.0', 'text', 13, 5, NULL, '2.0', NULL, 'http://bazaar.example.com/gnome@arch.ubuntu.com/gnome--evolution--2.0', NULL, 30, NULL, NULL, 0, NULL, NULL, NULL, NULL, '2006-10-16 18:31:43.050317', 0, NULL, false, 2, NULL, '2007-12-06 19:58:26.846899', 13, NULL, NULL, NULL, NULL, NULL, NULL, 'carlos', 'evolution', '~carlos/evolution/2.0', NULL, NULL, NULL);
INSERT INTO branch (id, title, summary, owner, product, author, name, home_page, url, whiteboard, lifecycle_status, last_mirrored, last_mirror_attempt, mirror_failures, mirror_status_message, last_scanned, last_scanned_id, last_mirrored_id, date_created, revision_count, next_mirror_time, private, branch_type, reviewer, date_last_modified, registrant, branch_format, repository_format, metadir_format, stacked_on, distroseries, sourcepackagename, owner_name, target_suffix, unique_name, size_on_disk, merge_queue, merge_queue_config) VALUES (9, 'Iso-codes 0.35', 'text', 13, 7, NULL, '0.35', NULL, 'http://bazaar.example.com/iso-codes@arch.ubuntu.com/iso-codes--iso-codes--0.35', NULL, 30, NULL, NULL, 0, NULL, NULL, NULL, NULL, '2006-10-16 18:31:43.051395', 0, NULL, false, 2, NULL, '2007-12-06 19:58:26.847595', 13, NULL, NULL, NULL, NULL, NULL, NULL, 'carlos', 'iso-codes', '~carlos/iso-codes/0.35', NULL, NULL, NULL);
INSERT INTO branch (id, title, summary, owner, product, author, name, home_page, url, whiteboard, lifecycle_status, last_mirrored, last_mirror_attempt, mirror_failures, mirror_status_message, last_scanned, last_scanned_id, last_mirrored_id, date_created, revision_count, next_mirror_time, private, branch_type, reviewer, date_last_modified, registrant, branch_format, repository_format, metadir_format, stacked_on, distroseries, sourcepackagename, owner_name, target_suffix, unique_name, size_on_disk, merge_queue, merge_queue_config) VALUES (10, 'Mozilla Firefox 0.9.2', 'text', 1, 4, NULL, 'release-0.9.2', NULL, 'http://bazaar.example.com/mozilla@arch.ubuntu.com/mozilla--release--0.9.2', NULL, 30, NULL, NULL, 0, NULL, NULL, 'mozilla@arch.ubuntu.com/mozilla--release--0.9.2--base-0', NULL, '2006-10-16 18:31:43.052449', 1, NULL, false, 2, NULL, '2007-12-06 19:58:26.848365', 1, NULL, NULL, NULL, NULL, NULL, NULL, 'mark', 'firefox', '~mark/firefox/release-0.9.2', NULL, NULL, NULL);
INSERT INTO branch (id, title, summary, owner, product, author, name, home_page, url, whiteboard, lifecycle_status, last_mirrored, last_mirror_attempt, mirror_failures, mirror_status_message, last_scanned, last_scanned_id, last_mirrored_id, date_created, revision_count, next_mirror_time, private, branch_type, reviewer, date_last_modified, registrant, branch_format, repository_format, metadir_format, stacked_on, distroseries, sourcepackagename, owner_name, target_suffix, unique_name, size_on_disk, merge_queue, merge_queue_config) VALUES (11, 'Mozilla Firefox 0.9.1', 'text', 1, 4, NULL, 'release--0.9.1', NULL, 'http://bazaar.example.com/mozilla@arch.ubuntu.com/mozilla--release--0.9.1', NULL, 30, NULL, NULL, 0, NULL, NULL, 'mozilla@arch.ubuntu.com/mozilla--release--0.9.1--base-0', NULL, '2006-10-16 18:31:43.053511', 1, NULL, false, 2, NULL, '2007-12-06 19:58:26.849077', 1, NULL, NULL, NULL, NULL, NULL, NULL, 'mark', 'firefox', '~mark/firefox/release--0.9.1', NULL, NULL, NULL);
INSERT INTO branch (id, title, summary, owner, product, author, name, home_page, url, whiteboard, lifecycle_status, last_mirrored, last_mirror_attempt, mirror_failures, mirror_status_message, last_scanned, last_scanned_id, last_mirrored_id, date_created, revision_count, next_mirror_time, private, branch_type, reviewer, date_last_modified, registrant, branch_format, repository_format, metadir_format, stacked_on, distroseries, sourcepackagename, owner_name, target_suffix, unique_name, size_on_disk, merge_queue, merge_queue_config) VALUES (12, 'Mozilla Firefox 0.9', 'text', 1, 4, NULL, 'release-0.9', NULL, 'http://bazaar.example.com/mozilla@arch.ubuntu.com/mozilla--release--0.9', NULL, 30, NULL, NULL, 0, NULL, NULL, 'mozilla@arch.ubuntu.com/mozilla--release--0.9--base-0', NULL, '2006-10-16 18:31:43.054581', 1, NULL, false, 2, NULL, '2007-12-06 19:58:26.84976', 1, NULL, NULL, NULL, NULL, NULL, NULL, 'mark', 'firefox', '~mark/firefox/release-0.9', NULL, NULL, NULL);
INSERT INTO branch (id, title, summary, owner, product, author, name, home_page, url, whiteboard, lifecycle_status, last_mirrored, last_mirror_attempt, mirror_failures, mirror_status_message, last_scanned, last_scanned_id, last_mirrored_id, date_created, revision_count, next_mirror_time, private, branch_type, reviewer, date_last_modified, registrant, branch_format, repository_format, metadir_format, stacked_on, distroseries, sourcepackagename, owner_name, target_suffix, unique_name, size_on_disk, merge_queue, merge_queue_config) VALUES (13, 'Mozilla Firefox 0.8', 'text', 1, 4, NULL, 'release-0.8', NULL, 'http://bazaar.example.com/mozilla@arch.ubuntu.com/mozilla--release--0.8', NULL, 30, NULL, NULL, 0, NULL, NULL, NULL, NULL, '2006-10-16 18:31:43.055661', 0, NULL, false, 2, NULL, '2007-12-06 19:58:26.850415', 1, NULL, NULL, NULL, NULL, NULL, NULL, 'mark', 'firefox', '~mark/firefox/release-0.8', NULL, NULL, NULL);
INSERT INTO branch (id, title, summary, owner, product, author, name, home_page, url, whiteboard, lifecycle_status, last_mirrored, last_mirror_attempt, mirror_failures, mirror_status_message, last_scanned, last_scanned_id, last_mirrored_id, date_created, revision_count, next_mirror_time, private, branch_type, reviewer, date_last_modified, registrant, branch_format, repository_format, metadir_format, stacked_on, distroseries, sourcepackagename, owner_name, target_suffix, unique_name, size_on_disk, merge_queue, merge_queue_config) VALUES (14, NULL, NULL, 24, 5, NULL, 'main', NULL, NULL, NULL, 30, NULL, NULL, 0, NULL, NULL, NULL, NULL, '2006-10-16 18:31:43.056714', 0, NULL, false, 3, NULL, '2007-12-06 19:58:26.85103', 24, NULL, NULL, NULL, NULL, NULL, NULL, 'vcs-imports', 'evolution', '~vcs-imports/evolution/main', NULL, NULL, NULL);
INSERT INTO branch (id, title, summary, owner, product, author, name, home_page, url, whiteboard, lifecycle_status, last_mirrored, last_mirror_attempt, mirror_failures, mirror_status_message, last_scanned, last_scanned_id, last_mirrored_id, date_created, revision_count, next_mirror_time, private, branch_type, reviewer, date_last_modified, registrant, branch_format, repository_format, metadir_format, stacked_on, distroseries, sourcepackagename, owner_name, target_suffix, unique_name, size_on_disk, merge_queue, merge_queue_config) VALUES (15, 'GNOME Terminal Mainline', 'Main branch of development for GNOME Terminal. Stable branches are based on that one.

Home page: http://example.com/gnome-terminal', 12, 6, NULL, 'main', 'http://example.com/gnome-terminal', 'http://example.com/gnome-terminal/main', NULL, 30, NULL, NULL, 0, NULL, NULL, NULL, NULL, '2006-10-16 18:31:43.057682', 0, NULL, false, 2, NULL, '2007-12-06 19:58:26.851575', 12, NULL, NULL, NULL, NULL, NULL, NULL, 'name12', 'gnome-terminal', '~name12/gnome-terminal/main', NULL, NULL, NULL);
INSERT INTO branch (id, title, summary, owner, product, author, name, home_page, url, whiteboard, lifecycle_status, last_mirrored, last_mirror_attempt, mirror_failures, mirror_status_message, last_scanned, last_scanned_id, last_mirrored_id, date_created, revision_count, next_mirror_time, private, branch_type, reviewer, date_last_modified, registrant, branch_format, repository_format, metadir_format, stacked_on, distroseries, sourcepackagename, owner_name, target_suffix, unique_name, size_on_disk, merge_queue, merge_queue_config) VALUES (16, 'GNOME Terminal 2.6 Releases', 'Release branch of GNOME Terminal for the GNOME 2.6 environment.

Home page: http://example.com/gnome-terminal/', 12, 6, NULL, '2.6', 'http://example.com/gnome-terminal/', 'http://example.com/gnome-terminal/2.6', NULL, 50, NULL, NULL, 0, NULL, NULL, NULL, NULL, '2006-10-16 18:31:43.058953', 0, NULL, false, 2, NULL, '2007-12-06 19:58:26.852227', 12, NULL, NULL, NULL, NULL, NULL, NULL, 'name12', 'gnome-terminal', '~name12/gnome-terminal/2.6', NULL, NULL, NULL);
INSERT INTO branch (id, title, summary, owner, product, author, name, home_page, url, whiteboard, lifecycle_status, last_mirrored, last_mirror_attempt, mirror_failures, mirror_status_message, last_scanned, last_scanned_id, last_mirrored_id, date_created, revision_count, next_mirror_time, private, branch_type, reviewer, date_last_modified, registrant, branch_format, repository_format, metadir_format, stacked_on, distroseries, sourcepackagename, owner_name, target_suffix, unique_name, size_on_disk, merge_queue, merge_queue_config) VALUES (17, 'GNOME Terminal 2.4 Releases', 'Obsolete branch for GNOME 2.4 releases of GNOME Terminal.', 12, 6, NULL, '2.4', NULL, 'http://example.com/gnome-terminal/2.4', NULL, 80, NULL, NULL, 0, NULL, NULL, NULL, NULL, '2006-10-16 18:31:43.060078', 0, NULL, false, 2, NULL, '2007-12-06 19:58:26.852889', 12, NULL, NULL, NULL, NULL, NULL, NULL, 'name12', 'gnome-terminal', '~name12/gnome-terminal/2.4', NULL, NULL, NULL);
INSERT INTO branch (id, title, summary, owner, product, author, name, home_page, url, whiteboard, lifecycle_status, last_mirrored, last_mirror_attempt, mirror_failures, mirror_status_message, last_scanned, last_scanned_id, last_mirrored_id, date_created, revision_count, next_mirror_time, private, branch_type, reviewer, date_last_modified, registrant, branch_format, repository_format, metadir_format, stacked_on, distroseries, sourcepackagename, owner_name, target_suffix, unique_name, size_on_disk, merge_queue, merge_queue_config) VALUES (18, 'Klingon support in GNOME Terminal', 'Experimental feature branch for developping and testing Klingon support in GNOME Terminal.

Home page: http://trekkies.example.com/k12n', 12, 6, 12, 'klingon', 'http://trekkies.example.com/k12n', 'http://trekkies.example.com/gnome-terminal/klingon', NULL, 10, NULL, NULL, 0, NULL, NULL, NULL, NULL, '2006-10-16 18:31:43.061162', 0, NULL, false, 2, NULL, '2007-12-06 19:58:26.85354', 12, NULL, NULL, NULL, NULL, NULL, NULL, 'name12', 'gnome-terminal', '~name12/gnome-terminal/klingon', NULL, NULL, NULL);
INSERT INTO branch (id, title, summary, owner, product, author, name, home_page, url, whiteboard, lifecycle_status, last_mirrored, last_mirror_attempt, mirror_failures, mirror_status_message, last_scanned, last_scanned_id, last_mirrored_id, date_created, revision_count, next_mirror_time, private, branch_type, reviewer, date_last_modified, registrant, branch_format, repository_format, metadir_format, stacked_on, distroseries, sourcepackagename, owner_name, target_suffix, unique_name, size_on_disk, merge_queue, merge_queue_config) VALUES (19, 'Slowing GNOME Terminal scrolling', 'Feature branch for slowing down the scrolling of text in GNOME Terminal.', 12, 6, 12, 'slowness', NULL, 'http://users.example.com/gnome-terminal/slowness', NULL, 70, NULL, NULL, 0, NULL, NULL, NULL, NULL, '2006-10-16 18:31:43.062427', 0, NULL, false, 2, NULL, '2007-12-06 19:58:26.854214', 12, NULL, NULL, NULL, NULL, NULL, NULL, 'name12', 'gnome-terminal', '~name12/gnome-terminal/slowness', NULL, NULL, NULL);
INSERT INTO branch (id, title, summary, owner, product, author, name, home_page, url, whiteboard, lifecycle_status, last_mirrored, last_mirror_attempt, mirror_failures, mirror_status_message, last_scanned, last_scanned_id, last_mirrored_id, date_created, revision_count, next_mirror_time, private, branch_type, reviewer, date_last_modified, registrant, branch_format, repository_format, metadir_format, stacked_on, distroseries, sourcepackagename, owner_name, target_suffix, unique_name, size_on_disk, merge_queue, merge_queue_config) VALUES (20, 'Ubuntu Junk Code', 'Sample junk branch.', 12, NULL, 17, 'junk.dev', NULL, 'http://example.com/a', NULL, 10, NULL, NULL, 0, NULL, NULL, 'foo@localhost-20051031170357-1301ad6d387feb23', NULL, '2006-10-16 18:31:43.06351', 6, NULL, false, 2, NULL, '2007-12-06 19:58:26.854821', 12, NULL, NULL, NULL, NULL, NULL, NULL, 'name12', NULL, '~name12/+junk/junk.dev', NULL, NULL, NULL);
INSERT INTO branch (id, title, summary, owner, product, author, name, home_page, url, whiteboard, lifecycle_status, last_mirrored, last_mirror_attempt, mirror_failures, mirror_status_message, last_scanned, last_scanned_id, last_mirrored_id, date_created, revision_count, next_mirror_time, private, branch_type, reviewer, date_last_modified, registrant, branch_format, repository_format, metadir_format, stacked_on, distroseries, sourcepackagename, owner_name, target_suffix, unique_name, size_on_disk, merge_queue, merge_queue_config) VALUES (21, 'Junk Code Contributions', 'Contribute code to the junk branch.', 12, NULL, 12, 'junk.contrib', NULL, 'http://example.com/b', NULL, 30, NULL, NULL, 0, NULL, NULL, 'foo@localhost-20051031170357-1301ad6d387feb23', NULL, '2006-10-16 18:31:43.064578', 6, NULL, false, 2, NULL, '2007-12-06 19:58:26.855432', 12, NULL, NULL, NULL, NULL, NULL, NULL, 'name12', NULL, '~name12/+junk/junk.contrib', NULL, NULL, NULL);
INSERT INTO branch (id, title, summary, owner, product, author, name, home_page, url, whiteboard, lifecycle_status, last_mirrored, last_mirror_attempt, mirror_failures, mirror_status_message, last_scanned, last_scanned_id, last_mirrored_id, date_created, revision_count, next_mirror_time, private, branch_type, reviewer, date_last_modified, registrant, branch_format, repository_format, metadir_format, stacked_on, distroseries, sourcepackagename, owner_name, target_suffix, unique_name, size_on_disk, merge_queue, merge_queue_config) VALUES (22, 'Python twisted feature', 'Feature branch for twisted.', 7, NULL, 4, 'feature', NULL, 'http://not.launchpad.server.com/a-branch', NULL, 30, NULL, '2005-03-09 15:45:00', 0, NULL, NULL, NULL, NULL, '2006-10-16 18:31:43.065642', 0, NULL, false, 2, NULL, '2007-12-06 19:58:26.856045', 7, NULL, NULL, NULL, NULL, NULL, NULL, 'spiv', NULL, '~spiv/+junk/feature', NULL, NULL, NULL);
INSERT INTO branch (id, title, summary, owner, product, author, name, home_page, url, whiteboard, lifecycle_status, last_mirrored, last_mirror_attempt, mirror_failures, mirror_status_message, last_scanned, last_scanned_id, last_mirrored_id, date_created, revision_count, next_mirror_time, private, branch_type, reviewer, date_last_modified, registrant, branch_format, repository_format, metadir_format, stacked_on, distroseries, sourcepackagename, owner_name, target_suffix, unique_name, size_on_disk, merge_queue, merge_queue_config) VALUES (23, 'Another Python twisted feature', 'Another Feature branch for twisted.', 7, NULL, 4, 'feature2', NULL, 'http://whynot.launchpad.server.com/another-branch', NULL, 30, NULL, NULL, 0, NULL, NULL, NULL, NULL, '2006-10-16 18:31:43.066804', 0, NULL, false, 2, NULL, '2007-12-06 19:58:26.856677', 7, NULL, NULL, NULL, NULL, NULL, NULL, 'spiv', NULL, '~spiv/+junk/feature2', NULL, NULL, NULL);
INSERT INTO branch (id, title, summary, owner, product, author, name, home_page, url, whiteboard, lifecycle_status, last_mirrored, last_mirror_attempt, mirror_failures, mirror_status_message, last_scanned, last_scanned_id, last_mirrored_id, date_created, revision_count, next_mirror_time, private, branch_type, reviewer, date_last_modified, registrant, branch_format, repository_format, metadir_format, stacked_on, distroseries, sourcepackagename, owner_name, target_suffix, unique_name, size_on_disk, merge_queue, merge_queue_config) VALUES (24, 'Launchpad support for Gnome Terminal', 'Add Launchpad support to Gnome Terminal', 57, 6, 57, 'launchpad', NULL, 'http://users.example.com/gnome-terminal/launchpad', NULL, 30, NULL, NULL, 0, NULL, NULL, NULL, NULL, '2006-10-16 18:31:43.067922', 0, NULL, false, 2, NULL, '2007-12-06 19:58:26.857318', 16, NULL, NULL, NULL, NULL, NULL, NULL, 'launchpad', 'gnome-terminal', '~launchpad/gnome-terminal/launchpad', NULL, NULL, NULL);
INSERT INTO branch (id, title, summary, owner, product, author, name, home_page, url, whiteboard, lifecycle_status, last_mirrored, last_mirror_attempt, mirror_failures, mirror_status_message, last_scanned, last_scanned_id, last_mirrored_id, date_created, revision_count, next_mirror_time, private, branch_type, reviewer, date_last_modified, registrant, branch_format, repository_format, metadir_format, stacked_on, distroseries, sourcepackagename, owner_name, target_suffix, unique_name, size_on_disk, merge_queue, merge_queue_config) VALUES (25, NULL, NULL, 12, 6, NULL, 'pushed', NULL, NULL, NULL, 30, NULL, NULL, 0, NULL, NULL, NULL, NULL, '2006-10-16 18:31:43.06897', 0, NULL, false, 1, NULL, '2007-12-06 19:58:26.857983', 12, NULL, NULL, NULL, NULL, NULL, NULL, 'name12', 'gnome-terminal', '~name12/gnome-terminal/pushed', NULL, NULL, NULL);
INSERT INTO branch (id, title, summary, owner, product, author, name, home_page, url, whiteboard, lifecycle_status, last_mirrored, last_mirror_attempt, mirror_failures, mirror_status_message, last_scanned, last_scanned_id, last_mirrored_id, date_created, revision_count, next_mirror_time, private, branch_type, reviewer, date_last_modified, registrant, branch_format, repository_format, metadir_format, stacked_on, distroseries, sourcepackagename, owner_name, target_suffix, unique_name, size_on_disk, merge_queue, merge_queue_config) VALUES (26, NULL, NULL, 12, 6, NULL, 'mirrored', NULL, NULL, NULL, 30, '2007-03-16 14:12:49.050332', NULL, 0, NULL, NULL, NULL, NULL, '2007-03-16 03:12:49.050332', 0, NULL, false, 1, NULL, '2007-12-06 19:58:26.858547', 12, NULL, NULL, NULL, NULL, NULL, NULL, 'name12', 'gnome-terminal', '~name12/gnome-terminal/mirrored', NULL, NULL, NULL);
INSERT INTO branch (id, title, summary, owner, product, author, name, home_page, url, whiteboard, lifecycle_status, last_mirrored, last_mirror_attempt, mirror_failures, mirror_status_message, last_scanned, last_scanned_id, last_mirrored_id, date_created, revision_count, next_mirror_time, private, branch_type, reviewer, date_last_modified, registrant, branch_format, repository_format, metadir_format, stacked_on, distroseries, sourcepackagename, owner_name, target_suffix, unique_name, size_on_disk, merge_queue, merge_queue_config) VALUES (27, NULL, NULL, 12, 6, NULL, 'scanned', NULL, NULL, NULL, 30, '2007-03-16 14:14:29.935752', NULL, 0, NULL, '2007-03-16 14:14:29.935752', NULL, NULL, '2007-03-16 03:14:29.935752', 0, NULL, false, 1, NULL, '2007-12-06 19:58:26.85913', 12, NULL, NULL, NULL, NULL, NULL, NULL, 'name12', 'gnome-terminal', '~name12/gnome-terminal/scanned', NULL, NULL, NULL);
INSERT INTO branch (id, title, summary, owner, product, author, name, home_page, url, whiteboard, lifecycle_status, last_mirrored, last_mirror_attempt, mirror_failures, mirror_status_message, last_scanned, last_scanned_id, last_mirrored_id, date_created, revision_count, next_mirror_time, private, branch_type, reviewer, date_last_modified, registrant, branch_format, repository_format, metadir_format, stacked_on, distroseries, sourcepackagename, owner_name, target_suffix, unique_name, size_on_disk, merge_queue, merge_queue_config) VALUES (28, NULL, NULL, 1, NULL, 1, 'testdoc', NULL, NULL, NULL, 30, NULL, NULL, 1, 'Lorem ipsum dolor sit amet, consectetur adipisicing elit, sed do eiusmod tempor incididunt ut labore et dolore magna aliqua. Ut enim ad minim veniam, quis nostrud exercitation ullamco laboris nisi ut aliquip ex ea commodo consequat. Duis aute irure dolor in reprehenderit in voluptate velit esse cillum dolore eu fugiat nulla pariatur. Excepteur sint occaecat cupidatat non proident, sunt in culpa qui officia deserunt mollit anim id est laborum', NULL, NULL, NULL, '2007-05-04 01:16:03.75446', 0, NULL, false, 1, NULL, '2007-12-06 19:58:26.859847', 1, NULL, NULL, NULL, NULL, NULL, NULL, 'mark', NULL, '~mark/+junk/testdoc', NULL, NULL, NULL);
INSERT INTO branch (id, title, summary, owner, product, author, name, home_page, url, whiteboard, lifecycle_status, last_mirrored, last_mirror_attempt, mirror_failures, mirror_status_message, last_scanned, last_scanned_id, last_mirrored_id, date_created, revision_count, next_mirror_time, private, branch_type, reviewer, date_last_modified, registrant, branch_format, repository_format, metadir_format, stacked_on, distroseries, sourcepackagename, owner_name, target_suffix, unique_name, size_on_disk, merge_queue, merge_queue_config) VALUES (29, 'Landscape trunk', NULL, 64, 16, 12, 'trunk', NULL, NULL, NULL, 30, NULL, NULL, 0, NULL, NULL, NULL, NULL, '2007-05-28 02:37:07.814303', 0, NULL, true, 1, NULL, '2007-12-06 19:58:26.860757', 12, NULL, NULL, NULL, NULL, NULL, NULL, 'landscape-developers', 'landscape', '~landscape-developers/landscape/trunk', NULL, NULL, NULL);
INSERT INTO branch (id, title, summary, owner, product, author, name, home_page, url, whiteboard, lifecycle_status, last_mirrored, last_mirror_attempt, mirror_failures, mirror_status_message, last_scanned, last_scanned_id, last_mirrored_id, date_created, revision_count, next_mirror_time, private, branch_type, reviewer, date_last_modified, registrant, branch_format, repository_format, metadir_format, stacked_on, distroseries, sourcepackagename, owner_name, target_suffix, unique_name, size_on_disk, merge_queue, merge_queue_config) VALUES (30, NULL, NULL, 12, 16, 12, 'feature-x', NULL, NULL, NULL, 30, NULL, NULL, 0, NULL, NULL, NULL, NULL, '2007-05-28 02:37:07.814303', 0, NULL, true, 1, NULL, '2007-12-06 19:58:26.861424', 12, NULL, NULL, NULL, NULL, NULL, NULL, 'name12', 'landscape', '~name12/landscape/feature-x', NULL, NULL, NULL);
INSERT INTO branch (id, title, summary, owner, product, author, name, home_page, url, whiteboard, lifecycle_status, last_mirrored, last_mirror_attempt, mirror_failures, mirror_status_message, last_scanned, last_scanned_id, last_mirrored_id, date_created, revision_count, next_mirror_time, private, branch_type, reviewer, date_last_modified, registrant, branch_format, repository_format, metadir_format, stacked_on, distroseries, sourcepackagename, owner_name, target_suffix, unique_name, size_on_disk, merge_queue, merge_queue_config) VALUES (75, 'GNOME Terminal Import Branch', NULL, 24, 6, NULL, 'import', NULL, NULL, NULL, 30, NULL, NULL, 0, NULL, NULL, NULL, NULL, '2006-06-25 20:04:03.9465', 0, NULL, false, 3, NULL, '2007-12-06 19:58:26.862009', 24, NULL, NULL, NULL, NULL, NULL, NULL, 'vcs-imports', 'gnome-terminal', '~vcs-imports/gnome-terminal/import', NULL, NULL, NULL);
INSERT INTO branch (id, title, summary, owner, product, author, name, home_page, url, whiteboard, lifecycle_status, last_mirrored, last_mirror_attempt, mirror_failures, mirror_status_message, last_scanned, last_scanned_id, last_mirrored_id, date_created, revision_count, next_mirror_time, private, branch_type, reviewer, date_last_modified, registrant, branch_format, repository_format, metadir_format, stacked_on, distroseries, sourcepackagename, owner_name, target_suffix, unique_name, size_on_disk, merge_queue, merge_queue_config) VALUES (76, 'Evolution Import Branch', NULL, 24, 5, NULL, 'import', NULL, NULL, NULL, 30, NULL, NULL, 0, NULL, NULL, NULL, NULL, '2006-06-25 20:04:04.218451', 0, NULL, false, 3, NULL, '2007-12-06 19:58:26.862857', 24, NULL, NULL, NULL, NULL, NULL, NULL, 'vcs-imports', 'evolution', '~vcs-imports/evolution/import', NULL, NULL, NULL);


ALTER TABLE branch ENABLE TRIGGER ALL;


ALTER TABLE branchjob DISABLE TRIGGER ALL;



ALTER TABLE branchjob ENABLE TRIGGER ALL;


ALTER TABLE diff DISABLE TRIGGER ALL;



ALTER TABLE diff ENABLE TRIGGER ALL;


ALTER TABLE previewdiff DISABLE TRIGGER ALL;



ALTER TABLE previewdiff ENABLE TRIGGER ALL;


ALTER TABLE staticdiff DISABLE TRIGGER ALL;



ALTER TABLE staticdiff ENABLE TRIGGER ALL;


ALTER TABLE branchmergeproposal DISABLE TRIGGER ALL;



ALTER TABLE branchmergeproposal ENABLE TRIGGER ALL;


ALTER TABLE branchmergeproposaljob DISABLE TRIGGER ALL;



ALTER TABLE branchmergeproposaljob ENABLE TRIGGER ALL;


ALTER TABLE revisionauthor DISABLE TRIGGER ALL;

INSERT INTO revisionauthor (id, name, email, person) VALUES (1, 'mark.shuttleworth', NULL, NULL);
INSERT INTO revisionauthor (id, name, email, person) VALUES (2, 'steve.alexander', NULL, NULL);
INSERT INTO revisionauthor (id, name, email, person) VALUES (3, 'alexander.limi', NULL, NULL);
INSERT INTO revisionauthor (id, name, email, person) VALUES (4, 'james.blackwell', NULL, NULL);
INSERT INTO revisionauthor (id, name, email, person) VALUES (5, 'christian.reis', NULL, NULL);
INSERT INTO revisionauthor (id, name, email, person) VALUES (6, 'colin.watson', NULL, NULL);
INSERT INTO revisionauthor (id, name, email, person) VALUES (7, 'scott.james.remnant', NULL, NULL);
INSERT INTO revisionauthor (id, name, email, person) VALUES (8, 'andrew.bennetts', NULL, NULL);
INSERT INTO revisionauthor (id, name, email, person) VALUES (9, 'dave.miller', NULL, NULL);
INSERT INTO revisionauthor (id, name, email, person) VALUES (10, 'jeff.waugh', NULL, NULL);
INSERT INTO revisionauthor (id, name, email, person) VALUES (11, 'Sample Committer <test@canonical.com>', 'test@canonical.com', 12);
INSERT INTO revisionauthor (id, name, email, person) VALUES (12, 'foo <foo@localhost>', 'foo@localhost', NULL);
INSERT INTO revisionauthor (id, name, email, person) VALUES (13, 'bar@localhost', 'bar@localhost', NULL);


ALTER TABLE revisionauthor ENABLE TRIGGER ALL;


ALTER TABLE revision DISABLE TRIGGER ALL;

INSERT INTO revision (id, date_created, log_body, revision_author, gpgkey, revision_id, revision_date, karma_allocated) VALUES (1, '2005-03-09 15:45:00', 'Import of Mozilla Firefox 0.9.2', 1, NULL, 'mozilla@arch.ubuntu.com/mozilla--release--0.9.2--base-0', '2005-03-09 15:40:00', false);
INSERT INTO revision (id, date_created, log_body, revision_author, gpgkey, revision_id, revision_date, karma_allocated) VALUES (2, '2005-03-09 15:50:00', 'Import of Mozilla Firefox 0.9.1', 1, NULL, 'mozilla@arch.ubuntu.com/mozilla--release--0.9.1--base-0', '2005-03-09 15:45:00', false);
INSERT INTO revision (id, date_created, log_body, revision_author, gpgkey, revision_id, revision_date, karma_allocated) VALUES (3, '2005-03-09 15:55:00', 'Import of Mozilla Firefox 0.9', 1, NULL, 'mozilla@arch.ubuntu.com/mozilla--release--0.9--base-0', '2005-03-09 15:50:00', false);
INSERT INTO revision (id, date_created, log_body, revision_author, gpgkey, revision_id, revision_date, karma_allocated) VALUES (4, '2005-10-31 17:21:47.38177', 'initial import (empty)', 11, NULL, 'test@canonical.com-20051031165248-6f1bb97973c2b4f4', '2005-10-31 11:52:48.37692', false);
INSERT INTO revision (id, date_created, log_body, revision_author, gpgkey, revision_id, revision_date, karma_allocated) VALUES (5, '2005-10-31 17:21:47.66327', 'add foo', 11, NULL, 'test@canonical.com-20051031165338-5f2f3d6b10bb3bf0', '2005-10-31 11:53:38.324658', false);
INSERT INTO revision (id, date_created, log_body, revision_author, gpgkey, revision_id, revision_date, karma_allocated) VALUES (6, '2005-10-31 17:21:47.701102', 'fix bug 1', 11, NULL, 'test@canonical.com-20051031165532-3113df343e494daa', '2005-10-31 11:55:32.559368', false);
INSERT INTO revision (id, date_created, log_body, revision_author, gpgkey, revision_id, revision_date, karma_allocated) VALUES (7, '2005-10-31 17:21:47.745231', 'merge new feature', 13, NULL, 'test@canonical.com-20051031165901-43b9644ec2eacc4e', '2005-10-31 11:59:01.742211', false);
INSERT INTO revision (id, date_created, log_body, revision_author, gpgkey, revision_id, revision_date, karma_allocated) VALUES (8, '2005-10-31 17:21:47.786347', 'resolve criss-cross', 12, NULL, 'foo@localhost-20051031170239-5fce7d6bd3f01efc', '2005-10-31 12:02:39.750015', false);
INSERT INTO revision (id, date_created, log_body, revision_author, gpgkey, revision_id, revision_date, karma_allocated) VALUES (9, '2005-10-31 17:21:47.82293', 'fix bug in bar', 12, NULL, 'foo@localhost-20051031170357-1301ad6d387feb23', '2005-10-31 12:03:57.157495', false);
INSERT INTO revision (id, date_created, log_body, revision_author, gpgkey, revision_id, revision_date, karma_allocated) VALUES (10, '2005-10-31 17:21:47.917914', 'add a new feature', 12, NULL, 'foo@localhost-20051031165758-48acedf2b6a2e898', '2005-10-31 11:57:58.936419', false);
INSERT INTO revision (id, date_created, log_body, revision_author, gpgkey, revision_id, revision_date, karma_allocated) VALUES (11, '2005-10-31 17:21:47.954856', 'merge foo bugfix', 12, NULL, 'foo@localhost-20051031170008-098959758bf79803', '2005-10-31 12:00:08.648379', false);


ALTER TABLE revision ENABLE TRIGGER ALL;


ALTER TABLE branchrevision DISABLE TRIGGER ALL;

INSERT INTO branchrevision (sequence, branch, revision) VALUES (1, 10, 1);
INSERT INTO branchrevision (sequence, branch, revision) VALUES (1, 11, 2);
INSERT INTO branchrevision (sequence, branch, revision) VALUES (1, 12, 3);
INSERT INTO branchrevision (sequence, branch, revision) VALUES (1, 20, 4);
INSERT INTO branchrevision (sequence, branch, revision) VALUES (1, 21, 4);
INSERT INTO branchrevision (sequence, branch, revision) VALUES (2, 20, 5);
INSERT INTO branchrevision (sequence, branch, revision) VALUES (2, 21, 5);
INSERT INTO branchrevision (sequence, branch, revision) VALUES (3, 20, 6);
INSERT INTO branchrevision (sequence, branch, revision) VALUES (3, 21, 10);
INSERT INTO branchrevision (sequence, branch, revision) VALUES (4, 20, 7);
INSERT INTO branchrevision (sequence, branch, revision) VALUES (4, 21, 11);
INSERT INTO branchrevision (sequence, branch, revision) VALUES (5, 20, 8);
INSERT INTO branchrevision (sequence, branch, revision) VALUES (5, 21, 8);
INSERT INTO branchrevision (sequence, branch, revision) VALUES (6, 20, 9);
INSERT INTO branchrevision (sequence, branch, revision) VALUES (6, 21, 9);
INSERT INTO branchrevision (sequence, branch, revision) VALUES (NULL, 20, 10);
INSERT INTO branchrevision (sequence, branch, revision) VALUES (NULL, 20, 11);
INSERT INTO branchrevision (sequence, branch, revision) VALUES (NULL, 21, 6);
INSERT INTO branchrevision (sequence, branch, revision) VALUES (NULL, 21, 7);


ALTER TABLE branchrevision ENABLE TRIGGER ALL;


ALTER TABLE branchsubscription DISABLE TRIGGER ALL;

INSERT INTO branchsubscription (id, person, branch, date_created, notification_level, max_diff_lines, review_level, subscribed_by) VALUES (1, 12, 20, '2006-10-16 18:31:43.079375', 1, NULL, 0, 12);
INSERT INTO branchsubscription (id, person, branch, date_created, notification_level, max_diff_lines, review_level, subscribed_by) VALUES (2, 12, 24, '2006-10-16 18:31:43.080236', 1, NULL, 0, 12);
INSERT INTO branchsubscription (id, person, branch, date_created, notification_level, max_diff_lines, review_level, subscribed_by) VALUES (4, 64, 29, '2007-05-28 02:41:07.938677', 1, NULL, 0, 64);
INSERT INTO branchsubscription (id, person, branch, date_created, notification_level, max_diff_lines, review_level, subscribed_by) VALUES (5, 64, 30, '2007-05-28 02:41:07.938677', 1, NULL, 0, 64);


ALTER TABLE branchsubscription ENABLE TRIGGER ALL;


ALTER TABLE branchvisibilitypolicy DISABLE TRIGGER ALL;

INSERT INTO branchvisibilitypolicy (id, project, product, team, policy) VALUES (1, NULL, 16, NULL, 4);
INSERT INTO branchvisibilitypolicy (id, project, product, team, policy) VALUES (2, NULL, 16, 64, 3);
INSERT INTO branchvisibilitypolicy (id, project, product, team, policy) VALUES (3, NULL, 17, NULL, 4);
INSERT INTO branchvisibilitypolicy (id, project, product, team, policy) VALUES (4, NULL, 17, 57, 3);


ALTER TABLE branchvisibilitypolicy ENABLE TRIGGER ALL;


ALTER TABLE bug DISABLE TRIGGER ALL;

INSERT INTO bug (id, datecreated, name, title, description, owner, duplicateof, fti, private, security_related, date_last_updated, date_made_private, who_made_private, date_last_message, number_of_duplicates, message_count, users_affected_count, users_unaffected_count, heat, heat_last_updated, latest_patch_uploaded) VALUES (1, '2004-01-01 20:58:04.553583', NULL, 'Firefox does not support SVG', 'Firefox needs to support embedded SVG images, now that the standard has been finalised.

The SVG standard 1.0 is complete, and draft implementations for Firefox exist. One of these implementations needs to be integrated with the base install of Firefox. Ideally, the implementation needs to include support for the manipulation of SVG objects from JavaScript to enable interactive and dynamic SVG drawings.', 12, NULL, NULL, false, false, '2006-05-19 06:37:40.344941', NULL, NULL, NULL, 0, 2, 0, 0, 0, NULL, NULL);
INSERT INTO bug (id, datecreated, name, title, description, owner, duplicateof, fti, private, security_related, date_last_updated, date_made_private, who_made_private, date_last_message, number_of_duplicates, message_count, users_affected_count, users_unaffected_count, heat, heat_last_updated, latest_patch_uploaded) VALUES (2, '2004-01-02 20:58:04.572546', 'blackhole', 'Blackhole Trash folder', 'The Trash folder seems to have significant problems! At the moment, dragging an item to the trash results in immediate deletion. The item does not appear in the Trash, it is just deleted from my hard disk. There is no undo or ability to recover the deleted file. Help!', 12, NULL, NULL, false, false, '2006-07-14 08:47:36.124403', NULL, NULL, NULL, 0, 3, 0, 0, 0, NULL, NULL);
INSERT INTO bug (id, datecreated, name, title, description, owner, duplicateof, fti, private, security_related, date_last_updated, date_made_private, who_made_private, date_last_message, number_of_duplicates, message_count, users_affected_count, users_unaffected_count, heat, heat_last_updated, latest_patch_uploaded) VALUES (3, '2004-01-03 00:00:00', NULL, 'Bug Title Test', 'Shirtpkdf user@domain.org lkjd hlkjfds gkfdsg kfd glkfd gifdsytoxdiytxoiufdytoidxf yxoigfyoigfxuyfxoiug yxoiuy oiugf hyoifxugyoixgfuy xoiuyxoiyxoifuy xo

y idu yifdxhfgffxShirtpkdf jlkdsj;lkd lkjd hlkjfds gkfdsg kfd glkfd gifdsytoxdiytxoiufdytoidxf yxoigfyoigfxuyfxoiug yxoiuy oiugf hyoifxugyoixgfuy xoiuyxoiyxoifuy xoShirtpkdf jlkdsj;lkd lkjd hlkjfds gkfdsg kfd glkfd gifdsytoxdiytxoiufdytoidxf yxoigfyoigfxuyfxoiug yxoiuy oiugf hyoifxugyoixgfuy xoiuyxoiyxoifuy xo
Shirtpkdf jlkdsj;lkd lkjd hlkjfds gkfdsg kfd glkfd gifdsytoxdiytxoiufdytoidxf yxoigfyoigfxuyfxoiug yxoiuy oiugf hyoifxugyoixgfuy xoiuyxoiyxoifuy xoShirtpkdf jlkdsj;lkd lkjd hlkjfds gkfdsg kfd glkfd gifdsytoxdiytxoiufdytoidxf yxoigfyoigfxuyfxoiug yxoiuy oiugf hyoifxugyoixgfuy xoiuyxoiyxoifuy xo

Shirtpkdf jlkdsj;lkd lkjd hlkjfds gkfdsg kfd glkfd gifdsytoxdiytxoiufdytoidxf yxoigfyoigfxuyfxoiug yxoiuy oiugf hyoifxugyoixgfuy xoiuyxoiyxoifuy xoShirtpkdf jlkdsj;lkd lkjd hlkjfds gkfdsg kfd glkfd gifdsytoxdiytxoiufdytoidxf yxoigfyoigfxuyfxoiug yxoiuy oiugf hyoifxugyoixgfuy xoiuyxoiyxoifuy xo', 16, NULL, NULL, false, false, '2006-07-14 08:48:52.922462', NULL, NULL, NULL, 0, 1, 0, 0, 0, NULL, NULL);
INSERT INTO bug (id, datecreated, name, title, description, owner, duplicateof, fti, private, security_related, date_last_updated, date_made_private, who_made_private, date_last_message, number_of_duplicates, message_count, users_affected_count, users_unaffected_count, heat, heat_last_updated, latest_patch_uploaded) VALUES (4, '2004-01-04 00:00:00', NULL, 'Reflow problems with complex page layouts', 'Malone pages that use more complex layouts with portlets and fancy CSS are sometimes not getting properly reflowed after rendering.', 12, NULL, NULL, false, false, '2006-07-14 08:49:17.124885', NULL, NULL, NULL, 0, 1, 0, 0, 0, NULL, NULL);
INSERT INTO bug (id, datecreated, name, title, description, owner, duplicateof, fti, private, security_related, date_last_updated, date_made_private, who_made_private, date_last_message, number_of_duplicates, message_count, users_affected_count, users_unaffected_count, heat, heat_last_updated, latest_patch_uploaded) VALUES (5, '2004-01-05 00:00:00', NULL, 'Firefox install instructions should be complete', 'All ways of downloading firefox should provide complete install instructions. At present, they are only visible on the Release Notes page.', 12, NULL, NULL, false, false, '2006-07-14 08:49:40.553212', NULL, NULL, NULL, 0, 1, 0, 0, 0, NULL, NULL);
INSERT INTO bug (id, datecreated, name, title, description, owner, duplicateof, fti, private, security_related, date_last_updated, date_made_private, who_made_private, date_last_message, number_of_duplicates, message_count, users_affected_count, users_unaffected_count, heat, heat_last_updated, latest_patch_uploaded) VALUES (6, '2004-01-06 00:00:00', NULL, 'Firefox crashes when Save As dialog for a nonexistent window is closed', 'User-Agent:
Build Identifier: Mozilla/5.0 (X11; U; Linux i686; en-US; rv:1.6) Gecko/20040207 Firefox/0.8

If a Save As dialog for a nonexistent window exists, when the dialog is closed Firefox will crash.  It''s possible to cause this to happen using the "Open With/Save As" dialog.

Reproducible: Always
Steps to Reproduce:
1. Visit http://www.mozilla.org/products/firefox/
2. Click on "Download Now!"  An "Open With/Save" dialog will appear.
4. Press OK.
5. Switch back to the "Open With/Save" dialog, and press OK again.  There are now two Save As dialogs.  This is bug 58777.
6. Close the second dialog with "Cancel"
7. Close the browser window that started all of this.
8. Close the first dialog with "Cancel".

Actual Results:
Crash!

Expected Results:
Not crashed.', 12, 5, NULL, false, false, '2006-05-19 06:37:40.389193', NULL, NULL, NULL, 0, 1, 0, 0, 0, NULL, NULL);
INSERT INTO bug (id, datecreated, name, title, description, owner, duplicateof, fti, private, security_related, date_last_updated, date_made_private, who_made_private, date_last_message, number_of_duplicates, message_count, users_affected_count, users_unaffected_count, heat, heat_last_updated, latest_patch_uploaded) VALUES (7, '2004-01-07 15:12:29.602117', NULL, 'A test bug', 'A test description', 16, NULL, NULL, false, false, '2006-05-19 06:37:40.391822', NULL, NULL, NULL, 0, 1, 0, 0, 0, NULL, NULL);
INSERT INTO bug (id, datecreated, name, title, description, owner, duplicateof, fti, private, security_related, date_last_updated, date_made_private, who_made_private, date_last_message, number_of_duplicates, message_count, users_affected_count, users_unaffected_count, heat, heat_last_updated, latest_patch_uploaded) VALUES (8, '2004-01-08 09:10:17.13237', NULL, 'Printing doesn''t work', 'When I press print in Firefox, nothing happens, not even a print dialog comes up.', 12, NULL, NULL, false, false, '2006-05-19 06:37:40.393303', NULL, NULL, NULL, 0, 1, 0, 0, 0, NULL, NULL);
INSERT INTO bug (id, datecreated, name, title, description, owner, duplicateof, fti, private, security_related, date_last_updated, date_made_private, who_made_private, date_last_message, number_of_duplicates, message_count, users_affected_count, users_unaffected_count, heat, heat_last_updated, latest_patch_uploaded) VALUES (9, '2004-01-09 16:42:14.080227', NULL, 'Thunderbird crashes', 'Every time I start Thunderbird it crashes.', 16, NULL, NULL, false, false, '2006-07-14 08:45:10.600579', NULL, NULL, NULL, 0, 1, 0, 0, 0, NULL, NULL);
INSERT INTO bug (id, datecreated, name, title, description, owner, duplicateof, fti, private, security_related, date_last_updated, date_made_private, who_made_private, date_last_message, number_of_duplicates, message_count, users_affected_count, users_unaffected_count, heat, heat_last_updated, latest_patch_uploaded) VALUES (10, '2004-01-10 19:42:21.890299', NULL, 'another test bug', 'test bug', 16, NULL, NULL, false, false, '2006-07-14 08:54:19.453881', NULL, NULL, NULL, 0, 2, 0, 0, 0, NULL, NULL);
INSERT INTO bug (id, datecreated, name, title, description, owner, duplicateof, fti, private, security_related, date_last_updated, date_made_private, who_made_private, date_last_message, number_of_duplicates, message_count, users_affected_count, users_unaffected_count, heat, heat_last_updated, latest_patch_uploaded) VALUES (11, '2007-03-15 20:33:56.67893', NULL, 'Make Jokosher use autoaudiosink', 'I''ve had problems when switching from Jokosher to Totem to play an Ogg.

Totem appears to be playing normally but does not produce any sound.
If I close Jokosher then you can hear totem.

I''ve also had a problem when trying to playback sound within jokosher
after switch from another app (I think it was xmms). I get a dialog
with the following text:

     Argh! Something went wrong and a serious error occurred:

     Resource busy or not available.

     gstalsasink.c(636): gst_alsasink_open (): /timeline/playbackbin/
     alsasink0:
     Device ''hw:0'' is busy

After closing and reopening Jokosher, i got the same error again.
After logging out of gnome and logging in again - I still got the same
error message.

I had to restart!

Is there some way to reset alsa or the device driver - with out having
to restart?

Running on Ubuntu - with Jokosher 0.2 runscript.', 16, NULL, NULL, false, false, '2007-03-15 20:37:51.603369', NULL, NULL, NULL, 0, 7, 0, 0, 0, NULL, NULL);
INSERT INTO bug (id, datecreated, name, title, description, owner, duplicateof, fti, private, security_related, date_last_updated, date_made_private, who_made_private, date_last_message, number_of_duplicates, message_count, users_affected_count, users_unaffected_count, heat, heat_last_updated, latest_patch_uploaded) VALUES (12, '2007-03-15 20:41:18.635493', NULL, 'Copy, Cut and Delete operations should work on selections', 'When trying to copy, cut or delete just a selected portion of an event, the operations affect the event completely. That is, you can''t select a portion and cut that piece. The whole event will be cut. Same goes for the other 2 operations.', 16, NULL, NULL, false, false, '2007-03-15 20:46:49.909153', NULL, NULL, NULL, 0, 5, 0, 0, 0, NULL, NULL);
INSERT INTO bug (id, datecreated, name, title, description, owner, duplicateof, fti, private, security_related, date_last_updated, date_made_private, who_made_private, date_last_message, number_of_duplicates, message_count, users_affected_count, users_unaffected_count, heat, heat_last_updated, latest_patch_uploaded) VALUES (13, '2007-07-27 20:00:58.299796', NULL, 'Launchpad CSS and JS is not testible', 'The messages placed on this bug are for eyeball viewing of JS and CSS behaviour.', 12, NULL, NULL, false, false, '2007-07-27 20:29:46.336737', NULL, NULL, NULL, 0, 2, 0, 0, 0, NULL, NULL);
INSERT INTO bug (id, datecreated, name, title, description, owner, duplicateof, fti, private, security_related, date_last_updated, date_made_private, who_made_private, date_last_message, number_of_duplicates, message_count, users_affected_count, users_unaffected_count, heat, heat_last_updated, latest_patch_uploaded) VALUES (14, '2007-08-09 11:39:16.836856', NULL, 'jokosher exposes personal details in its actions portlet', 'Jokosher discloses to any passerby the fact that I am single and unwed in its actions portlet. Please fix this blatant violacion of privacy now!!', 63, NULL, NULL, true, true, '2007-08-09 11:39:16.836856', NULL, NULL, NULL, 0, 1, 0, 0, 0, NULL, NULL);
INSERT INTO bug (id, datecreated, name, title, description, owner, duplicateof, fti, private, security_related, date_last_updated, date_made_private, who_made_private, date_last_message, number_of_duplicates, message_count, users_affected_count, users_unaffected_count, heat, heat_last_updated, latest_patch_uploaded) VALUES (15, '2007-12-18 16:30:19.103679', NULL, 'Nonsensical bugs are useless', 'Like this one, natch.', 16, NULL, NULL, false, false, '2007-12-18 16:31:34.972893', NULL, NULL, '2007-12-18 16:31:34.790641', 0, 7, 0, 0, 0, NULL, NULL);


ALTER TABLE bug ENABLE TRIGGER ALL;


ALTER TABLE bugactivity DISABLE TRIGGER ALL;

INSERT INTO bugactivity (id, bug, datechanged, person, whatchanged, oldvalue, newvalue, message) VALUES (1, 1, '2004-09-24 00:00:00', 1, 'title', 'A silly problem', 'An odd problem', 'Decided problem wasn''t silly after all');
INSERT INTO bugactivity (id, bug, datechanged, person, whatchanged, oldvalue, newvalue, message) VALUES (2, 4, '2005-01-14 00:00:00', 12, 'bug', NULL, NULL, 'added bug');
INSERT INTO bugactivity (id, bug, datechanged, person, whatchanged, oldvalue, newvalue, message) VALUES (3, 5, '2005-01-14 00:00:00', 12, 'bug', NULL, NULL, 'added bug');
INSERT INTO bugactivity (id, bug, datechanged, person, whatchanged, oldvalue, newvalue, message) VALUES (4, 5, '2005-01-14 00:00:00', 12, 'firefox: assignee', NULL, 'name12', 'XXX: not yet implemented');
INSERT INTO bugactivity (id, bug, datechanged, person, whatchanged, oldvalue, newvalue, message) VALUES (5, 6, '2005-01-14 00:00:00', 12, 'bug', NULL, NULL, 'added bug');
INSERT INTO bugactivity (id, bug, datechanged, person, whatchanged, oldvalue, newvalue, message) VALUES (6, 6, '2005-01-14 00:00:00', 12, 'firefox: severity', 'Normal', 'Critical', 'XXX: not yet implemented');
INSERT INTO bugactivity (id, bug, datechanged, person, whatchanged, oldvalue, newvalue, message) VALUES (7, 6, '2005-07-13 14:43:02.452716', 12, 'bug', NULL, NULL, 'assigned to source package mozilla-firefox');
INSERT INTO bugactivity (id, bug, datechanged, person, whatchanged, oldvalue, newvalue, message) VALUES (8, 1, '2005-08-03 12:04:50.669962', 16, 'bug', NULL, NULL, 'assigned to source package mozilla-firefox');
INSERT INTO bugactivity (id, bug, datechanged, person, whatchanged, oldvalue, newvalue, message) VALUES (9, 1, '2005-08-04 01:15:48.241836', 16, 'bug', NULL, NULL, 'assigned to source package mozilla-firefox');
INSERT INTO bugactivity (id, bug, datechanged, person, whatchanged, oldvalue, newvalue, message) VALUES (10, 3, '2005-08-10 16:30:32.295049', 12, 'bug', NULL, NULL, 'assigned to source package mozilla-firefox');
INSERT INTO bugactivity (id, bug, datechanged, person, whatchanged, oldvalue, newvalue, message) VALUES (11, 3, '2005-08-10 16:30:47.448639', 12, 'bug', NULL, NULL, 'assigned to source package mozilla-firefox');
INSERT INTO bugactivity (id, bug, datechanged, person, whatchanged, oldvalue, newvalue, message) VALUES (12, 7, '2005-10-14 15:12:29.602117', 16, 'bug', NULL, NULL, 'added bug');
INSERT INTO bugactivity (id, bug, datechanged, person, whatchanged, oldvalue, newvalue, message) VALUES (13, 7, '2005-10-14 15:12:49.943257', 16, 'evolution: assignee', NULL, 'name16', 'XXX: not yet implemented');
INSERT INTO bugactivity (id, bug, datechanged, person, whatchanged, oldvalue, newvalue, message) VALUES (14, 8, '2005-10-28 09:10:17.13237', 12, 'bug', NULL, NULL, 'added bug');
INSERT INTO bugactivity (id, bug, datechanged, person, whatchanged, oldvalue, newvalue, message) VALUES (15, 8, '2005-10-28 09:10:47.344393', 16, 'mozilla-firefox: status', 'New', 'Accepted', 'XXX: not yet implemented');
INSERT INTO bugactivity (id, bug, datechanged, person, whatchanged, oldvalue, newvalue, message) VALUES (16, 8, '2005-10-28 09:10:47.344393', 16, 'mozilla-firefox: assignee', NULL, 'name16', 'XXX: not yet implemented');
INSERT INTO bugactivity (id, bug, datechanged, person, whatchanged, oldvalue, newvalue, message) VALUES (17, 8, '2005-10-28 09:11:07.93721', 16, 'mozilla-firefox: status', 'Accepted', 'Fixed', 'XXX: not yet implemented');
INSERT INTO bugactivity (id, bug, datechanged, person, whatchanged, oldvalue, newvalue, message) VALUES (18, 9, '2006-02-23 16:42:14.080227', 16, 'bug', NULL, NULL, 'added bug');
INSERT INTO bugactivity (id, bug, datechanged, person, whatchanged, oldvalue, newvalue, message) VALUES (19, 9, '2006-02-23 16:42:40.288553', 12, 'thunderbird: status', 'Unconfirmed', 'Confirmed', NULL);
INSERT INTO bugactivity (id, bug, datechanged, person, whatchanged, oldvalue, newvalue, message) VALUES (20, 9, '2006-02-23 16:42:40.288553', 12, 'thunderbird: statusexplanation', NULL, '', NULL);
INSERT INTO bugactivity (id, bug, datechanged, person, whatchanged, oldvalue, newvalue, message) VALUES (21, 9, '2006-02-23 16:43:25.744534', 12, 'bug', NULL, NULL, 'assigned to thunderbird (upstream)');
INSERT INTO bugactivity (id, bug, datechanged, person, whatchanged, oldvalue, newvalue, message) VALUES (22, 10, '2006-02-22 19:42:21.890299', 16, 'bug', NULL, NULL, 'added bug');
INSERT INTO bugactivity (id, bug, datechanged, person, whatchanged, oldvalue, newvalue, message) VALUES (23, 3, '2006-02-24 21:34:52.613258', 16, 'mozilla-firefox: statusexplanation', NULL, '', NULL);
INSERT INTO bugactivity (id, bug, datechanged, person, whatchanged, oldvalue, newvalue, message) VALUES (24, 10, '2006-02-22 19:42:21.890299', 16, 'bug', NULL, NULL, 'added bug');
INSERT INTO bugactivity (id, bug, datechanged, person, whatchanged, oldvalue, newvalue, message) VALUES (25, 2, '2006-03-06 10:11:02.729077', 16, 'bug', NULL, NULL, 'assigned to Ubuntu');
INSERT INTO bugactivity (id, bug, datechanged, person, whatchanged, oldvalue, newvalue, message) VALUES (26, 7, '2006-03-29 16:45:45.054836', 12, 'bug', NULL, NULL, 'assigned to evolution (Debian)');
INSERT INTO bugactivity (id, bug, datechanged, person, whatchanged, oldvalue, newvalue, message) VALUES (27, 11, '2007-03-15 20:33:56.67893', 16, 'bug', NULL, NULL, 'added bug');
INSERT INTO bugactivity (id, bug, datechanged, person, whatchanged, oldvalue, newvalue, message) VALUES (28, 12, '2007-03-15 20:41:18.635493', 16, 'bug', NULL, NULL, 'added bug');
INSERT INTO bugactivity (id, bug, datechanged, person, whatchanged, oldvalue, newvalue, message) VALUES (29, 12, '2007-03-15 20:41:42.154264', 16, 'jokosher: status', 'Unconfirmed', 'Confirmed', NULL);
INSERT INTO bugactivity (id, bug, datechanged, person, whatchanged, oldvalue, newvalue, message) VALUES (30, 12, '2007-03-15 20:41:42.154264', 16, 'jokosher: importance', 'Undecided', 'Critical', NULL);
INSERT INTO bugactivity (id, bug, datechanged, person, whatchanged, oldvalue, newvalue, message) VALUES (31, 12, '2007-03-15 20:41:42.154264', 16, 'jokosher: statusexplanation', NULL, '', NULL);
INSERT INTO bugactivity (id, bug, datechanged, person, whatchanged, oldvalue, newvalue, message) VALUES (32, 13, '2007-07-27 20:00:58.299796', 12, 'bug', NULL, NULL, 'added bug');
INSERT INTO bugactivity (id, bug, datechanged, person, whatchanged, oldvalue, newvalue, message) VALUES (33, 14, '2007-08-09 11:39:16.836856', 63, 'bug', NULL, NULL, 'added bug');
INSERT INTO bugactivity (id, bug, datechanged, person, whatchanged, oldvalue, newvalue, message) VALUES (34, 15, '2007-12-18 16:30:19.103679', 16, 'bug', NULL, NULL, 'added bug');
INSERT INTO bugactivity (id, bug, datechanged, person, whatchanged, oldvalue, newvalue, message) VALUES (35, 15, '2007-12-18 16:30:47.889614', 16, 'bug', NULL, NULL, 'assigned to thunderbird');
INSERT INTO bugactivity (id, bug, datechanged, person, whatchanged, oldvalue, newvalue, message) VALUES (36, 15, '2007-12-18 16:31:34.790641', 62, 'thunderbird: status', 'Unknown', 'New', NULL);


ALTER TABLE bugactivity ENABLE TRIGGER ALL;


ALTER TABLE bugaffectsperson DISABLE TRIGGER ALL;



ALTER TABLE bugaffectsperson ENABLE TRIGGER ALL;


ALTER TABLE bugattachment DISABLE TRIGGER ALL;



ALTER TABLE bugattachment ENABLE TRIGGER ALL;


ALTER TABLE bugbranch DISABLE TRIGGER ALL;

INSERT INTO bugbranch (id, datecreated, bug, branch, revision_hint, whiteboard, registrant) VALUES (1, '2006-03-22 18:44:27.438982', 5, 1, NULL, NULL, 12);
INSERT INTO bugbranch (id, datecreated, bug, branch, revision_hint, whiteboard, registrant) VALUES (2, '2006-03-22 18:45:08.75694', 4, 10, NULL, NULL, 1);
INSERT INTO bugbranch (id, datecreated, bug, branch, revision_hint, whiteboard, registrant) VALUES (3, '2006-03-22 18:45:50.344434', 4, 1, NULL, NULL, 12);


ALTER TABLE bugbranch ENABLE TRIGGER ALL;


ALTER TABLE cve DISABLE TRIGGER ALL;

INSERT INTO cve (id, sequence, status, description, datecreated, datemodified, fti) VALUES (1, '1999-8979', 2, 'Firefox crashes all the time', '2005-09-07 19:00:32.944561', '2005-09-13 14:00:03.508959', NULL);
INSERT INTO cve (id, sequence, status, description, datecreated, datemodified, fti) VALUES (2, '1999-2345', 1, 'Possible data loss', '2005-09-07 19:00:32.944561', '2005-09-13 14:00:03.513099', NULL);
INSERT INTO cve (id, sequence, status, description, datecreated, datemodified, fti) VALUES (3, '2005-2730', 1, 'The HTTP proxy in Astaro Security Linux 6.0 allows remote attackers to obtain sensitive information via an invalid request, which reveals a Proxy-authorization string in an error message.', '2005-09-13 14:05:15.669384', '2005-09-13 14:05:15.669384', NULL);
INSERT INTO cve (id, sequence, status, description, datecreated, datemodified, fti) VALUES (4, '2005-2731', 1, 'Directory traversal vulnerability in Astaro Security Linux 6.0, when using Webmin, allows remote authenticated webmin users to read arbitrary files via a ..  (dot dot) in the wfe_download parameter to index.fpl.', '2005-09-13 14:05:15.91729', '2005-09-13 14:05:15.91729', NULL);
INSERT INTO cve (id, sequence, status, description, datecreated, datemodified, fti) VALUES (5, '2005-2732', 1, 'AWStats 6.4, and possibly earlier versions, allows remote attackers to obtain sensitive information via a file that does not exist in the config parameter, which reveals the path in an error message.', '2005-09-13 14:05:15.992007', '2005-09-13 14:05:15.992007', NULL);
INSERT INTO cve (id, sequence, status, description, datecreated, datemodified, fti) VALUES (6, '2005-2733', 1, 'upload_img_cgi.php in Simple PHP Blog (SPHPBlog) does not properly restrict file extensions of uploaded files, which could allow remote attackers to execute arbitrary code.', '2005-09-13 14:05:16.072418', '2005-09-13 14:05:16.072418', NULL);
INSERT INTO cve (id, sequence, status, description, datecreated, datemodified, fti) VALUES (7, '2005-2734', 1, 'Cross-site scripting (XSS) vulnerability in Gallery 1.5.1-RC2 and earlier allows remote attackers to inject arbitrary web script or HTML via EXIF data, such as the Camera Model Tag.', '2005-09-13 14:05:16.202393', '2005-09-13 14:05:16.202393', NULL);
INSERT INTO cve (id, sequence, status, description, datecreated, datemodified, fti) VALUES (8, '2005-2735', 1, 'Cross-site scripting (XSS) vulnerability in phpGraphy 0.9.9a and earlier allows remote attackers to inject arbitrary web script or HTML via EXIF data, such as the Camera Model Tag.', '2005-09-13 14:05:16.412226', '2005-09-13 14:05:16.412226', NULL);
INSERT INTO cve (id, sequence, status, description, datecreated, datemodified, fti) VALUES (9, '2005-2736', 1, 'Cross-site scripting (XSS) vulnerability in YaPig 0.95 and earlier allows remote attackers to inject arbitrary web script or HTML via EXIF data, such as the Camera Model Tag.', '2005-09-13 14:05:16.841572', '2005-09-13 14:05:16.841572', NULL);
INSERT INTO cve (id, sequence, status, description, datecreated, datemodified, fti) VALUES (10, '2005-2737', 1, 'Cross-site scripting (XSS) vulnerability in PhotoPost PHP Pro 5.1 allows remote attackers to inject arbitrary web script or HTML via EXIF data, such as the Camera Model Tag.', '2005-09-13 14:05:17.043865', '2005-09-13 14:05:17.043865', NULL);


ALTER TABLE cve ENABLE TRIGGER ALL;


ALTER TABLE bugcve DISABLE TRIGGER ALL;

INSERT INTO bugcve (id, bug, cve, date_created) VALUES (1, 1, 1, '2006-10-16 18:31:43.127783');
INSERT INTO bugcve (id, bug, cve, date_created) VALUES (2, 2, 2, '2006-10-16 18:31:43.128996');


ALTER TABLE bugcve ENABLE TRIGGER ALL;


ALTER TABLE bugjob DISABLE TRIGGER ALL;



ALTER TABLE bugjob ENABLE TRIGGER ALL;


ALTER TABLE bugwatch DISABLE TRIGGER ALL;

INSERT INTO bugwatch (id, bug, bugtracker, remotebug, remotestatus, lastchanged, lastchecked, datecreated, owner, last_error_type, remote_importance, remote_lp_bug_id, next_check) VALUES (1, 2, 1, '42', 'FUBAR', '2004-09-24 20:58:04.740841', '2004-09-24 20:58:04.740841', '2004-09-24 20:58:04.740841', 12, NULL, 'BAZBAZ', NULL, NULL);
INSERT INTO bugwatch (id, bug, bugtracker, remotebug, remotestatus, lastchanged, lastchecked, datecreated, owner, last_error_type, remote_importance, remote_lp_bug_id, next_check) VALUES (2, 1, 1, '2000', '', '2004-10-04 01:00:00', '2004-10-04 01:00:00', '2004-10-04 01:00:00', 1, NULL, '', NULL, NULL);
INSERT INTO bugwatch (id, bug, bugtracker, remotebug, remotestatus, lastchanged, lastchecked, datecreated, owner, last_error_type, remote_importance, remote_lp_bug_id, next_check) VALUES (3, 1, 1, '123543', '', '2004-10-04 00:00:00', '2004-10-04 00:00:00', '2004-10-04 00:00:00', 1, NULL, '', NULL, NULL);
INSERT INTO bugwatch (id, bug, bugtracker, remotebug, remotestatus, lastchanged, lastchecked, datecreated, owner, last_error_type, remote_importance, remote_lp_bug_id, next_check) VALUES (4, 2, 2, '3224', '', '2004-10-05 00:00:00', '2004-10-05 00:00:00', '2004-10-05 00:00:00', 1, NULL, NULL, NULL, NULL);
INSERT INTO bugwatch (id, bug, bugtracker, remotebug, remotestatus, lastchanged, lastchecked, datecreated, owner, last_error_type, remote_importance, remote_lp_bug_id, next_check) VALUES (5, 1, 1, '42', 'FUBAR', '2004-09-24 20:59:04.740841', '2004-09-24 20:59:04.740841', '2004-09-24 20:59:04.740841', 12, NULL, 'BAZBAZ', NULL, NULL);
INSERT INTO bugwatch (id, bug, bugtracker, remotebug, remotestatus, lastchanged, lastchecked, datecreated, owner, last_error_type, remote_importance, remote_lp_bug_id, next_check) VALUES (6, 9, 4, '1234', NULL, '2006-02-23 16:43:25.744534', NULL, '2006-02-23 16:43:25.744534', 12, NULL, NULL, NULL, NULL);
INSERT INTO bugwatch (id, bug, bugtracker, remotebug, remotestatus, lastchanged, lastchecked, datecreated, owner, last_error_type, remote_importance, remote_lp_bug_id, next_check) VALUES (7, 7, 3, '280883', NULL, '2006-03-29 16:45:45.054836', NULL, '2006-03-29 16:45:45.054836', 12, NULL, NULL, NULL, NULL);
INSERT INTO bugwatch (id, bug, bugtracker, remotebug, remotestatus, lastchanged, lastchecked, datecreated, owner, last_error_type, remote_importance, remote_lp_bug_id, next_check) VALUES (8, 1, 3, '304014', NULL, '2006-03-29 16:46:54.407686', NULL, '2006-03-29 16:46:54.407686', 12, NULL, NULL, NULL, NULL);
INSERT INTO bugwatch (id, bug, bugtracker, remotebug, remotestatus, lastchanged, lastchecked, datecreated, owner, last_error_type, remote_importance, remote_lp_bug_id, next_check) VALUES (9, 2, 3, '327452', NULL, '2006-03-29 16:47:51.515017', NULL, '2006-03-29 16:47:51.515017', 12, NULL, NULL, NULL, NULL);
INSERT INTO bugwatch (id, bug, bugtracker, remotebug, remotestatus, lastchanged, lastchecked, datecreated, owner, last_error_type, remote_importance, remote_lp_bug_id, next_check) VALUES (10, 3, 3, '327549', NULL, '2006-03-29 16:48:18.807764', NULL, '2006-03-29 16:48:18.807764', 12, NULL, NULL, NULL, NULL);
INSERT INTO bugwatch (id, bug, bugtracker, remotebug, remotestatus, lastchanged, lastchecked, datecreated, owner, last_error_type, remote_importance, remote_lp_bug_id, next_check) VALUES (11, 15, 3, '308994', 'open important', '2007-12-18 16:31:34.790641', '2007-12-18 16:31:34.790641', '2007-12-18 16:30:47.889614', 16, NULL, 'UNKNOWN', NULL, NULL);
INSERT INTO bugwatch (id, bug, bugtracker, remotebug, remotestatus, lastchanged, lastchecked, datecreated, owner, last_error_type, remote_importance, remote_lp_bug_id, next_check) VALUES (12, 15, 2, '304070', NULL, NULL, NULL, '2007-12-18 16:31:34.790641', 243614, 2, NULL, NULL, NULL);


ALTER TABLE bugwatch ENABLE TRIGGER ALL;


ALTER TABLE bugmessage DISABLE TRIGGER ALL;

INSERT INTO bugmessage (id, bug, message, bugwatch, remote_comment_id, index, owner) VALUES (1, 2, 1, NULL, NULL, 0, 16);
INSERT INTO bugmessage (id, bug, message, bugwatch, remote_comment_id, index, owner) VALUES (2, 1, 3, NULL, NULL, 0, 12);
INSERT INTO bugmessage (id, bug, message, bugwatch, remote_comment_id, index, owner) VALUES (3, 1, 4, NULL, NULL, 1, 12);
INSERT INTO bugmessage (id, bug, message, bugwatch, remote_comment_id, index, owner) VALUES (4, 2, 5, NULL, NULL, 1, 12);
INSERT INTO bugmessage (id, bug, message, bugwatch, remote_comment_id, index, owner) VALUES (5, 2, 6, NULL, NULL, 2, 12);
INSERT INTO bugmessage (id, bug, message, bugwatch, remote_comment_id, index, owner) VALUES (6, 4, 7, NULL, NULL, 0, 12);
INSERT INTO bugmessage (id, bug, message, bugwatch, remote_comment_id, index, owner) VALUES (7, 5, 8, NULL, NULL, 0, 12);
INSERT INTO bugmessage (id, bug, message, bugwatch, remote_comment_id, index, owner) VALUES (8, 6, 9, NULL, NULL, 0, 12);
INSERT INTO bugmessage (id, bug, message, bugwatch, remote_comment_id, index, owner) VALUES (9, 3, 10, NULL, NULL, 0, 12);
INSERT INTO bugmessage (id, bug, message, bugwatch, remote_comment_id, index, owner) VALUES (10, 7, 11, NULL, NULL, 0, 16);
INSERT INTO bugmessage (id, bug, message, bugwatch, remote_comment_id, index, owner) VALUES (11, 8, 14, NULL, NULL, 0, 12);
INSERT INTO bugmessage (id, bug, message, bugwatch, remote_comment_id, index, owner) VALUES (12, 9, 15, NULL, NULL, 0, 16);
INSERT INTO bugmessage (id, bug, message, bugwatch, remote_comment_id, index, owner) VALUES (13, 10, 17, NULL, NULL, 0, 16);
INSERT INTO bugmessage (id, bug, message, bugwatch, remote_comment_id, index, owner) VALUES (14, 10, 16, NULL, NULL, 1, 16);
INSERT INTO bugmessage (id, bug, message, bugwatch, remote_comment_id, index, owner) VALUES (15, 11, 24, NULL, NULL, 0, 26);
INSERT INTO bugmessage (id, bug, message, bugwatch, remote_comment_id, index, owner) VALUES (16, 11, 25, NULL, NULL, 1, 50);
INSERT INTO bugmessage (id, bug, message, bugwatch, remote_comment_id, index, owner) VALUES (17, 11, 26, NULL, NULL, 2, 66);
INSERT INTO bugmessage (id, bug, message, bugwatch, remote_comment_id, index, owner) VALUES (18, 11, 27, NULL, NULL, 3, 63);
INSERT INTO bugmessage (id, bug, message, bugwatch, remote_comment_id, index, owner) VALUES (19, 11, 28, NULL, NULL, 4, 27);
INSERT INTO bugmessage (id, bug, message, bugwatch, remote_comment_id, index, owner) VALUES (20, 11, 29, NULL, NULL, 5, 33);
INSERT INTO bugmessage (id, bug, message, bugwatch, remote_comment_id, index, owner) VALUES (21, 11, 30, NULL, NULL, 6, 3);
INSERT INTO bugmessage (id, bug, message, bugwatch, remote_comment_id, index, owner) VALUES (22, 12, 31, NULL, NULL, 0, 8);
INSERT INTO bugmessage (id, bug, message, bugwatch, remote_comment_id, index, owner) VALUES (23, 12, 33, NULL, NULL, 1, 45);
INSERT INTO bugmessage (id, bug, message, bugwatch, remote_comment_id, index, owner) VALUES (24, 12, 34, NULL, NULL, 2, 13);
INSERT INTO bugmessage (id, bug, message, bugwatch, remote_comment_id, index, owner) VALUES (25, 12, 35, NULL, NULL, 3, 9);
INSERT INTO bugmessage (id, bug, message, bugwatch, remote_comment_id, index, owner) VALUES (26, 12, 36, NULL, NULL, 4, 6);
INSERT INTO bugmessage (id, bug, message, bugwatch, remote_comment_id, index, owner) VALUES (27, 13, 37, NULL, NULL, 0, 12);
INSERT INTO bugmessage (id, bug, message, bugwatch, remote_comment_id, index, owner) VALUES (28, 13, 38, NULL, NULL, 1, 12);
INSERT INTO bugmessage (id, bug, message, bugwatch, remote_comment_id, index, owner) VALUES (29, 14, 39, NULL, NULL, 0, 63);
INSERT INTO bugmessage (id, bug, message, bugwatch, remote_comment_id, index, owner) VALUES (30, 15, 40, NULL, NULL, 0, 16);
INSERT INTO bugmessage (id, bug, message, bugwatch, remote_comment_id, index, owner) VALUES (31, 15, 44, 11, '<4284D7D1.6010208@gmx.de>', 1, 243614);
INSERT INTO bugmessage (id, bug, message, bugwatch, remote_comment_id, index, owner) VALUES (32, 15, 45, 11, '<20050517185429.GB20786@spring.luon.net>', 2, 243615);
INSERT INTO bugmessage (id, bug, message, bugwatch, remote_comment_id, index, owner) VALUES (33, 15, 46, 11, '<428A44E9.6090802@gmx.de>', 3, 243614);
INSERT INTO bugmessage (id, bug, message, bugwatch, remote_comment_id, index, owner) VALUES (34, 15, 47, 11, '<20050517202044.GA23231@spring.luon.net>', 4, 243615);
INSERT INTO bugmessage (id, bug, message, bugwatch, remote_comment_id, index, owner) VALUES (35, 15, 48, 11, '<20050617140011.GA15638@piware.de>', 5, 243616);
INSERT INTO bugmessage (id, bug, message, bugwatch, remote_comment_id, index, owner) VALUES (36, 15, 49, 11, '<42BD2E36.9090809@gmx.de>', 6, 243614);


ALTER TABLE bugmessage ENABLE TRIGGER ALL;


ALTER TABLE bugmute DISABLE TRIGGER ALL;



ALTER TABLE bugmute ENABLE TRIGGER ALL;


ALTER TABLE productseries DISABLE TRIGGER ALL;

INSERT INTO productseries (id, product, name, summary, releasefileglob, releaseverstyle, datecreated, driver, owner, status, translations_autoimport_mode, branch, translations_branch) VALUES (1, 4, 'trunk', 'The "trunk" series represents the primary line of development rather than a stable release branch. This is sometimes also called MAIN or HEAD.', NULL, NULL, '2005-06-06 08:59:51.895136', NULL, 12, 2, 1, NULL, NULL);
INSERT INTO productseries (id, product, name, summary, releasefileglob, releaseverstyle, datecreated, driver, owner, status, translations_autoimport_mode, branch, translations_branch) VALUES (2, 4, '1.0', 'The 1.0 branch of the Mozilla web browser. Currently, this is the stable branch of Mozilla, and all stable releases are made off this branch.', NULL, NULL, '2005-06-06 08:59:51.898385', NULL, 12, 2, 1, NULL, NULL);
INSERT INTO productseries (id, product, name, summary, releasefileglob, releaseverstyle, datecreated, driver, owner, status, translations_autoimport_mode, branch, translations_branch) VALUES (3, 5, 'trunk', 'The primary "trunk" of development for this product. This series
was automatically created and represents the idea of a primary trunk
of software development without "stable branches". For most
products, releases in this series will be "milestone" or "test"
releases, and there should be other series for the stable releases
of the product.', NULL, NULL, '2005-06-06 08:59:51.914873', NULL, 12, 2, 1, 14, NULL);
INSERT INTO productseries (id, product, name, summary, releasefileglob, releaseverstyle, datecreated, driver, owner, status, translations_autoimport_mode, branch, translations_branch) VALUES (4, 8, 'trunk', 'The primary "trunk" of development for this product. This series
was automatically created and represents the idea of a primary trunk
of software development without "stable branches". For most
products, releases in this series will be "milestone" or "test"
releases, and there should be other series for the stable releases
of the product.', NULL, NULL, '2005-06-06 08:59:51.91214', NULL, 12, 2, 1, NULL, NULL);
INSERT INTO productseries (id, product, name, summary, releasefileglob, releaseverstyle, datecreated, driver, owner, status, translations_autoimport_mode, branch, translations_branch) VALUES (5, 11, 'trunk', 'The "trunk" series represents the primary line of development rather than a stable release branch. This is sometimes also called MAIN or HEAD.', NULL, NULL, '2005-06-06 08:59:51.899819', NULL, 12, 2, 1, NULL, NULL);
INSERT INTO productseries (id, product, name, summary, releasefileglob, releaseverstyle, datecreated, driver, owner, status, translations_autoimport_mode, branch, translations_branch) VALUES (6, 12, 'trunk', 'The primary upstream development branch, from which all releases are made.', NULL, NULL, '2005-06-06 08:59:51.913564', NULL, 16, 2, 1, NULL, NULL);
INSERT INTO productseries (id, product, name, summary, releasefileglob, releaseverstyle, datecreated, driver, owner, status, translations_autoimport_mode, branch, translations_branch) VALUES (7, 12, 'failedbranch', 'A branch where auto test has failed.', NULL, NULL, '2005-06-06 08:59:51.913564', NULL, 16, 2, 1, NULL, NULL);
INSERT INTO productseries (id, product, name, summary, releasefileglob, releaseverstyle, datecreated, driver, owner, status, translations_autoimport_mode, branch, translations_branch) VALUES (8, 15, 'trunk', 'The mainline for alsa-utils', NULL, NULL, '2005-09-15 09:10:03.531637', NULL, 1, 2, 1, NULL, NULL);
INSERT INTO productseries (id, product, name, summary, releasefileglob, releaseverstyle, datecreated, driver, owner, status, translations_autoimport_mode, branch, translations_branch) VALUES (9, 16, 'trunk', 'The "trunk" series represents the primary line of development rather than a stable release branch. This is sometimes also called MAIN or HEAD.', NULL, NULL, '2006-07-11 19:59:17.311451', NULL, 12, 2, 1, NULL, NULL);
INSERT INTO productseries (id, product, name, summary, releasefileglob, releaseverstyle, datecreated, driver, owner, status, translations_autoimport_mode, branch, translations_branch) VALUES (10, 14, 'trunk', 'The "trunk" series represents the primary line of development rather than a stable release branch. This is sometimes also called MAIN or HEAD.', NULL, NULL, '2006-09-11 06:16:00.934312', NULL, 12, 2, 1, NULL, NULL);
INSERT INTO productseries (id, product, name, summary, releasefileglob, releaseverstyle, datecreated, driver, owner, status, translations_autoimport_mode, branch, translations_branch) VALUES (11, 13, 'trunk', 'The "trunk" series represents the primary line of development rather than a stable release branch. This is sometimes also called MAIN or HEAD.', NULL, NULL, '2006-09-11 06:16:00.934312', NULL, 16, 2, 1, NULL, NULL);
INSERT INTO productseries (id, product, name, summary, releasefileglob, releaseverstyle, datecreated, driver, owner, status, translations_autoimport_mode, branch, translations_branch) VALUES (12, 9, 'trunk', 'The "trunk" series represents the primary line of development rather than a stable release branch. This is sometimes also called MAIN or HEAD.', NULL, NULL, '2006-09-11 06:16:00.934312', NULL, 16, 2, 1, NULL, NULL);
INSERT INTO productseries (id, product, name, summary, releasefileglob, releaseverstyle, datecreated, driver, owner, status, translations_autoimport_mode, branch, translations_branch) VALUES (13, 7, 'trunk', 'The "trunk" series represents the primary line of development rather than a stable release branch. This is sometimes also called MAIN or HEAD.', NULL, NULL, '2006-09-11 06:16:00.934312', NULL, 12, 2, 1, NULL, NULL);
INSERT INTO productseries (id, product, name, summary, releasefileglob, releaseverstyle, datecreated, driver, owner, status, translations_autoimport_mode, branch, translations_branch) VALUES (14, 6, 'trunk', 'The "trunk" series represents the primary line of development rather than a stable release branch. This is sometimes also called MAIN or HEAD.', NULL, NULL, '2006-09-11 06:16:00.934312', NULL, 12, 2, 1, NULL, NULL);
INSERT INTO productseries (id, product, name, summary, releasefileglob, releaseverstyle, datecreated, driver, owner, status, translations_autoimport_mode, branch, translations_branch) VALUES (15, 3, 'trunk', 'The "trunk" series represents the primary line of development rather than a stable release branch. This is sometimes also called MAIN or HEAD.', NULL, NULL, '2006-09-11 06:16:00.934312', NULL, 2, 2, 1, NULL, NULL);
INSERT INTO productseries (id, product, name, summary, releasefileglob, releaseverstyle, datecreated, driver, owner, status, translations_autoimport_mode, branch, translations_branch) VALUES (16, 1, 'trunk', 'The "trunk" series represents the primary line of development rather than a stable release branch. This is sometimes also called MAIN or HEAD.', NULL, NULL, '2006-09-11 06:16:00.934312', NULL, 17, 2, 1, NULL, NULL);
INSERT INTO productseries (id, product, name, summary, releasefileglob, releaseverstyle, datecreated, driver, owner, status, translations_autoimport_mode, branch, translations_branch) VALUES (17, 2, 'trunk', 'The "trunk" series represents the primary line of development rather than a stable release branch. This is sometimes also called MAIN or HEAD.', NULL, NULL, '2006-09-14 07:56:10.631636', NULL, 2, 2, 1, NULL, NULL);
INSERT INTO productseries (id, product, name, summary, releasefileglob, releaseverstyle, datecreated, driver, owner, status, translations_autoimport_mode, branch, translations_branch) VALUES (18, 10, 'trunk', 'The "trunk" series represents the primary line of development rather than a stable release branch. This is sometimes also called MAIN or HEAD.', NULL, NULL, '2006-09-14 07:56:10.631636', NULL, 2, 2, 1, NULL, NULL);
INSERT INTO productseries (id, product, name, summary, releasefileglob, releaseverstyle, datecreated, driver, owner, status, translations_autoimport_mode, branch, translations_branch) VALUES (19, 17, 'trunk', 'The "trunk" series represents the primary line of development rather than a stable release branch. This is sometimes also called MAIN or HEAD.', NULL, NULL, '2006-11-24 12:48:19.178553', NULL, 12, 2, 1, NULL, NULL);
INSERT INTO productseries (id, product, name, summary, releasefileglob, releaseverstyle, datecreated, driver, owner, status, translations_autoimport_mode, branch, translations_branch) VALUES (20, 18, 'trunk', 'The "trunk" series represents the primary line of development rather than a stable release branch. This is sometimes also called MAIN or HEAD.', NULL, NULL, '2007-03-14 18:47:04.891546', NULL, 37, 2, 1, NULL, NULL);
INSERT INTO productseries (id, product, name, summary, releasefileglob, releaseverstyle, datecreated, driver, owner, status, translations_autoimport_mode, branch, translations_branch) VALUES (21, 19, 'trunk', 'The "trunk" series represents the primary line of development rather than a stable release branch. This is sometimes also called MAIN or HEAD.', NULL, NULL, '2007-03-14 18:53:13.112116', NULL, 28, 2, 1, NULL, NULL);
INSERT INTO productseries (id, product, name, summary, releasefileglob, releaseverstyle, datecreated, driver, owner, status, translations_autoimport_mode, branch, translations_branch) VALUES (22, 20, 'trunk', 'The "trunk" series represents the primary line of development rather than a stable release branch. This is sometimes also called MAIN or HEAD.', NULL, NULL, '2007-03-15 20:11:49.501871', NULL, 14, 2, 1, NULL, NULL);
INSERT INTO productseries (id, product, name, summary, releasefileglob, releaseverstyle, datecreated, driver, owner, status, translations_autoimport_mode, branch, translations_branch) VALUES (23, 21, 'trunk', 'The "trunk" series represents the primary line of development rather than a stable release branch. This is sometimes also called MAIN or HEAD.', NULL, NULL, '2007-03-27 16:28:27.763632', NULL, 12, 2, 1, NULL, NULL);
INSERT INTO productseries (id, product, name, summary, releasefileglob, releaseverstyle, datecreated, driver, owner, status, translations_autoimport_mode, branch, translations_branch) VALUES (24, 22, 'trunk', 'The "trunk" series represents the primary line of development rather than a stable release branch. This is sometimes also called MAIN or HEAD.', NULL, NULL, '2007-04-18 20:58:56.846607', NULL, 12, 2, 1, NULL, NULL);
INSERT INTO productseries (id, product, name, summary, releasefileglob, releaseverstyle, datecreated, driver, owner, status, translations_autoimport_mode, branch, translations_branch) VALUES (25, 23, 'trunk', 'The "trunk" series represents the primary line of development rather than a stable release branch. This is sometimes also called MAIN or HEAD.', NULL, NULL, '2007-11-19 12:44:30.603892', NULL, 1, 2, 1, NULL, NULL);
INSERT INTO productseries (id, product, name, summary, releasefileglob, releaseverstyle, datecreated, driver, owner, status, translations_autoimport_mode, branch, translations_branch) VALUES (26, 24, 'trunk', 'The "trunk" series represents the primary line of development rather than a stable release branch. This is sometimes also called MAIN or HEAD.', NULL, NULL, '2008-06-27 14:51:47.366199', NULL, 243623, 2, 1, NULL, NULL);
INSERT INTO productseries (id, product, name, summary, releasefileglob, releaseverstyle, datecreated, driver, owner, status, translations_autoimport_mode, branch, translations_branch) VALUES (27, 25, 'trunk', 'The "trunk" series represents the primary line of development rather than a stable release branch. This is sometimes also called MAIN or HEAD.', NULL, NULL, '2008-10-02 10:12:40.909504', NULL, 16, 2, 1, NULL, NULL);
INSERT INTO productseries (id, product, name, summary, releasefileglob, releaseverstyle, datecreated, driver, owner, status, translations_autoimport_mode, branch, translations_branch) VALUES (28, 26, 'trunk', 'The "trunk" series represents the primary line of development rather than a stable release branch. This is sometimes also called MAIN or HEAD.', NULL, NULL, '2009-05-02 21:33:15.310312', NULL, 16, 2, 1, NULL, NULL);


ALTER TABLE productseries ENABLE TRIGGER ALL;


ALTER TABLE bugnomination DISABLE TRIGGER ALL;

INSERT INTO bugnomination (id, bug, distroseries, productseries, status, date_created, date_decided, owner, decider) VALUES (1, 1, NULL, 2, 10, '2006-08-21 22:20:54.707408', NULL, 52, NULL);
INSERT INTO bugnomination (id, bug, distroseries, productseries, status, date_created, date_decided, owner, decider) VALUES (2, 1, 3, NULL, 10, '2006-08-21 22:21:14.60328', NULL, 52, NULL);
INSERT INTO bugnomination (id, bug, distroseries, productseries, status, date_created, date_decided, owner, decider) VALUES (3, 2, 3, NULL, 20, '2006-08-21 22:23:08.163936', '2006-08-21 22:23:08.332055', 1, 1);
INSERT INTO bugnomination (id, bug, distroseries, productseries, status, date_created, date_decided, owner, decider) VALUES (4, 5, NULL, 2, 20, '2007-01-04 15:00:50.431687', '2007-01-04 15:00:50.552021', 16, 16);


ALTER TABLE bugnomination ENABLE TRIGGER ALL;


ALTER TABLE bugnotification DISABLE TRIGGER ALL;



ALTER TABLE bugnotification ENABLE TRIGGER ALL;


ALTER TABLE bugnotificationarchive DISABLE TRIGGER ALL;



ALTER TABLE bugnotificationarchive ENABLE TRIGGER ALL;


ALTER TABLE bugnotificationattachment DISABLE TRIGGER ALL;



ALTER TABLE bugnotificationattachment ENABLE TRIGGER ALL;


ALTER TABLE milestone DISABLE TRIGGER ALL;

INSERT INTO milestone (id, product, name, distribution, dateexpected, active, productseries, distroseries, date_created, summary, codename) VALUES (1, 4, '1.0', NULL, '2056-10-16 18:31:44.293448', true, 1, NULL, '2006-10-16 18:31:44.293448', NULL, NULL);
INSERT INTO milestone (id, product, name, distribution, dateexpected, active, productseries, distroseries, date_created, summary, codename) VALUES (2, NULL, '3.1', 3, '2056-05-16 18:31:44.293448', true, NULL, 6, '2006-10-16 18:31:44.29574', NULL, NULL);
INSERT INTO milestone (id, product, name, distribution, dateexpected, active, productseries, distroseries, date_created, summary, codename) VALUES (3, NULL, '3.1-rc1', 3, '2056-02-16 18:31:44.293448', true, NULL, 6, '2006-10-16 18:31:44.29574', NULL, NULL);
INSERT INTO milestone (id, product, name, distribution, dateexpected, active, productseries, distroseries, date_created, summary, codename) VALUES (4, 4, '0.9.2', NULL, NULL, false, 1, NULL, '2009-03-02 18:31:35.911331', 'This was a security fix release for 0.9.', 'One (secure) Tree Hill');
INSERT INTO milestone (id, product, name, distribution, dateexpected, active, productseries, distroseries, date_created, summary, codename) VALUES (5, 4, '0.9.1', NULL, NULL, false, 1, NULL, '2009-03-02 18:31:35.911331', 'This was a bugfix release to patch up problems with the new extension system.', 'One Tree Hill (v2)');
INSERT INTO milestone (id, product, name, distribution, dateexpected, active, productseries, distroseries, date_created, summary, codename) VALUES (6, 4, '0.9', NULL, NULL, false, 1, NULL, '2009-03-02 18:31:35.911331', 'Release 0.9 of Firefox introduced a new theme as well as improved migration tools for people switching to Firefox.', 'One Tree Hill');
INSERT INTO milestone (id, product, name, distribution, dateexpected, active, productseries, distroseries, date_created, summary, codename) VALUES (7, 4, '1.0.0', NULL, NULL, false, 2, NULL, '2009-03-02 18:31:35.911331', 'After four years of work the Mozilla project makes its first public stable release. Mozilla 1.0.0 is a major milestone in open source history.', 'First Stable Release');
INSERT INTO milestone (id, product, name, distribution, dateexpected, active, productseries, distroseries, date_created, summary, codename) VALUES (8, 5, '2.1.6', NULL, NULL, false, 3, NULL, '2009-03-02 18:31:35.911331', '', NULL);
INSERT INTO milestone (id, product, name, distribution, dateexpected, active, productseries, distroseries, date_created, summary, codename) VALUES (9, 8, '0.8', NULL, NULL, false, 4, NULL, '2009-03-02 18:31:35.911331', '', NULL);
INSERT INTO milestone (id, product, name, distribution, dateexpected, active, productseries, distroseries, date_created, summary, codename) VALUES (10, 11, '1.0', NULL, NULL, false, 5, NULL, '2009-03-02 18:31:35.911331', '', NULL);
INSERT INTO milestone (id, product, name, distribution, dateexpected, active, productseries, distroseries, date_created, summary, codename) VALUES (11, 15, '1.0.9a', NULL, NULL, false, 8, NULL, '2009-03-02 18:31:35.911331', '', NULL);
INSERT INTO milestone (id, product, name, distribution, dateexpected, active, productseries, distroseries, date_created, summary, codename) VALUES (12, 15, '1.0.8', NULL, NULL, false, 8, NULL, '2009-03-02 18:31:35.911331', '', NULL);


ALTER TABLE milestone ENABLE TRIGGER ALL;


ALTER TABLE structuralsubscription DISABLE TRIGGER ALL;

INSERT INTO structuralsubscription (id, product, productseries, project, milestone, distribution, distroseries, sourcepackagename, subscriber, subscribed_by, date_created, date_last_updated) VALUES (1, NULL, NULL, NULL, NULL, 1, NULL, 1, 16, 16, '2008-01-29 15:12:34.581468', '2008-01-29 15:12:34.581468');
INSERT INTO structuralsubscription (id, product, productseries, project, milestone, distribution, distroseries, sourcepackagename, subscriber, subscribed_by, date_created, date_last_updated) VALUES (2, NULL, NULL, NULL, NULL, 1, NULL, 14, 16, 16, '2008-01-29 15:12:34.581468', '2008-01-29 15:12:34.581468');
INSERT INTO structuralsubscription (id, product, productseries, project, milestone, distribution, distroseries, sourcepackagename, subscriber, subscribed_by, date_created, date_last_updated) VALUES (3, 22, NULL, NULL, NULL, NULL, NULL, NULL, 64, 64, '2008-02-06 12:17:13.030376', '2008-02-06 12:17:13.030376');
INSERT INTO structuralsubscription (id, product, productseries, project, milestone, distribution, distroseries, sourcepackagename, subscriber, subscribed_by, date_created, date_last_updated) VALUES (4, 16, NULL, NULL, NULL, NULL, NULL, NULL, 64, 64, '2008-02-06 12:17:13.030376', '2008-02-06 12:17:13.030376');


ALTER TABLE structuralsubscription ENABLE TRIGGER ALL;


ALTER TABLE bugsubscriptionfilter DISABLE TRIGGER ALL;

INSERT INTO bugsubscriptionfilter (id, structuralsubscription, find_all_tags, include_any_tags, exclude_any_tags, other_parameters, description, bug_notification_level) VALUES (1, 1, false, false, false, NULL, NULL, 40);
INSERT INTO bugsubscriptionfilter (id, structuralsubscription, find_all_tags, include_any_tags, exclude_any_tags, other_parameters, description, bug_notification_level) VALUES (2, 2, false, false, false, NULL, NULL, 40);
INSERT INTO bugsubscriptionfilter (id, structuralsubscription, find_all_tags, include_any_tags, exclude_any_tags, other_parameters, description, bug_notification_level) VALUES (3, 3, false, false, false, NULL, NULL, 40);
INSERT INTO bugsubscriptionfilter (id, structuralsubscription, find_all_tags, include_any_tags, exclude_any_tags, other_parameters, description, bug_notification_level) VALUES (4, 4, false, false, false, NULL, NULL, 40);


ALTER TABLE bugsubscriptionfilter ENABLE TRIGGER ALL;


ALTER TABLE bugnotificationfilter DISABLE TRIGGER ALL;



ALTER TABLE bugnotificationfilter ENABLE TRIGGER ALL;


ALTER TABLE bugnotificationrecipient DISABLE TRIGGER ALL;



ALTER TABLE bugnotificationrecipient ENABLE TRIGGER ALL;


ALTER TABLE bugnotificationrecipientarchive DISABLE TRIGGER ALL;



ALTER TABLE bugnotificationrecipientarchive ENABLE TRIGGER ALL;


ALTER TABLE bugpackageinfestation DISABLE TRIGGER ALL;



ALTER TABLE bugpackageinfestation ENABLE TRIGGER ALL;


ALTER TABLE productrelease DISABLE TRIGGER ALL;

INSERT INTO productrelease (id, datereleased, release_notes, changelog, owner, datecreated, milestone) VALUES (1, '2004-06-28 00:00:00', '', '', 12, '2005-06-06 08:59:51.930201', 7);
INSERT INTO productrelease (id, datereleased, release_notes, changelog, owner, datecreated, milestone) VALUES (2, '2004-06-28 00:00:00', NULL, NULL, 12, '2005-06-06 08:59:51.924844', 9);
INSERT INTO productrelease (id, datereleased, release_notes, changelog, owner, datecreated, milestone) VALUES (3, '2004-10-15 18:27:09.878302', 'What''s New

Here''s what''s new in this release of Firefox:

    * New Default Theme

      An updated Default Theme now presents a uniform appearance across all three platforms - a new crisp, clear look for Windows users. Finetuning for GNOME will follow in future releases.
    * Comprehensive Data Migration

      Switching to Firefox has never been easier now that Firefox imports data like Favorites, History, Settings, Cookies and Passwords from Internet Explorer. Firefox can also import from Mozilla 1.x, Netscape 4.x, 6.x and 7.x, and Opera. MacOS X and Linux migrators for browsers like Safari, OmniWeb, Konqueror etc. will arrive in future releases.
    * Extension/Theme Manager

      New Extension and Theme Managers provide a convenient way to manage and update your add-ons. SmartUpdate also notifies you of updates to Firefox.
    * Smaller Download

      Windows users will find Firefox is now only 4.7MB to download.
    * Help

      A new online help system is available.
    * Lots of bug fixes and improvements

      Copy Image, the ability to delete individual items from Autocomplete lists, SMB/SFTP support on GNOME via gnome-vfs, better Bookmarks, Search and many other refinements fine tune the browsing experience.

For Linux/GTK2 Users

    * Installer

      Firefox now comes with an installer for Linux/GTK2 users. The new installer makes the installation process much simpler.
    * Look and Feel Updates

      Ongoing improvements have been made to improve the way Firefox adheres to your GTK2 themes, such as menus.
    * Talkback for GTK2

      Help us nail down crashes by submitting talkback reports with this crash reporting tool.

', NULL, 16, '2005-06-06 08:59:51.929023', 6);
INSERT INTO productrelease (id, datereleased, release_notes, changelog, owner, datecreated, milestone) VALUES (4, '2004-10-15 18:31:19.164989', '', NULL, 16, '2005-06-06 08:59:51.927785', 5);
INSERT INTO productrelease (id, datereleased, release_notes, changelog, owner, datecreated, milestone) VALUES (5, '2004-10-15 18:32:35.717695', 'Security fixes

    * 250180 - [Windows] Disallow access to insecure shell: protocol.
', NULL, 16, '2005-06-06 08:59:51.926792', 4);
INSERT INTO productrelease (id, datereleased, release_notes, changelog, owner, datecreated, milestone) VALUES (6, '2005-02-28 00:00:00', NULL, 'Bugzilla bugs fixed (see http://bugzilla.ximian.com/show_bug.cgi):

 * Addressbook
   #73005 - Cannot cancel ''Contact List Editor'' (Siva)
   #73005 - offline - setting/unsetting folder offline property is not working (Sushma)
   #70371 - Evolution crashes when adding contact list (Siva)
   #67724 - When unix user name, callendar points to old username (Siva)
   #54825 - Freeze on .vcf import from MacOS X AddressBook (Christophe Fergeau)
   #73013 - ''Right'' click on a ''Contact'' cannot select ''Cut'' (Siva)

 * Calendar
   #72958 - Unable to send delayed meeting (Chen)
   #72006 - Opened existing appointments with attachment - press cancel - popup info with save / discard / cancel changes (Chen)
   #63866 - Same name can be entered twice in invitations tab (JP)
   #67714 - Invitations Tab Allows Entry Of Empty Line (JP)
   #62089 - adding contact lists to meetings impossible (JP)
   #47747 - Changes to attendee not updated until click on different row (JP)
   #61495 - Existing text is placed off screen when editing attendee field (JP)
   #28947 - adding contact list to attendee list should expand it (JP)
   #67724 - When unix user name, callendar points to old username (Siva)
   #72038 - Changes meeting to appoinment after throwing warning invalid mail id (Rodrigo)
   #69556 - Crash attaching mime parts to calendar events (Harish)

 * Mail
   #66126 - attach File Chooser is modal (Michael)
   #68549 - Answering to Usenet article doesn''t consider the "Followup-To:" field (Michael)
   #71003 - threads still running at exit (Michael)
   #62109 - Inconsistent ways of determining 8-bit Subject: and From: header charsets (Jeff)
   #34153 - Confusing Outbox semantics for deleted outgoing messages (Michael)
   #71528 - Search Selection Widget Has Repeated Items (Michael)
   #71967 - Evolution delete mail from POP3 server even is checked the option "leave the mail on server" (Michael)
   #40515 - Signature scripts do not allow switches (Michael)
   #68866 - Forward button doesn''t put newline between headers and body (Michael)
   #35219 - flag-for-followup crufting (Michael)
   #64987 - Go to next unread message doesn''t work when multiple messages are selected (Michael)
   #72337 - Evolution crashes if I click OK/Cancel on the password dialog after disabling the IMAP account (Michael)
   #70718 - Next and previous buttons don''t realize there''s new mail (Michael)
   #61363 - Setup wizard, IMAP for receiving server, sending default GW (Michael)
   #70795 - Next/Previous Message Should Only Display Listed Emails (Michael)
   #23822 - no copy text option when right-clicking on marked mail text (Rodney)
   #72266 - You shouldn''t be able to open more than one ''Select Folder'' dialog in the mail filters (Michael)
   #71429 - on NLD, menus in wrong order (Michae)l
   #72228 - cannot store into groupwise sent folder (Michael)
   #72209 - Evolution is crashing when you move a VFolder to a folder ''on this computer'' (Michael)
   #72275 - Can''t use Shift+F10 to popup context menu for link in message (Harry Lu)
   #54503 - "New" dropdown menu on toolbar has wrong widget style (Rodney)
   #72676 - Saved filter rule can''t be modified if it is selected with GOK. (Harry Lu)

 * SMIME
   #68592 - "Backup" buttons in certificate settings does nothing - work around (Michael)

 * Shell
   #33287 - "send/receive" button not greyed out when starting offline (JP)
   #48868 - Status bar changes its height when fonts are large (William Jon McCann)

 * Plugins
   #71527 - Save Calendar widget mixup between directory and file (Rodrigo)

Other bugs

 * Addressbook
   - Use new categories dialog in contact editor (Rodrigo)
   - HIG spacing fixes (Rodney)
   - Display warning dialog when GW server is old (Vivek)

 * Calendar
   - Always ensure default sources are available (Siva)
   - Don''t look up free/busy unless we need to (Harish)
   - Make sure new events don''t display twice (Chen)
   - Make sure double click opens attachments (Chen)

 * Mail
   - a11y fixes for composer (Harry Lu)
   - Use gnome-vfs API to launch external applications (Marco Pesenti Gritti)
   - New mailer context menus for messages (Rodney)

 * Shell
   - Fix leak (JP)
   - Use gnome-vfs API to open quick reference (Marco Pesenti Gritti)

 * Plugins
   - Make e-popup more robust (Michael)
   - Cleanup authors/descriptions (Björn Torkelsson)
   - out of office exchange fixes (Sushma)
   - retry send options if invalid session string (Chen)
   - set proper default port for shared folders (Vivek)

 * Miscellaneous
   - BSD runtime linking fixes (Hans)
   - distclean fixes (Björn Torkelsson)

Updated translations:
   - et (Priit Laes)
   - el (Kostas Papadimas, Nikos Charonitakis)
   - sv (Christian Rose)
   - es (Francisco Javier F. Serrador)
   - it (Luca Ferretti, Marco Ciampa)
   - da (Martin Willemoes Hansen)
   - ca (Josep Puigdemont, Xavi Conde)
   - nb (Kjartan Maraas)
   - no (Kjartan Maraas)
   - ru (Leonid Kanter)
   - gu (Ankit Patel)
   - cs (Miloslav Trmac)
   - nl (Vincent van Adrighem)
   - fi (Ilkka Tuohela)
   - pt (Duarte Loreto)
   - uk (Maxim Dziumanenko)
   - ko (Changwoo Ryu)
   - de (Frank Arnold)
   - fr (Vincent Carriere)
   - en_CA (Adam Weinberger)
   - cs (Miloslav Trmac)
   - pl (Artur Flinta)
   - bg (Vladimir Petkov)
   - ja (Takeshi AIHANA)
   - en_GB (David Lodge)
   - en_CA (Adam Weinberger)
   - lt (Zygimantas Berucka)', 12, '2005-06-06 08:59:51.919766', 8);
INSERT INTO productrelease (id, datereleased, release_notes, changelog, owner, datecreated, milestone) VALUES (7, '2005-03-10 16:20:00', NULL, NULL, 12, '2005-06-06 08:59:51.925908', 10);
INSERT INTO productrelease (id, datereleased, release_notes, changelog, owner, datecreated, milestone) VALUES (8, '2005-02-03 08:50:00', NULL, NULL, 1, '2005-09-15 09:15:49.327457', 12);
INSERT INTO productrelease (id, datereleased, release_notes, changelog, owner, datecreated, milestone) VALUES (9, '2005-06-10 10:40:00', NULL, NULL, 1, '2005-09-15 09:16:00.235886', 11);


ALTER TABLE productrelease ENABLE TRIGGER ALL;


ALTER TABLE bugproductinfestation DISABLE TRIGGER ALL;



ALTER TABLE bugproductinfestation ENABLE TRIGGER ALL;


ALTER TABLE bugsubscription DISABLE TRIGGER ALL;

INSERT INTO bugsubscription (id, person, bug, date_created, subscribed_by, bug_notification_level) VALUES (1, 11, 1, '2006-10-16 18:31:43.154816', 65, 40);
INSERT INTO bugsubscription (id, person, bug, date_created, subscribed_by, bug_notification_level) VALUES (4, 12, 1, '2006-10-16 18:31:43.156104', 65, 40);
INSERT INTO bugsubscription (id, person, bug, date_created, subscribed_by, bug_notification_level) VALUES (5, 11, 2, '2006-10-16 18:31:43.156485', 65, 40);
INSERT INTO bugsubscription (id, person, bug, date_created, subscribed_by, bug_notification_level) VALUES (6, 16, 7, '2006-10-16 18:31:43.156824', 65, 40);
INSERT INTO bugsubscription (id, person, bug, date_created, subscribed_by, bug_notification_level) VALUES (7, 12, 8, '2006-10-16 18:31:43.157159', 65, 40);
INSERT INTO bugsubscription (id, person, bug, date_created, subscribed_by, bug_notification_level) VALUES (8, 12, 4, '2006-10-16 18:31:43.157495', 65, 40);
INSERT INTO bugsubscription (id, person, bug, date_created, subscribed_by, bug_notification_level) VALUES (9, 16, 9, '2006-10-16 18:31:43.15783', 65, 40);
INSERT INTO bugsubscription (id, person, bug, date_created, subscribed_by, bug_notification_level) VALUES (10, 12, 9, '2006-10-16 18:31:43.158165', 65, 40);
INSERT INTO bugsubscription (id, person, bug, date_created, subscribed_by, bug_notification_level) VALUES (11, 16, 10, '2006-10-16 18:31:43.158628', 65, 40);
INSERT INTO bugsubscription (id, person, bug, date_created, subscribed_by, bug_notification_level) VALUES (12, 16, 11, '2007-03-15 20:33:56.67893', 65, 40);
INSERT INTO bugsubscription (id, person, bug, date_created, subscribed_by, bug_notification_level) VALUES (13, 16, 12, '2007-03-15 20:41:18.635493', 65, 40);
INSERT INTO bugsubscription (id, person, bug, date_created, subscribed_by, bug_notification_level) VALUES (14, 12, 13, '2007-07-27 20:00:58.299796', 65, 40);
INSERT INTO bugsubscription (id, person, bug, date_created, subscribed_by, bug_notification_level) VALUES (15, 63, 14, '2007-08-09 11:39:16.836856', 65, 40);
INSERT INTO bugsubscription (id, person, bug, date_created, subscribed_by, bug_notification_level) VALUES (16, 14, 14, '2007-08-09 11:39:16.836856', 65, 40);
INSERT INTO bugsubscription (id, person, bug, date_created, subscribed_by, bug_notification_level) VALUES (17, 16, 15, '2007-12-18 16:30:19.103679', 65, 40);


ALTER TABLE bugsubscription ENABLE TRIGGER ALL;


ALTER TABLE bugsubscriptionfilterimportance DISABLE TRIGGER ALL;



ALTER TABLE bugsubscriptionfilterimportance ENABLE TRIGGER ALL;


ALTER TABLE bugsubscriptionfiltermute DISABLE TRIGGER ALL;



ALTER TABLE bugsubscriptionfiltermute ENABLE TRIGGER ALL;


ALTER TABLE bugsubscriptionfilterstatus DISABLE TRIGGER ALL;



ALTER TABLE bugsubscriptionfilterstatus ENABLE TRIGGER ALL;


ALTER TABLE bugsubscriptionfiltertag DISABLE TRIGGER ALL;



ALTER TABLE bugsubscriptionfiltertag ENABLE TRIGGER ALL;


ALTER TABLE bugsummary DISABLE TRIGGER ALL;

INSERT INTO bugsummary (id, count, product, productseries, distribution, distroseries, sourcepackagename, viewed_by, tag, status, milestone, importance, has_patch, fixed_upstream) VALUES (65, 1, 20, NULL, NULL, NULL, NULL, 14, 'lunch-money', 10, NULL, 5, false, false);
INSERT INTO bugsummary (id, count, product, productseries, distribution, distroseries, sourcepackagename, viewed_by, tag, status, milestone, importance, has_patch, fixed_upstream) VALUES (66, 1, NULL, NULL, 3, NULL, NULL, NULL, NULL, 10, NULL, 999, false, false);
INSERT INTO bugsummary (id, count, product, productseries, distribution, distroseries, sourcepackagename, viewed_by, tag, status, milestone, importance, has_patch, fixed_upstream) VALUES (67, 1, NULL, NULL, 3, NULL, 1, NULL, NULL, 10, NULL, 999, false, false);
INSERT INTO bugsummary (id, count, product, productseries, distribution, distroseries, sourcepackagename, viewed_by, tag, status, milestone, importance, has_patch, fixed_upstream) VALUES (68, 1, 1, NULL, NULL, NULL, NULL, NULL, 'dataloss', 10, NULL, 20, false, false);
INSERT INTO bugsummary (id, count, product, productseries, distribution, distroseries, sourcepackagename, viewed_by, tag, status, milestone, importance, has_patch, fixed_upstream) VALUES (69, 2, NULL, NULL, NULL, 6, NULL, NULL, NULL, 10, NULL, 30, false, false);
INSERT INTO bugsummary (id, count, product, productseries, distribution, distroseries, sourcepackagename, viewed_by, tag, status, milestone, importance, has_patch, fixed_upstream) VALUES (70, 1, NULL, NULL, NULL, 3, NULL, NULL, NULL, 10, NULL, 5, false, false);
INSERT INTO bugsummary (id, count, product, productseries, distribution, distroseries, sourcepackagename, viewed_by, tag, status, milestone, importance, has_patch, fixed_upstream) VALUES (71, 1, NULL, NULL, 1, NULL, 18, NULL, NULL, 20, NULL, 30, false, false);
INSERT INTO bugsummary (id, count, product, productseries, distribution, distroseries, sourcepackagename, viewed_by, tag, status, milestone, importance, has_patch, fixed_upstream) VALUES (72, 1, 20, NULL, NULL, NULL, NULL, NULL, NULL, 10, NULL, 5, false, false);
INSERT INTO bugsummary (id, count, product, productseries, distribution, distroseries, sourcepackagename, viewed_by, tag, status, milestone, importance, has_patch, fixed_upstream) VALUES (73, 1, NULL, NULL, NULL, 1, NULL, NULL, 'doc', 10, NULL, 30, false, false);
INSERT INTO bugsummary (id, count, product, productseries, distribution, distroseries, sourcepackagename, viewed_by, tag, status, milestone, importance, has_patch, fixed_upstream) VALUES (74, 1, NULL, NULL, 3, NULL, NULL, NULL, 'dataloss', 20, NULL, 20, false, false);
INSERT INTO bugsummary (id, count, product, productseries, distribution, distroseries, sourcepackagename, viewed_by, tag, status, milestone, importance, has_patch, fixed_upstream) VALUES (75, 1, 8, NULL, NULL, NULL, NULL, NULL, 'crash', 999, NULL, 999, false, false);
INSERT INTO bugsummary (id, count, product, productseries, distribution, distroseries, sourcepackagename, viewed_by, tag, status, milestone, importance, has_patch, fixed_upstream) VALUES (76, 1, 4, NULL, NULL, NULL, NULL, NULL, 'doc', 10, NULL, 50, false, false);
INSERT INTO bugsummary (id, count, product, productseries, distribution, distroseries, sourcepackagename, viewed_by, tag, status, milestone, importance, has_patch, fixed_upstream) VALUES (77, 1, NULL, NULL, 1, NULL, 22, NULL, NULL, 10, NULL, 30, false, false);
INSERT INTO bugsummary (id, count, product, productseries, distribution, distroseries, sourcepackagename, viewed_by, tag, status, milestone, importance, has_patch, fixed_upstream) VALUES (78, 1, 20, NULL, NULL, NULL, NULL, NULL, NULL, 20, NULL, 50, false, false);
INSERT INTO bugsummary (id, count, product, productseries, distribution, distroseries, sourcepackagename, viewed_by, tag, status, milestone, importance, has_patch, fixed_upstream) VALUES (79, 1, 22, NULL, NULL, NULL, NULL, NULL, NULL, 10, NULL, 5, false, false);
INSERT INTO bugsummary (id, count, product, productseries, distribution, distroseries, sourcepackagename, viewed_by, tag, status, milestone, importance, has_patch, fixed_upstream) VALUES (80, 1, NULL, NULL, 1, NULL, NULL, NULL, 'crash', 10, NULL, 30, false, false);
INSERT INTO bugsummary (id, count, product, productseries, distribution, distroseries, sourcepackagename, viewed_by, tag, status, milestone, importance, has_patch, fixed_upstream) VALUES (81, 1, NULL, NULL, 3, NULL, 1, NULL, 'dataloss', 20, NULL, 20, false, false);
INSERT INTO bugsummary (id, count, product, productseries, distribution, distroseries, sourcepackagename, viewed_by, tag, status, milestone, importance, has_patch, fixed_upstream) VALUES (82, 1, NULL, NULL, 1, NULL, NULL, NULL, 'crash', 20, NULL, 30, false, false);
INSERT INTO bugsummary (id, count, product, productseries, distribution, distroseries, sourcepackagename, viewed_by, tag, status, milestone, importance, has_patch, fixed_upstream) VALUES (83, 1, NULL, NULL, NULL, 1, 1, NULL, 'doc', 10, NULL, 30, false, false);
INSERT INTO bugsummary (id, count, product, productseries, distribution, distroseries, sourcepackagename, viewed_by, tag, status, milestone, importance, has_patch, fixed_upstream) VALUES (84, 1, NULL, NULL, NULL, 7, NULL, NULL, NULL, 10, 2, 30, false, false);
INSERT INTO bugsummary (id, count, product, productseries, distribution, distroseries, sourcepackagename, viewed_by, tag, status, milestone, importance, has_patch, fixed_upstream) VALUES (85, 1, 20, NULL, NULL, NULL, NULL, 63, 'lunch-money', 10, NULL, 5, false, false);
INSERT INTO bugsummary (id, count, product, productseries, distribution, distroseries, sourcepackagename, viewed_by, tag, status, milestone, importance, has_patch, fixed_upstream) VALUES (86, 1, 8, NULL, NULL, NULL, NULL, NULL, NULL, 10, NULL, 999, false, false);
INSERT INTO bugsummary (id, count, product, productseries, distribution, distroseries, sourcepackagename, viewed_by, tag, status, milestone, importance, has_patch, fixed_upstream) VALUES (87, 1, NULL, NULL, 3, NULL, 1, NULL, NULL, 30, NULL, 30, false, false);
INSERT INTO bugsummary (id, count, product, productseries, distribution, distroseries, sourcepackagename, viewed_by, tag, status, milestone, importance, has_patch, fixed_upstream) VALUES (88, 1, NULL, NULL, NULL, 6, 1, NULL, 'dataloss', 10, NULL, 30, false, false);
INSERT INTO bugsummary (id, count, product, productseries, distribution, distroseries, sourcepackagename, viewed_by, tag, status, milestone, importance, has_patch, fixed_upstream) VALUES (89, 1, NULL, NULL, NULL, 6, NULL, NULL, 'dataloss', 10, NULL, 30, false, false);
INSERT INTO bugsummary (id, count, product, productseries, distribution, distroseries, sourcepackagename, viewed_by, tag, status, milestone, importance, has_patch, fixed_upstream) VALUES (90, 1, NULL, NULL, NULL, 3, NULL, NULL, 'dataloss', 10, NULL, 5, false, false);
INSERT INTO bugsummary (id, count, product, productseries, distribution, distroseries, sourcepackagename, viewed_by, tag, status, milestone, importance, has_patch, fixed_upstream) VALUES (91, 1, NULL, NULL, 3, NULL, NULL, NULL, NULL, 30, NULL, 30, false, false);
INSERT INTO bugsummary (id, count, product, productseries, distribution, distroseries, sourcepackagename, viewed_by, tag, status, milestone, importance, has_patch, fixed_upstream) VALUES (92, 1, NULL, 2, NULL, NULL, NULL, NULL, 'doc', 10, NULL, 5, false, false);
INSERT INTO bugsummary (id, count, product, productseries, distribution, distroseries, sourcepackagename, viewed_by, tag, status, milestone, importance, has_patch, fixed_upstream) VALUES (93, 1, 1, NULL, NULL, NULL, NULL, NULL, NULL, 10, NULL, 20, false, false);
INSERT INTO bugsummary (id, count, product, productseries, distribution, distroseries, sourcepackagename, viewed_by, tag, status, milestone, importance, has_patch, fixed_upstream) VALUES (94, 1, NULL, NULL, NULL, 7, 1, NULL, NULL, 10, 2, 30, false, false);
INSERT INTO bugsummary (id, count, product, productseries, distribution, distroseries, sourcepackagename, viewed_by, tag, status, milestone, importance, has_patch, fixed_upstream) VALUES (95, 2, NULL, NULL, 3, NULL, NULL, NULL, NULL, 20, NULL, 20, false, false);
INSERT INTO bugsummary (id, count, product, productseries, distribution, distroseries, sourcepackagename, viewed_by, tag, status, milestone, importance, has_patch, fixed_upstream) VALUES (96, 1, 4, NULL, NULL, NULL, NULL, NULL, 'layout-test', 10, NULL, 30, false, false);
INSERT INTO bugsummary (id, count, product, productseries, distribution, distroseries, sourcepackagename, viewed_by, tag, status, milestone, importance, has_patch, fixed_upstream) VALUES (97, 1, NULL, NULL, 1, NULL, NULL, NULL, 'pebcak', 10, NULL, 30, false, false);
INSERT INTO bugsummary (id, count, product, productseries, distribution, distroseries, sourcepackagename, viewed_by, tag, status, milestone, importance, has_patch, fixed_upstream) VALUES (98, 2, NULL, NULL, 3, NULL, 1, NULL, NULL, 20, NULL, 20, false, false);
INSERT INTO bugsummary (id, count, product, productseries, distribution, distroseries, sourcepackagename, viewed_by, tag, status, milestone, importance, has_patch, fixed_upstream) VALUES (99, 1, NULL, NULL, 3, NULL, 9, NULL, NULL, 999, NULL, 999, false, false);
INSERT INTO bugsummary (id, count, product, productseries, distribution, distroseries, sourcepackagename, viewed_by, tag, status, milestone, importance, has_patch, fixed_upstream) VALUES (100, 1, NULL, NULL, NULL, 6, NULL, NULL, 'layout-test', 10, NULL, 30, false, false);
INSERT INTO bugsummary (id, count, product, productseries, distribution, distroseries, sourcepackagename, viewed_by, tag, status, milestone, importance, has_patch, fixed_upstream) VALUES (101, 1, NULL, NULL, NULL, 6, NULL, NULL, 'pebcak', 10, NULL, 30, false, false);
INSERT INTO bugsummary (id, count, product, productseries, distribution, distroseries, sourcepackagename, viewed_by, tag, status, milestone, importance, has_patch, fixed_upstream) VALUES (102, 1, NULL, NULL, NULL, 3, NULL, NULL, 'pebcak', 10, NULL, 5, false, false);
INSERT INTO bugsummary (id, count, product, productseries, distribution, distroseries, sourcepackagename, viewed_by, tag, status, milestone, importance, has_patch, fixed_upstream) VALUES (103, 1, NULL, NULL, 3, NULL, 1, NULL, 'layout-test', 10, NULL, 999, false, false);
INSERT INTO bugsummary (id, count, product, productseries, distribution, distroseries, sourcepackagename, viewed_by, tag, status, milestone, importance, has_patch, fixed_upstream) VALUES (104, 1, 5, NULL, NULL, NULL, NULL, NULL, NULL, 10, NULL, 30, false, false);
INSERT INTO bugsummary (id, count, product, productseries, distribution, distroseries, sourcepackagename, viewed_by, tag, status, milestone, importance, has_patch, fixed_upstream) VALUES (105, 1, 20, NULL, NULL, NULL, NULL, 63, NULL, 10, NULL, 5, false, false);
INSERT INTO bugsummary (id, count, product, productseries, distribution, distroseries, sourcepackagename, viewed_by, tag, status, milestone, importance, has_patch, fixed_upstream) VALUES (106, 1, NULL, NULL, 3, NULL, NULL, NULL, 'layout-test', 10, NULL, 999, false, false);
INSERT INTO bugsummary (id, count, product, productseries, distribution, distroseries, sourcepackagename, viewed_by, tag, status, milestone, importance, has_patch, fixed_upstream) VALUES (107, 1, NULL, NULL, NULL, 6, 1, NULL, 'pebcak', 10, NULL, 30, false, false);
INSERT INTO bugsummary (id, count, product, productseries, distribution, distroseries, sourcepackagename, viewed_by, tag, status, milestone, importance, has_patch, fixed_upstream) VALUES (108, 1, NULL, NULL, NULL, 6, 1, NULL, 'layout-test', 10, NULL, 30, false, false);
INSERT INTO bugsummary (id, count, product, productseries, distribution, distroseries, sourcepackagename, viewed_by, tag, status, milestone, importance, has_patch, fixed_upstream) VALUES (109, 1, NULL, NULL, 1, NULL, NULL, NULL, 'dataloss', 10, NULL, 30, false, false);
INSERT INTO bugsummary (id, count, product, productseries, distribution, distroseries, sourcepackagename, viewed_by, tag, status, milestone, importance, has_patch, fixed_upstream) VALUES (110, 1, NULL, NULL, NULL, 1, NULL, NULL, NULL, 10, NULL, 30, false, false);
INSERT INTO bugsummary (id, count, product, productseries, distribution, distroseries, sourcepackagename, viewed_by, tag, status, milestone, importance, has_patch, fixed_upstream) VALUES (111, 1, 4, NULL, NULL, NULL, NULL, NULL, NULL, 10, NULL, 50, false, false);
INSERT INTO bugsummary (id, count, product, productseries, distribution, distroseries, sourcepackagename, viewed_by, tag, status, milestone, importance, has_patch, fixed_upstream) VALUES (112, 1, NULL, NULL, NULL, 1, 1, NULL, NULL, 10, NULL, 30, false, false);
INSERT INTO bugsummary (id, count, product, productseries, distribution, distroseries, sourcepackagename, viewed_by, tag, status, milestone, importance, has_patch, fixed_upstream) VALUES (113, 1, NULL, NULL, 3, NULL, NULL, NULL, NULL, 999, NULL, 999, false, false);
INSERT INTO bugsummary (id, count, product, productseries, distribution, distroseries, sourcepackagename, viewed_by, tag, status, milestone, importance, has_patch, fixed_upstream) VALUES (114, 1, 1, NULL, NULL, NULL, NULL, NULL, 'pebcak', 10, NULL, 20, false, false);
INSERT INTO bugsummary (id, count, product, productseries, distribution, distroseries, sourcepackagename, viewed_by, tag, status, milestone, importance, has_patch, fixed_upstream) VALUES (115, 1, NULL, NULL, 1, NULL, 18, NULL, 'crash', 20, NULL, 30, false, false);
INSERT INTO bugsummary (id, count, product, productseries, distribution, distroseries, sourcepackagename, viewed_by, tag, status, milestone, importance, has_patch, fixed_upstream) VALUES (116, 1, NULL, NULL, NULL, 7, 1, NULL, 'layout-test', 10, 2, 30, false, false);
INSERT INTO bugsummary (id, count, product, productseries, distribution, distroseries, sourcepackagename, viewed_by, tag, status, milestone, importance, has_patch, fixed_upstream) VALUES (117, 1, 17, NULL, NULL, NULL, NULL, NULL, NULL, 10, NULL, 5, false, false);
INSERT INTO bugsummary (id, count, product, productseries, distribution, distroseries, sourcepackagename, viewed_by, tag, status, milestone, importance, has_patch, fixed_upstream) VALUES (118, 1, NULL, NULL, NULL, 7, NULL, NULL, 'layout-test', 10, 2, 30, false, false);
INSERT INTO bugsummary (id, count, product, productseries, distribution, distroseries, sourcepackagename, viewed_by, tag, status, milestone, importance, has_patch, fixed_upstream) VALUES (119, 1, NULL, 2, NULL, NULL, NULL, NULL, NULL, 10, NULL, 5, false, false);
INSERT INTO bugsummary (id, count, product, productseries, distribution, distroseries, sourcepackagename, viewed_by, tag, status, milestone, importance, has_patch, fixed_upstream) VALUES (120, 1, 20, NULL, NULL, NULL, NULL, 14, NULL, 10, NULL, 5, false, false);
INSERT INTO bugsummary (id, count, product, productseries, distribution, distroseries, sourcepackagename, viewed_by, tag, status, milestone, importance, has_patch, fixed_upstream) VALUES (121, 1, NULL, NULL, 1, NULL, NULL, NULL, NULL, 20, NULL, 30, false, false);
INSERT INTO bugsummary (id, count, product, productseries, distribution, distroseries, sourcepackagename, viewed_by, tag, status, milestone, importance, has_patch, fixed_upstream) VALUES (122, 1, 4, NULL, NULL, NULL, NULL, NULL, NULL, 10, NULL, 20, false, false);
INSERT INTO bugsummary (id, count, product, productseries, distribution, distroseries, sourcepackagename, viewed_by, tag, status, milestone, importance, has_patch, fixed_upstream) VALUES (123, 1, 4, NULL, NULL, NULL, NULL, NULL, NULL, 10, NULL, 30, false, false);
INSERT INTO bugsummary (id, count, product, productseries, distribution, distroseries, sourcepackagename, viewed_by, tag, status, milestone, importance, has_patch, fixed_upstream) VALUES (124, 1, NULL, NULL, 3, NULL, 1, NULL, 'pebcak', 20, NULL, 20, false, false);
INSERT INTO bugsummary (id, count, product, productseries, distribution, distroseries, sourcepackagename, viewed_by, tag, status, milestone, importance, has_patch, fixed_upstream) VALUES (125, 1, NULL, NULL, 1, NULL, 22, NULL, 'crash', 10, NULL, 30, false, false);
INSERT INTO bugsummary (id, count, product, productseries, distribution, distroseries, sourcepackagename, viewed_by, tag, status, milestone, importance, has_patch, fixed_upstream) VALUES (126, 3, NULL, NULL, 1, NULL, NULL, NULL, NULL, 10, NULL, 30, false, false);
INSERT INTO bugsummary (id, count, product, productseries, distribution, distroseries, sourcepackagename, viewed_by, tag, status, milestone, importance, has_patch, fixed_upstream) VALUES (127, 1, NULL, NULL, 1, NULL, 1, NULL, NULL, 10, NULL, 30, false, false);
INSERT INTO bugsummary (id, count, product, productseries, distribution, distroseries, sourcepackagename, viewed_by, tag, status, milestone, importance, has_patch, fixed_upstream) VALUES (128, 1, 8, NULL, NULL, NULL, NULL, NULL, NULL, 999, NULL, 999, false, false);
INSERT INTO bugsummary (id, count, product, productseries, distribution, distroseries, sourcepackagename, viewed_by, tag, status, milestone, importance, has_patch, fixed_upstream) VALUES (129, 1, NULL, NULL, 3, NULL, NULL, NULL, 'pebcak', 20, NULL, 20, false, false);
INSERT INTO bugsummary (id, count, product, productseries, distribution, distroseries, sourcepackagename, viewed_by, tag, status, milestone, importance, has_patch, fixed_upstream) VALUES (130, 2, NULL, NULL, NULL, 6, 1, NULL, NULL, 10, NULL, 30, false, false);


ALTER TABLE bugsummary ENABLE TRIGGER ALL;


ALTER TABLE bugsummaryjournal DISABLE TRIGGER ALL;



ALTER TABLE bugsummaryjournal ENABLE TRIGGER ALL;


ALTER TABLE bugtag DISABLE TRIGGER ALL;

INSERT INTO bugtag (id, bug, tag) VALUES (1, 9, 'crash');
INSERT INTO bugtag (id, bug, tag) VALUES (2, 2, 'dataloss');
INSERT INTO bugtag (id, bug, tag) VALUES (3, 2, 'pebcak');
INSERT INTO bugtag (id, bug, tag) VALUES (5, 3, 'layout-test');
INSERT INTO bugtag (id, bug, tag) VALUES (6, 4, 'layout-test');
INSERT INTO bugtag (id, bug, tag) VALUES (7, 5, 'doc');
INSERT INTO bugtag (id, bug, tag) VALUES (8, 10, 'crash');
INSERT INTO bugtag (id, bug, tag) VALUES (9, 14, 'lunch-money');


ALTER TABLE bugtag ENABLE TRIGGER ALL;


ALTER TABLE bugtask DISABLE TRIGGER ALL;

INSERT INTO bugtask (id, bug, product, distribution, distroseries, sourcepackagename, binarypackagename, status, importance, assignee, date_assigned, datecreated, owner, milestone, bugwatch, statusexplanation, fti, targetnamecache, date_confirmed, date_inprogress, date_closed, productseries, date_incomplete, date_left_new, date_triaged, date_fix_committed, date_fix_released, date_left_closed, heat_rank, date_milestone_set, heat) VALUES (2, 1, 4, NULL, NULL, NULL, NULL, 10, 20, 1, '2005-01-02 11:07:20.330975', '2004-01-02 03:49:22.910878', 12, NULL, NULL, NULL, NULL, 'Mozilla Firefox', NULL, NULL, NULL, NULL, NULL, NULL, NULL, NULL, NULL, NULL, 0, NULL, 0);
INSERT INTO bugtask (id, bug, product, distribution, distroseries, sourcepackagename, binarypackagename, status, importance, assignee, date_assigned, datecreated, owner, milestone, bugwatch, statusexplanation, fti, targetnamecache, date_confirmed, date_inprogress, date_closed, productseries, date_incomplete, date_left_new, date_triaged, date_fix_committed, date_fix_released, date_left_closed, heat_rank, date_milestone_set, heat) VALUES (3, 2, 1, NULL, NULL, NULL, NULL, 10, 20, NULL, '2005-01-03 11:07:20.330975', '2004-01-03 03:49:22.908491', 12, NULL, NULL, NULL, NULL, 'Tomcat', NULL, NULL, NULL, NULL, NULL, NULL, NULL, NULL, NULL, NULL, 0, NULL, 0);
INSERT INTO bugtask (id, bug, product, distribution, distroseries, sourcepackagename, binarypackagename, status, importance, assignee, date_assigned, datecreated, owner, milestone, bugwatch, statusexplanation, fti, targetnamecache, date_confirmed, date_inprogress, date_closed, productseries, date_incomplete, date_left_new, date_triaged, date_fix_committed, date_fix_released, date_left_closed, heat_rank, date_milestone_set, heat) VALUES (4, 1, NULL, 3, NULL, 1, NULL, 20, 20, NULL, '2005-01-04 11:07:20.584746', '2004-01-04 03:49:22.79024', 12, NULL, 8, '', NULL, 'mozilla-firefox (Debian)', NULL, NULL, NULL, NULL, NULL, NULL, NULL, NULL, NULL, NULL, 0, NULL, 0);
INSERT INTO bugtask (id, bug, product, distribution, distroseries, sourcepackagename, binarypackagename, status, importance, assignee, date_assigned, datecreated, owner, milestone, bugwatch, statusexplanation, fti, targetnamecache, date_confirmed, date_inprogress, date_closed, productseries, date_incomplete, date_left_new, date_triaged, date_fix_committed, date_fix_released, date_left_closed, heat_rank, date_milestone_set, heat) VALUES (5, 2, NULL, 3, NULL, 1, NULL, 20, 20, 12, '2005-01-05 11:07:20.584746', '2004-01-05 03:49:22.824591', 12, NULL, NULL, 'Upstream said that they won''t bother fixing it.', NULL, 'mozilla-firefox (Debian)', NULL, NULL, NULL, NULL, NULL, NULL, NULL, NULL, NULL, NULL, 0, NULL, 0);
INSERT INTO bugtask (id, bug, product, distribution, distroseries, sourcepackagename, binarypackagename, status, importance, assignee, date_assigned, datecreated, owner, milestone, bugwatch, statusexplanation, fti, targetnamecache, date_confirmed, date_inprogress, date_closed, productseries, date_incomplete, date_left_new, date_triaged, date_fix_committed, date_fix_released, date_left_closed, heat_rank, date_milestone_set, heat) VALUES (6, 3, NULL, 3, NULL, 1, NULL, 10, 999, NULL, '2005-01-06 11:07:20.584746', '2004-01-06 03:49:22.825533', 16, NULL, NULL, '', NULL, 'mozilla-firefox (Debian)', NULL, NULL, NULL, NULL, NULL, NULL, NULL, NULL, NULL, NULL, 0, NULL, 0);
INSERT INTO bugtask (id, bug, product, distribution, distroseries, sourcepackagename, binarypackagename, status, importance, assignee, date_assigned, datecreated, owner, milestone, bugwatch, statusexplanation, fti, targetnamecache, date_confirmed, date_inprogress, date_closed, productseries, date_incomplete, date_left_new, date_triaged, date_fix_committed, date_fix_released, date_left_closed, heat_rank, date_milestone_set, heat) VALUES (13, 4, 4, NULL, NULL, NULL, NULL, 10, 30, NULL, '2005-01-13 17:20:12.820778', '2004-01-13 17:20:12.820778', 12, NULL, NULL, NULL, NULL, 'Mozilla Firefox', NULL, NULL, NULL, NULL, NULL, NULL, NULL, NULL, NULL, NULL, 0, NULL, 0);
INSERT INTO bugtask (id, bug, product, distribution, distroseries, sourcepackagename, binarypackagename, status, importance, assignee, date_assigned, datecreated, owner, milestone, bugwatch, statusexplanation, fti, targetnamecache, date_confirmed, date_inprogress, date_closed, productseries, date_incomplete, date_left_new, date_triaged, date_fix_committed, date_fix_released, date_left_closed, heat_rank, date_milestone_set, heat) VALUES (14, 5, 4, NULL, NULL, NULL, NULL, 10, 50, 12, '2005-01-14 17:27:03.702622', '2004-01-14 17:27:03.702622', 12, NULL, NULL, 'The status explanation is useful to provide task specific information.', NULL, 'Mozilla Firefox', NULL, NULL, NULL, NULL, NULL, NULL, NULL, NULL, NULL, NULL, 0, NULL, 0);
INSERT INTO bugtask (id, bug, product, distribution, distroseries, sourcepackagename, binarypackagename, status, importance, assignee, date_assigned, datecreated, owner, milestone, bugwatch, statusexplanation, fti, targetnamecache, date_confirmed, date_inprogress, date_closed, productseries, date_incomplete, date_left_new, date_triaged, date_fix_committed, date_fix_released, date_left_closed, heat_rank, date_milestone_set, heat) VALUES (15, 6, 4, NULL, NULL, NULL, NULL, 10, 40, NULL, '2005-01-15 17:35:39.548665', '2004-01-15 17:35:39.548665', 12, NULL, NULL, NULL, NULL, 'Mozilla Firefox', NULL, NULL, NULL, NULL, NULL, NULL, NULL, NULL, NULL, NULL, 0, NULL, 0);
INSERT INTO bugtask (id, bug, product, distribution, distroseries, sourcepackagename, binarypackagename, status, importance, assignee, date_assigned, datecreated, owner, milestone, bugwatch, statusexplanation, fti, targetnamecache, date_confirmed, date_inprogress, date_closed, productseries, date_incomplete, date_left_new, date_triaged, date_fix_committed, date_fix_released, date_left_closed, heat_rank, date_milestone_set, heat) VALUES (16, 5, NULL, NULL, 1, 1, NULL, 10, 30, NULL, '2005-01-16 14:43:02.452716', '2004-01-16 14:43:02.452716', 12, NULL, NULL, NULL, NULL, 'mozilla-firefox (Ubuntu Warty)', NULL, NULL, NULL, NULL, NULL, NULL, NULL, NULL, NULL, NULL, 0, NULL, 0);
INSERT INTO bugtask (id, bug, product, distribution, distroseries, sourcepackagename, binarypackagename, status, importance, assignee, date_assigned, datecreated, owner, milestone, bugwatch, statusexplanation, fti, targetnamecache, date_confirmed, date_inprogress, date_closed, productseries, date_incomplete, date_left_new, date_triaged, date_fix_committed, date_fix_released, date_left_closed, heat_rank, date_milestone_set, heat) VALUES (17, 1, NULL, 1, NULL, 1, NULL, 10, 30, NULL, '2005-01-17 01:15:48.241836', '2004-01-17 01:15:48.241836', 16, NULL, NULL, NULL, NULL, 'mozilla-firefox (Ubuntu)', NULL, NULL, NULL, NULL, NULL, NULL, NULL, NULL, NULL, NULL, 0, NULL, 0);
INSERT INTO bugtask (id, bug, product, distribution, distroseries, sourcepackagename, binarypackagename, status, importance, assignee, date_assigned, datecreated, owner, milestone, bugwatch, statusexplanation, fti, targetnamecache, date_confirmed, date_inprogress, date_closed, productseries, date_incomplete, date_left_new, date_triaged, date_fix_committed, date_fix_released, date_left_closed, heat_rank, date_milestone_set, heat) VALUES (18, 3, NULL, NULL, 6, 1, NULL, 10, 30, NULL, '2005-01-18 16:30:32.295049', '2004-01-18 16:30:32.295049', 12, NULL, NULL, NULL, NULL, 'mozilla-firefox (Debian Woody)', NULL, NULL, NULL, NULL, NULL, NULL, NULL, NULL, NULL, NULL, 0, NULL, 0);
INSERT INTO bugtask (id, bug, product, distribution, distroseries, sourcepackagename, binarypackagename, status, importance, assignee, date_assigned, datecreated, owner, milestone, bugwatch, statusexplanation, fti, targetnamecache, date_confirmed, date_inprogress, date_closed, productseries, date_incomplete, date_left_new, date_triaged, date_fix_committed, date_fix_released, date_left_closed, heat_rank, date_milestone_set, heat) VALUES (19, 3, NULL, NULL, 7, 1, NULL, 10, 30, NULL, '2005-01-19 16:30:47.448639', '2004-01-19 16:30:47.448639', 12, 2, 10, '', NULL, 'mozilla-firefox (Debian Sarge)', NULL, NULL, NULL, NULL, NULL, NULL, NULL, NULL, NULL, NULL, 0, NULL, 0);
INSERT INTO bugtask (id, bug, product, distribution, distroseries, sourcepackagename, binarypackagename, status, importance, assignee, date_assigned, datecreated, owner, milestone, bugwatch, statusexplanation, fti, targetnamecache, date_confirmed, date_inprogress, date_closed, productseries, date_incomplete, date_left_new, date_triaged, date_fix_committed, date_fix_released, date_left_closed, heat_rank, date_milestone_set, heat) VALUES (20, 2, NULL, NULL, 6, 1, NULL, 10, 30, NULL, '2005-01-20 13:54:57.840344', '2004-01-20 13:54:57.840344', 12, NULL, NULL, NULL, NULL, 'mozilla-firefox (Debian Woody)', NULL, NULL, NULL, NULL, NULL, NULL, NULL, NULL, NULL, NULL, 0, NULL, 0);
INSERT INTO bugtask (id, bug, product, distribution, distroseries, sourcepackagename, binarypackagename, status, importance, assignee, date_assigned, datecreated, owner, milestone, bugwatch, statusexplanation, fti, targetnamecache, date_confirmed, date_inprogress, date_closed, productseries, date_incomplete, date_left_new, date_triaged, date_fix_committed, date_fix_released, date_left_closed, heat_rank, date_milestone_set, heat) VALUES (21, 7, 5, NULL, NULL, NULL, NULL, 10, 30, 16, '2005-01-21 15:12:29.602117', '2004-01-21 15:12:29.602117', 16, NULL, NULL, NULL, NULL, 'Evolution', NULL, NULL, NULL, NULL, NULL, NULL, NULL, NULL, NULL, NULL, 0, NULL, 0);
INSERT INTO bugtask (id, bug, product, distribution, distroseries, sourcepackagename, binarypackagename, status, importance, assignee, date_assigned, datecreated, owner, milestone, bugwatch, statusexplanation, fti, targetnamecache, date_confirmed, date_inprogress, date_closed, productseries, date_incomplete, date_left_new, date_triaged, date_fix_committed, date_fix_released, date_left_closed, heat_rank, date_milestone_set, heat) VALUES (22, 8, NULL, 3, NULL, 1, NULL, 30, 30, 16, '2005-01-22 09:10:17.13237', '2004-01-22 09:10:17.13237', 12, NULL, NULL, NULL, NULL, 'mozilla-firefox (Debian)', NULL, NULL, '2005-01-25 09:10:17.13237', NULL, NULL, NULL, NULL, NULL, NULL, NULL, 0, NULL, 0);
INSERT INTO bugtask (id, bug, product, distribution, distroseries, sourcepackagename, binarypackagename, status, importance, assignee, date_assigned, datecreated, owner, milestone, bugwatch, statusexplanation, fti, targetnamecache, date_confirmed, date_inprogress, date_closed, productseries, date_incomplete, date_left_new, date_triaged, date_fix_committed, date_fix_released, date_left_closed, heat_rank, date_milestone_set, heat) VALUES (23, 9, NULL, 1, NULL, 18, NULL, 20, 30, NULL, '2005-01-23 16:42:14.080227', '2004-01-23 16:42:14.080227', 16, NULL, NULL, '', NULL, 'thunderbird (Ubuntu)', NULL, NULL, NULL, NULL, NULL, NULL, NULL, NULL, NULL, NULL, 0, NULL, 0);
INSERT INTO bugtask (id, bug, product, distribution, distroseries, sourcepackagename, binarypackagename, status, importance, assignee, date_assigned, datecreated, owner, milestone, bugwatch, statusexplanation, fti, targetnamecache, date_confirmed, date_inprogress, date_closed, productseries, date_incomplete, date_left_new, date_triaged, date_fix_committed, date_fix_released, date_left_closed, heat_rank, date_milestone_set, heat) VALUES (24, 9, 8, NULL, NULL, NULL, NULL, 999, 999, NULL, '2005-01-24 16:43:25.744534', '2004-01-24 16:43:25.744534', 12, NULL, 6, NULL, NULL, 'Mozilla Thunderbird', NULL, NULL, NULL, NULL, NULL, NULL, NULL, NULL, NULL, NULL, 0, NULL, 0);
INSERT INTO bugtask (id, bug, product, distribution, distroseries, sourcepackagename, binarypackagename, status, importance, assignee, date_assigned, datecreated, owner, milestone, bugwatch, statusexplanation, fti, targetnamecache, date_confirmed, date_inprogress, date_closed, productseries, date_incomplete, date_left_new, date_triaged, date_fix_committed, date_fix_released, date_left_closed, heat_rank, date_milestone_set, heat) VALUES (25, 10, NULL, 1, NULL, 22, NULL, 10, 30, NULL, '2005-01-25 19:42:21.890299', '2004-01-25 19:42:21.890299', 16, NULL, NULL, NULL, NULL, 'linux-source-2.6.15 (Ubuntu)', NULL, NULL, NULL, NULL, NULL, NULL, NULL, NULL, NULL, NULL, 0, NULL, 0);
INSERT INTO bugtask (id, bug, product, distribution, distroseries, sourcepackagename, binarypackagename, status, importance, assignee, date_assigned, datecreated, owner, milestone, bugwatch, statusexplanation, fti, targetnamecache, date_confirmed, date_inprogress, date_closed, productseries, date_incomplete, date_left_new, date_triaged, date_fix_committed, date_fix_released, date_left_closed, heat_rank, date_milestone_set, heat) VALUES (26, 2, NULL, 1, NULL, NULL, NULL, 10, 30, NULL, '2005-01-26 10:11:02.729077', '2004-01-26 10:11:02.729077', 16, NULL, NULL, NULL, NULL, 'Ubuntu', NULL, NULL, NULL, NULL, NULL, NULL, NULL, NULL, NULL, NULL, 0, NULL, 0);
INSERT INTO bugtask (id, bug, product, distribution, distroseries, sourcepackagename, binarypackagename, status, importance, assignee, date_assigned, datecreated, owner, milestone, bugwatch, statusexplanation, fti, targetnamecache, date_confirmed, date_inprogress, date_closed, productseries, date_incomplete, date_left_new, date_triaged, date_fix_committed, date_fix_released, date_left_closed, heat_rank, date_milestone_set, heat) VALUES (27, 7, NULL, 3, NULL, 9, NULL, 999, 999, NULL, '2005-01-27 16:45:45.054836', '2004-01-27 16:45:45.054836', 12, NULL, 7, NULL, NULL, 'evolution (Debian)', NULL, NULL, NULL, NULL, NULL, NULL, NULL, NULL, NULL, NULL, 0, NULL, 0);
INSERT INTO bugtask (id, bug, product, distribution, distroseries, sourcepackagename, binarypackagename, status, importance, assignee, date_assigned, datecreated, owner, milestone, bugwatch, statusexplanation, fti, targetnamecache, date_confirmed, date_inprogress, date_closed, productseries, date_incomplete, date_left_new, date_triaged, date_fix_committed, date_fix_released, date_left_closed, heat_rank, date_milestone_set, heat) VALUES (28, 2, NULL, NULL, 3, NULL, NULL, 10, 5, NULL, NULL, '2006-08-21 22:23:08.163936', 1, NULL, NULL, NULL, NULL, 'Ubuntu Hoary', NULL, NULL, NULL, NULL, NULL, NULL, NULL, NULL, NULL, NULL, 0, NULL, 0);
INSERT INTO bugtask (id, bug, product, distribution, distroseries, sourcepackagename, binarypackagename, status, importance, assignee, date_assigned, datecreated, owner, milestone, bugwatch, statusexplanation, fti, targetnamecache, date_confirmed, date_inprogress, date_closed, productseries, date_incomplete, date_left_new, date_triaged, date_fix_committed, date_fix_released, date_left_closed, heat_rank, date_milestone_set, heat) VALUES (29, 5, NULL, NULL, NULL, NULL, NULL, 10, 5, NULL, NULL, '2007-01-04 15:00:50.431687', 16, NULL, NULL, NULL, NULL, 'Mozilla Firefox 1.0', NULL, NULL, NULL, 2, NULL, NULL, NULL, NULL, NULL, NULL, 0, NULL, 0);
INSERT INTO bugtask (id, bug, product, distribution, distroseries, sourcepackagename, binarypackagename, status, importance, assignee, date_assigned, datecreated, owner, milestone, bugwatch, statusexplanation, fti, targetnamecache, date_confirmed, date_inprogress, date_closed, productseries, date_incomplete, date_left_new, date_triaged, date_fix_committed, date_fix_released, date_left_closed, heat_rank, date_milestone_set, heat) VALUES (30, 11, 20, NULL, NULL, NULL, NULL, 10, 5, NULL, NULL, '2007-03-15 20:33:56.67893', 16, NULL, NULL, NULL, NULL, 'Jokosher', NULL, NULL, NULL, NULL, NULL, NULL, NULL, NULL, NULL, NULL, 0, NULL, 0);
INSERT INTO bugtask (id, bug, product, distribution, distroseries, sourcepackagename, binarypackagename, status, importance, assignee, date_assigned, datecreated, owner, milestone, bugwatch, statusexplanation, fti, targetnamecache, date_confirmed, date_inprogress, date_closed, productseries, date_incomplete, date_left_new, date_triaged, date_fix_committed, date_fix_released, date_left_closed, heat_rank, date_milestone_set, heat) VALUES (31, 12, 20, NULL, NULL, NULL, NULL, 20, 50, NULL, NULL, '2007-03-15 20:41:18.635493', 16, NULL, NULL, '', NULL, 'Jokosher', '2007-03-15 20:41:42.256326', NULL, NULL, NULL, NULL, NULL, NULL, NULL, NULL, NULL, 0, NULL, 0);
INSERT INTO bugtask (id, bug, product, distribution, distroseries, sourcepackagename, binarypackagename, status, importance, assignee, date_assigned, datecreated, owner, milestone, bugwatch, statusexplanation, fti, targetnamecache, date_confirmed, date_inprogress, date_closed, productseries, date_incomplete, date_left_new, date_triaged, date_fix_committed, date_fix_released, date_left_closed, heat_rank, date_milestone_set, heat) VALUES (32, 13, 17, NULL, NULL, NULL, NULL, 10, 5, NULL, NULL, '2007-07-27 20:00:58.299796', 12, NULL, NULL, NULL, NULL, 'Launchpad', NULL, NULL, NULL, NULL, NULL, NULL, NULL, NULL, NULL, NULL, 0, NULL, 0);
INSERT INTO bugtask (id, bug, product, distribution, distroseries, sourcepackagename, binarypackagename, status, importance, assignee, date_assigned, datecreated, owner, milestone, bugwatch, statusexplanation, fti, targetnamecache, date_confirmed, date_inprogress, date_closed, productseries, date_incomplete, date_left_new, date_triaged, date_fix_committed, date_fix_released, date_left_closed, heat_rank, date_milestone_set, heat) VALUES (33, 14, 20, NULL, NULL, NULL, NULL, 10, 5, NULL, NULL, '2007-08-09 11:39:16.836856', 63, NULL, NULL, NULL, NULL, 'Jokosher', NULL, NULL, NULL, NULL, NULL, NULL, NULL, NULL, NULL, NULL, 0, NULL, 0);
INSERT INTO bugtask (id, bug, product, distribution, distroseries, sourcepackagename, binarypackagename, status, importance, assignee, date_assigned, datecreated, owner, milestone, bugwatch, statusexplanation, fti, targetnamecache, date_confirmed, date_inprogress, date_closed, productseries, date_incomplete, date_left_new, date_triaged, date_fix_committed, date_fix_released, date_left_closed, heat_rank, date_milestone_set, heat) VALUES (34, 15, 22, NULL, NULL, NULL, NULL, 10, 5, NULL, NULL, '2007-12-18 16:30:19.103679', 16, NULL, NULL, NULL, NULL, 'Redfish', NULL, NULL, NULL, NULL, NULL, NULL, NULL, NULL, NULL, NULL, 0, NULL, 0);
INSERT INTO bugtask (id, bug, product, distribution, distroseries, sourcepackagename, binarypackagename, status, importance, assignee, date_assigned, datecreated, owner, milestone, bugwatch, statusexplanation, fti, targetnamecache, date_confirmed, date_inprogress, date_closed, productseries, date_incomplete, date_left_new, date_triaged, date_fix_committed, date_fix_released, date_left_closed, heat_rank, date_milestone_set, heat) VALUES (35, 15, 8, NULL, NULL, NULL, NULL, 10, 999, NULL, NULL, '2007-12-18 16:30:47.889614', 16, NULL, 11, NULL, NULL, 'Mozilla Thunderbird', NULL, NULL, NULL, NULL, NULL, NULL, NULL, NULL, NULL, NULL, 0, NULL, 0);


ALTER TABLE bugtask ENABLE TRIGGER ALL;


ALTER TABLE bugtrackeralias DISABLE TRIGGER ALL;

INSERT INTO bugtrackeralias (id, bugtracker, base_url) VALUES (1, 7, 'http://savannah.nognu.org/');
INSERT INTO bugtrackeralias (id, bugtracker, base_url) VALUES (2, 5, 'http://sf.net/');
INSERT INTO bugtrackeralias (id, bugtracker, base_url) VALUES (3, 5, 'http://www.sf.net');
INSERT INTO bugtrackeralias (id, bugtracker, base_url) VALUES (4, 5, 'http://www.sourceforge.net/');


ALTER TABLE bugtrackeralias ENABLE TRIGGER ALL;


ALTER TABLE bugtrackercomponentgroup DISABLE TRIGGER ALL;



ALTER TABLE bugtrackercomponentgroup ENABLE TRIGGER ALL;


ALTER TABLE bugtrackercomponent DISABLE TRIGGER ALL;



ALTER TABLE bugtrackercomponent ENABLE TRIGGER ALL;


ALTER TABLE bugtrackerperson DISABLE TRIGGER ALL;



ALTER TABLE bugtrackerperson ENABLE TRIGGER ALL;


ALTER TABLE bugwatchactivity DISABLE TRIGGER ALL;



ALTER TABLE bugwatchactivity ENABLE TRIGGER ALL;


ALTER TABLE buildpackagejob DISABLE TRIGGER ALL;

INSERT INTO buildpackagejob (id, job, build) VALUES (1, 1, 8);
INSERT INTO buildpackagejob (id, job, build) VALUES (2, 2, 11);


ALTER TABLE buildpackagejob ENABLE TRIGGER ALL;


ALTER TABLE buildqueue DISABLE TRIGGER ALL;

INSERT INTO buildqueue (id, builder, logtail, lastscore, manual, job, job_type, estimated_duration, processor, virtualized) VALUES (1, 1, 'Dummy sampledata entry, not processing', 1, false, 1, 1, '00:00:00', 1, false);
INSERT INTO buildqueue (id, builder, logtail, lastscore, manual, job, job_type, estimated_duration, processor, virtualized) VALUES (2, NULL, NULL, 10, false, 2, 1, '00:01:00', 1, false);


ALTER TABLE buildqueue ENABLE TRIGGER ALL;


ALTER TABLE codeimport DISABLE TRIGGER ALL;

INSERT INTO codeimport (id, branch, date_created, registrant, rcs_type, cvs_root, cvs_module, review_status, date_last_successful, owner, assignee, update_interval, url) VALUES (1, 75, '2007-06-25 20:04:04.226605', 52, 2, NULL, NULL, 20, NULL, 52, NULL, NULL, 'http://svn.example.org/svnroot/gnome-terminal/trunk');
INSERT INTO codeimport (id, branch, date_created, registrant, rcs_type, cvs_root, cvs_module, review_status, date_last_successful, owner, assignee, update_interval, url) VALUES (2, 76, '2007-06-25 20:04:04.379285', 52, 1, ':pserver:anonymous@anoncvs.example.org:/cvs/gnome', 'evolution', 1, NULL, 52, NULL, NULL, NULL);


ALTER TABLE codeimport ENABLE TRIGGER ALL;


ALTER TABLE codeimportmachine DISABLE TRIGGER ALL;

INSERT INTO codeimportmachine (id, date_created, hostname, state, heartbeat) VALUES (1, '2007-08-02 16:36:17.817407', 'bazaar-importer', 20, NULL);


ALTER TABLE codeimportmachine ENABLE TRIGGER ALL;


ALTER TABLE codeimportevent DISABLE TRIGGER ALL;



ALTER TABLE codeimportevent ENABLE TRIGGER ALL;


ALTER TABLE codeimporteventdata DISABLE TRIGGER ALL;



ALTER TABLE codeimporteventdata ENABLE TRIGGER ALL;


ALTER TABLE codeimportjob DISABLE TRIGGER ALL;

INSERT INTO codeimportjob (id, date_created, code_import, machine, date_due, state, requesting_user, ordering, heartbeat, logtail, date_started) VALUES (1, '2007-12-05 16:07:57.276112', 1, NULL, '2007-12-05 16:07:57.276112', 10, NULL, NULL, NULL, NULL, NULL);


ALTER TABLE codeimportjob ENABLE TRIGGER ALL;


ALTER TABLE codeimportresult DISABLE TRIGGER ALL;



ALTER TABLE codeimportresult ENABLE TRIGGER ALL;


ALTER TABLE codereviewmessage DISABLE TRIGGER ALL;



ALTER TABLE codereviewmessage ENABLE TRIGGER ALL;


ALTER TABLE codereviewvote DISABLE TRIGGER ALL;



ALTER TABLE codereviewvote ENABLE TRIGGER ALL;


ALTER TABLE commercialsubscription DISABLE TRIGGER ALL;



ALTER TABLE commercialsubscription ENABLE TRIGGER ALL;


ALTER TABLE componentselection DISABLE TRIGGER ALL;

INSERT INTO componentselection (id, distroseries, component, date_created) VALUES (1, 3, 1, '2006-10-16 18:31:43.257508');
INSERT INTO componentselection (id, distroseries, component, date_created) VALUES (2, 10, 1, '2006-10-16 18:31:43.258691');
INSERT INTO componentselection (id, distroseries, component, date_created) VALUES (3, 10, 2, '2006-10-16 18:31:43.25904');
INSERT INTO componentselection (id, distroseries, component, date_created) VALUES (4, 10, 3, '2006-10-16 18:31:43.259373');
INSERT INTO componentselection (id, distroseries, component, date_created) VALUES (5, 10, 4, '2006-10-16 18:31:43.259704');
INSERT INTO componentselection (id, distroseries, component, date_created) VALUES (6, 11, 1, '2006-10-16 18:31:43.260036');
INSERT INTO componentselection (id, distroseries, component, date_created) VALUES (7, 11, 2, '2006-10-16 18:31:43.260392');
INSERT INTO componentselection (id, distroseries, component, date_created) VALUES (8, 11, 3, '2006-10-16 18:31:43.260723');
INSERT INTO componentselection (id, distroseries, component, date_created) VALUES (9, 11, 4, '2006-10-16 18:31:43.261054');
INSERT INTO componentselection (id, distroseries, component, date_created) VALUES (10, 3, 2, '2006-10-16 18:31:43.261385');
INSERT INTO componentselection (id, distroseries, component, date_created) VALUES (11, 1, 1, '2006-10-16 18:31:43.261717');
INSERT INTO componentselection (id, distroseries, component, date_created) VALUES (12, 1, 3, '2006-10-16 18:31:43.262049');
INSERT INTO componentselection (id, distroseries, component, date_created) VALUES (13, 10, 5, '2007-06-24 13:12:05.04436');
INSERT INTO componentselection (id, distroseries, component, date_created) VALUES (14, 11, 5, '2007-06-24 13:12:10.692827');


ALTER TABLE componentselection ENABLE TRIGGER ALL;


ALTER TABLE customlanguagecode DISABLE TRIGGER ALL;



ALTER TABLE customlanguagecode ENABLE TRIGGER ALL;


ALTER TABLE cvereference DISABLE TRIGGER ALL;

INSERT INTO cvereference (id, cve, source, content, url, date_created) VALUES (1, 1, 'NAI', 'Known problem #234234', 'http://nai.com/testing/foobar/', '2006-10-16 18:31:43.386902');
INSERT INTO cvereference (id, cve, source, content, url, date_created) VALUES (2, 1, 'XP', 'Maximum chicken', 'http://xpalidocious.com/bugs/1234', '2006-10-16 18:31:43.387961');
INSERT INTO cvereference (id, cve, source, content, url, date_created) VALUES (3, 1, 'TD', 'Oops-o-matic', 'http://bodacious.com/issue883', '2006-10-16 18:31:43.388328');
INSERT INTO cvereference (id, cve, source, content, url, date_created) VALUES (4, 2, 'FCW', 'Wanda', 'http://wigglet.net/trac/3452', '2006-10-16 18:31:43.388683');
INSERT INTO cvereference (id, cve, source, content, url, date_created) VALUES (5, 2, 'MSKB', '23445', NULL, '2006-10-16 18:31:43.389033');
INSERT INTO cvereference (id, cve, source, content, url, date_created) VALUES (6, 2, 'MSKB', '12345 Known problem with Windows XP and Mac OSX. Do not use. Ubuntu rocks.', NULL, '2006-10-16 18:31:43.389388');
INSERT INTO cvereference (id, cve, source, content, url, date_created) VALUES (7, 3, 'BUGTRAQ', '20050825 Astaro Security Linux 6.0 - HTTP CONNECT Access Localhost Weakness', 'http://marc.theaimsgroup.com/?l=bugtraq&m=112501186602731&w=2', '2006-10-16 18:31:43.389749');
INSERT INTO cvereference (id, cve, source, content, url, date_created) VALUES (8, 3, 'XF', 'astaro-proxy-information-disclosure(22024)', 'http://xforce.iss.net/xforce/xfdb/22024', '2006-10-16 18:31:43.390111');
INSERT INTO cvereference (id, cve, source, content, url, date_created) VALUES (9, 4, 'BUGTRAQ', '20050825 Astaro Security Linux 6.0 - HTTP CONNECT Access Localhost Weakness', 'http://marc.theaimsgroup.com/?l=bugtraq&m=112501186602731&w=2', '2006-10-16 18:31:43.390508');
INSERT INTO cvereference (id, cve, source, content, url, date_created) VALUES (10, 5, 'BUGTRAQ', '20050826 AWstats Path Disclosure Vulnerability', 'http://marc.theaimsgroup.com/?l=bugtraq&m=112510261425888&w=2', '2006-10-16 18:31:43.390873');
INSERT INTO cvereference (id, cve, source, content, url, date_created) VALUES (11, 6, 'BUGTRAQ', '20050826 Simple PHP Blog File Upload and User Credentials Exposure Vulnerabilities', 'http://marc.theaimsgroup.com/?l=bugtraq&m=112511159821143&w=2', '2006-10-16 18:31:43.391236');
INSERT INTO cvereference (id, cve, source, content, url, date_created) VALUES (12, 6, 'BID', '14667', 'http://www.securityfocus.com/bid/14667', '2006-10-16 18:31:43.391597');
INSERT INTO cvereference (id, cve, source, content, url, date_created) VALUES (13, 6, 'SECUNIA', '16598', 'http://secunia.com/advisories/16598/', '2006-10-16 18:31:43.391961');
INSERT INTO cvereference (id, cve, source, content, url, date_created) VALUES (14, 6, 'XF', 'simple-php-uploadimgcgi-file-upload(22012)', 'http://xforce.iss.net/xforce/xfdb/22012', '2006-10-16 18:31:43.392317');
INSERT INTO cvereference (id, cve, source, content, url, date_created) VALUES (15, 7, 'BUGTRAQ', '20050826 Multiple PHP Images Galleries EXIF Metadata XSS Vulnerabilities', 'http://marc.theaimsgroup.com/?l=bugtraq&m=112511025414488&w=2', '2006-10-16 18:31:43.392698');
INSERT INTO cvereference (id, cve, source, content, url, date_created) VALUES (16, 7, 'CONFIRM', 'http://sourceforge.net/project/shownotes.php?release_id=352576', 'http://sourceforge.net/project/shownotes.php?release_id=352576', '2006-10-16 18:31:43.393062');
INSERT INTO cvereference (id, cve, source, content, url, date_created) VALUES (17, 7, 'BID', '14668', 'http://www.securityfocus.com/bid/14668', '2006-10-16 18:31:43.393422');
INSERT INTO cvereference (id, cve, source, content, url, date_created) VALUES (18, 7, 'SECTRACK', '1014800', 'http://securitytracker.com/id?1014800', '2006-10-16 18:31:43.393776');
INSERT INTO cvereference (id, cve, source, content, url, date_created) VALUES (19, 7, 'SECUNIA', '16594', 'http://secunia.com/advisories/16594/', '2006-10-16 18:31:43.39413');
INSERT INTO cvereference (id, cve, source, content, url, date_created) VALUES (20, 7, 'XF', 'photopost-exif-xss(22020)', 'http://xforce.iss.net/xforce/xfdb/22020', '2006-10-16 18:31:43.394927');
INSERT INTO cvereference (id, cve, source, content, url, date_created) VALUES (21, 8, 'BUGTRAQ', '20050826 Multiple PHP Images Galleries EXIF Metadata XSS Vulnerabilities', 'http://marc.theaimsgroup.com/?l=bugtraq&m=112511025414488&w=2', '2006-10-16 18:31:43.395292');
INSERT INTO cvereference (id, cve, source, content, url, date_created) VALUES (22, 8, 'MISC', 'http://cedri.cc/advisories/EXIF_XSS.txt', 'http://cedri.cc/advisories/EXIF_XSS.txt', '2006-10-16 18:31:43.395655');
INSERT INTO cvereference (id, cve, source, content, url, date_created) VALUES (23, 8, 'BID', '14669', 'http://www.securityfocus.com/bid/14669', '2006-10-16 18:31:43.396011');
INSERT INTO cvereference (id, cve, source, content, url, date_created) VALUES (24, 8, 'SECUNIA', '16595', 'http://secunia.com/advisories/16595/', '2006-10-16 18:31:43.396366');
INSERT INTO cvereference (id, cve, source, content, url, date_created) VALUES (25, 8, 'SECTRACK', '1014801', 'http://securitytracker.com/id?1014801', '2006-10-16 18:31:43.39672');
INSERT INTO cvereference (id, cve, source, content, url, date_created) VALUES (26, 8, 'XF', 'photopost-exif-xss(22020)', 'http://xforce.iss.net/xforce/xfdb/22020', '2006-10-16 18:31:43.397075');
INSERT INTO cvereference (id, cve, source, content, url, date_created) VALUES (27, 9, 'BUGTRAQ', '20050826 Multiple PHP Images Galleries EXIF Metadata XSS Vulnerabilities', 'http://marc.theaimsgroup.com/?l=bugtraq&m=112511025414488&w=2', '2006-10-16 18:31:43.397434');
INSERT INTO cvereference (id, cve, source, content, url, date_created) VALUES (28, 9, 'MISC', 'http://cedri.cc/advisories/EXIF_XSS.txt', 'http://cedri.cc/advisories/EXIF_XSS.txt', '2006-10-16 18:31:43.397796');
INSERT INTO cvereference (id, cve, source, content, url, date_created) VALUES (29, 9, 'BID', '14670', 'http://www.securityfocus.com/bid/14670', '2006-10-16 18:31:43.398152');
INSERT INTO cvereference (id, cve, source, content, url, date_created) VALUES (30, 9, 'SECTRACK', '1014802', 'http://securitytracker.com/id?1014802', '2006-10-16 18:31:43.398618');
INSERT INTO cvereference (id, cve, source, content, url, date_created) VALUES (31, 9, 'SECUNIA', '16596', 'http://secunia.com/advisories/16596/', '2006-10-16 18:31:43.398973');
INSERT INTO cvereference (id, cve, source, content, url, date_created) VALUES (32, 9, 'XF', 'photopost-exif-xss(22020)', 'http://xforce.iss.net/xforce/xfdb/22020', '2006-10-16 18:31:43.39935');
INSERT INTO cvereference (id, cve, source, content, url, date_created) VALUES (33, 10, 'BUGTRAQ', '20050826 Multiple PHP Images Galleries EXIF Metadata XSS Vulnerabilities', 'http://marc.theaimsgroup.com/?l=bugtraq&m=112511025414488&w=2', '2006-10-16 18:31:43.39971');
INSERT INTO cvereference (id, cve, source, content, url, date_created) VALUES (34, 10, 'MISC', 'http://cedri.cc/advisories/EXIF_XSS.txt', 'http://cedri.cc/advisories/EXIF_XSS.txt', '2006-10-16 18:31:43.400095');
INSERT INTO cvereference (id, cve, source, content, url, date_created) VALUES (35, 10, 'BID', '14671', 'http://www.securityfocus.com/bid/14671', '2006-10-16 18:31:43.400452');
INSERT INTO cvereference (id, cve, source, content, url, date_created) VALUES (36, 10, 'SECTRACK', '1014803', 'http://securitytracker.com/id?1014803', '2006-10-16 18:31:43.400807');
INSERT INTO cvereference (id, cve, source, content, url, date_created) VALUES (37, 10, 'SECUNIA', '16597', 'http://secunia.com/advisories/16597/', '2006-10-16 18:31:43.401162');
INSERT INTO cvereference (id, cve, source, content, url, date_created) VALUES (38, 10, 'XF', 'photopost-exif-xss(22020)', 'http://xforce.iss.net/xforce/xfdb/22020', '2006-10-16 18:31:43.401526');


ALTER TABLE cvereference ENABLE TRIGGER ALL;


ALTER TABLE databasecpustats DISABLE TRIGGER ALL;



ALTER TABLE databasecpustats ENABLE TRIGGER ALL;


ALTER TABLE databasediskutilization DISABLE TRIGGER ALL;



ALTER TABLE databasediskutilization ENABLE TRIGGER ALL;


ALTER TABLE databasereplicationlag DISABLE TRIGGER ALL;



ALTER TABLE databasereplicationlag ENABLE TRIGGER ALL;


ALTER TABLE databasetablestats DISABLE TRIGGER ALL;



ALTER TABLE databasetablestats ENABLE TRIGGER ALL;


ALTER TABLE distributionbounty DISABLE TRIGGER ALL;

INSERT INTO distributionbounty (id, bounty, distribution, date_created) VALUES (1, 1, 1, '2006-10-16 18:31:43.430161');


ALTER TABLE distributionbounty ENABLE TRIGGER ALL;


ALTER TABLE distributionjob DISABLE TRIGGER ALL;



ALTER TABLE distributionjob ENABLE TRIGGER ALL;


ALTER TABLE distributionmirror DISABLE TRIGGER ALL;

INSERT INTO distributionmirror (id, distribution, name, http_base_url, ftp_base_url, rsync_base_url, displayname, description, owner, speed, country, content, official_candidate, enabled, date_created, whiteboard, status, date_reviewed, reviewer, country_dns_mirror) VALUES (1, 1, 'archive-mirror', 'http://localhost:11375/valid-mirror/', NULL, NULL, NULL, NULL, 1, 10, 75, 1, true, true, '2006-10-16 18:31:43.434567', NULL, 30, NULL, NULL, false);
INSERT INTO distributionmirror (id, distribution, name, http_base_url, ftp_base_url, rsync_base_url, displayname, description, owner, speed, country, content, official_candidate, enabled, date_created, whiteboard, status, date_reviewed, reviewer, country_dns_mirror) VALUES (2, 1, 'invalid-mirror', 'http://localhost:11375/invalid-mirror/', NULL, NULL, NULL, NULL, 12, 50, 75, 2, true, true, '2006-10-16 18:31:43.436833', NULL, 20, NULL, NULL, false);
INSERT INTO distributionmirror (id, distribution, name, http_base_url, ftp_base_url, rsync_base_url, displayname, description, owner, speed, country, content, official_candidate, enabled, date_created, whiteboard, status, date_reviewed, reviewer, country_dns_mirror) VALUES (3, 1, 'unreachable-mirror', 'http://localhost:11375/timeout/', NULL, NULL, NULL, NULL, 12, 30, 75, 2, true, true, '2006-10-16 18:31:43.437635', NULL, 30, NULL, NULL, false);
INSERT INTO distributionmirror (id, distribution, name, http_base_url, ftp_base_url, rsync_base_url, displayname, description, owner, speed, country, content, official_candidate, enabled, date_created, whiteboard, status, date_reviewed, reviewer, country_dns_mirror) VALUES (4, 1, 'archive-404-mirror', 'http://localhost:11375/archive-mirror/', NULL, NULL, NULL, NULL, 12, 30, 75, 1, true, true, '2006-10-16 18:31:43.438573', NULL, 30, NULL, NULL, false);
INSERT INTO distributionmirror (id, distribution, name, http_base_url, ftp_base_url, rsync_base_url, displayname, description, owner, speed, country, content, official_candidate, enabled, date_created, whiteboard, status, date_reviewed, reviewer, country_dns_mirror) VALUES (5, 1, 'releases-mirror', 'http://localhost:11375/valid-mirror/releases/', NULL, NULL, NULL, NULL, 12, 50, 75, 2, true, true, '2006-10-16 18:31:43.439336', NULL, 30, NULL, NULL, false);
INSERT INTO distributionmirror (id, distribution, name, http_base_url, ftp_base_url, rsync_base_url, displayname, description, owner, speed, country, content, official_candidate, enabled, date_created, whiteboard, status, date_reviewed, reviewer, country_dns_mirror) VALUES (6, 1, 'releases-mirror2', 'http://localhost:11375/valid-mirror/releases2/', NULL, NULL, NULL, NULL, 12, 50, 82, 2, true, true, '2006-10-16 18:31:43.440079', NULL, 30, NULL, NULL, false);
INSERT INTO distributionmirror (id, distribution, name, http_base_url, ftp_base_url, rsync_base_url, displayname, description, owner, speed, country, content, official_candidate, enabled, date_created, whiteboard, status, date_reviewed, reviewer, country_dns_mirror) VALUES (7, 1, 'archive-mirror2', 'http://localhost:11375/valid-mirror2/', NULL, NULL, NULL, NULL, 1, 10, 9, 1, true, true, '2006-10-16 18:31:43.440832', NULL, 30, NULL, NULL, false);
INSERT INTO distributionmirror (id, distribution, name, http_base_url, ftp_base_url, rsync_base_url, displayname, description, owner, speed, country, content, official_candidate, enabled, date_created, whiteboard, status, date_reviewed, reviewer, country_dns_mirror) VALUES (8, 1, 'canonical-archive', 'http://archive.ubuntu.com/ubuntu/', NULL, NULL, NULL, NULL, 1, 70, 225, 1, true, true, '2006-10-16 18:31:43.434567', NULL, 30, NULL, NULL, false);
INSERT INTO distributionmirror (id, distribution, name, http_base_url, ftp_base_url, rsync_base_url, displayname, description, owner, speed, country, content, official_candidate, enabled, date_created, whiteboard, status, date_reviewed, reviewer, country_dns_mirror) VALUES (9, 1, 'canonical-releases', 'http://releases.ubuntu.com/', NULL, NULL, NULL, NULL, 1, 70, 225, 2, true, true, '2006-10-16 18:31:43.434567', NULL, 30, NULL, NULL, false);
INSERT INTO distributionmirror (id, distribution, name, http_base_url, ftp_base_url, rsync_base_url, displayname, description, owner, speed, country, content, official_candidate, enabled, date_created, whiteboard, status, date_reviewed, reviewer, country_dns_mirror) VALUES (10, 1, 'random-releases-mirror', 'http://releases.random.com/', NULL, NULL, NULL, NULL, 1, 70, 225, 2, true, true, '2006-10-16 18:31:43.434567', NULL, 10, NULL, NULL, false);


ALTER TABLE distributionmirror ENABLE TRIGGER ALL;


ALTER TABLE distributionsourcepackage DISABLE TRIGGER ALL;



ALTER TABLE distributionsourcepackage ENABLE TRIGGER ALL;


ALTER TABLE distributionsourcepackagecache DISABLE TRIGGER ALL;

INSERT INTO distributionsourcepackagecache (id, distribution, sourcepackagename, name, binpkgnames, binpkgsummaries, binpkgdescriptions, fti, changelog, archive) VALUES (1, 3, 19, 'alsa-utils', '', '', '', NULL, NULL, 1);
INSERT INTO distributionsourcepackagecache (id, distribution, sourcepackagename, name, binpkgnames, binpkgsummaries, binpkgdescriptions, fti, changelog, archive) VALUES (2, 1, 1, 'mozilla-firefox', 'mozilla-firefox mozilla-firefox-data', 'Mozilla Firefox Web Browser', 'Mozilla Firefox Web Browser is .....', NULL, NULL, 1);
INSERT INTO distributionsourcepackagecache (id, distribution, sourcepackagename, name, binpkgnames, binpkgsummaries, binpkgdescriptions, fti, changelog, archive) VALUES (3, 1, 9, 'evolution', '', '', '', NULL, NULL, 1);
INSERT INTO distributionsourcepackagecache (id, distribution, sourcepackagename, name, binpkgnames, binpkgsummaries, binpkgdescriptions, fti, changelog, archive) VALUES (4, 1, 10, 'netapplet', '', '', '', NULL, NULL, 1);
INSERT INTO distributionsourcepackagecache (id, distribution, sourcepackagename, name, binpkgnames, binpkgsummaries, binpkgdescriptions, fti, changelog, archive) VALUES (5, 1, 14, 'pmount', 'pmount', 'pmount shortdesc', 'pmount description', NULL, 'This is a placeholder changelog for pmount 0.1-2 pmount (0.1-1) hoary; urgency=low

 * Fix description (Malone #1)
 * Fix debian (Debian #2000)
 * Fix warty (Warty Ubuntu #1)

 -- Sample Person <test@canonical.com> Tue, 7 Feb 2006 12:10:08 +0300', 1);
INSERT INTO distributionsourcepackagecache (id, distribution, sourcepackagename, name, binpkgnames, binpkgsummaries, binpkgdescriptions, fti, changelog, archive) VALUES (6, 1, 19, 'alsa-utils', '', '', '', NULL, NULL, 1);
INSERT INTO distributionsourcepackagecache (id, distribution, sourcepackagename, name, binpkgnames, binpkgsummaries, binpkgdescriptions, fti, changelog, archive) VALUES (7, 1, 20, 'cnews', '', '', '', NULL, NULL, 1);
INSERT INTO distributionsourcepackagecache (id, distribution, sourcepackagename, name, binpkgnames, binpkgsummaries, binpkgdescriptions, fti, changelog, archive) VALUES (8, 1, 21, 'libstdc++', '', '', '', NULL, 'libstdc++ (9.9-1) hoary; urgency=high

 * Placeholder

 -- Sample Person <test@canonical.com> Tue, 10 Feb 2006 10:10:08 +0300', 1);
INSERT INTO distributionsourcepackagecache (id, distribution, sourcepackagename, name, binpkgnames, binpkgsummaries, binpkgdescriptions, fti, changelog, archive) VALUES (9, 1, 22, 'linux-source-2.6.15', '', '', '', NULL, NULL, 1);
INSERT INTO distributionsourcepackagecache (id, distribution, sourcepackagename, name, binpkgnames, binpkgsummaries, binpkgdescriptions, fti, changelog, archive) VALUES (10, 1, 23, 'foobar', '', '', '', NULL, NULL, 1);
INSERT INTO distributionsourcepackagecache (id, distribution, sourcepackagename, name, binpkgnames, binpkgsummaries, binpkgdescriptions, fti, changelog, archive) VALUES (11, 1, 27, 'commercialpackage', '', '', '', NULL, NULL, 12);


ALTER TABLE distributionsourcepackagecache ENABLE TRIGGER ALL;


ALTER TABLE distrocomponentuploader DISABLE TRIGGER ALL;

INSERT INTO distrocomponentuploader (id, distribution, component, uploader, date_created) VALUES (1, 1, 1, 17, '2006-10-16 18:31:43.463125');
INSERT INTO distrocomponentuploader (id, distribution, component, uploader, date_created) VALUES (3, 1, 2, 17, '2006-10-16 18:31:43.46438');
INSERT INTO distrocomponentuploader (id, distribution, component, uploader, date_created) VALUES (4, 1, 3, 17, '2006-10-16 18:31:43.464753');
INSERT INTO distrocomponentuploader (id, distribution, component, uploader, date_created) VALUES (5, 8, 1, 17, '2006-10-16 18:31:43.465111');
INSERT INTO distrocomponentuploader (id, distribution, component, uploader, date_created) VALUES (6, 8, 3, 17, '2006-10-16 18:31:43.464753');


ALTER TABLE distrocomponentuploader ENABLE TRIGGER ALL;


ALTER TABLE packagediff DISABLE TRIGGER ALL;

INSERT INTO packagediff (id, date_requested, requester, from_source, to_source, date_fulfilled, diff_content, status) VALUES (1, '2011-03-22 13:27:38.178011', 16, 43, 40, NULL, NULL, 0);
INSERT INTO packagediff (id, date_requested, requester, from_source, to_source, date_fulfilled, diff_content, status) VALUES (2, '2011-03-22 13:27:38.178011', 16, 43, 39, NULL, NULL, 2);


ALTER TABLE packagediff ENABLE TRIGGER ALL;


ALTER TABLE distroseriesdifference DISABLE TRIGGER ALL;

INSERT INTO distroseriesdifference (id, derived_series, source_package_name, package_diff, status, difference_type, parent_package_diff, source_version, parent_source_version, base_version, parent_series) VALUES (1, 14, 19, NULL, 2, 3, NULL, '1.0.10-4deribuntu1', '1.0.9a-4ubuntu1', '1.0.9a-4ubuntu1', 1);
INSERT INTO distroseriesdifference (id, derived_series, source_package_name, package_diff, status, difference_type, parent_package_diff, source_version, parent_source_version, base_version, parent_series) VALUES (2, 14, 9, 1, 1, 3, 2, '2.0.8-4deribuntu1', '2.0.9-1ubuntu2', '2.0.7-1ubuntu1', 1);
INSERT INTO distroseriesdifference (id, derived_series, source_package_name, package_diff, status, difference_type, parent_package_diff, source_version, parent_source_version, base_version, parent_series) VALUES (3, 14, 1, NULL, 2, 3, NULL, '4.1.1-1deribuntu1', '4.1.2-1ubuntu1', '4.1.1-1ubuntu1', 1);


ALTER TABLE distroseriesdifference ENABLE TRIGGER ALL;


ALTER TABLE distroseriesdifferencemessage DISABLE TRIGGER ALL;

INSERT INTO distroseriesdifferencemessage (id, distro_series_difference, message) VALUES (1, 1, 50);
INSERT INTO distroseriesdifferencemessage (id, distro_series_difference, message) VALUES (2, 2, 51);
INSERT INTO distroseriesdifferencemessage (id, distro_series_difference, message) VALUES (3, 3, 52);


ALTER TABLE distroseriesdifferencemessage ENABLE TRIGGER ALL;


ALTER TABLE distroserieslanguage DISABLE TRIGGER ALL;

INSERT INTO distroserieslanguage (id, distroseries, language, currentcount, updatescount, rosettacount, contributorcount, dateupdated, unreviewed_count) VALUES (1, 3, 68, 62, 0, 0, 1, '2007-01-15 17:58:40.839938', 0);
INSERT INTO distroserieslanguage (id, distroseries, language, currentcount, updatescount, rosettacount, contributorcount, dateupdated, unreviewed_count) VALUES (2, 3, 196, 9, 0, 1, 2, '2007-01-15 17:58:41.198626', 0);
INSERT INTO distroserieslanguage (id, distroseries, language, currentcount, updatescount, rosettacount, contributorcount, dateupdated, unreviewed_count) VALUES (3, 3, 360, 63, 0, 0, 1, '2007-01-15 17:58:40.890389', 0);
INSERT INTO distroserieslanguage (id, distroseries, language, currentcount, updatescount, rosettacount, contributorcount, dateupdated, unreviewed_count) VALUES (4, 3, 193, 9, 0, 0, 1, '2007-01-15 17:58:41.164517', 0);
INSERT INTO distroserieslanguage (id, distroseries, language, currentcount, updatescount, rosettacount, contributorcount, dateupdated, unreviewed_count) VALUES (5, 3, 98, 65, 0, 0, 2, '2007-01-15 17:58:40.923097', 0);
INSERT INTO distroserieslanguage (id, distroseries, language, currentcount, updatescount, rosettacount, contributorcount, dateupdated, unreviewed_count) VALUES (6, 3, 241, 9, 0, 0, 1, '2007-01-15 17:58:41.235376', 0);
INSERT INTO distroserieslanguage (id, distroseries, language, currentcount, updatescount, rosettacount, contributorcount, dateupdated, unreviewed_count) VALUES (7, 3, 112, 9, 0, 0, 1, '2007-01-15 17:58:40.992446', 0);
INSERT INTO distroserieslanguage (id, distroseries, language, currentcount, updatescount, rosettacount, contributorcount, dateupdated, unreviewed_count) VALUES (8, 3, 143, 72, 0, 0, 2, '2007-01-15 17:58:41.129836', 0);
INSERT INTO distroserieslanguage (id, distroseries, language, currentcount, updatescount, rosettacount, contributorcount, dateupdated, unreviewed_count) VALUES (9, 3, 527, 49, 0, 0, 1, '2005-10-24 17:37:34.969591', 0);
INSERT INTO distroserieslanguage (id, distroseries, language, currentcount, updatescount, rosettacount, contributorcount, dateupdated, unreviewed_count) VALUES (10, 3, 454, 0, 0, 0, 0, '2007-01-15 17:58:41.406949', 0);
INSERT INTO distroserieslanguage (id, distroseries, language, currentcount, updatescount, rosettacount, contributorcount, dateupdated, unreviewed_count) VALUES (11, 3, 148, 3, 0, 0, 1, '2007-01-15 17:58:41.095497', 0);
INSERT INTO distroserieslanguage (id, distroseries, language, currentcount, updatescount, rosettacount, contributorcount, dateupdated, unreviewed_count) VALUES (12, 3, 302, 63, 0, 0, 1, '2007-01-15 17:58:41.269372', 0);
INSERT INTO distroserieslanguage (id, distroseries, language, currentcount, updatescount, rosettacount, contributorcount, dateupdated, unreviewed_count) VALUES (13, 3, 387, 66, 1, 2, 7, '2007-01-15 17:58:41.335782', 1);
INSERT INTO distroserieslanguage (id, distroseries, language, currentcount, updatescount, rosettacount, contributorcount, dateupdated, unreviewed_count) VALUES (14, 3, 427, 6, 0, 0, 1, '2007-01-15 17:58:41.373856', 0);
INSERT INTO distroserieslanguage (id, distroseries, language, currentcount, updatescount, rosettacount, contributorcount, dateupdated, unreviewed_count) VALUES (15, 3, 129, 9, 0, 0, 1, '2007-01-15 17:58:41.028301', 0);
INSERT INTO distroserieslanguage (id, distroseries, language, currentcount, updatescount, rosettacount, contributorcount, dateupdated, unreviewed_count) VALUES (16, 3, 502, 0, 0, 0, 0, '2005-10-24 17:37:35.182173', 0);
INSERT INTO distroserieslanguage (id, distroseries, language, currentcount, updatescount, rosettacount, contributorcount, dateupdated, unreviewed_count) VALUES (17, 3, 132, 66, 0, 0, 2, '2007-01-15 17:58:41.060738', 0);
INSERT INTO distroserieslanguage (id, distroseries, language, currentcount, updatescount, rosettacount, contributorcount, dateupdated, unreviewed_count) VALUES (18, 3, 521, 9, 0, 0, 1, '2007-01-15 17:58:41.301627', 0);
INSERT INTO distroserieslanguage (id, distroseries, language, currentcount, updatescount, rosettacount, contributorcount, dateupdated, unreviewed_count) VALUES (19, 3, 100, 9, 0, 0, 1, '2007-01-15 17:58:40.959409', 0);


ALTER TABLE distroserieslanguage ENABLE TRIGGER ALL;


ALTER TABLE distroseriespackagecache DISABLE TRIGGER ALL;

INSERT INTO distroseriespackagecache (id, distroseries, binarypackagename, name, summary, description, summaries, descriptions, fti, archive) VALUES (1, 3, 13, 'pmount', 'pmount shortdesc', 'pmount description', 'pmount shortdesc', 'pmount description', NULL, 1);
INSERT INTO distroseriespackagecache (id, distroseries, binarypackagename, name, summary, description, summaries, descriptions, fti, archive) VALUES (2, 1, 8, 'mozilla-firefox', 'Mozilla Firefox Web Browser', 'Mozilla Firefox Web Browser is .....', 'Mozilla Firefox Web Browser', 'Mozilla Firefox Web Browser is .....', NULL, 1);
INSERT INTO distroseriespackagecache (id, distroseries, binarypackagename, name, summary, description, summaries, descriptions, fti, archive) VALUES (5, 1, 13, 'pmount', 'pmount shortdesc', 'pmount description', 'pmount shortdesc', 'pmount description', NULL, 1);
INSERT INTO distroseriespackagecache (id, distroseries, binarypackagename, name, summary, description, summaries, descriptions, fti, archive) VALUES (6, 1, 14, 'linux-2.6.12', 'the kernel of boom', 'this kernel is like the crystal method: a temple of boom', 'the kernel of boom', 'this kernel is like the crystal method: a temple of boom', NULL, 1);
INSERT INTO distroseriespackagecache (id, distroseries, binarypackagename, name, summary, description, summaries, descriptions, fti, archive) VALUES (7, 1, 15, 'at', 'at the mountains of madness', 'lovecraft long before enunciated that the mountains were not safe, but you did not believe him', 'at the mountains of madness', 'lovecraft long before enunciated that the mountains were not safe, but you did not believe him', NULL, 1);
INSERT INTO distroseriespackagecache (id, distroseries, binarypackagename, name, summary, description, summaries, descriptions, fti, archive) VALUES (8, 1, 6, 'foobar', 'foobar is bad', 'foobar should be removed', 'foobar is bad', 'foobar should be removed', NULL, 1);


ALTER TABLE distroseriespackagecache ENABLE TRIGGER ALL;


ALTER TABLE distroseriesparent DISABLE TRIGGER ALL;



ALTER TABLE distroseriesparent ENABLE TRIGGER ALL;


ALTER TABLE emailaddress DISABLE TRIGGER ALL;

INSERT INTO emailaddress (id, email, person, status, date_created, account) VALUES (1, 'mark@example.com', 1, 4, '2006-10-16 18:31:43.540582', 11);
INSERT INTO emailaddress (id, email, person, status, date_created, account) VALUES (2, 'robertc@robertcollins.net', 2, 4, '2006-10-16 18:31:43.542552', 21);
INSERT INTO emailaddress (id, email, person, status, date_created, account) VALUES (3, 'carlos@canonical.com', 13, 4, '2006-10-16 18:31:43.542954', 131);
INSERT INTO emailaddress (id, email, person, status, date_created, account) VALUES (4, 'daf@canonical.com', 14, 4, '2006-10-16 18:31:43.543302', 141);
INSERT INTO emailaddress (id, email, person, status, date_created, account) VALUES (6, 'foo.bar@canonical.com', 16, 4, '2006-10-16 18:31:43.543649', 161);
INSERT INTO emailaddress (id, email, person, status, date_created, account) VALUES (7, 'steve.alexander@ubuntulinux.com', 11, 4, '2006-10-16 18:31:43.543996', 111);
INSERT INTO emailaddress (id, email, person, status, date_created, account) VALUES (8, 'colin.watson@ubuntulinux.com', 4, 4, '2006-10-16 18:31:43.544344', 41);
INSERT INTO emailaddress (id, email, person, status, date_created, account) VALUES (9, 'scott.james.remnant@ubuntulinux.com', 5, 1, '2006-10-16 18:31:43.544693', 51);
INSERT INTO emailaddress (id, email, person, status, date_created, account) VALUES (10, 'andrew.bennetts@ubuntulinux.com', 7, 4, '2006-10-16 18:31:43.54507', 71);
INSERT INTO emailaddress (id, email, person, status, date_created, account) VALUES (11, 'james.blackwell@ubuntulinux.com', 8, 4, '2006-10-16 18:31:43.54542', 81);
INSERT INTO emailaddress (id, email, person, status, date_created, account) VALUES (12, 'christian.reis@ubuntulinux.com', 9, 4, '2006-10-16 18:31:43.54577', 91);
INSERT INTO emailaddress (id, email, person, status, date_created, account) VALUES (13, 'jeff.waugh@ubuntulinux.com', 6, 4, '2006-10-16 18:31:43.54612', 61);
INSERT INTO emailaddress (id, email, person, status, date_created, account) VALUES (14, 'dave.miller@ubuntulinux.com', 3, 4, '2006-10-16 18:31:43.546658', 31);
INSERT INTO emailaddress (id, email, person, status, date_created, account) VALUES (15, 'justdave@bugzilla.org', 3, 1, '2006-10-16 18:31:43.547068', 31);
INSERT INTO emailaddress (id, email, person, status, date_created, account) VALUES (16, 'test@canonical.com', 12, 4, '2006-10-16 18:31:43.547451', 121);
INSERT INTO emailaddress (id, email, person, status, date_created, account) VALUES (17, 'testtest@canonical.com', 12, 1, '2006-10-16 18:31:43.547829', 121);
INSERT INTO emailaddress (id, email, person, status, date_created, account) VALUES (18, 'testtesttest@canonical.com', 12, 3, '2006-10-16 18:31:43.54821', 121);
INSERT INTO emailaddress (id, email, person, status, date_created, account) VALUES (19, 'testing@canonical.com', 12, 2, '2006-10-16 18:31:43.548591', 121);
INSERT INTO emailaddress (id, email, person, status, date_created, account) VALUES (20, 'stuart.bishop@canonical.com', 22, 4, '2006-10-16 18:31:43.548972', 221);
INSERT INTO emailaddress (id, email, person, status, date_created, account) VALUES (21, 'david.allouche@canonical.com', 23, 4, '2006-10-16 18:31:43.549353', 231);
INSERT INTO emailaddress (id, email, person, status, date_created, account) VALUES (22, 'david@canonical.com', 23, 2, '2006-10-16 18:31:43.549732', 231);
INSERT INTO emailaddress (id, email, person, status, date_created, account) VALUES (23, 'daniel.debonzi@canonical.com', 27, 4, '2006-10-16 18:31:43.550113', 271);
INSERT INTO emailaddress (id, email, person, status, date_created, account) VALUES (24, 'celso.providelo@canonical.com', 28, 4, '2006-10-16 18:31:43.608939', 281);
INSERT INTO emailaddress (id, email, person, status, date_created, account) VALUES (25, 'guilherme.salgado@canonical.com', 29, 4, '2006-10-16 18:31:43.609431', 291);
INSERT INTO emailaddress (id, email, person, status, date_created, account) VALUES (26, 'edgar@monteparadiso.hr', 33, 4, '2006-10-16 18:31:43.609819', 331);
INSERT INTO emailaddress (id, email, person, status, date_created, account) VALUES (27, 'jvprat@wanadoo.es', 34, 1, '2006-10-16 18:31:43.610202', 341);
INSERT INTO emailaddress (id, email, person, status, date_created, account) VALUES (28, 'sigurd-ubuntu@brogar.org', 35, 1, '2006-10-16 18:31:43.6147', 351);
INSERT INTO emailaddress (id, email, person, status, date_created, account) VALUES (29, 'skacel@svtech.cz', 36, 1, '2006-10-16 18:31:43.615107', 361);
INSERT INTO emailaddress (id, email, person, status, date_created, account) VALUES (30, 'danner@mixmail.com', 37, 1, '2006-10-16 18:31:43.61549', 371);
INSERT INTO emailaddress (id, email, person, status, date_created, account) VALUES (31, 'martin.pitt@canonical.com', 38, 1, '2006-10-16 18:31:43.615874', 381);
INSERT INTO emailaddress (id, email, person, status, date_created, account) VALUES (32, 'nsv@fr.st', 39, 1, '2006-10-16 18:31:43.616257', 391);
INSERT INTO emailaddress (id, email, person, status, date_created, account) VALUES (33, 'callipeo@libero.it', 40, 1, '2006-10-16 18:31:43.616673', 401);
INSERT INTO emailaddress (id, email, person, status, date_created, account) VALUES (34, 'jorge.gonzalez.gonzalez@hispalinux.es', 41, 1, '2006-10-16 18:31:43.617057', 411);
INSERT INTO emailaddress (id, email, person, status, date_created, account) VALUES (35, 'barbier@linuxfr.org', 42, 1, '2006-10-16 18:31:43.617465', 421);
INSERT INTO emailaddress (id, email, person, status, date_created, account) VALUES (36, 'andrelop@debian.org', 43, 1, '2006-10-16 18:31:43.61785', 431);
INSERT INTO emailaddress (id, email, person, status, date_created, account) VALUES (37, 'valyag@dat.etsit.upm.es', 44, 1, '2006-10-16 18:31:43.618232', 441);
INSERT INTO emailaddress (id, email, person, status, date_created, account) VALUES (38, 'luk.claes@ugent.be', 45, 1, '2006-10-16 18:31:43.618658', 451);
INSERT INTO emailaddress (id, email, person, status, date_created, account) VALUES (39, 'kurem@debian.cz', 46, 4, '2006-10-16 18:31:43.619039', 461);
INSERT INTO emailaddress (id, email, person, status, date_created, account) VALUES (40, 'morten@wtf.dk', 47, 1, '2006-10-16 18:31:43.619421', 471);
INSERT INTO emailaddress (id, email, person, status, date_created, account) VALUES (41, 'mpo@iki.fi', 48, 1, '2006-10-16 18:31:43.619815', 481);
INSERT INTO emailaddress (id, email, person, status, date_created, account) VALUES (42, 'kebil@kaunas.init.lt', 49, 1, '2006-10-16 18:31:43.620196', 491);
INSERT INTO emailaddress (id, email, person, status, date_created, account) VALUES (43, 'tsukimi@quaqua.net', 50, 4, '2006-10-16 18:31:43.620578', 501);
INSERT INTO emailaddress (id, email, person, status, date_created, account) VALUES (44, 'kreutzm@itp.uni-hannover.de', 51, 4, '2006-10-16 18:31:43.620959', 511);
INSERT INTO emailaddress (id, email, person, status, date_created, account) VALUES (45, 'support@ubuntu.com', 17, 4, '2006-10-16 18:31:43.621341', NULL);
INSERT INTO emailaddress (id, email, person, status, date_created, account) VALUES (46, 'no-priv@canonical.com', 52, 4, '2006-10-16 18:31:43.621725', 521);
INSERT INTO emailaddress (id, email, person, status, date_created, account) VALUES (47, 'stuart@stuartbishop.net', 22, 2, '2006-10-16 18:31:43.622107', 221);
INSERT INTO emailaddress (id, email, person, status, date_created, account) VALUES (48, 'zen@shangri-la.dropbear.id.au', 22, 3, '2006-10-16 18:31:43.6241', 221);
INSERT INTO emailaddress (id, email, person, status, date_created, account) VALUES (49, 'stub@fastmail.fm', 22, 1, '2006-10-16 18:31:43.6245', 221);
INSERT INTO emailaddress (id, email, person, status, date_created, account) VALUES (50, 'marilize@hbd.com', 55, 4, '2006-10-16 18:31:43.624885', 551);
INSERT INTO emailaddress (id, email, person, status, date_created, account) VALUES (51, 'jordi@ubuntu.com', 56, 4, '2006-10-16 18:31:43.625266', 561);
INSERT INTO emailaddress (id, email, person, status, date_created, account) VALUES (52, 'daniel.silverstone@canonical.com', 26, 4, '2006-10-16 18:31:43.625647', 261);
INSERT INTO emailaddress (id, email, person, status, date_created, account) VALUES (53, 'bug-importer@launchpad.net', 58, 4, '2006-10-16 18:31:43.62603', 581);
INSERT INTO emailaddress (id, email, person, status, date_created, account) VALUES (54, 'rosetta@launchpad.net', 30, 4, '2006-10-16 18:31:43.626521', NULL);
INSERT INTO emailaddress (id, email, person, status, date_created, account) VALUES (55, 'salgado@ubuntu.com', 29, 1, '2006-10-16 18:31:43.626932', 291);
INSERT INTO emailaddress (id, email, person, status, date_created, account) VALUES (56, 'cprov@ubuntu.com', 28, 2, '2006-10-16 18:31:43.627318', 281);
INSERT INTO emailaddress (id, email, person, status, date_created, account) VALUES (57, 'bugwatch@bugs.launchpad.net', 62, 4, '2006-10-16 18:31:43.62774', 621);
INSERT INTO emailaddress (id, email, person, status, date_created, account) VALUES (58, 'karl@canonical.com', 63, 4, '2006-10-16 18:31:43.628123', 631);
INSERT INTO emailaddress (id, email, person, status, date_created, account) VALUES (59, 'limi@plone.org', 10, 4, '2006-10-16 18:31:43.628504', 101);
INSERT INTO emailaddress (id, email, person, status, date_created, account) VALUES (60, 'janitor@launchpad.net', 65, 4, '2006-10-17 23:23:23.232323', 651);
INSERT INTO emailaddress (id, email, person, status, date_created, account) VALUES (61, 'matsubara@async.com.br', 66, 1, '2006-12-13 21:19:06.369142', 661);
INSERT INTO emailaddress (id, email, person, status, date_created, account) VALUES (62, 'no-team-memberships@test.com', 243602, 4, '2007-02-19 11:17:57.755666', 2436021);
INSERT INTO emailaddress (id, email, person, status, date_created, account) VALUES (63, 'one-membership@test.com', 243603, 4, '2007-02-21 10:53:59.700105', 2436031);
INSERT INTO emailaddress (id, email, person, status, date_created, account) VALUES (64, 'beta-admin@launchpad.net', 68, 4, '2007-01-31 06:56:25.096519', 681);
INSERT INTO emailaddress (id, email, person, status, date_created, account) VALUES (66, 'launchpad@julian-edwards.com', 243606, 1, '2007-08-09 21:25:37.832976', 2436061);
INSERT INTO emailaddress (id, email, person, status, date_created, account) VALUES (67, 'doc@lists.ubuntu.com', 243608, 1, '2007-11-12 15:23:19.847132', 2436081);
INSERT INTO emailaddress (id, email, person, status, date_created, account) VALUES (68, 'carlos@test.com', 13, 2, '2006-10-16 18:31:43.548591', 131);
INSERT INTO emailaddress (id, email, person, status, date_created, account) VALUES (69, 'archive@ubuntu.com', 243609, 4, '2007-12-07 13:43:20.393704', 2436091);
INSERT INTO emailaddress (id, email, person, status, date_created, account) VALUES (70, 'member@canonical.com', 243610, 4, '2007-12-14 16:52:15.403833', 2436101);
INSERT INTO emailaddress (id, email, person, status, date_created, account) VALUES (71, 'owner@canonical.com', 243611, 4, '2007-12-14 16:52:15.403833', 2436111);
INSERT INTO emailaddress (id, email, person, status, date_created, account) VALUES (72, 'jbuhl_nospam@gmx.de', 243614, 1, '2007-12-18 16:31:34.790641', 2436141);
INSERT INTO emailaddress (id, email, person, status, date_created, account) VALUES (73, 'sjoerd@spring.luon.net', 243615, 1, '2007-12-18 16:31:34.790641', 2436151);
INSERT INTO emailaddress (id, email, person, status, date_created, account) VALUES (74, 'mpitt@debian.org', 243616, 1, '2007-12-18 16:31:34.790641', 2436161);
INSERT INTO emailaddress (id, email, person, status, date_created, account) VALUES (75, 'tim@canonical.com', 243617, 4, '2008-03-06 09:55:27.289842', 2436171);
INSERT INTO emailaddress (id, email, person, status, date_created, account) VALUES (76, 'commercial-member@canonical.com', 243622, 4, '2008-05-12 17:38:38.798696', 2436221);
INSERT INTO emailaddress (id, email, person, status, date_created, account) VALUES (77, 'former-user@canonical.com', 70, 3, '2006-05-12 17:38:38.798696', 701);
INSERT INTO emailaddress (id, email, person, status, date_created, account) VALUES (78, 'bac@canonical.com', 243623, 4, '2008-06-27 14:49:11.149508', 2436231);
INSERT INTO emailaddress (id, email, person, status, date_created, account) VALUES (79, 'admin@canonical.com', 16, 2, '2008-08-05 12:01:32.086327', 161);
INSERT INTO emailaddress (id, email, person, status, date_created, account) VALUES (80, 'ppa-key-guard@launchpad.net', 243625, 4, '2008-11-04 12:59:26.965843', 2436241);
INSERT INTO emailaddress (id, email, person, status, date_created, account) VALUES (82, 'techboard-owner@example.com', 243631, 4, '2009-08-04 10:50:39.383407', 2436243);
INSERT INTO emailaddress (id, email, person, status, date_created, account) VALUES (93, 'software-center-agent@example.com', 243651, 4, '2010-07-12 09:48:27.198885', 243637);


ALTER TABLE emailaddress ENABLE TRIGGER ALL;


ALTER TABLE entitlement DISABLE TRIGGER ALL;

INSERT INTO entitlement (id, person, entitlement_type, quota, amount_used, date_starts, date_expires, registrant, date_created, approved_by, date_approved, state, whiteboard, is_dirty, distribution, product, project) VALUES (1, 17, 10, 100, 0, '2007-06-11 12:00:00', '2008-06-11 12:00:00', NULL, '2007-06-10 12:00:00', NULL, NULL, 30, NULL, true, NULL, NULL, NULL);
INSERT INTO entitlement (id, person, entitlement_type, quota, amount_used, date_starts, date_expires, registrant, date_created, approved_by, date_approved, state, whiteboard, is_dirty, distribution, product, project) VALUES (2, 17, 20, 200, 0, '2007-06-11 12:00:00', '2008-06-11 12:00:00', NULL, '2007-06-10 12:00:00', NULL, NULL, 30, NULL, true, NULL, NULL, NULL);
INSERT INTO entitlement (id, person, entitlement_type, quota, amount_used, date_starts, date_expires, registrant, date_created, approved_by, date_approved, state, whiteboard, is_dirty, distribution, product, project) VALUES (4, 18, 10, 5, 0, '2007-06-11 12:00:00', '2007-06-11 00:00:00', NULL, '2007-06-11 00:44:19.267601', NULL, NULL, 30, NULL, true, NULL, NULL, NULL);
INSERT INTO entitlement (id, person, entitlement_type, quota, amount_used, date_starts, date_expires, registrant, date_created, approved_by, date_approved, state, whiteboard, is_dirty, distribution, product, project) VALUES (5, 18, 10, 3, 0, '2007-06-11 12:00:00', '2007-06-11 00:00:00', NULL, '2007-06-11 01:02:48.538842', NULL, NULL, 30, NULL, true, NULL, NULL, NULL);


ALTER TABLE entitlement ENABLE TRIGGER ALL;


ALTER TABLE faq DISABLE TRIGGER ALL;

INSERT INTO faq (id, title, tags, content, product, distribution, owner, date_created, last_updated_by, date_last_updated, fti) VALUES (1, 'Wireless Networking Documentation', 'wifi', 'Installation instructions for many wireless cards can be found at:

https://help.ubuntu.com/community/WifiDocs', NULL, 1, 16, '2007-07-03 21:13:24.061479', NULL, NULL, NULL);
INSERT INTO faq (id, title, tags, content, product, distribution, owner, date_created, last_updated_by, date_last_updated, fti) VALUES (2, 'Dial-up Modem Networking Configuration', 'networking dial-up modem', 'Instructions on how to configure networking with a dial-up modem can be found at:

https://help.ubuntu.com/community/DialupModemHowto

This include explanations on how to install drivers for many common "soft-modems".', NULL, 1, 16, '2007-07-03 21:18:35.586123', NULL, NULL, NULL);
INSERT INTO faq (id, title, tags, content, product, distribution, owner, date_created, last_updated_by, date_last_updated, fti) VALUES (3, 'How to obtain a fixed hostname with a dynamic IP', 'networking dns', 'The following document explains how to obtain a hostname that will work with the dynamic addresses that most providers give to their users:

https://help.ubuntu.com/community/DynamicDNS

', NULL, 1, 16, '2007-07-03 21:28:59.461247', NULL, NULL, NULL);
INSERT INTO faq (id, title, tags, content, product, distribution, owner, date_created, last_updated_by, date_last_updated, fti) VALUES (4, 'How can I make VOIP calls?', 'sip phone', 'Ekiga is the standard Ubuntu application to make Voice-over-IP calls.

A document explaining how to configure and use it is available at:
https://help.ubuntu.com/community/Ekiga', NULL, 1, 12, '2007-07-03 21:33:49.087585', NULL, NULL, NULL);
INSERT INTO faq (id, title, tags, content, product, distribution, owner, date_created, last_updated_by, date_last_updated, fti) VALUES (5, 'How can I customize my desktop?', NULL, 'Instructions on how to customize your desktop environment can be found at:
https://help.ubuntu.com/7.04/user-guide/C/prefs-look-and-feel.html

This explain how to change:
- the desktop background image (aka wallpaper);
- the default font;
- the appearance of windows;
- the screensaver;
- and a lot of other items also.', NULL, 1, 12, '2007-07-03 21:37:51.922609', NULL, NULL, NULL);
INSERT INTO faq (id, title, tags, content, product, distribution, owner, date_created, last_updated_by, date_last_updated, fti) VALUES (6, 'How can I play MP3/Divx/DVDs/Quicktime/Realmedia files or view Flash/Java web pages', NULL, 'Playing many common formats such as DVIX, MP3, DVD, or Flash animations require the installation of plugins.

See https://help.ubuntu.com/community/RestrictedFormats for all the details.', NULL, 1, 16, '2007-07-03 21:43:57.613622', NULL, NULL, NULL);
INSERT INTO faq (id, title, tags, content, product, distribution, owner, date_created, last_updated_by, date_last_updated, fti) VALUES (7, 'How do I install Java?', NULL, 'Windows

On Windows, Firefox can be used with Sun''s Java Runtime Environment (JRE) 1.4 and above. It is possible to install the latest version from within Firefox, using XPInstall technology: http://www.java.com/en/download/

Linux

Firefox is compiled with gcc 3.2.3, so a compatible version of the Java plugin must be used. On Linux, Firefox requires JRE 1.4.2 or later (http://java.sun.com/j2se/1.4.2/download.html).

If you are using an older Linux distribution, you may need to install the gcc3 support libraries, as the gcc 3.2 version of the Java plugin requires libgcc_s.so.1 to operate. You may be able to find packages using Google.

If you are using an old or unofficial build of Firefox, you can check which compiler was used by entering about:buildconfig in the location bar and pressing enter. You will see a line such as gcc version 3.3 20030226 (prerelease) (SuSE Linux), which will show the compiler that was used. If gcc2.9x was used, you need to use the ns610 plugin, not the ns610-gcc32 plugin.

Mac OS X

Java software can be downloaded directly from Apple (http://www.apple.com/java/).
', 4, NULL, 12, '2007-07-03 21:58:34.782395', NULL, NULL, NULL);
INSERT INTO faq (id, title, tags, content, product, distribution, owner, date_created, last_updated_by, date_last_updated, fti) VALUES (8, 'How do I install Extensions?', NULL, 'You can find various extensions  at http://addons.mozilla.org.

When you see a link on a website to download or install an extension, simply click on that link. If you get prompted to save a XPI file, save it, and use File > Open File..., to open the file in Firefox.

You can also open the Add-ons window (Tools > Add-ons), and drag the link or file to the Add-ons window.', 4, NULL, 12, '2007-07-03 22:01:00.585767', NULL, NULL, NULL);
INSERT INTO faq (id, title, tags, content, product, distribution, owner, date_created, last_updated_by, date_last_updated, fti) VALUES (9, 'How do I troubleshoot problems with extensions/themes?', NULL, 'Poorly designed or incompatible Extensions can cause problems with your browser, including make it crash, slow down page display, etc. If you encounter strange problems relating to parts of the browser no longer working, the browser not starting, windows with strange or distorted appearance, degraded performance, etc, you may be suffering from Extension or Theme trouble. Restart the browser in Safe Mode. On Windows, start using the "Safe Mode" shortcut created in your Start menu or by running firefox.exe -safe-mode. On Linux, start with ./firefox -safe-mode and on Mac OS X, run:

    cd /Applications/Firefox.app/Contents/MacOS/
    ./firefox-bin -safe-mode

When started in Safe Mode all extensions are disabled and the Default theme is used. Disable the Extension/Theme that is causing trouble and then start normally.
', 4, NULL, 12, '2007-07-03 22:02:39.407123', NULL, NULL, NULL);
INSERT INTO faq (id, title, tags, content, product, distribution, owner, date_created, last_updated_by, date_last_updated, fti) VALUES (10, 'How do I install plugins (Shockwave, QuickTime, etc.)?', NULL, 'PluginDoc (http://plugindoc.mozdev.org/faqs/) lists common plugins (such as RealPlayer, QuickTime, Flash, Java, etc.) and how to install them in Firefox.', 4, NULL, 16, '2007-07-03 22:05:36.648951', NULL, NULL, NULL);
INSERT INTO faq (id, title, tags, content, product, distribution, owner, date_created, last_updated_by, date_last_updated, fti) VALUES (11, 'What''s the keyboard shortcut for [random feature]?', NULL, 'See the Keyboard Shortcuts table available at http://www.mozilla.org/support/firefox/keyboard  for a list of the most common keyboard shortcuts.', 4, NULL, 12, '2007-07-07 16:03:54.231152', NULL, NULL, NULL);


ALTER TABLE faq ENABLE TRIGGER ALL;


ALTER TABLE pillarname DISABLE TRIGGER ALL;

INSERT INTO pillarname (id, name, product, project, distribution, active, alias_for) VALUES (1, 'ubuntu', NULL, NULL, 1, true, NULL);
INSERT INTO pillarname (id, name, product, project, distribution, active, alias_for) VALUES (2, 'redhat', NULL, NULL, 2, true, NULL);
INSERT INTO pillarname (id, name, product, project, distribution, active, alias_for) VALUES (3, 'debian', NULL, NULL, 3, true, NULL);
INSERT INTO pillarname (id, name, product, project, distribution, active, alias_for) VALUES (4, 'gentoo', NULL, NULL, 4, true, NULL);
INSERT INTO pillarname (id, name, product, project, distribution, active, alias_for) VALUES (5, 'kubuntu', NULL, NULL, 5, true, NULL);
INSERT INTO pillarname (id, name, product, project, distribution, active, alias_for) VALUES (6, 'guadalinex', NULL, NULL, 7, true, NULL);
INSERT INTO pillarname (id, name, product, project, distribution, active, alias_for) VALUES (7, 'ubuntutest', NULL, NULL, 8, true, NULL);
INSERT INTO pillarname (id, name, product, project, distribution, active, alias_for) VALUES (8, 'tomcat', 1, NULL, NULL, true, NULL);
INSERT INTO pillarname (id, name, product, project, distribution, active, alias_for) VALUES (9, 'unassigned', 2, NULL, NULL, false, NULL);
INSERT INTO pillarname (id, name, product, project, distribution, active, alias_for) VALUES (10, 'arch-mirrors', 3, NULL, NULL, true, NULL);
INSERT INTO pillarname (id, name, product, project, distribution, active, alias_for) VALUES (11, 'firefox', 4, NULL, NULL, true, NULL);
INSERT INTO pillarname (id, name, product, project, distribution, active, alias_for) VALUES (12, 'evolution', 5, NULL, NULL, true, NULL);
INSERT INTO pillarname (id, name, product, project, distribution, active, alias_for) VALUES (13, 'gnome-terminal', 6, NULL, NULL, true, NULL);
INSERT INTO pillarname (id, name, product, project, distribution, active, alias_for) VALUES (14, 'iso-codes', 7, NULL, NULL, true, NULL);
INSERT INTO pillarname (id, name, product, project, distribution, active, alias_for) VALUES (15, 'thunderbird', 8, NULL, NULL, true, NULL);
INSERT INTO pillarname (id, name, product, project, distribution, active, alias_for) VALUES (16, 'applets', 9, NULL, NULL, true, NULL);
INSERT INTO pillarname (id, name, product, project, distribution, active, alias_for) VALUES (17, 'python-gnome2-dev', 10, NULL, NULL, false, NULL);
INSERT INTO pillarname (id, name, product, project, distribution, active, alias_for) VALUES (18, 'netapplet', 11, NULL, NULL, true, NULL);
INSERT INTO pillarname (id, name, product, project, distribution, active, alias_for) VALUES (19, 'a52dec', 12, NULL, NULL, true, NULL);
INSERT INTO pillarname (id, name, product, project, distribution, active, alias_for) VALUES (20, 'gnomebaker', 13, NULL, NULL, true, NULL);
INSERT INTO pillarname (id, name, product, project, distribution, active, alias_for) VALUES (21, 'bazaar', 14, NULL, NULL, true, NULL);
INSERT INTO pillarname (id, name, product, project, distribution, active, alias_for) VALUES (22, 'alsa-utils', 15, NULL, NULL, true, NULL);
INSERT INTO pillarname (id, name, product, project, distribution, active, alias_for) VALUES (23, 'iso-codes-project', NULL, 6, NULL, true, NULL);
INSERT INTO pillarname (id, name, product, project, distribution, active, alias_for) VALUES (24, 'apache', NULL, 1, NULL, true, NULL);
INSERT INTO pillarname (id, name, product, project, distribution, active, alias_for) VALUES (25, 'do-not-use-info-imports', NULL, 2, NULL, false, NULL);
INSERT INTO pillarname (id, name, product, project, distribution, active, alias_for) VALUES (26, 'launchpad-mirrors', NULL, 3, NULL, true, NULL);
INSERT INTO pillarname (id, name, product, project, distribution, active, alias_for) VALUES (27, 'mozilla', NULL, 4, NULL, true, NULL);
INSERT INTO pillarname (id, name, product, project, distribution, active, alias_for) VALUES (28, 'gnome', NULL, 5, NULL, true, NULL);
INSERT INTO pillarname (id, name, product, project, distribution, active, alias_for) VALUES (29, 'aaa', NULL, 7, NULL, true, NULL);
INSERT INTO pillarname (id, name, product, project, distribution, active, alias_for) VALUES (30, 'gimp', NULL, 8, NULL, true, NULL);
INSERT INTO pillarname (id, name, product, project, distribution, active, alias_for) VALUES (31, 'landscape', 16, NULL, NULL, true, NULL);
INSERT INTO pillarname (id, name, product, project, distribution, active, alias_for) VALUES (32, 'launchpad', 17, NULL, NULL, true, NULL);
INSERT INTO pillarname (id, name, product, project, distribution, active, alias_for) VALUES (33, 'upstart', 18, NULL, NULL, true, NULL);
INSERT INTO pillarname (id, name, product, project, distribution, active, alias_for) VALUES (34, 'aptoncd', 19, NULL, NULL, true, NULL);
INSERT INTO pillarname (id, name, product, project, distribution, active, alias_for) VALUES (35, 'jokosher', 20, NULL, NULL, true, NULL);
INSERT INTO pillarname (id, name, product, project, distribution, active, alias_for) VALUES (36, 'bzr', 21, NULL, NULL, true, NULL);
INSERT INTO pillarname (id, name, product, project, distribution, active, alias_for) VALUES (37, 'redfish', 22, NULL, NULL, true, NULL);
INSERT INTO pillarname (id, name, product, project, distribution, active, alias_for) VALUES (38, 'derby', 23, NULL, NULL, true, NULL);
INSERT INTO pillarname (id, name, product, project, distribution, active, alias_for) VALUES (39, 'mega-money-maker', 24, NULL, NULL, true, NULL);
INSERT INTO pillarname (id, name, product, project, distribution, active, alias_for) VALUES (40, 'rosetta', 25, NULL, NULL, true, NULL);
INSERT INTO pillarname (id, name, product, project, distribution, active, alias_for) VALUES (41, 'obsolete-junk', 26, NULL, NULL, true, NULL);
INSERT INTO pillarname (id, name, product, project, distribution, active, alias_for) VALUES (42, 'deribuntu', NULL, NULL, 9, true, NULL);


ALTER TABLE pillarname ENABLE TRIGGER ALL;


ALTER TABLE featuredproject DISABLE TRIGGER ALL;

INSERT INTO featuredproject (id, pillar_name) VALUES (1, 1);
INSERT INTO featuredproject (id, pillar_name) VALUES (2, 4);
INSERT INTO featuredproject (id, pillar_name) VALUES (3, 11);
INSERT INTO featuredproject (id, pillar_name) VALUES (4, 27);
INSERT INTO featuredproject (id, pillar_name) VALUES (5, 15);
INSERT INTO featuredproject (id, pillar_name) VALUES (6, 28);
INSERT INTO featuredproject (id, pillar_name) VALUES (7, 13);
INSERT INTO featuredproject (id, pillar_name) VALUES (8, 16);
INSERT INTO featuredproject (id, pillar_name) VALUES (9, 21);


ALTER TABLE featuredproject ENABLE TRIGGER ALL;


ALTER TABLE featureflag DISABLE TRIGGER ALL;



ALTER TABLE featureflag ENABLE TRIGGER ALL;


ALTER TABLE featureflagchangelogentry DISABLE TRIGGER ALL;



ALTER TABLE featureflagchangelogentry ENABLE TRIGGER ALL;


ALTER TABLE flatpackagesetinclusion DISABLE TRIGGER ALL;



ALTER TABLE flatpackagesetinclusion ENABLE TRIGGER ALL;







ALTER TABLE hwvendorname DISABLE TRIGGER ALL;

INSERT INTO hwvendorname (id, name) VALUES (1, 'MSI');
INSERT INTO hwvendorname (id, name) VALUES (2, 'Unknown');
INSERT INTO hwvendorname (id, name) VALUES (3, 'Optiarc');
INSERT INTO hwvendorname (id, name) VALUES (4, 'SEAGATE');
INSERT INTO hwvendorname (id, name) VALUES (5, 'nVidia Corporation');
INSERT INTO hwvendorname (id, name) VALUES (6, 'Cypress Semiconductor Corp.');


ALTER TABLE hwvendorname ENABLE TRIGGER ALL;


ALTER TABLE hwvendorid DISABLE TRIGGER ALL;

INSERT INTO hwvendorid (id, bus, vendor_id_for_bus, vendor_name) VALUES (1, 0, 'MSI', 1);
INSERT INTO hwvendorid (id, bus, vendor_id_for_bus, vendor_name) VALUES (2, 1, '0x10de', 5);
INSERT INTO hwvendorid (id, bus, vendor_id_for_bus, vendor_name) VALUES (3, 2, '0x04b4', 6);
INSERT INTO hwvendorid (id, bus, vendor_id_for_bus, vendor_name) VALUES (4, 2, '0x0dda', 2);
INSERT INTO hwvendorid (id, bus, vendor_id_for_bus, vendor_name) VALUES (5, 7, 'Optiarc', 3);
INSERT INTO hwvendorid (id, bus, vendor_id_for_bus, vendor_name) VALUES (6, 7, 'SEAGATE', 4);


ALTER TABLE hwvendorid ENABLE TRIGGER ALL;


ALTER TABLE hwdevice DISABLE TRIGGER ALL;

INSERT INTO hwdevice (id, bus_vendor_id, bus_product_id, variant, name, submissions) VALUES (1, 1, 'MS-7369', NULL, 'MS-7369', 0);
INSERT INTO hwdevice (id, bus_vendor_id, bus_product_id, variant, name, submissions) VALUES (2, 2, '0x0455', NULL, 'MCP65 USB Controller', 0);
INSERT INTO hwdevice (id, bus_vendor_id, bus_product_id, variant, name, submissions) VALUES (3, 3, '0x6560', NULL, 'CY7C65640 USB-2.0 "TetraHub"', 0);
INSERT INTO hwdevice (id, bus_vendor_id, bus_product_id, variant, name, submissions) VALUES (4, 4, '0x2026', NULL, 'USB2.0 Card Reader', 0);
INSERT INTO hwdevice (id, bus_vendor_id, bus_product_id, variant, name, submissions) VALUES (5, 2, '0x045d', NULL, 'MCP65 SATA Controller', 0);
INSERT INTO hwdevice (id, bus_vendor_id, bus_product_id, variant, name, submissions) VALUES (6, 5, 'DVD RW AD-7170S ', NULL, 'DVD RW AD-7170S', 0);
INSERT INTO hwdevice (id, bus_vendor_id, bus_product_id, variant, name, submissions) VALUES (7, 6, 'ST3250820NS     ', NULL, 'ST3250820NS', 0);


ALTER TABLE hwdevice ENABLE TRIGGER ALL;


ALTER TABLE hwdeviceclass DISABLE TRIGGER ALL;



ALTER TABLE hwdeviceclass ENABLE TRIGGER ALL;


ALTER TABLE hwdriver DISABLE TRIGGER ALL;

INSERT INTO hwdriver (id, package_name, name, license) VALUES (1, 'linux-image-2.6.24-19-generic', 'ehci_hcd', NULL);
INSERT INTO hwdriver (id, package_name, name, license) VALUES (2, 'linux-image-2.6.24-19-generic', 'usb', NULL);
INSERT INTO hwdriver (id, package_name, name, license) VALUES (3, 'linux-image-2.6.24-19-generic', 'usb-storage', NULL);
INSERT INTO hwdriver (id, package_name, name, license) VALUES (4, 'linux-image-2.6.24-19-generic', 'sd', NULL);
INSERT INTO hwdriver (id, package_name, name, license) VALUES (5, 'linux-image-2.6.24-19-generic', 'hub', NULL);
INSERT INTO hwdriver (id, package_name, name, license) VALUES (6, 'linux-image-2.6.24-19-generic', 'ahci', NULL);
INSERT INTO hwdriver (id, package_name, name, license) VALUES (7, 'linux-image-2.6.24-19-generic', 'sr', NULL);


ALTER TABLE hwdriver ENABLE TRIGGER ALL;


ALTER TABLE hwdevicedriverlink DISABLE TRIGGER ALL;

INSERT INTO hwdevicedriverlink (id, device, driver) VALUES (1, 1, NULL);
INSERT INTO hwdevicedriverlink (id, device, driver) VALUES (2, 2, NULL);
INSERT INTO hwdevicedriverlink (id, device, driver) VALUES (3, 2, 1);
INSERT INTO hwdevicedriverlink (id, device, driver) VALUES (4, 2, 2);
INSERT INTO hwdevicedriverlink (id, device, driver) VALUES (5, 3, NULL);
INSERT INTO hwdevicedriverlink (id, device, driver) VALUES (6, 3, 2);
INSERT INTO hwdevicedriverlink (id, device, driver) VALUES (7, 4, NULL);
INSERT INTO hwdevicedriverlink (id, device, driver) VALUES (8, 4, 2);
INSERT INTO hwdevicedriverlink (id, device, driver) VALUES (9, 4, 3);
INSERT INTO hwdevicedriverlink (id, device, driver) VALUES (10, 4, 4);
INSERT INTO hwdevicedriverlink (id, device, driver) VALUES (11, 3, 5);
INSERT INTO hwdevicedriverlink (id, device, driver) VALUES (12, 2, 5);
INSERT INTO hwdevicedriverlink (id, device, driver) VALUES (13, 5, NULL);
INSERT INTO hwdevicedriverlink (id, device, driver) VALUES (14, 5, 6);
INSERT INTO hwdevicedriverlink (id, device, driver) VALUES (15, 6, NULL);
INSERT INTO hwdevicedriverlink (id, device, driver) VALUES (16, 6, 7);
INSERT INTO hwdevicedriverlink (id, device, driver) VALUES (17, 7, NULL);
INSERT INTO hwdevicedriverlink (id, device, driver) VALUES (18, 7, 4);


ALTER TABLE hwdevicedriverlink ENABLE TRIGGER ALL;


ALTER TABLE hwdevicenamevariant DISABLE TRIGGER ALL;



ALTER TABLE hwdevicenamevariant ENABLE TRIGGER ALL;


ALTER TABLE hwsystemfingerprint DISABLE TRIGGER ALL;

INSERT INTO hwsystemfingerprint (id, fingerprint) VALUES (1, 'TONKA TUFFBOOK2600');
INSERT INTO hwsystemfingerprint (id, fingerprint) VALUES (2, 'MSI MS-7369');


ALTER TABLE hwsystemfingerprint ENABLE TRIGGER ALL;


ALTER TABLE hwsubmission DISABLE TRIGGER ALL;

INSERT INTO hwsubmission (id, date_created, date_submitted, format, status, private, contactable, submission_key, owner, distroarchseries, raw_submission, system_fingerprint, raw_emailaddress) VALUES (1, '2007-09-11 00:00:00', '2007-09-11 15:23:45.653316', 1, 1, false, false, 'test_submission_id_1', 12, NULL, 63, 1, 'test@canonical.com');
INSERT INTO hwsubmission (id, date_created, date_submitted, format, status, private, contactable, submission_key, owner, distroarchseries, raw_submission, system_fingerprint, raw_emailaddress) VALUES (2, '2008-09-26 17:19:18', '2008-09-30 08:19:00.222131', 1, 2, false, false, 'sample-submission', 12, 6, 92, 2, 'test@canonical.com');


ALTER TABLE hwsubmission ENABLE TRIGGER ALL;


ALTER TABLE hwdmihandle DISABLE TRIGGER ALL;



ALTER TABLE hwdmihandle ENABLE TRIGGER ALL;


ALTER TABLE hwdmivalue DISABLE TRIGGER ALL;



ALTER TABLE hwdmivalue ENABLE TRIGGER ALL;


ALTER TABLE hwsubmissionbug DISABLE TRIGGER ALL;



ALTER TABLE hwsubmissionbug ENABLE TRIGGER ALL;


ALTER TABLE hwsubmissiondevice DISABLE TRIGGER ALL;

INSERT INTO hwsubmissiondevice (id, device_driver_link, submission, parent, hal_device_id) VALUES (1, 1, 2, NULL, 11);
INSERT INTO hwsubmissiondevice (id, device_driver_link, submission, parent, hal_device_id) VALUES (2, 2, 2, 1, 121);
INSERT INTO hwsubmissiondevice (id, device_driver_link, submission, parent, hal_device_id) VALUES (3, 3, 2, 2, 121);
INSERT INTO hwsubmissiondevice (id, device_driver_link, submission, parent, hal_device_id) VALUES (4, 4, 2, 3, 122);
INSERT INTO hwsubmissiondevice (id, device_driver_link, submission, parent, hal_device_id) VALUES (5, 5, 2, 4, 123);
INSERT INTO hwsubmissiondevice (id, device_driver_link, submission, parent, hal_device_id) VALUES (6, 6, 2, 5, 123);
INSERT INTO hwsubmissiondevice (id, device_driver_link, submission, parent, hal_device_id) VALUES (7, 7, 2, 6, 124);
INSERT INTO hwsubmissiondevice (id, device_driver_link, submission, parent, hal_device_id) VALUES (8, 8, 2, 7, 124);
INSERT INTO hwsubmissiondevice (id, device_driver_link, submission, parent, hal_device_id) VALUES (9, 9, 2, 8, 125);
INSERT INTO hwsubmissiondevice (id, device_driver_link, submission, parent, hal_device_id) VALUES (10, 10, 2, 9, 136);
INSERT INTO hwsubmissiondevice (id, device_driver_link, submission, parent, hal_device_id) VALUES (11, 10, 2, 9, 130);
INSERT INTO hwsubmissiondevice (id, device_driver_link, submission, parent, hal_device_id) VALUES (12, 10, 2, 9, 127);
INSERT INTO hwsubmissiondevice (id, device_driver_link, submission, parent, hal_device_id) VALUES (13, 10, 2, 9, 133);
INSERT INTO hwsubmissiondevice (id, device_driver_link, submission, parent, hal_device_id) VALUES (14, 11, 2, 6, 139);
INSERT INTO hwsubmissiondevice (id, device_driver_link, submission, parent, hal_device_id) VALUES (15, 12, 2, 4, 140);
INSERT INTO hwsubmissiondevice (id, device_driver_link, submission, parent, hal_device_id) VALUES (16, 13, 2, 1, 65);
INSERT INTO hwsubmissiondevice (id, device_driver_link, submission, parent, hal_device_id) VALUES (17, 14, 2, 16, 65);
INSERT INTO hwsubmissiondevice (id, device_driver_link, submission, parent, hal_device_id) VALUES (18, 15, 2, 17, 67);
INSERT INTO hwsubmissiondevice (id, device_driver_link, submission, parent, hal_device_id) VALUES (19, 16, 2, 18, 67);
INSERT INTO hwsubmissiondevice (id, device_driver_link, submission, parent, hal_device_id) VALUES (20, 17, 2, 17, 71);
INSERT INTO hwsubmissiondevice (id, device_driver_link, submission, parent, hal_device_id) VALUES (21, 18, 2, 20, 71);


ALTER TABLE hwsubmissiondevice ENABLE TRIGGER ALL;


ALTER TABLE hwtest DISABLE TRIGGER ALL;



ALTER TABLE hwtest ENABLE TRIGGER ALL;


ALTER TABLE hwtestanswerchoice DISABLE TRIGGER ALL;



ALTER TABLE hwtestanswerchoice ENABLE TRIGGER ALL;


ALTER TABLE hwtestanswer DISABLE TRIGGER ALL;



ALTER TABLE hwtestanswer ENABLE TRIGGER ALL;


ALTER TABLE hwtestanswercount DISABLE TRIGGER ALL;



ALTER TABLE hwtestanswercount ENABLE TRIGGER ALL;


ALTER TABLE hwtestanswercountdevice DISABLE TRIGGER ALL;



ALTER TABLE hwtestanswercountdevice ENABLE TRIGGER ALL;


ALTER TABLE hwtestanswerdevice DISABLE TRIGGER ALL;



ALTER TABLE hwtestanswerdevice ENABLE TRIGGER ALL;


ALTER TABLE incrementaldiff DISABLE TRIGGER ALL;



ALTER TABLE incrementaldiff ENABLE TRIGGER ALL;


ALTER TABLE ircid DISABLE TRIGGER ALL;

INSERT INTO ircid (id, person, network, nickname) VALUES (1, 1, 'irc.freenode.net', 'mark');
INSERT INTO ircid (id, person, network, nickname) VALUES (2, 11, 'irc.freenode.net', 'SteveA');
INSERT INTO ircid (id, person, network, nickname) VALUES (3, 10, 'irc.freenode.net', 'limi');
INSERT INTO ircid (id, person, network, nickname) VALUES (4, 8, 'irc.freenode.net', 'jblack');
INSERT INTO ircid (id, person, network, nickname) VALUES (5, 3, 'irc.freenode.net', 'justdave');
INSERT INTO ircid (id, person, network, nickname) VALUES (6, 9, 'irc.freenode.net', 'kiko');
INSERT INTO ircid (id, person, network, nickname) VALUES (7, 4, 'irc.freenode.net', 'cjwatson');
INSERT INTO ircid (id, person, network, nickname) VALUES (8, 5, 'irc.freenode.net', 'Keybuk');
INSERT INTO ircid (id, person, network, nickname) VALUES (9, 6, 'irc.freenode.net', 'jeff');


ALTER TABLE ircid ENABLE TRIGGER ALL;


ALTER TABLE jabberid DISABLE TRIGGER ALL;

INSERT INTO jabberid (id, person, jabberid) VALUES (1, 1, 'markshuttleworth@jabber.org');
INSERT INTO jabberid (id, person, jabberid) VALUES (2, 11, 'stevea@jabber.org');
INSERT INTO jabberid (id, person, jabberid) VALUES (3, 10, 'limi@jabber.org');
INSERT INTO jabberid (id, person, jabberid) VALUES (4, 8, 'jblack@jabber.org');
INSERT INTO jabberid (id, person, jabberid) VALUES (5, 9, 'kiko@jabber.org');
INSERT INTO jabberid (id, person, jabberid) VALUES (6, 4, 'colin@jabber.org');
INSERT INTO jabberid (id, person, jabberid) VALUES (7, 5, 'scott@jabber.org');
INSERT INTO jabberid (id, person, jabberid) VALUES (8, 7, 'spiv@jabber.org');
INSERT INTO jabberid (id, person, jabberid) VALUES (9, 3, 'justdave@jabber.org');
INSERT INTO jabberid (id, person, jabberid) VALUES (10, 6, 'jeff@jabber.org');


ALTER TABLE jabberid ENABLE TRIGGER ALL;


ALTER TABLE karmacategory DISABLE TRIGGER ALL;

INSERT INTO karmacategory (id, name, title, summary) VALUES (2, 'bugs', 'Bug Management', 'This karma category covers work in the Malone bug tracking system, such as filing, closing and otherwise working with bugs.');
INSERT INTO karmacategory (id, name, title, summary) VALUES (3, 'translations', 'Translations in Rosetta', 'This categor covers all actions related to translation using the Rosetta web translation portal. Creating new translation projects, submitting new translations and editing existing translations will all earn karma.');
INSERT INTO karmacategory (id, name, title, summary) VALUES (6, 'specs', 'Specification Tracking', 'This category includes all karma associated with the Launchpad specification tracking system.');
INSERT INTO karmacategory (id, name, title, summary) VALUES (7, 'answers', 'Answer Tracker', 'This is the category for all karma associated with helping with users questions in the Launchpad Answer Tracker. Help solve users problems to earn this karma.');
INSERT INTO karmacategory (id, name, title, summary) VALUES (8, 'code', 'Bazaar Branches', 'This category for all karma associated with branches and the links between branches and other Launchpad entities.');
INSERT INTO karmacategory (id, name, title, summary) VALUES (9, 'soyuz', 'Soyuz', 'This category is for all karma associated with Soyuz actions.');


ALTER TABLE karmacategory ENABLE TRIGGER ALL;


ALTER TABLE karmaaction DISABLE TRIGGER ALL;

INSERT INTO karmaaction (id, category, points, name, title, summary) VALUES (1, 2, 10, 'bugcreated', 'New Bug Filed', 'The user filed a new bug report. This is distinct from creating a new "task" for an existing bug, on, say, an upstream product.');
INSERT INTO karmaaction (id, category, points, name, title, summary) VALUES (2, 2, 0, 'bugcommentadded', 'Bug Comment Added', 'The user commented on an existing bug in Malone.');
INSERT INTO karmaaction (id, category, points, name, title, summary) VALUES (3, 2, 1, 'bugtitlechanged', 'Edited Bug Title', 'The user edited the title of the bug to provide a clearer idea of the core issue.');
INSERT INTO karmaaction (id, category, points, name, title, summary) VALUES (4, 2, 2, 'bugsummarychanged', 'Edited Bug Summary', 'The user edited the bug summary. This will specifically help users searching for existing bugs in Malone.');
INSERT INTO karmaaction (id, category, points, name, title, summary) VALUES (5, 2, 3, 'bugdescriptionchanged', 'Edited Bug Description', 'The user edited the bug description to describe more clearly the specific symptoms and expected outcomes for the bug. This will also improve the ability of other users to find this bug report and avoid creating duplicates.');
INSERT INTO karmaaction (id, category, points, name, title, summary) VALUES (6, 2, 10, 'bugextrefadded', 'Bug External Reference Added', 'The user provided a URL to information which is relevant to this bug, for example, to a mailing list archive where it is discussed, or to a detailed problem report.');
INSERT INTO karmaaction (id, category, points, name, title, summary) VALUES (7, 2, 15, 'bugcverefadded', 'Bug CVE Link Added', 'The user has linked a bug report to a specific entry in the CVE database.');
INSERT INTO karmaaction (id, category, points, name, title, summary) VALUES (8, 2, 10, 'bugfixed', 'Bug Marked as Fixed', 'The user marked a bug as fixed.');
INSERT INTO karmaaction (id, category, points, name, title, summary) VALUES (9, 2, 10, 'bugtaskcreated', 'Bug Task Created', 'The user has created a new task on a bug. This means that they have indicated that the same bug exists in another place (for example, upstream) and have reported that in Malone.');
INSERT INTO karmaaction (id, category, points, name, title, summary) VALUES (10, 3, 1, 'translationtemplateimport', 'Import of Translation Template', 'The user updated a translation template, providing a newer version to be imported in Rosetta.');
INSERT INTO karmaaction (id, category, points, name, title, summary) VALUES (11, 3, 0, 'translationimportupstream', 'Upstream Translation Imported', 'The user imported a set of upstream translations into Rosetta');
INSERT INTO karmaaction (id, category, points, name, title, summary) VALUES (12, 3, 2, 'translationtemplatedescriptionchanged', 'Edited Translation Template Description', 'The user updated the description of a specific translation template.');
INSERT INTO karmaaction (id, category, points, name, title, summary) VALUES (13, 3, 1, 'translationsuggestionadded', 'Translation Suggestion', 'The user contributed a new suggested translation. That may not yet have been accepted, but is valued nonetheless.');
INSERT INTO karmaaction (id, category, points, name, title, summary) VALUES (14, 3, 1, 'translationsuggestionapproved', 'Translation Suggestion Approved', 'The user approved a translation suggestion that was previously contributed by someone else.');
INSERT INTO karmaaction (id, category, points, name, title, summary) VALUES (15, 3, 1, 'translationreview', 'Translation Review', 'The user has completed a review of suggested translations.');
INSERT INTO karmaaction (id, category, points, name, title, summary) VALUES (16, 2, 3, 'bugrejected', 'Bug Rejected', 'The user has rejected a bug.');
INSERT INTO karmaaction (id, category, points, name, title, summary) VALUES (17, 2, 5, 'bugaccepted', 'Bug Accepted', 'The user has marked a bug as accepted.');
INSERT INTO karmaaction (id, category, points, name, title, summary) VALUES (18, 2, 1, 'bugtaskimportancechanged', 'Bug importance changed', 'Updating the importance of a bug to a specific context. (The importance of a bug can vary depending on where the buggy code is being used.)');
INSERT INTO karmaaction (id, category, points, name, title, summary) VALUES (19, 2, 1, 'bugtaskprioritychanged', 'Bug Priority Changed', 'The user has updated the priority of a particular bug task. Note that bug task has a distinct priority, because each of them will likely have a different developer responsible for them.');
INSERT INTO karmaaction (id, category, points, name, title, summary) VALUES (20, 2, 5, 'bugmarkedasduplicate', 'Bug Marked as Duplicate', 'The user has marked a bug as a duplicate of another bug. This greatly reduces the amount of time developers need to spend reviewing existing bug lists.');
INSERT INTO karmaaction (id, category, points, name, title, summary) VALUES (21, 2, 10, 'bugwatchadded', 'Bug Watch Added', 'The user has linked an existing bug in Launchpad to an external bug tracker, to indicate that the bug is being tracked in that bug tracker too.');
INSERT INTO karmaaction (id, category, points, name, title, summary) VALUES (22, 6, 30, 'addspec', 'Registered Specification', 'The user has registered a new specification in the Launchpad spec tracker.');
INSERT INTO karmaaction (id, category, points, name, title, summary) VALUES (23, 6, 5, 'specpriority', 'Updated Specification Priority', 'The user has changed the priority of a specification to match the requirements of the project.');
INSERT INTO karmaaction (id, category, points, name, title, summary) VALUES (24, 6, 2, 'spectitlechanged', 'Edited Specification Title', 'The user edited the title of a specification.');
INSERT INTO karmaaction (id, category, points, name, title, summary) VALUES (25, 6, 2, 'specsummarychanged', 'Edited Specification Summary', 'The user edited the summary of a specification.');
INSERT INTO karmaaction (id, category, points, name, title, summary) VALUES (26, 6, 5, 'specseries', 'Targeted Specification to Series', 'The user has targetted a specification to a particular series.');
INSERT INTO karmaaction (id, category, points, name, title, summary) VALUES (27, 6, 5, 'specrelease', 'Targeted Specification to Release', 'The user has targetted a specification to a particular distribution release.');
INSERT INTO karmaaction (id, category, points, name, title, summary) VALUES (28, 6, 5, 'specmilestone', 'Targeted Specification to Milestone', 'The user has targetted a specification to a particular milestone.');
INSERT INTO karmaaction (id, category, points, name, title, summary) VALUES (29, 6, 3, 'specdraft', 'Specification Drafting', 'The user has changed the status of the specification to indicate that drafting has begun.');
INSERT INTO karmaaction (id, category, points, name, title, summary) VALUES (30, 6, 15, 'specpendingapproval', 'Specification is Pending Approval', 'The user has set the status of the spec to PendingApproval');
INSERT INTO karmaaction (id, category, points, name, title, summary) VALUES (31, 6, 10, 'specreviewed', 'Specification Review', 'The user has completed a review of a specification.');
INSERT INTO karmaaction (id, category, points, name, title, summary) VALUES (32, 6, 10, 'specbugadded', 'Linked Bug to Specification', 'The user has indicated that a particular bug is related to a specification.');
INSERT INTO karmaaction (id, category, points, name, title, summary) VALUES (33, 6, 10, 'specbugremoved', 'Removed Bug from Specification', 'The user has indicated that a particular bug is not related to a specification.');
INSERT INTO karmaaction (id, category, points, name, title, summary) VALUES (34, 6, 2, 'specurlchanged', 'Specification URL Updated', 'The user edited the URL of a specification.');
INSERT INTO karmaaction (id, category, points, name, title, summary) VALUES (35, 7, 0, 'questioncommentadded', 'Comment made on a question', 'User made a comment on a ticket in Launchpad.');
INSERT INTO karmaaction (id, category, points, name, title, summary) VALUES (36, 7, 1, 'questiontitlechanged', 'Question title changed', 'User changed the title of a question in the Answer Tracker');
INSERT INTO karmaaction (id, category, points, name, title, summary) VALUES (37, 7, 3, 'questiondescriptionchanged', 'Question description changed', 'User changed the description of a question in the Answer Tracker');
INSERT INTO karmaaction (id, category, points, name, title, summary) VALUES (38, 7, 5, 'questionlinkedtobug', 'Question linked to a bug', 'User linked a question in the Answer Tracker to a bug.');
INSERT INTO karmaaction (id, category, points, name, title, summary) VALUES (39, 7, 5, 'questionansweraccepted', 'Question owner accepted answer', 'User accepted one of the message as the actual answer to his question.');
INSERT INTO karmaaction (id, category, points, name, title, summary) VALUES (40, 7, 15, 'questionanswered', 'Answered question', 'User posed a message that was accepted by the question owner as answering the question.');
INSERT INTO karmaaction (id, category, points, name, title, summary) VALUES (41, 7, 0, 'questionrequestedinfo', 'Requested for information on a question', 'User post a message requesting for more information from a question owner in the Answer Tracker.');
INSERT INTO karmaaction (id, category, points, name, title, summary) VALUES (42, 7, 0, 'questiongaveinfo', 'Gave more information on a question', 'User replied to a message asking for more information on a question in the Answer Tracker.');
INSERT INTO karmaaction (id, category, points, name, title, summary) VALUES (43, 7, 0, 'questiongaveanswer', 'Gave answer on a question', 'User post a message containing an answer to a question in the Answer Tracker. This is distinct from having that message confirmed as solving the problem.');
INSERT INTO karmaaction (id, category, points, name, title, summary) VALUES (44, 7, 0, 'questionrejected', 'Rejected question', 'User rejected a question in the Answer Tracker.');
INSERT INTO karmaaction (id, category, points, name, title, summary) VALUES (45, 7, 3, 'questionownersolved', 'Solved own question', 'User post a message explaining how he solved his own problem.');
INSERT INTO karmaaction (id, category, points, name, title, summary) VALUES (46, 7, 0, 'questionreopened', 'Reopened question', 'User posed a message to reopen his question in the Answer Tracker.');
INSERT INTO karmaaction (id, category, points, name, title, summary) VALUES (47, 7, 1, 'questionasked', 'Asked question', 'User asked a question in the Answer Tracker.');
INSERT INTO karmaaction (id, category, points, name, title, summary) VALUES (48, 7, 5, 'faqcreated', 'FAQ created', 'User create a new FAQ in Launchpad.');
INSERT INTO karmaaction (id, category, points, name, title, summary) VALUES (49, 7, 1, 'faqedited', 'FAQ edited', 'User updated the details of a FAQ in Launchpad.');
INSERT INTO karmaaction (id, category, points, name, title, summary) VALUES (50, 8, 1, 'branchcreated', 'New branch registered', 'User registered a new branch.');
INSERT INTO karmaaction (id, category, points, name, title, summary) VALUES (51, 8, 5, 'bugbranchcreated', 'Branch linked to a bug', 'User linked a branch to a bug.');
INSERT INTO karmaaction (id, category, points, name, title, summary) VALUES (52, 8, 5, 'specbranchcreated', 'Branch linked to a blueprint', 'User linked a branch to a blueprint.');
INSERT INTO karmaaction (id, category, points, name, title, summary) VALUES (53, 8, 1, 'revisionadded', 'Revision added', 'A new revision by the user is available through Launchpad.');
INSERT INTO karmaaction (id, category, points, name, title, summary) VALUES (54, 8, 1, 'branchmergeproposed', 'Branch merge proposed', 'User proposed a branch for merging.');
INSERT INTO karmaaction (id, category, points, name, title, summary) VALUES (55, 8, 15, 'branchmergeapproved', 'Branch merge approved', 'User approved a branch for merging.');
INSERT INTO karmaaction (id, category, points, name, title, summary) VALUES (56, 8, 0, 'branchmergeapprovedown', 'Branch merge approved', 'User approved their own branch for merging.');
INSERT INTO karmaaction (id, category, points, name, title, summary) VALUES (57, 8, 15, 'branchmergerejected', 'Branch merge rejected', 'User rejected a proposed branch merge.');
INSERT INTO karmaaction (id, category, points, name, title, summary) VALUES (58, 8, 0, 'branchmergerejectedown', 'Branch merge rejected', 'User rejected their own proposed branch merge.');
INSERT INTO karmaaction (id, category, points, name, title, summary) VALUES (59, 8, 0, 'codereviewcomment', 'Commented on a review', 'User commented on a code review.');
INSERT INTO karmaaction (id, category, points, name, title, summary) VALUES (60, 8, 10, 'codereviewreviewercomment', 'Reviewer commented on a review', 'Reviewer commented on a code review.');
INSERT INTO karmaaction (id, category, points, name, title, summary) VALUES (61, 9, 10, 'distributionuploadaccepted', 'Distribution package upload accepted', 'A user uploaded a package to a distribution.');
INSERT INTO karmaaction (id, category, points, name, title, summary) VALUES (62, 9, 5, 'sponsoruploadaccepted', 'Sponsored package upload accepted', 'A package sponsor uploaded a package to a distribution.');
INSERT INTO karmaaction (id, category, points, name, title, summary) VALUES (63, 9, 1, 'ppauploadaccepted', 'PPA package upload accepted', 'A user uploaded a package to a PPA.');


ALTER TABLE karmaaction ENABLE TRIGGER ALL;


ALTER TABLE karma DISABLE TRIGGER ALL;

INSERT INTO karma (id, datecreated, person, action, product, distribution, sourcepackagename) VALUES (2, '2001-07-05 05:24:07.414864', 12, 2, NULL, 1, 9);
INSERT INTO karma (id, datecreated, person, action, product, distribution, sourcepackagename) VALUES (3, '2001-07-05 05:24:07.415443', 12, 3, NULL, 1, 14);
INSERT INTO karma (id, datecreated, person, action, product, distribution, sourcepackagename) VALUES (4, '2001-07-05 05:24:07.415915', 12, 4, 4, NULL, NULL);
INSERT INTO karma (id, datecreated, person, action, product, distribution, sourcepackagename) VALUES (5, '2001-07-05 05:24:07.416384', 12, 5, 4, NULL, NULL);
INSERT INTO karma (id, datecreated, person, action, product, distribution, sourcepackagename) VALUES (6, '2001-07-05 05:24:07.416837', 12, 6, 4, NULL, NULL);
INSERT INTO karma (id, datecreated, person, action, product, distribution, sourcepackagename) VALUES (7, '2001-07-05 05:24:07.41729', 12, 7, 4, NULL, NULL);
INSERT INTO karma (id, datecreated, person, action, product, distribution, sourcepackagename) VALUES (8, '2001-07-05 05:24:07.417756', 12, 8, 4, NULL, NULL);
INSERT INTO karma (id, datecreated, person, action, product, distribution, sourcepackagename) VALUES (9, '2001-07-05 05:24:07.418209', 12, 9, 4, NULL, NULL);
INSERT INTO karma (id, datecreated, person, action, product, distribution, sourcepackagename) VALUES (10, '2001-07-13 14:43:02.452716', 12, 9, NULL, 1, NULL);
INSERT INTO karma (id, datecreated, person, action, product, distribution, sourcepackagename) VALUES (11, '2001-08-03 12:04:50.669962', 16, 9, NULL, 1, 19);
INSERT INTO karma (id, datecreated, person, action, product, distribution, sourcepackagename) VALUES (12, '2001-08-04 01:15:48.241836', 16, 9, 5, NULL, NULL);
INSERT INTO karma (id, datecreated, person, action, product, distribution, sourcepackagename) VALUES (13, '2001-08-10 16:30:32.295049', 12, 9, 4, NULL, NULL);
INSERT INTO karma (id, datecreated, person, action, product, distribution, sourcepackagename) VALUES (14, '2001-08-10 16:30:47.448639', 12, 9, 4, NULL, NULL);
INSERT INTO karma (id, datecreated, person, action, product, distribution, sourcepackagename) VALUES (15, '2001-10-14 15:12:29.602117', 16, 1, NULL, 1, 1);
INSERT INTO karma (id, datecreated, person, action, product, distribution, sourcepackagename) VALUES (16, '2001-10-14 15:12:29.602117', 16, 1, 8, NULL, NULL);
INSERT INTO karma (id, datecreated, person, action, product, distribution, sourcepackagename) VALUES (17, '2001-10-28 09:10:17.13237', 12, 1, 12, NULL, NULL);
INSERT INTO karma (id, datecreated, person, action, product, distribution, sourcepackagename) VALUES (18, '2001-10-28 09:10:47.344393', 16, 17, 4, NULL, NULL);
INSERT INTO karma (id, datecreated, person, action, product, distribution, sourcepackagename) VALUES (19, '2001-10-28 09:11:07.93721', 16, 8, 13, NULL, NULL);
INSERT INTO karma (id, datecreated, person, action, product, distribution, sourcepackagename) VALUES (20, '2001-11-02 15:14:22.177596', 12, 22, 9, NULL, NULL);
INSERT INTO karma (id, datecreated, person, action, product, distribution, sourcepackagename) VALUES (21, '2001-11-02 15:14:22.177596', 12, 22, 6, NULL, NULL);
INSERT INTO karma (id, datecreated, person, action, product, distribution, sourcepackagename) VALUES (22, '2001-02-23 16:42:14.080227', 16, 1, 4, NULL, NULL);
INSERT INTO karma (id, datecreated, person, action, product, distribution, sourcepackagename) VALUES (23, '2001-02-23 16:42:40.288553', 12, 17, NULL, 1, NULL);
INSERT INTO karma (id, datecreated, person, action, product, distribution, sourcepackagename) VALUES (24, '2001-02-23 16:43:25.744534', 12, 21, NULL, 1, 22);
INSERT INTO karma (id, datecreated, person, action, product, distribution, sourcepackagename) VALUES (25, '2001-02-23 16:43:25.744534', 12, 9, NULL, 1, NULL);
INSERT INTO karma (id, datecreated, person, action, product, distribution, sourcepackagename) VALUES (26, '2001-02-22 19:42:21.890299', 16, 1, NULL, 1, 17);
INSERT INTO karma (id, datecreated, person, action, product, distribution, sourcepackagename) VALUES (27, '2001-03-06 10:11:02.729077', 16, 9, 14, NULL, NULL);
INSERT INTO karma (id, datecreated, person, action, product, distribution, sourcepackagename) VALUES (28, '2001-11-02 00:00:00', 1, 22, 5, NULL, NULL);
INSERT INTO karma (id, datecreated, person, action, product, distribution, sourcepackagename) VALUES (29, '2001-04-02 00:00:00', 1, 22, NULL, 1, NULL);
INSERT INTO karma (id, datecreated, person, action, product, distribution, sourcepackagename) VALUES (30, '2001-08-02 00:00:00', 1, 22, NULL, 1, NULL);
INSERT INTO karma (id, datecreated, person, action, product, distribution, sourcepackagename) VALUES (31, '2001-01-02 00:00:00', 1, 22, 13, NULL, NULL);
INSERT INTO karma (id, datecreated, person, action, product, distribution, sourcepackagename) VALUES (32, '2001-06-02 00:00:00', 1, 22, 11, NULL, NULL);
INSERT INTO karma (id, datecreated, person, action, product, distribution, sourcepackagename) VALUES (33, '2001-09-02 00:00:00', 1, 22, 15, NULL, NULL);
INSERT INTO karma (id, datecreated, person, action, product, distribution, sourcepackagename) VALUES (34, '2001-01-02 00:00:00', 1, 22, 4, NULL, NULL);
INSERT INTO karma (id, datecreated, person, action, product, distribution, sourcepackagename) VALUES (35, '2001-10-02 00:00:00', 1, 22, 4, NULL, NULL);
INSERT INTO karma (id, datecreated, person, action, product, distribution, sourcepackagename) VALUES (36, '2001-04-02 00:00:00', 1, 23, 15, NULL, NULL);
INSERT INTO karma (id, datecreated, person, action, product, distribution, sourcepackagename) VALUES (37, '2001-05-02 00:00:00', 1, 23, 4, NULL, NULL);
INSERT INTO karma (id, datecreated, person, action, product, distribution, sourcepackagename) VALUES (38, '2001-07-02 00:00:00', 1, 23, NULL, 1, NULL);
INSERT INTO karma (id, datecreated, person, action, product, distribution, sourcepackagename) VALUES (39, '2001-06-02 00:00:00', 1, 23, NULL, 1, NULL);
INSERT INTO karma (id, datecreated, person, action, product, distribution, sourcepackagename) VALUES (40, '2001-08-02 00:00:00', 1, 22, NULL, 1, NULL);
INSERT INTO karma (id, datecreated, person, action, product, distribution, sourcepackagename) VALUES (41, '2001-09-02 00:00:00', 1, 22, 12, NULL, NULL);
INSERT INTO karma (id, datecreated, person, action, product, distribution, sourcepackagename) VALUES (42, '2001-03-02 00:00:00', 1, 22, 4, NULL, NULL);
INSERT INTO karma (id, datecreated, person, action, product, distribution, sourcepackagename) VALUES (43, '2001-04-02 00:00:00', 1, 22, 4, NULL, NULL);
INSERT INTO karma (id, datecreated, person, action, product, distribution, sourcepackagename) VALUES (44, '2001-12-13 21:19:05.833412', 16, 10, 5, NULL, NULL);
INSERT INTO karma (id, datecreated, person, action, product, distribution, sourcepackagename) VALUES (45, '2001-12-13 21:19:06.369142', 16, 11, 5, NULL, NULL);
INSERT INTO karma (id, datecreated, person, action, product, distribution, sourcepackagename) VALUES (46, '2001-12-22 11:47:14.827772', 13, 14, 5, NULL, NULL);
INSERT INTO karma (id, datecreated, person, action, product, distribution, sourcepackagename) VALUES (47, '2001-12-23 16:23:11.856461', 13, 14, 5, NULL, NULL);
INSERT INTO karma (id, datecreated, person, action, product, distribution, sourcepackagename) VALUES (48, '2000-03-13 20:33:56.67893', 16, 1, 20, NULL, NULL);
INSERT INTO karma (id, datecreated, person, action, product, distribution, sourcepackagename) VALUES (49, '2000-03-13 20:34:26.518114', 16, 2, 20, NULL, NULL);
INSERT INTO karma (id, datecreated, person, action, product, distribution, sourcepackagename) VALUES (50, '2000-03-13 20:35:10.133383', 16, 2, 20, NULL, NULL);
INSERT INTO karma (id, datecreated, person, action, product, distribution, sourcepackagename) VALUES (51, '2000-03-13 20:36:01.779544', 16, 2, 20, NULL, NULL);
INSERT INTO karma (id, datecreated, person, action, product, distribution, sourcepackagename) VALUES (52, '2000-03-13 20:36:57.133832', 16, 2, 20, NULL, NULL);
INSERT INTO karma (id, datecreated, person, action, product, distribution, sourcepackagename) VALUES (53, '2000-03-13 20:37:27.991571', 16, 2, 20, NULL, NULL);
INSERT INTO karma (id, datecreated, person, action, product, distribution, sourcepackagename) VALUES (54, '2000-03-13 20:37:51.544376', 16, 2, 20, NULL, NULL);
INSERT INTO karma (id, datecreated, person, action, product, distribution, sourcepackagename) VALUES (55, '2000-03-13 20:41:18.635493', 16, 1, 20, NULL, NULL);
INSERT INTO karma (id, datecreated, person, action, product, distribution, sourcepackagename) VALUES (56, '2000-03-13 20:41:42.154264', 16, 17, 20, NULL, NULL);
INSERT INTO karma (id, datecreated, person, action, product, distribution, sourcepackagename) VALUES (57, '2000-03-13 20:41:42.154264', 16, 18, 20, NULL, NULL);
INSERT INTO karma (id, datecreated, person, action, product, distribution, sourcepackagename) VALUES (58, '2000-03-13 20:43:14.981111', 16, 2, 20, NULL, NULL);
INSERT INTO karma (id, datecreated, person, action, product, distribution, sourcepackagename) VALUES (59, '2000-03-13 20:45:15.852052', 16, 2, 20, NULL, NULL);
INSERT INTO karma (id, datecreated, person, action, product, distribution, sourcepackagename) VALUES (60, '2000-03-13 20:45:51.817826', 16, 2, 20, NULL, NULL);
INSERT INTO karma (id, datecreated, person, action, product, distribution, sourcepackagename) VALUES (61, '2000-03-13 20:46:49.83307', 16, 2, 20, NULL, NULL);
INSERT INTO karma (id, datecreated, person, action, product, distribution, sourcepackagename) VALUES (62, '2001-07-03 21:30:51.583356', 12, 47, NULL, 1, NULL);
INSERT INTO karma (id, datecreated, person, action, product, distribution, sourcepackagename) VALUES (63, '2001-08-09 11:39:16.836856', 63, 1, 20, NULL, NULL);


ALTER TABLE karma ENABLE TRIGGER ALL;


ALTER TABLE karmacache DISABLE TRIGGER ALL;

INSERT INTO karmacache (id, person, category, karmavalue, product, distribution, sourcepackagename, project) VALUES (1423, 12, 6, 22, 6, NULL, NULL, NULL);
INSERT INTO karmacache (id, person, category, karmavalue, product, distribution, sourcepackagename, project) VALUES (1424, 12, 2, 15, 12, NULL, NULL, NULL);
INSERT INTO karmacache (id, person, category, karmavalue, product, distribution, sourcepackagename, project) VALUES (1425, 13, 3, 9, 5, NULL, NULL, NULL);
INSERT INTO karmacache (id, person, category, karmavalue, product, distribution, sourcepackagename, project) VALUES (1426, 12, 6, 22, 9, NULL, NULL, NULL);
INSERT INTO karmacache (id, person, category, karmavalue, product, distribution, sourcepackagename, project) VALUES (1427, 12, 2, 13, NULL, 1, NULL, NULL);
INSERT INTO karmacache (id, person, category, karmavalue, product, distribution, sourcepackagename, project) VALUES (1428, 12, 2, 66, 4, NULL, NULL, NULL);
INSERT INTO karmacache (id, person, category, karmavalue, product, distribution, sourcepackagename, project) VALUES (1429, 1, 6, 22, 5, NULL, NULL, NULL);
INSERT INTO karmacache (id, person, category, karmavalue, product, distribution, sourcepackagename, project) VALUES (1430, 16, 2, 15, 8, NULL, NULL, NULL);
INSERT INTO karmacache (id, person, category, karmavalue, product, distribution, sourcepackagename, project) VALUES (1431, 1, 6, 27, 4, NULL, NULL, NULL);
INSERT INTO karmacache (id, person, category, karmavalue, product, distribution, sourcepackagename, project) VALUES (1432, 16, 2, 2, 14, NULL, NULL, NULL);
INSERT INTO karmacache (id, person, category, karmavalue, product, distribution, sourcepackagename, project) VALUES (1433, 16, 2, 15, 13, NULL, NULL, NULL);
INSERT INTO karmacache (id, person, category, karmavalue, product, distribution, sourcepackagename, project) VALUES (1434, 1, 6, 37, NULL, 1, NULL, NULL);
INSERT INTO karmacache (id, person, category, karmavalue, product, distribution, sourcepackagename, project) VALUES (1435, 1, 6, 18, 15, NULL, NULL, NULL);
INSERT INTO karmacache (id, person, category, karmavalue, product, distribution, sourcepackagename, project) VALUES (1437, 16, 2, 26, NULL, 1, NULL, NULL);
INSERT INTO karmacache (id, person, category, karmavalue, product, distribution, sourcepackagename, project) VALUES (1438, 1, 6, 17, 12, NULL, NULL, NULL);
INSERT INTO karmacache (id, person, category, karmavalue, product, distribution, sourcepackagename, project) VALUES (1439, 1, 6, 9, 11, NULL, NULL, NULL);
INSERT INTO karmacache (id, person, category, karmavalue, product, distribution, sourcepackagename, project) VALUES (1440, 16, 3, 164, 5, NULL, NULL, NULL);
INSERT INTO karmacache (id, person, category, karmavalue, product, distribution, sourcepackagename, project) VALUES (1441, 16, 2, 11, 5, NULL, NULL, NULL);
INSERT INTO karmacache (id, person, category, karmavalue, product, distribution, sourcepackagename, project) VALUES (1442, 16, 2, 8, 4, NULL, NULL, NULL);
INSERT INTO karmacache (id, person, category, karmavalue, product, distribution, sourcepackagename, project) VALUES (1443, 1, 6, 130, NULL, NULL, NULL, NULL);
INSERT INTO karmacache (id, person, category, karmavalue, product, distribution, sourcepackagename, project) VALUES (1444, 12, 2, 94, NULL, NULL, NULL, NULL);
INSERT INTO karmacache (id, person, category, karmavalue, product, distribution, sourcepackagename, project) VALUES (1445, 12, 6, 44, NULL, NULL, NULL, NULL);
INSERT INTO karmacache (id, person, category, karmavalue, product, distribution, sourcepackagename, project) VALUES (1446, 13, 3, 9, NULL, NULL, NULL, NULL);
INSERT INTO karmacache (id, person, category, karmavalue, product, distribution, sourcepackagename, project) VALUES (1447, 16, 2, 77, NULL, NULL, NULL, NULL);
INSERT INTO karmacache (id, person, category, karmavalue, product, distribution, sourcepackagename, project) VALUES (1448, 16, 3, 164, NULL, NULL, NULL, NULL);
INSERT INTO karmacache (id, person, category, karmavalue, product, distribution, sourcepackagename, project) VALUES (1449, 12, NULL, 22, 9, NULL, NULL, NULL);
INSERT INTO karmacache (id, person, category, karmavalue, product, distribution, sourcepackagename, project) VALUES (1450, 12, NULL, 15, 12, NULL, NULL, NULL);
INSERT INTO karmacache (id, person, category, karmavalue, product, distribution, sourcepackagename, project) VALUES (1451, 16, NULL, 8, 4, NULL, NULL, NULL);
INSERT INTO karmacache (id, person, category, karmavalue, product, distribution, sourcepackagename, project) VALUES (1452, 16, NULL, 175, 5, NULL, NULL, NULL);
INSERT INTO karmacache (id, person, category, karmavalue, product, distribution, sourcepackagename, project) VALUES (1453, 1, NULL, 27, 4, NULL, NULL, NULL);
INSERT INTO karmacache (id, person, category, karmavalue, product, distribution, sourcepackagename, project) VALUES (1454, 1, NULL, 22, 5, NULL, NULL, NULL);
INSERT INTO karmacache (id, person, category, karmavalue, product, distribution, sourcepackagename, project) VALUES (1455, 16, NULL, 15, 8, NULL, NULL, NULL);
INSERT INTO karmacache (id, person, category, karmavalue, product, distribution, sourcepackagename, project) VALUES (1456, 1, NULL, 9, 11, NULL, NULL, NULL);
INSERT INTO karmacache (id, person, category, karmavalue, product, distribution, sourcepackagename, project) VALUES (1457, 12, NULL, 66, 4, NULL, NULL, NULL);
INSERT INTO karmacache (id, person, category, karmavalue, product, distribution, sourcepackagename, project) VALUES (1458, 16, NULL, 15, 13, NULL, NULL, NULL);
INSERT INTO karmacache (id, person, category, karmavalue, product, distribution, sourcepackagename, project) VALUES (1459, 1, NULL, 18, 15, NULL, NULL, NULL);
INSERT INTO karmacache (id, person, category, karmavalue, product, distribution, sourcepackagename, project) VALUES (1460, 12, NULL, 22, 6, NULL, NULL, NULL);
INSERT INTO karmacache (id, person, category, karmavalue, product, distribution, sourcepackagename, project) VALUES (1461, 16, NULL, 2, 14, NULL, NULL, NULL);
INSERT INTO karmacache (id, person, category, karmavalue, product, distribution, sourcepackagename, project) VALUES (1462, 1, NULL, 17, 12, NULL, NULL, NULL);
INSERT INTO karmacache (id, person, category, karmavalue, product, distribution, sourcepackagename, project) VALUES (1463, 13, NULL, 9, 5, NULL, NULL, NULL);
INSERT INTO karmacache (id, person, category, karmavalue, product, distribution, sourcepackagename, project) VALUES (1464, 12, NULL, 13, NULL, 1, NULL, NULL);
INSERT INTO karmacache (id, person, category, karmavalue, product, distribution, sourcepackagename, project) VALUES (1465, 16, NULL, 26, NULL, 1, NULL, NULL);
INSERT INTO karmacache (id, person, category, karmavalue, product, distribution, sourcepackagename, project) VALUES (1466, 1, NULL, 37, NULL, 1, NULL, NULL);
INSERT INTO karmacache (id, person, category, karmavalue, product, distribution, sourcepackagename, project) VALUES (1467, 16, NULL, 23, NULL, NULL, NULL, 4);
INSERT INTO karmacache (id, person, category, karmavalue, product, distribution, sourcepackagename, project) VALUES (1468, 12, NULL, 66, NULL, NULL, NULL, 4);
INSERT INTO karmacache (id, person, category, karmavalue, product, distribution, sourcepackagename, project) VALUES (1469, 16, NULL, 190, NULL, NULL, NULL, 5);
INSERT INTO karmacache (id, person, category, karmavalue, product, distribution, sourcepackagename, project) VALUES (1470, 12, NULL, 44, NULL, NULL, NULL, 5);
INSERT INTO karmacache (id, person, category, karmavalue, product, distribution, sourcepackagename, project) VALUES (1471, 1, NULL, 27, NULL, NULL, NULL, 4);
INSERT INTO karmacache (id, person, category, karmavalue, product, distribution, sourcepackagename, project) VALUES (1472, 13, NULL, 9, NULL, NULL, NULL, 5);
INSERT INTO karmacache (id, person, category, karmavalue, product, distribution, sourcepackagename, project) VALUES (1473, 1, NULL, 31, NULL, NULL, NULL, 5);
INSERT INTO karmacache (id, person, category, karmavalue, product, distribution, sourcepackagename, project) VALUES (1474, 1, 6, 31, NULL, NULL, NULL, 5);
INSERT INTO karmacache (id, person, category, karmavalue, product, distribution, sourcepackagename, project) VALUES (1475, 1, 6, 27, NULL, NULL, NULL, 4);
INSERT INTO karmacache (id, person, category, karmavalue, product, distribution, sourcepackagename, project) VALUES (1476, 16, 3, 164, NULL, NULL, NULL, 5);
INSERT INTO karmacache (id, person, category, karmavalue, product, distribution, sourcepackagename, project) VALUES (1477, 16, 2, 26, NULL, NULL, NULL, 5);
INSERT INTO karmacache (id, person, category, karmavalue, product, distribution, sourcepackagename, project) VALUES (1478, 12, 6, 44, NULL, NULL, NULL, 5);
INSERT INTO karmacache (id, person, category, karmavalue, product, distribution, sourcepackagename, project) VALUES (1479, 16, 2, 23, NULL, NULL, NULL, 4);
INSERT INTO karmacache (id, person, category, karmavalue, product, distribution, sourcepackagename, project) VALUES (1480, 12, 2, 66, NULL, NULL, NULL, 4);
INSERT INTO karmacache (id, person, category, karmavalue, product, distribution, sourcepackagename, project) VALUES (1481, 13, 3, 9, NULL, NULL, NULL, 5);


ALTER TABLE karmacache ENABLE TRIGGER ALL;


ALTER TABLE karmatotalcache DISABLE TRIGGER ALL;

INSERT INTO karmatotalcache (id, person, karma_total) VALUES (78, 12, 138);
INSERT INTO karmatotalcache (id, person, karma_total) VALUES (79, 13, 9);
INSERT INTO karmatotalcache (id, person, karma_total) VALUES (80, 16, 241);
INSERT INTO karmatotalcache (id, person, karma_total) VALUES (81, 1, 130);


ALTER TABLE karmatotalcache ENABLE TRIGGER ALL;


ALTER TABLE languagepack DISABLE TRIGGER ALL;

INSERT INTO languagepack (id, file, date_exported, date_last_used, distroseries, type, updates) VALUES (1, 71, '2007-09-10 19:14:26.037382', '2007-09-10 19:14:26.037382', 3, 1, NULL);
INSERT INTO languagepack (id, file, date_exported, date_last_used, distroseries, type, updates) VALUES (2, 72, '2007-09-10 19:15:01.67038', '2007-09-10 19:15:01.67038', 3, 2, 1);
INSERT INTO languagepack (id, file, date_exported, date_last_used, distroseries, type, updates) VALUES (3, 73, '2007-09-10 19:15:19.947543', '2007-09-10 19:15:19.947543', 3, 2, 1);
INSERT INTO languagepack (id, file, date_exported, date_last_used, distroseries, type, updates) VALUES (4, 74, '2007-09-10 19:16:01.017943', '2007-09-10 19:16:01.017943', 3, 1, NULL);


ALTER TABLE languagepack ENABLE TRIGGER ALL;


ALTER TABLE launchpaddatabaserevision DISABLE TRIGGER ALL;



ALTER TABLE launchpaddatabaserevision ENABLE TRIGGER ALL;


ALTER TABLE launchpadstatistic DISABLE TRIGGER ALL;

INSERT INTO launchpadstatistic (id, name, value, dateupdated) VALUES (1, 'potemplate_count', 10, '2007-03-18 17:27:46.221219');
INSERT INTO launchpadstatistic (id, name, value, dateupdated) VALUES (2, 'pofile_count', 29, '2007-03-18 17:27:46.247125');
INSERT INTO launchpadstatistic (id, name, value, dateupdated) VALUES (3, 'pomsgid_count', 155, '2007-03-18 17:27:46.270903');
INSERT INTO launchpadstatistic (id, name, value, dateupdated) VALUES (4, 'translator_count', 27, '2007-03-18 17:27:46.309668');
INSERT INTO launchpadstatistic (id, name, value, dateupdated) VALUES (5, 'language_count', 18, '2007-03-18 17:27:46.292439');
INSERT INTO launchpadstatistic (id, name, value, dateupdated) VALUES (6, 'products_using_rosetta', 2, '2007-03-18 17:27:46.221219');
INSERT INTO launchpadstatistic (id, name, value, dateupdated) VALUES (7, 'rosetta_translator_count', 7, '2007-03-18 17:27:46.321317');
INSERT INTO launchpadstatistic (id, name, value, dateupdated) VALUES (8, 'products_with_potemplates', 3, '2007-03-18 17:27:46.330362');
INSERT INTO launchpadstatistic (id, name, value, dateupdated) VALUES (9, 'bug_count', 12, '2007-03-18 17:27:46.341312');
INSERT INTO launchpadstatistic (id, name, value, dateupdated) VALUES (10, 'bugtask_count', 24, '2007-03-18 17:27:46.351299');
INSERT INTO launchpadstatistic (id, name, value, dateupdated) VALUES (11, 'products_using_malone', 5, '2007-03-18 17:27:46.361282');
INSERT INTO launchpadstatistic (id, name, value, dateupdated) VALUES (12, 'projects_with_bugs', 7, '2007-03-18 17:27:46.370903');
INSERT INTO launchpadstatistic (id, name, value, dateupdated) VALUES (13, 'people_count', 48, '2007-01-15 17:58:42.118694');
INSERT INTO launchpadstatistic (id, name, value, dateupdated) VALUES (14, 'teams_count', 17, '2007-01-15 17:58:42.131757');
INSERT INTO launchpadstatistic (id, name, value, dateupdated) VALUES (15, 'shared_bug_count', 4, '2007-03-18 17:27:46.381918');
INSERT INTO launchpadstatistic (id, name, value, dateupdated) VALUES (16, 'question_count', 13, '2007-03-18 17:27:46.393469');
INSERT INTO launchpadstatistic (id, name, value, dateupdated) VALUES (17, 'answered_question_count', 3, '2007-03-18 17:27:46.40443');
INSERT INTO launchpadstatistic (id, name, value, dateupdated) VALUES (18, 'solved_question_count', 1, '2007-03-18 17:27:46.413242');
INSERT INTO launchpadstatistic (id, name, value, dateupdated) VALUES (19, 'projects_with_questions_count', 2, '2007-03-18 17:27:46.421899');
INSERT INTO launchpadstatistic (id, name, value, dateupdated) VALUES (20, 'active_products', 20, '2007-04-29 23:45:04.416248');
INSERT INTO launchpadstatistic (id, name, value, dateupdated) VALUES (21, 'products_with_translations', 3, '2007-04-29 23:45:04.416248');
INSERT INTO launchpadstatistic (id, name, value, dateupdated) VALUES (22, 'products_with_blueprints', 1, '2007-04-29 23:45:04.416248');
INSERT INTO launchpadstatistic (id, name, value, dateupdated) VALUES (23, 'products_with_branches', 5, '2007-04-29 23:45:04.416248');
INSERT INTO launchpadstatistic (id, name, value, dateupdated) VALUES (24, 'products_with_bugs', 5, '2007-04-29 23:45:04.416248');
INSERT INTO launchpadstatistic (id, name, value, dateupdated) VALUES (25, 'products_with_questions', 1, '2007-04-29 23:45:04.416248');
INSERT INTO launchpadstatistic (id, name, value, dateupdated) VALUES (26, 'reviewed_products', 1, '2007-04-29 23:45:04.416248');


ALTER TABLE launchpadstatistic ENABLE TRIGGER ALL;


ALTER TABLE libraryfiledownloadcount DISABLE TRIGGER ALL;



ALTER TABLE libraryfiledownloadcount ENABLE TRIGGER ALL;


ALTER TABLE logintoken DISABLE TRIGGER ALL;

INSERT INTO logintoken (id, requester, requesteremail, email, created, tokentype, token, fingerprint, redirection_url, date_consumed) VALUES (1, NULL, NULL, 'bac@canonical.com', '2008-06-27 14:48:38.308457', 3, 'mzsJ6LBvNKjFqP1Csfw7', NULL, 'http://launchpad.dev', '2008-06-27 14:49:11.149508');
INSERT INTO logintoken (id, requester, requesteremail, email, created, tokentype, token, fingerprint, redirection_url, date_consumed) VALUES (2, 16, 'foo.bar@canonical.com', 'admin@canonical.com', '2008-08-05 11:59:42.448213', 4, 'QjhD4dRT341fmk51pphn', NULL, NULL, '2008-08-05 12:01:32.086327');


ALTER TABLE logintoken ENABLE TRIGGER ALL;


ALTER TABLE lp_account DISABLE TRIGGER ALL;

INSERT INTO lp_account (id, openid_identifier) VALUES (11, 'mark_oid');
INSERT INTO lp_account (id, openid_identifier) VALUES (21, 'lifeless_oid');
INSERT INTO lp_account (id, openid_identifier) VALUES (31, 'justdave_oid');
INSERT INTO lp_account (id, openid_identifier) VALUES (41, 'kamion_oid');
INSERT INTO lp_account (id, openid_identifier) VALUES (51, 'keybuk_oid');
INSERT INTO lp_account (id, openid_identifier) VALUES (61, 'jdub_oid');
INSERT INTO lp_account (id, openid_identifier) VALUES (71, 'spiv_oid');
INSERT INTO lp_account (id, openid_identifier) VALUES (81, 'jblack_oid');
INSERT INTO lp_account (id, openid_identifier) VALUES (91, 'kiko_oid');
INSERT INTO lp_account (id, openid_identifier) VALUES (101, 'limi_oid');
INSERT INTO lp_account (id, openid_identifier) VALUES (111, 'stevea_oid');
INSERT INTO lp_account (id, openid_identifier) VALUES (121, 'name12_oid');
INSERT INTO lp_account (id, openid_identifier) VALUES (131, 'carlos_oid');
INSERT INTO lp_account (id, openid_identifier) VALUES (141, 'daf_oid');
INSERT INTO lp_account (id, openid_identifier) VALUES (161, 'name16_oid');
INSERT INTO lp_account (id, openid_identifier) VALUES (221, 'stub_oid');
INSERT INTO lp_account (id, openid_identifier) VALUES (231, 'ddaa_oid');
INSERT INTO lp_account (id, openid_identifier) VALUES (261, 'kinnison_oid');
INSERT INTO lp_account (id, openid_identifier) VALUES (271, 'debonzi_oid');
INSERT INTO lp_account (id, openid_identifier) VALUES (281, 'cprov_oid');
INSERT INTO lp_account (id, openid_identifier) VALUES (291, 'salgado_oid');
INSERT INTO lp_account (id, openid_identifier) VALUES (331, 'edgar_oid');
INSERT INTO lp_account (id, openid_identifier) VALUES (341, 'jvprat_oid');
INSERT INTO lp_account (id, openid_identifier) VALUES (351, 'sigurd-ubuntu_oid');
INSERT INTO lp_account (id, openid_identifier) VALUES (361, 'skacel_oid');
INSERT INTO lp_account (id, openid_identifier) VALUES (371, 'danner_oid');
INSERT INTO lp_account (id, openid_identifier) VALUES (381, 'martin-pitt_oid');
INSERT INTO lp_account (id, openid_identifier) VALUES (391, 'nsv_oid');
INSERT INTO lp_account (id, openid_identifier) VALUES (401, 'callipeo_oid');
INSERT INTO lp_account (id, openid_identifier) VALUES (411, 'jorge-gonzalez-gonzalez_oid');
INSERT INTO lp_account (id, openid_identifier) VALUES (421, 'barbier_oid');
INSERT INTO lp_account (id, openid_identifier) VALUES (431, 'andrelop_oid');
INSERT INTO lp_account (id, openid_identifier) VALUES (441, 'valyag_oid');
INSERT INTO lp_account (id, openid_identifier) VALUES (451, 'luk-claes_oid');
INSERT INTO lp_account (id, openid_identifier) VALUES (461, 'kurem_oid');
INSERT INTO lp_account (id, openid_identifier) VALUES (471, 'morten_oid');
INSERT INTO lp_account (id, openid_identifier) VALUES (481, 'mpo_oid');
INSERT INTO lp_account (id, openid_identifier) VALUES (491, 'kebil_oid');
INSERT INTO lp_account (id, openid_identifier) VALUES (501, 'tsukimi_oid');
INSERT INTO lp_account (id, openid_identifier) VALUES (511, 'kreutzm_oid');
INSERT INTO lp_account (id, openid_identifier) VALUES (521, 'no-priv_oid');
INSERT INTO lp_account (id, openid_identifier) VALUES (551, 'marilize_oid');
INSERT INTO lp_account (id, openid_identifier) VALUES (561, 'jordi_oid');
INSERT INTO lp_account (id, openid_identifier) VALUES (581, 'bug-importer_oid');
INSERT INTO lp_account (id, openid_identifier) VALUES (621, 'bug-watch-updater_oid');
INSERT INTO lp_account (id, openid_identifier) VALUES (631, 'karl_oid');
INSERT INTO lp_account (id, openid_identifier) VALUES (651, 'launchpad-janitor_oid');
INSERT INTO lp_account (id, openid_identifier) VALUES (661, 'matsubara_oid');
INSERT INTO lp_account (id, openid_identifier) VALUES (671, 'team-membership-janitor_oid');
INSERT INTO lp_account (id, openid_identifier) VALUES (681, 'launchpad-beta-owner_oid');
INSERT INTO lp_account (id, openid_identifier) VALUES (701, 'former-user_oid');
INSERT INTO lp_account (id, openid_identifier) VALUES (2436021, 'no-team-memberships_oid');
INSERT INTO lp_account (id, openid_identifier) VALUES (2436031, 'one-membership_oid');
INSERT INTO lp_account (id, openid_identifier) VALUES (2436061, 'neMCQNd');
INSERT INTO lp_account (id, openid_identifier) VALUES (2436081, 'WQPMHdf');
INSERT INTO lp_account (id, openid_identifier) VALUES (2436091, '6w7kmzC');
INSERT INTO lp_account (id, openid_identifier) VALUES (2436101, 'cCGE3LA');
INSERT INTO lp_account (id, openid_identifier) VALUES (2436111, 'MGWJnTL');
INSERT INTO lp_account (id, openid_identifier) VALUES (2436141, '6KHNEe3');
INSERT INTO lp_account (id, openid_identifier) VALUES (2436151, 'yEzBPbd');
INSERT INTO lp_account (id, openid_identifier) VALUES (2436161, 'R8FpwXd');
INSERT INTO lp_account (id, openid_identifier) VALUES (2436171, 'CALDpFr');
INSERT INTO lp_account (id, openid_identifier) VALUES (2436221, 'rPwGRk4');
INSERT INTO lp_account (id, openid_identifier) VALUES (2436231, 'mTmeENb');
INSERT INTO lp_account (id, openid_identifier) VALUES (2436241, 'cF4PNk3');
INSERT INTO lp_account (id, openid_identifier) VALUES (2436242, 'GMX7shE');
INSERT INTO lp_account (id, openid_identifier) VALUES (2436243, 'kYFxQYP');


ALTER TABLE lp_account ENABLE TRIGGER ALL;


ALTER TABLE lp_openididentifier DISABLE TRIGGER ALL;

INSERT INTO lp_openididentifier (identifier, account, date_created) VALUES ('6KHNEe3', 2436141, '2007-12-18 16:31:34.790641');
INSERT INTO lp_openididentifier (identifier, account, date_created) VALUES ('6w7kmzC', 2436091, '2007-12-07 13:43:20.393704');
INSERT INTO lp_openididentifier (identifier, account, date_created) VALUES ('CALDpFr', 2436171, '2008-03-06 09:55:27.289842');
INSERT INTO lp_openididentifier (identifier, account, date_created) VALUES ('GMX7shE', 2436242, '2009-03-17 07:26:14.024613');
INSERT INTO lp_openididentifier (identifier, account, date_created) VALUES ('MGWJnTL', 2436111, '2007-12-14 16:52:15.403833');
INSERT INTO lp_openididentifier (identifier, account, date_created) VALUES ('R8FpwXd', 2436161, '2007-12-18 16:31:34.790641');
INSERT INTO lp_openididentifier (identifier, account, date_created) VALUES ('WQPMHdf', 2436081, '2007-11-12 15:23:19.847132');
INSERT INTO lp_openididentifier (identifier, account, date_created) VALUES ('andrelop_oid', 431, '2005-06-06 08:59:51.561685');
INSERT INTO lp_openididentifier (identifier, account, date_created) VALUES ('barbier_oid', 421, '2005-06-06 08:59:51.560604');
INSERT INTO lp_openididentifier (identifier, account, date_created) VALUES ('bug-importer_oid', 581, '2005-12-06 09:48:58.287679');
INSERT INTO lp_openididentifier (identifier, account, date_created) VALUES ('bug-watch-updater_oid', 621, '2006-05-23 12:49:30.483464');
INSERT INTO lp_openididentifier (identifier, account, date_created) VALUES ('cCGE3LA', 2436101, '2007-12-14 16:52:15.403833');
INSERT INTO lp_openididentifier (identifier, account, date_created) VALUES ('cF4PNk3', 2436241, '2008-11-04 12:59:26.965843');
INSERT INTO lp_openididentifier (identifier, account, date_created) VALUES ('callipeo_oid', 401, '2005-06-06 08:59:51.558429');
INSERT INTO lp_openididentifier (identifier, account, date_created) VALUES ('carlos_oid', 131, '2005-06-06 08:59:51.615543');
INSERT INTO lp_openididentifier (identifier, account, date_created) VALUES ('cprov_oid', 281, '2005-06-06 08:59:51.59705');
INSERT INTO lp_openididentifier (identifier, account, date_created) VALUES ('daf_oid', 141, '2005-06-06 08:59:51.616666');
INSERT INTO lp_openididentifier (identifier, account, date_created) VALUES ('danner_oid', 371, '2005-06-06 08:59:51.549651');
INSERT INTO lp_openididentifier (identifier, account, date_created) VALUES ('ddaa_oid', 231, '2005-06-06 08:59:51.620823');
INSERT INTO lp_openididentifier (identifier, account, date_created) VALUES ('debonzi_oid', 271, '2005-06-06 08:59:51.557224');
INSERT INTO lp_openididentifier (identifier, account, date_created) VALUES ('edgar_oid', 331, '2005-06-06 08:59:51.621892');
INSERT INTO lp_openididentifier (identifier, account, date_created) VALUES ('former-user_oid', 701, '2006-12-13 21:19:06.369142');
INSERT INTO lp_openididentifier (identifier, account, date_created) VALUES ('jblack_oid', 81, '2005-06-06 08:59:51.601584');
INSERT INTO lp_openididentifier (identifier, account, date_created) VALUES ('jdub_oid', 61, '2005-06-06 08:59:51.600523');
INSERT INTO lp_openididentifier (identifier, account, date_created) VALUES ('jordi_oid', 561, '2005-10-07 14:17:51.593849');
INSERT INTO lp_openididentifier (identifier, account, date_created) VALUES ('jorge-gonzalez-gonzalez_oid', 411, '2005-06-06 08:59:51.559519');
INSERT INTO lp_openididentifier (identifier, account, date_created) VALUES ('justdave_oid', 31, '2005-06-06 08:59:51.610048');
INSERT INTO lp_openididentifier (identifier, account, date_created) VALUES ('jvprat_oid', 341, '2005-06-06 08:59:51.622908');
INSERT INTO lp_openididentifier (identifier, account, date_created) VALUES ('kYFxQYP', 2436243, '2009-08-04 10:50:39.383407');
INSERT INTO lp_openididentifier (identifier, account, date_created) VALUES ('kamion_oid', 41, '2005-06-06 08:59:51.611185');
INSERT INTO lp_openididentifier (identifier, account, date_created) VALUES ('karl_oid', 631, '2006-05-23 12:49:30.483464');
INSERT INTO lp_openididentifier (identifier, account, date_created) VALUES ('kebil_oid', 491, '2005-06-06 08:59:51.568323');
INSERT INTO lp_openididentifier (identifier, account, date_created) VALUES ('keybuk_oid', 51, '2005-06-06 08:59:51.608802');
INSERT INTO lp_openididentifier (identifier, account, date_created) VALUES ('kiko_oid', 91, '2005-06-06 08:59:51.594941');
INSERT INTO lp_openididentifier (identifier, account, date_created) VALUES ('kinnison_oid', 261, '2005-06-06 08:59:51.618722');
INSERT INTO lp_openididentifier (identifier, account, date_created) VALUES ('kreutzm_oid', 511, '2005-06-06 08:59:51.570701');
INSERT INTO lp_openididentifier (identifier, account, date_created) VALUES ('kurem_oid', 461, '2005-06-06 08:59:51.565033');
INSERT INTO lp_openididentifier (identifier, account, date_created) VALUES ('launchpad-beta-owner_oid', 681, '2007-01-31 06:56:25.096519');
INSERT INTO lp_openididentifier (identifier, account, date_created) VALUES ('launchpad-janitor_oid', 651, '2006-10-04 16:20:51.19954');
INSERT INTO lp_openididentifier (identifier, account, date_created) VALUES ('lifeless_oid', 21, '2005-06-06 08:59:51.598107');
INSERT INTO lp_openididentifier (identifier, account, date_created) VALUES ('limi_oid', 101, '2005-06-06 08:59:51.619713');
INSERT INTO lp_openididentifier (identifier, account, date_created) VALUES ('luk-claes_oid', 451, '2005-06-06 08:59:51.563952');
INSERT INTO lp_openididentifier (identifier, account, date_created) VALUES ('mTmeENb', 2436231, '2008-06-27 14:49:11.149508');
INSERT INTO lp_openididentifier (identifier, account, date_created) VALUES ('marilize_oid', 551, '2005-06-06 08:59:51.593849');
INSERT INTO lp_openididentifier (identifier, account, date_created) VALUES ('mark_oid', 11, '2005-06-06 08:59:51.591618');
INSERT INTO lp_openididentifier (identifier, account, date_created) VALUES ('martin-pitt_oid', 381, '2005-06-06 08:59:51.555051');
INSERT INTO lp_openididentifier (identifier, account, date_created) VALUES ('matsubara_oid', 661, '2006-12-13 21:19:06.369142');
INSERT INTO lp_openididentifier (identifier, account, date_created) VALUES ('morten_oid', 471, '2005-06-06 08:59:51.56614');
INSERT INTO lp_openididentifier (identifier, account, date_created) VALUES ('mpo_oid', 481, '2005-06-06 08:59:51.567224');
INSERT INTO lp_openididentifier (identifier, account, date_created) VALUES ('name12_oid', 121, '2005-06-06 08:59:51.612277');
INSERT INTO lp_openididentifier (identifier, account, date_created) VALUES ('name16_oid', 161, '2005-06-06 08:59:51.593849');
INSERT INTO lp_openididentifier (identifier, account, date_created) VALUES ('neMCQNd', 2436061, '2007-08-09 21:25:37.832976');
INSERT INTO lp_openididentifier (identifier, account, date_created) VALUES ('no-priv_oid', 521, '2005-06-06 08:59:51.593849');
INSERT INTO lp_openididentifier (identifier, account, date_created) VALUES ('no-team-memberships_oid', 2436021, '2007-02-19 11:17:57.755666');
INSERT INTO lp_openididentifier (identifier, account, date_created) VALUES ('nsv_oid', 391, '2005-06-06 08:59:51.556132');
INSERT INTO lp_openididentifier (identifier, account, date_created) VALUES ('one-membership_oid', 2436031, '2007-02-21 10:53:59.700105');
INSERT INTO lp_openididentifier (identifier, account, date_created) VALUES ('rPwGRk4', 2436221, '2008-05-12 17:38:38.798696');
INSERT INTO lp_openididentifier (identifier, account, date_created) VALUES ('salgado_oid', 291, '2005-06-06 08:59:51.596025');
INSERT INTO lp_openididentifier (identifier, account, date_created) VALUES ('sigurd-ubuntu_oid', 351, '2005-06-06 08:59:51.623962');
INSERT INTO lp_openididentifier (identifier, account, date_created) VALUES ('skacel_oid', 361, '2005-06-06 08:59:51.5244');
INSERT INTO lp_openididentifier (identifier, account, date_created) VALUES ('spiv_oid', 71, '2005-06-06 08:59:51.551196');
INSERT INTO lp_openididentifier (identifier, account, date_created) VALUES ('stevea_oid', 111, '2005-06-06 08:59:51.599234');
INSERT INTO lp_openididentifier (identifier, account, date_created) VALUES ('stub_oid', 221, '2005-06-06 08:59:51.59276');
INSERT INTO lp_openididentifier (identifier, account, date_created) VALUES ('team-membership-janitor_oid', 671, '2006-10-04 16:20:51.19954');
INSERT INTO lp_openididentifier (identifier, account, date_created) VALUES ('tsukimi_oid', 501, '2005-06-06 08:59:51.569518');
INSERT INTO lp_openididentifier (identifier, account, date_created) VALUES ('valyag_oid', 441, '2005-06-06 08:59:51.562857');
INSERT INTO lp_openididentifier (identifier, account, date_created) VALUES ('yEzBPbd', 2436151, '2007-12-18 16:31:34.790641');
INSERT INTO lp_openididentifier (identifier, account, date_created) VALUES ('zRtPxw8', 243637, '2010-07-12 09:48:27.198885');


ALTER TABLE lp_openididentifier ENABLE TRIGGER ALL;


ALTER TABLE lp_person DISABLE TRIGGER ALL;

INSERT INTO lp_person (id, displayname, teamowner, teamdescription, name, language, fti, defaultmembershipperiod, defaultrenewalperiod, subscriptionpolicy, merged, datecreated, addressline1, addressline2, organization, city, province, country, postcode, phone, homepage_content, icon, mugshot, hide_email_addresses, creation_rationale, creation_comment, registrant, logo, renewal_policy, personal_standing, personal_standing_reason, mail_resumption_date, mailing_list_auto_subscribe_policy, mailing_list_receive_duplicates, visibility, verbose_bugnotifications, account) VALUES (1, 'Mark Shuttleworth', NULL, NULL, 'mark', NULL, NULL, NULL, NULL, 1, NULL, '2005-06-06 08:59:51.591618', NULL, NULL, NULL, NULL, NULL, NULL, NULL, NULL, NULL, NULL, NULL, false, 8, NULL, NULL, NULL, 10, 0, NULL, NULL, 1, true, 1, false, 11);
INSERT INTO lp_person (id, displayname, teamowner, teamdescription, name, language, fti, defaultmembershipperiod, defaultrenewalperiod, subscriptionpolicy, merged, datecreated, addressline1, addressline2, organization, city, province, country, postcode, phone, homepage_content, icon, mugshot, hide_email_addresses, creation_rationale, creation_comment, registrant, logo, renewal_policy, personal_standing, personal_standing_reason, mail_resumption_date, mailing_list_auto_subscribe_policy, mailing_list_receive_duplicates, visibility, verbose_bugnotifications, account) VALUES (2, 'Robert Collins', NULL, NULL, 'lifeless', NULL, NULL, NULL, NULL, 1, NULL, '2005-06-06 08:59:51.598107', NULL, NULL, NULL, NULL, NULL, NULL, NULL, NULL, NULL, NULL, NULL, false, 8, NULL, NULL, NULL, 10, 0, NULL, NULL, 1, true, 1, false, 21);
INSERT INTO lp_person (id, displayname, teamowner, teamdescription, name, language, fti, defaultmembershipperiod, defaultrenewalperiod, subscriptionpolicy, merged, datecreated, addressline1, addressline2, organization, city, province, country, postcode, phone, homepage_content, icon, mugshot, hide_email_addresses, creation_rationale, creation_comment, registrant, logo, renewal_policy, personal_standing, personal_standing_reason, mail_resumption_date, mailing_list_auto_subscribe_policy, mailing_list_receive_duplicates, visibility, verbose_bugnotifications, account) VALUES (3, 'Dave Miller', NULL, NULL, 'justdave', NULL, NULL, NULL, NULL, 1, NULL, '2005-06-06 08:59:51.610048', NULL, NULL, NULL, NULL, NULL, NULL, NULL, NULL, NULL, NULL, NULL, false, 1, NULL, NULL, NULL, 10, 0, NULL, NULL, 1, true, 1, false, 31);
INSERT INTO lp_person (id, displayname, teamowner, teamdescription, name, language, fti, defaultmembershipperiod, defaultrenewalperiod, subscriptionpolicy, merged, datecreated, addressline1, addressline2, organization, city, province, country, postcode, phone, homepage_content, icon, mugshot, hide_email_addresses, creation_rationale, creation_comment, registrant, logo, renewal_policy, personal_standing, personal_standing_reason, mail_resumption_date, mailing_list_auto_subscribe_policy, mailing_list_receive_duplicates, visibility, verbose_bugnotifications, account) VALUES (4, 'Colin Watson', NULL, NULL, 'kamion', NULL, NULL, NULL, NULL, 1, NULL, '2005-06-06 08:59:51.611185', NULL, NULL, NULL, NULL, NULL, NULL, NULL, NULL, NULL, NULL, NULL, false, 8, NULL, NULL, NULL, 10, 0, NULL, NULL, 1, true, 1, false, 41);
INSERT INTO lp_person (id, displayname, teamowner, teamdescription, name, language, fti, defaultmembershipperiod, defaultrenewalperiod, subscriptionpolicy, merged, datecreated, addressline1, addressline2, organization, city, province, country, postcode, phone, homepage_content, icon, mugshot, hide_email_addresses, creation_rationale, creation_comment, registrant, logo, renewal_policy, personal_standing, personal_standing_reason, mail_resumption_date, mailing_list_auto_subscribe_policy, mailing_list_receive_duplicates, visibility, verbose_bugnotifications, account) VALUES (5, 'Scott James Remnant', NULL, NULL, 'keybuk', NULL, NULL, NULL, NULL, 1, NULL, '2005-06-06 08:59:51.608802', NULL, NULL, NULL, NULL, NULL, NULL, NULL, NULL, NULL, NULL, NULL, false, 1, NULL, NULL, NULL, 10, 0, NULL, NULL, 1, true, 1, false, 51);
INSERT INTO lp_person (id, displayname, teamowner, teamdescription, name, language, fti, defaultmembershipperiod, defaultrenewalperiod, subscriptionpolicy, merged, datecreated, addressline1, addressline2, organization, city, province, country, postcode, phone, homepage_content, icon, mugshot, hide_email_addresses, creation_rationale, creation_comment, registrant, logo, renewal_policy, personal_standing, personal_standing_reason, mail_resumption_date, mailing_list_auto_subscribe_policy, mailing_list_receive_duplicates, visibility, verbose_bugnotifications, account) VALUES (6, 'Jeff Waugh', NULL, NULL, 'jdub', NULL, NULL, NULL, NULL, 1, NULL, '2005-06-06 08:59:51.600523', NULL, NULL, NULL, NULL, NULL, NULL, NULL, NULL, NULL, NULL, NULL, false, 8, NULL, NULL, NULL, 10, 0, NULL, NULL, 1, true, 1, false, 61);
INSERT INTO lp_person (id, displayname, teamowner, teamdescription, name, language, fti, defaultmembershipperiod, defaultrenewalperiod, subscriptionpolicy, merged, datecreated, addressline1, addressline2, organization, city, province, country, postcode, phone, homepage_content, icon, mugshot, hide_email_addresses, creation_rationale, creation_comment, registrant, logo, renewal_policy, personal_standing, personal_standing_reason, mail_resumption_date, mailing_list_auto_subscribe_policy, mailing_list_receive_duplicates, visibility, verbose_bugnotifications, account) VALUES (7, 'Andrew Bennetts', NULL, NULL, 'spiv', NULL, NULL, NULL, NULL, 1, NULL, '2005-06-06 08:59:51.551196', NULL, NULL, NULL, NULL, NULL, NULL, NULL, NULL, NULL, NULL, NULL, false, 2, 'when importing bugs from http://bugzilla.ubuntu.com/', NULL, NULL, 10, 0, NULL, NULL, 1, true, 1, false, 71);
INSERT INTO lp_person (id, displayname, teamowner, teamdescription, name, language, fti, defaultmembershipperiod, defaultrenewalperiod, subscriptionpolicy, merged, datecreated, addressline1, addressline2, organization, city, province, country, postcode, phone, homepage_content, icon, mugshot, hide_email_addresses, creation_rationale, creation_comment, registrant, logo, renewal_policy, personal_standing, personal_standing_reason, mail_resumption_date, mailing_list_auto_subscribe_policy, mailing_list_receive_duplicates, visibility, verbose_bugnotifications, account) VALUES (8, 'James Blackwell', NULL, NULL, 'jblack', NULL, NULL, NULL, NULL, 1, NULL, '2005-06-06 08:59:51.601584', NULL, NULL, NULL, NULL, NULL, NULL, NULL, NULL, NULL, NULL, NULL, false, 8, NULL, NULL, NULL, 10, 0, NULL, NULL, 1, true, 1, false, 81);
INSERT INTO lp_person (id, displayname, teamowner, teamdescription, name, language, fti, defaultmembershipperiod, defaultrenewalperiod, subscriptionpolicy, merged, datecreated, addressline1, addressline2, organization, city, province, country, postcode, phone, homepage_content, icon, mugshot, hide_email_addresses, creation_rationale, creation_comment, registrant, logo, renewal_policy, personal_standing, personal_standing_reason, mail_resumption_date, mailing_list_auto_subscribe_policy, mailing_list_receive_duplicates, visibility, verbose_bugnotifications, account) VALUES (9, 'Christian Reis', NULL, NULL, 'kiko', NULL, NULL, NULL, NULL, 1, NULL, '2005-06-06 08:59:51.594941', NULL, NULL, NULL, NULL, NULL, NULL, NULL, NULL, NULL, NULL, NULL, false, 1, NULL, NULL, NULL, 10, 0, NULL, NULL, 1, true, 1, false, 91);
INSERT INTO lp_person (id, displayname, teamowner, teamdescription, name, language, fti, defaultmembershipperiod, defaultrenewalperiod, subscriptionpolicy, merged, datecreated, addressline1, addressline2, organization, city, province, country, postcode, phone, homepage_content, icon, mugshot, hide_email_addresses, creation_rationale, creation_comment, registrant, logo, renewal_policy, personal_standing, personal_standing_reason, mail_resumption_date, mailing_list_auto_subscribe_policy, mailing_list_receive_duplicates, visibility, verbose_bugnotifications, account) VALUES (10, 'Alexander Limi', NULL, NULL, 'limi', NULL, NULL, NULL, NULL, 1, NULL, '2005-06-06 08:59:51.619713', NULL, NULL, NULL, NULL, NULL, NULL, NULL, NULL, NULL, NULL, NULL, false, 2, 'when importing bugs from http://bugzilla.ubuntu.com/', NULL, NULL, 10, 0, NULL, NULL, 1, true, 1, false, 101);
INSERT INTO lp_person (id, displayname, teamowner, teamdescription, name, language, fti, defaultmembershipperiod, defaultrenewalperiod, subscriptionpolicy, merged, datecreated, addressline1, addressline2, organization, city, province, country, postcode, phone, homepage_content, icon, mugshot, hide_email_addresses, creation_rationale, creation_comment, registrant, logo, renewal_policy, personal_standing, personal_standing_reason, mail_resumption_date, mailing_list_auto_subscribe_policy, mailing_list_receive_duplicates, visibility, verbose_bugnotifications, account) VALUES (11, 'Steve Alexander', NULL, NULL, 'stevea', NULL, NULL, NULL, NULL, 1, NULL, '2005-06-06 08:59:51.599234', NULL, NULL, NULL, NULL, NULL, NULL, NULL, NULL, NULL, NULL, NULL, false, 8, NULL, NULL, NULL, 10, 0, NULL, NULL, 1, true, 1, false, 111);
INSERT INTO lp_person (id, displayname, teamowner, teamdescription, name, language, fti, defaultmembershipperiod, defaultrenewalperiod, subscriptionpolicy, merged, datecreated, addressline1, addressline2, organization, city, province, country, postcode, phone, homepage_content, icon, mugshot, hide_email_addresses, creation_rationale, creation_comment, registrant, logo, renewal_policy, personal_standing, personal_standing_reason, mail_resumption_date, mailing_list_auto_subscribe_policy, mailing_list_receive_duplicates, visibility, verbose_bugnotifications, account) VALUES (12, 'Sample Person', NULL, NULL, 'name12', NULL, NULL, NULL, NULL, 1, NULL, '2005-06-06 08:59:51.612277', NULL, NULL, NULL, NULL, NULL, NULL, NULL, NULL, NULL, NULL, NULL, true, 8, NULL, NULL, NULL, 10, 0, NULL, NULL, 1, true, 1, false, 121);
INSERT INTO lp_person (id, displayname, teamowner, teamdescription, name, language, fti, defaultmembershipperiod, defaultrenewalperiod, subscriptionpolicy, merged, datecreated, addressline1, addressline2, organization, city, province, country, postcode, phone, homepage_content, icon, mugshot, hide_email_addresses, creation_rationale, creation_comment, registrant, logo, renewal_policy, personal_standing, personal_standing_reason, mail_resumption_date, mailing_list_auto_subscribe_policy, mailing_list_receive_duplicates, visibility, verbose_bugnotifications, account) VALUES (13, 'Carlos Perelló Marín', NULL, NULL, 'carlos', NULL, NULL, NULL, NULL, 1, NULL, '2005-06-06 08:59:51.615543', NULL, NULL, NULL, NULL, NULL, NULL, NULL, NULL, NULL, NULL, NULL, false, 8, NULL, NULL, NULL, 10, 0, NULL, NULL, 1, true, 1, false, 131);
INSERT INTO lp_person (id, displayname, teamowner, teamdescription, name, language, fti, defaultmembershipperiod, defaultrenewalperiod, subscriptionpolicy, merged, datecreated, addressline1, addressline2, organization, city, province, country, postcode, phone, homepage_content, icon, mugshot, hide_email_addresses, creation_rationale, creation_comment, registrant, logo, renewal_policy, personal_standing, personal_standing_reason, mail_resumption_date, mailing_list_auto_subscribe_policy, mailing_list_receive_duplicates, visibility, verbose_bugnotifications, account) VALUES (14, 'Dafydd Harries', NULL, NULL, 'daf', NULL, NULL, NULL, NULL, 1, NULL, '2005-06-06 08:59:51.616666', NULL, NULL, NULL, NULL, NULL, NULL, NULL, NULL, NULL, NULL, NULL, false, 8, NULL, NULL, NULL, 10, 0, NULL, NULL, 1, true, 1, false, 141);
INSERT INTO lp_person (id, displayname, teamowner, teamdescription, name, language, fti, defaultmembershipperiod, defaultrenewalperiod, subscriptionpolicy, merged, datecreated, addressline1, addressline2, organization, city, province, country, postcode, phone, homepage_content, icon, mugshot, hide_email_addresses, creation_rationale, creation_comment, registrant, logo, renewal_policy, personal_standing, personal_standing_reason, mail_resumption_date, mailing_list_auto_subscribe_policy, mailing_list_receive_duplicates, visibility, verbose_bugnotifications, account) VALUES (16, 'Foo Bar', NULL, NULL, 'name16', NULL, NULL, NULL, NULL, 1, NULL, '2005-06-06 08:59:51.593849', NULL, NULL, NULL, NULL, NULL, NULL, NULL, NULL, NULL, NULL, NULL, false, 8, NULL, NULL, NULL, 10, 0, NULL, NULL, 1, true, 1, false, 161);
INSERT INTO lp_person (id, displayname, teamowner, teamdescription, name, language, fti, defaultmembershipperiod, defaultrenewalperiod, subscriptionpolicy, merged, datecreated, addressline1, addressline2, organization, city, province, country, postcode, phone, homepage_content, icon, mugshot, hide_email_addresses, creation_rationale, creation_comment, registrant, logo, renewal_policy, personal_standing, personal_standing_reason, mail_resumption_date, mailing_list_auto_subscribe_policy, mailing_list_receive_duplicates, visibility, verbose_bugnotifications, account) VALUES (17, 'Ubuntu Team', 1, 'This Team is responsible for the Ubuntu Distribution', 'ubuntu-team', NULL, NULL, NULL, NULL, 1, NULL, '2005-06-06 08:59:51.60576', NULL, NULL, NULL, NULL, NULL, NULL, NULL, NULL, NULL, NULL, NULL, false, NULL, NULL, NULL, NULL, 10, 0, NULL, NULL, 1, true, 1, false, NULL);
INSERT INTO lp_person (id, displayname, teamowner, teamdescription, name, language, fti, defaultmembershipperiod, defaultrenewalperiod, subscriptionpolicy, merged, datecreated, addressline1, addressline2, organization, city, province, country, postcode, phone, homepage_content, icon, mugshot, hide_email_addresses, creation_rationale, creation_comment, registrant, logo, renewal_policy, personal_standing, personal_standing_reason, mail_resumption_date, mailing_list_auto_subscribe_policy, mailing_list_receive_duplicates, visibility, verbose_bugnotifications, account) VALUES (18, 'Ubuntu Gnome Team', 1, 'This Team is responsible for the GNOME releases Issues on whole Ubuntu Distribution', 'name18', NULL, NULL, NULL, NULL, 1, NULL, '2005-06-06 08:59:51.607744', NULL, NULL, NULL, NULL, NULL, NULL, NULL, NULL, NULL, NULL, NULL, false, NULL, NULL, NULL, NULL, 10, 0, NULL, NULL, 1, true, 1, false, NULL);
INSERT INTO lp_person (id, displayname, teamowner, teamdescription, name, language, fti, defaultmembershipperiod, defaultrenewalperiod, subscriptionpolicy, merged, datecreated, addressline1, addressline2, organization, city, province, country, postcode, phone, homepage_content, icon, mugshot, hide_email_addresses, creation_rationale, creation_comment, registrant, logo, renewal_policy, personal_standing, personal_standing_reason, mail_resumption_date, mailing_list_auto_subscribe_policy, mailing_list_receive_duplicates, visibility, verbose_bugnotifications, account) VALUES (19, 'Warty Gnome Team', 1, 'This Team is responsible for GNOME release Issues on Warty Distribution Release', 'warty-gnome', NULL, NULL, NULL, NULL, 1, NULL, '2005-06-06 08:59:51.602661', NULL, NULL, NULL, NULL, NULL, NULL, NULL, NULL, NULL, NULL, NULL, false, NULL, NULL, NULL, NULL, 10, 0, NULL, NULL, 1, true, 1, false, NULL);
INSERT INTO lp_person (id, displayname, teamowner, teamdescription, name, language, fti, defaultmembershipperiod, defaultrenewalperiod, subscriptionpolicy, merged, datecreated, addressline1, addressline2, organization, city, province, country, postcode, phone, homepage_content, icon, mugshot, hide_email_addresses, creation_rationale, creation_comment, registrant, logo, renewal_policy, personal_standing, personal_standing_reason, mail_resumption_date, mailing_list_auto_subscribe_policy, mailing_list_receive_duplicates, visibility, verbose_bugnotifications, account) VALUES (20, 'Warty Security Team', 1, 'This Team is responsible for Security Issues on Warty Distribution Release', 'name20', NULL, NULL, NULL, NULL, 1, NULL, '2005-06-06 08:59:51.614468', NULL, NULL, NULL, NULL, NULL, NULL, NULL, NULL, NULL, NULL, NULL, false, NULL, NULL, NULL, NULL, 10, 0, NULL, NULL, 1, true, 1, false, NULL);
INSERT INTO lp_person (id, displayname, teamowner, teamdescription, name, language, fti, defaultmembershipperiod, defaultrenewalperiod, subscriptionpolicy, merged, datecreated, addressline1, addressline2, organization, city, province, country, postcode, phone, homepage_content, icon, mugshot, hide_email_addresses, creation_rationale, creation_comment, registrant, logo, renewal_policy, personal_standing, personal_standing_reason, mail_resumption_date, mailing_list_auto_subscribe_policy, mailing_list_receive_duplicates, visibility, verbose_bugnotifications, account) VALUES (21, 'Hoary Gnome Team', 1, 'This team is responsible for Security Issues on Hoary Distribution Release', 'name21', NULL, NULL, NULL, NULL, 1, NULL, '2005-06-06 08:59:51.603691', NULL, NULL, NULL, NULL, NULL, NULL, NULL, NULL, NULL, NULL, NULL, false, NULL, NULL, NULL, NULL, 10, 0, NULL, NULL, 1, true, 1, false, NULL);
INSERT INTO lp_person (id, displayname, teamowner, teamdescription, name, language, fti, defaultmembershipperiod, defaultrenewalperiod, subscriptionpolicy, merged, datecreated, addressline1, addressline2, organization, city, province, country, postcode, phone, homepage_content, icon, mugshot, hide_email_addresses, creation_rationale, creation_comment, registrant, logo, renewal_policy, personal_standing, personal_standing_reason, mail_resumption_date, mailing_list_auto_subscribe_policy, mailing_list_receive_duplicates, visibility, verbose_bugnotifications, account) VALUES (22, 'Stuart Bishop', NULL, NULL, 'stub', NULL, NULL, NULL, NULL, 1, NULL, '2005-06-06 08:59:51.59276', 'Somewhere', 'in this world', 'Something', 'whatever', 'not mandatory', 75, '999432423', '+55 16 3374-2027', NULL, NULL, NULL, false, 8, NULL, NULL, NULL, 10, 0, NULL, NULL, 1, true, 1, false, 221);
INSERT INTO lp_person (id, displayname, teamowner, teamdescription, name, language, fti, defaultmembershipperiod, defaultrenewalperiod, subscriptionpolicy, merged, datecreated, addressline1, addressline2, organization, city, province, country, postcode, phone, homepage_content, icon, mugshot, hide_email_addresses, creation_rationale, creation_comment, registrant, logo, renewal_policy, personal_standing, personal_standing_reason, mail_resumption_date, mailing_list_auto_subscribe_policy, mailing_list_receive_duplicates, visibility, verbose_bugnotifications, account) VALUES (23, 'David Allouche', NULL, NULL, 'ddaa', NULL, NULL, NULL, NULL, 1, NULL, '2005-06-06 08:59:51.620823', 'Somewhere', 'in this world', 'Something', 'whatever', 'not mandatory', 35, '999432423', '+55 16 3374-2027', NULL, NULL, NULL, false, 8, NULL, NULL, NULL, 10, 0, NULL, NULL, 1, true, 1, true, 231);
INSERT INTO lp_person (id, displayname, teamowner, teamdescription, name, language, fti, defaultmembershipperiod, defaultrenewalperiod, subscriptionpolicy, merged, datecreated, addressline1, addressline2, organization, city, province, country, postcode, phone, homepage_content, icon, mugshot, hide_email_addresses, creation_rationale, creation_comment, registrant, logo, renewal_policy, personal_standing, personal_standing_reason, mail_resumption_date, mailing_list_auto_subscribe_policy, mailing_list_receive_duplicates, visibility, verbose_bugnotifications, account) VALUES (24, 'VCS imports', 2, 'Owner of branches imported from non-bzr VCS', 'vcs-imports', NULL, NULL, NULL, NULL, 1, NULL, '2005-06-06 08:59:51.604746', NULL, NULL, NULL, NULL, NULL, NULL, NULL, NULL, NULL, NULL, NULL, false, NULL, NULL, NULL, NULL, 10, 0, NULL, NULL, 1, true, 1, false, NULL);
INSERT INTO lp_person (id, displayname, teamowner, teamdescription, name, language, fti, defaultmembershipperiod, defaultrenewalperiod, subscriptionpolicy, merged, datecreated, addressline1, addressline2, organization, city, province, country, postcode, phone, homepage_content, icon, mugshot, hide_email_addresses, creation_rationale, creation_comment, registrant, logo, renewal_policy, personal_standing, personal_standing_reason, mail_resumption_date, mailing_list_auto_subscribe_policy, mailing_list_receive_duplicates, visibility, verbose_bugnotifications, account) VALUES (25, 'Launchpad Administrators', 1, 'Launchpad Administrators', 'admins', NULL, NULL, NULL, NULL, 1, NULL, '2005-06-06 08:59:51.571899', NULL, NULL, NULL, NULL, NULL, NULL, NULL, NULL, NULL, NULL, NULL, false, NULL, NULL, NULL, NULL, 10, 0, NULL, NULL, 1, true, 1, false, NULL);
INSERT INTO lp_person (id, displayname, teamowner, teamdescription, name, language, fti, defaultmembershipperiod, defaultrenewalperiod, subscriptionpolicy, merged, datecreated, addressline1, addressline2, organization, city, province, country, postcode, phone, homepage_content, icon, mugshot, hide_email_addresses, creation_rationale, creation_comment, registrant, logo, renewal_policy, personal_standing, personal_standing_reason, mail_resumption_date, mailing_list_auto_subscribe_policy, mailing_list_receive_duplicates, visibility, verbose_bugnotifications, account) VALUES (26, 'Daniel Silverstone', NULL, NULL, 'kinnison', NULL, NULL, NULL, NULL, 1, NULL, '2005-06-06 08:59:51.618722', NULL, NULL, NULL, NULL, NULL, NULL, NULL, NULL, NULL, NULL, NULL, false, 2, 'when importing bugs from http://bugzilla.ubuntu.com/', NULL, NULL, 10, 0, NULL, NULL, 1, true, 1, false, 261);
INSERT INTO lp_person (id, displayname, teamowner, teamdescription, name, language, fti, defaultmembershipperiod, defaultrenewalperiod, subscriptionpolicy, merged, datecreated, addressline1, addressline2, organization, city, province, country, postcode, phone, homepage_content, icon, mugshot, hide_email_addresses, creation_rationale, creation_comment, registrant, logo, renewal_policy, personal_standing, personal_standing_reason, mail_resumption_date, mailing_list_auto_subscribe_policy, mailing_list_receive_duplicates, visibility, verbose_bugnotifications, account) VALUES (27, 'Daniel Henrique Debonzi', NULL, NULL, 'debonzi', NULL, NULL, NULL, NULL, 1, NULL, '2005-06-06 08:59:51.557224', NULL, NULL, NULL, NULL, NULL, NULL, NULL, NULL, NULL, NULL, NULL, false, 8, NULL, NULL, NULL, 10, 0, NULL, NULL, 1, true, 1, false, 271);
INSERT INTO lp_person (id, displayname, teamowner, teamdescription, name, language, fti, defaultmembershipperiod, defaultrenewalperiod, subscriptionpolicy, merged, datecreated, addressline1, addressline2, organization, city, province, country, postcode, phone, homepage_content, icon, mugshot, hide_email_addresses, creation_rationale, creation_comment, registrant, logo, renewal_policy, personal_standing, personal_standing_reason, mail_resumption_date, mailing_list_auto_subscribe_policy, mailing_list_receive_duplicates, visibility, verbose_bugnotifications, account) VALUES (28, 'Celso Providelo', NULL, NULL, 'cprov', NULL, NULL, NULL, NULL, 1, NULL, '2005-06-06 08:59:51.59705', 'Somewhere', 'in this world', 'Something', 'whatever', 'not mandatory', 75, '999432423', '+55 16 3374-2027', NULL, NULL, NULL, false, 8, NULL, NULL, NULL, 10, 0, NULL, NULL, 1, true, 1, false, 281);
INSERT INTO lp_person (id, displayname, teamowner, teamdescription, name, language, fti, defaultmembershipperiod, defaultrenewalperiod, subscriptionpolicy, merged, datecreated, addressline1, addressline2, organization, city, province, country, postcode, phone, homepage_content, icon, mugshot, hide_email_addresses, creation_rationale, creation_comment, registrant, logo, renewal_policy, personal_standing, personal_standing_reason, mail_resumption_date, mailing_list_auto_subscribe_policy, mailing_list_receive_duplicates, visibility, verbose_bugnotifications, account) VALUES (29, 'Guilherme Salgado', NULL, NULL, 'salgado', NULL, NULL, NULL, NULL, 1, NULL, '2005-06-06 08:59:51.596025', 'Somewhere', 'in this world', 'Something', 'whatever', 'not mandatory', 75, '999432423', '+55 16 3374-2027', NULL, NULL, NULL, false, 8, NULL, NULL, NULL, 10, 0, NULL, NULL, 1, true, 1, false, 291);
INSERT INTO lp_person (id, displayname, teamowner, teamdescription, name, language, fti, defaultmembershipperiod, defaultrenewalperiod, subscriptionpolicy, merged, datecreated, addressline1, addressline2, organization, city, province, country, postcode, phone, homepage_content, icon, mugshot, hide_email_addresses, creation_rationale, creation_comment, registrant, logo, renewal_policy, personal_standing, personal_standing_reason, mail_resumption_date, mailing_list_auto_subscribe_policy, mailing_list_receive_duplicates, visibility, verbose_bugnotifications, account) VALUES (30, 'Rosetta Administrators', 25, 'Rosetta Administrators', 'rosetta-admins', NULL, NULL, NULL, NULL, 1, NULL, '2005-06-06 08:59:51.613368', NULL, NULL, NULL, NULL, NULL, NULL, NULL, NULL, NULL, NULL, NULL, false, NULL, NULL, NULL, NULL, 10, 0, NULL, NULL, 1, true, 1, false, NULL);
INSERT INTO lp_person (id, displayname, teamowner, teamdescription, name, language, fti, defaultmembershipperiod, defaultrenewalperiod, subscriptionpolicy, merged, datecreated, addressline1, addressline2, organization, city, province, country, postcode, phone, homepage_content, icon, mugshot, hide_email_addresses, creation_rationale, creation_comment, registrant, logo, renewal_policy, personal_standing, personal_standing_reason, mail_resumption_date, mailing_list_auto_subscribe_policy, mailing_list_receive_duplicates, visibility, verbose_bugnotifications, account) VALUES (31, 'Ubuntu Translators', 30, 'Ubuntu Translators', 'ubuntu-translators', NULL, NULL, NULL, NULL, 1, NULL, '2005-06-06 08:59:51.617651', NULL, NULL, NULL, NULL, NULL, NULL, NULL, NULL, NULL, NULL, NULL, false, NULL, NULL, NULL, NULL, 10, 0, NULL, NULL, 1, true, 1, false, NULL);
INSERT INTO lp_person (id, displayname, teamowner, teamdescription, name, language, fti, defaultmembershipperiod, defaultrenewalperiod, subscriptionpolicy, merged, datecreated, addressline1, addressline2, organization, city, province, country, postcode, phone, homepage_content, icon, mugshot, hide_email_addresses, creation_rationale, creation_comment, registrant, logo, renewal_policy, personal_standing, personal_standing_reason, mail_resumption_date, mailing_list_auto_subscribe_policy, mailing_list_receive_duplicates, visibility, verbose_bugnotifications, account) VALUES (32, 'GuadaMen', 16, 'The guadalinex maintainers team', 'guadamen', NULL, NULL, 700, 300, 1, NULL, '2005-06-06 08:59:51.606755', NULL, NULL, NULL, NULL, NULL, NULL, NULL, NULL, NULL, NULL, NULL, false, NULL, NULL, NULL, NULL, 10, 0, NULL, NULL, 1, true, 1, false, NULL);
INSERT INTO lp_person (id, displayname, teamowner, teamdescription, name, language, fti, defaultmembershipperiod, defaultrenewalperiod, subscriptionpolicy, merged, datecreated, addressline1, addressline2, organization, city, province, country, postcode, phone, homepage_content, icon, mugshot, hide_email_addresses, creation_rationale, creation_comment, registrant, logo, renewal_policy, personal_standing, personal_standing_reason, mail_resumption_date, mailing_list_auto_subscribe_policy, mailing_list_receive_duplicates, visibility, verbose_bugnotifications, account) VALUES (33, 'Edgar Bursic', NULL, NULL, 'edgar', NULL, NULL, NULL, NULL, 1, NULL, '2005-06-06 08:59:51.621892', NULL, NULL, NULL, NULL, NULL, NULL, NULL, NULL, NULL, NULL, NULL, false, 8, NULL, NULL, NULL, 10, 0, NULL, NULL, 1, true, 1, false, 331);
INSERT INTO lp_person (id, displayname, teamowner, teamdescription, name, language, fti, defaultmembershipperiod, defaultrenewalperiod, subscriptionpolicy, merged, datecreated, addressline1, addressline2, organization, city, province, country, postcode, phone, homepage_content, icon, mugshot, hide_email_addresses, creation_rationale, creation_comment, registrant, logo, renewal_policy, personal_standing, personal_standing_reason, mail_resumption_date, mailing_list_auto_subscribe_policy, mailing_list_receive_duplicates, visibility, verbose_bugnotifications, account) VALUES (34, 'Jordi Vilalta', NULL, NULL, 'jvprat', NULL, NULL, NULL, NULL, 1, NULL, '2005-06-06 08:59:51.622908', NULL, NULL, NULL, NULL, NULL, NULL, NULL, NULL, NULL, NULL, NULL, false, 4, 'when importing the Catalan (ca) translation of pmount in Ubuntu Hoary package "pmount"', NULL, NULL, 10, 0, NULL, NULL, 1, true, 1, false, 341);
INSERT INTO lp_person (id, displayname, teamowner, teamdescription, name, language, fti, defaultmembershipperiod, defaultrenewalperiod, subscriptionpolicy, merged, datecreated, addressline1, addressline2, organization, city, province, country, postcode, phone, homepage_content, icon, mugshot, hide_email_addresses, creation_rationale, creation_comment, registrant, logo, renewal_policy, personal_standing, personal_standing_reason, mail_resumption_date, mailing_list_auto_subscribe_policy, mailing_list_receive_duplicates, visibility, verbose_bugnotifications, account) VALUES (35, 'Sigurd Gartmann', NULL, NULL, 'sigurd-ubuntu', NULL, NULL, NULL, NULL, 1, NULL, '2005-06-06 08:59:51.623962', NULL, NULL, NULL, NULL, NULL, NULL, NULL, NULL, NULL, NULL, NULL, false, 4, 'when importing the Norwegian Bokmål (nb) translation of pmount in Ubuntu Hoary package "pmount"', NULL, NULL, 10, 0, NULL, NULL, 1, true, 1, false, 351);
INSERT INTO lp_person (id, displayname, teamowner, teamdescription, name, language, fti, defaultmembershipperiod, defaultrenewalperiod, subscriptionpolicy, merged, datecreated, addressline1, addressline2, organization, city, province, country, postcode, phone, homepage_content, icon, mugshot, hide_email_addresses, creation_rationale, creation_comment, registrant, logo, renewal_policy, personal_standing, personal_standing_reason, mail_resumption_date, mailing_list_auto_subscribe_policy, mailing_list_receive_duplicates, visibility, verbose_bugnotifications, account) VALUES (36, 'Vlastimil Skacel', NULL, NULL, 'skacel', NULL, NULL, NULL, NULL, 1, NULL, '2005-06-06 08:59:51.5244', NULL, NULL, NULL, NULL, NULL, NULL, NULL, NULL, NULL, NULL, NULL, false, 4, 'when importing the Czech (cs) translation of pmount in Ubuntu Hoary package "pmount"', NULL, NULL, 10, 0, NULL, NULL, 1, true, 1, false, 361);
INSERT INTO lp_person (id, displayname, teamowner, teamdescription, name, language, fti, defaultmembershipperiod, defaultrenewalperiod, subscriptionpolicy, merged, datecreated, addressline1, addressline2, organization, city, province, country, postcode, phone, homepage_content, icon, mugshot, hide_email_addresses, creation_rationale, creation_comment, registrant, logo, renewal_policy, personal_standing, personal_standing_reason, mail_resumption_date, mailing_list_auto_subscribe_policy, mailing_list_receive_duplicates, visibility, verbose_bugnotifications, account) VALUES (37, 'Daniel Aguayo', NULL, NULL, 'danner', NULL, NULL, NULL, NULL, 1, NULL, '2005-06-06 08:59:51.549651', NULL, NULL, NULL, NULL, NULL, NULL, NULL, NULL, NULL, NULL, NULL, false, 8, NULL, NULL, NULL, 10, 0, NULL, NULL, 1, true, 1, false, 371);
INSERT INTO lp_person (id, displayname, teamowner, teamdescription, name, language, fti, defaultmembershipperiod, defaultrenewalperiod, subscriptionpolicy, merged, datecreated, addressline1, addressline2, organization, city, province, country, postcode, phone, homepage_content, icon, mugshot, hide_email_addresses, creation_rationale, creation_comment, registrant, logo, renewal_policy, personal_standing, personal_standing_reason, mail_resumption_date, mailing_list_auto_subscribe_policy, mailing_list_receive_duplicates, visibility, verbose_bugnotifications, account) VALUES (38, 'Martin Pitt', NULL, NULL, 'martin-pitt', NULL, NULL, NULL, NULL, 1, NULL, '2005-06-06 08:59:51.555051', NULL, NULL, NULL, NULL, NULL, NULL, NULL, NULL, NULL, NULL, NULL, false, 4, 'when importing the German (de) translation of pmount in Ubuntu Hoary package "pmount"', NULL, NULL, 10, 0, NULL, NULL, 1, true, 1, false, 381);
INSERT INTO lp_person (id, displayname, teamowner, teamdescription, name, language, fti, defaultmembershipperiod, defaultrenewalperiod, subscriptionpolicy, merged, datecreated, addressline1, addressline2, organization, city, province, country, postcode, phone, homepage_content, icon, mugshot, hide_email_addresses, creation_rationale, creation_comment, registrant, logo, renewal_policy, personal_standing, personal_standing_reason, mail_resumption_date, mailing_list_auto_subscribe_policy, mailing_list_receive_duplicates, visibility, verbose_bugnotifications, account) VALUES (39, 'Nicolas Velin', NULL, NULL, 'nsv', NULL, NULL, NULL, NULL, 1, NULL, '2005-06-06 08:59:51.556132', NULL, NULL, NULL, NULL, NULL, NULL, NULL, NULL, NULL, NULL, NULL, false, 4, 'when importing the French (fr) translation of pmount in Ubuntu Hoary package "pmount"', NULL, NULL, 10, 0, NULL, NULL, 1, true, 1, false, 391);
INSERT INTO lp_person (id, displayname, teamowner, teamdescription, name, language, fti, defaultmembershipperiod, defaultrenewalperiod, subscriptionpolicy, merged, datecreated, addressline1, addressline2, organization, city, province, country, postcode, phone, homepage_content, icon, mugshot, hide_email_addresses, creation_rationale, creation_comment, registrant, logo, renewal_policy, personal_standing, personal_standing_reason, mail_resumption_date, mailing_list_auto_subscribe_policy, mailing_list_receive_duplicates, visibility, verbose_bugnotifications, account) VALUES (40, 'Francesco Accattapà', NULL, NULL, 'callipeo', NULL, NULL, NULL, NULL, 1, NULL, '2005-06-06 08:59:51.558429', NULL, NULL, NULL, NULL, NULL, NULL, NULL, NULL, NULL, NULL, NULL, false, 4, 'when importing the Italian (Italy) (it_IT) translation of pmount in Ubuntu Hoary package "pmount"', NULL, NULL, 10, 0, NULL, NULL, 1, true, 1, false, 401);
INSERT INTO lp_person (id, displayname, teamowner, teamdescription, name, language, fti, defaultmembershipperiod, defaultrenewalperiod, subscriptionpolicy, merged, datecreated, addressline1, addressline2, organization, city, province, country, postcode, phone, homepage_content, icon, mugshot, hide_email_addresses, creation_rationale, creation_comment, registrant, logo, renewal_policy, personal_standing, personal_standing_reason, mail_resumption_date, mailing_list_auto_subscribe_policy, mailing_list_receive_duplicates, visibility, verbose_bugnotifications, account) VALUES (41, 'Aloriel', NULL, NULL, 'jorge-gonzalez-gonzalez', NULL, NULL, NULL, NULL, 1, NULL, '2005-06-06 08:59:51.559519', NULL, NULL, NULL, NULL, NULL, NULL, NULL, NULL, NULL, NULL, NULL, false, 4, 'when importing the Spanish (es) translation of pmount in Ubuntu Hoary package "pmount"', NULL, NULL, 10, 0, NULL, NULL, 1, true, 1, false, 411);
INSERT INTO lp_person (id, displayname, teamowner, teamdescription, name, language, fti, defaultmembershipperiod, defaultrenewalperiod, subscriptionpolicy, merged, datecreated, addressline1, addressline2, organization, city, province, country, postcode, phone, homepage_content, icon, mugshot, hide_email_addresses, creation_rationale, creation_comment, registrant, logo, renewal_policy, personal_standing, personal_standing_reason, mail_resumption_date, mailing_list_auto_subscribe_policy, mailing_list_receive_duplicates, visibility, verbose_bugnotifications, account) VALUES (42, 'Denis Barbier', NULL, NULL, 'barbier', NULL, NULL, NULL, NULL, 1, NULL, '2005-06-06 08:59:51.560604', NULL, NULL, NULL, NULL, NULL, NULL, NULL, NULL, NULL, NULL, NULL, false, 4, 'when importing the French (fr) translation of pkgconf-mozilla in Ubuntu Hoary package "mozilla"', NULL, NULL, 10, 0, NULL, NULL, 1, true, 1, false, 421);
INSERT INTO lp_person (id, displayname, teamowner, teamdescription, name, language, fti, defaultmembershipperiod, defaultrenewalperiod, subscriptionpolicy, merged, datecreated, addressline1, addressline2, organization, city, province, country, postcode, phone, homepage_content, icon, mugshot, hide_email_addresses, creation_rationale, creation_comment, registrant, logo, renewal_policy, personal_standing, personal_standing_reason, mail_resumption_date, mailing_list_auto_subscribe_policy, mailing_list_receive_duplicates, visibility, verbose_bugnotifications, account) VALUES (43, 'André Luís Lopes', NULL, NULL, 'andrelop', NULL, NULL, NULL, NULL, 1, NULL, '2005-06-06 08:59:51.561685', NULL, NULL, NULL, NULL, NULL, NULL, NULL, NULL, NULL, NULL, NULL, false, 4, 'when importing the Portuguese (Brazil) (pt_BR) translation of pkgconf-mozilla in Ubuntu Hoary package "mozilla"', NULL, NULL, 10, 0, NULL, NULL, 1, true, 1, false, 431);
INSERT INTO lp_person (id, displayname, teamowner, teamdescription, name, language, fti, defaultmembershipperiod, defaultrenewalperiod, subscriptionpolicy, merged, datecreated, addressline1, addressline2, organization, city, province, country, postcode, phone, homepage_content, icon, mugshot, hide_email_addresses, creation_rationale, creation_comment, registrant, logo, renewal_policy, personal_standing, personal_standing_reason, mail_resumption_date, mailing_list_auto_subscribe_policy, mailing_list_receive_duplicates, visibility, verbose_bugnotifications, account) VALUES (44, 'Carlos Valdivia Yagüe', NULL, NULL, 'valyag', NULL, NULL, NULL, NULL, 1, NULL, '2005-06-06 08:59:51.562857', NULL, NULL, NULL, NULL, NULL, NULL, NULL, NULL, NULL, NULL, NULL, false, 4, 'when importing the Spanish (es) translation of pkgconf-mozilla in Ubuntu Hoary package "mozilla"', NULL, NULL, 10, 0, NULL, NULL, 1, true, 1, false, 441);
INSERT INTO lp_person (id, displayname, teamowner, teamdescription, name, language, fti, defaultmembershipperiod, defaultrenewalperiod, subscriptionpolicy, merged, datecreated, addressline1, addressline2, organization, city, province, country, postcode, phone, homepage_content, icon, mugshot, hide_email_addresses, creation_rationale, creation_comment, registrant, logo, renewal_policy, personal_standing, personal_standing_reason, mail_resumption_date, mailing_list_auto_subscribe_policy, mailing_list_receive_duplicates, visibility, verbose_bugnotifications, account) VALUES (45, 'Luk Claes', NULL, NULL, 'luk-claes', NULL, NULL, NULL, NULL, 1, NULL, '2005-06-06 08:59:51.563952', NULL, NULL, NULL, NULL, NULL, NULL, NULL, NULL, NULL, NULL, NULL, false, 4, 'when importing the Dutch (nl) translation of pkgconf-mozilla in Ubuntu Hoary package "mozilla"', NULL, NULL, 10, 0, NULL, NULL, 1, true, 1, false, 451);
INSERT INTO lp_person (id, displayname, teamowner, teamdescription, name, language, fti, defaultmembershipperiod, defaultrenewalperiod, subscriptionpolicy, merged, datecreated, addressline1, addressline2, organization, city, province, country, postcode, phone, homepage_content, icon, mugshot, hide_email_addresses, creation_rationale, creation_comment, registrant, logo, renewal_policy, personal_standing, personal_standing_reason, mail_resumption_date, mailing_list_auto_subscribe_policy, mailing_list_receive_duplicates, visibility, verbose_bugnotifications, account) VALUES (46, 'Miroslav Kure', NULL, NULL, 'kurem', NULL, NULL, NULL, NULL, 1, NULL, '2005-06-06 08:59:51.565033', NULL, NULL, NULL, NULL, NULL, NULL, NULL, NULL, NULL, NULL, NULL, false, 8, NULL, NULL, NULL, 10, 0, NULL, NULL, 1, true, 1, false, 461);
INSERT INTO lp_person (id, displayname, teamowner, teamdescription, name, language, fti, defaultmembershipperiod, defaultrenewalperiod, subscriptionpolicy, merged, datecreated, addressline1, addressline2, organization, city, province, country, postcode, phone, homepage_content, icon, mugshot, hide_email_addresses, creation_rationale, creation_comment, registrant, logo, renewal_policy, personal_standing, personal_standing_reason, mail_resumption_date, mailing_list_auto_subscribe_policy, mailing_list_receive_duplicates, visibility, verbose_bugnotifications, account) VALUES (47, 'Morten Brix Pedersen', NULL, NULL, 'morten', NULL, NULL, NULL, NULL, 1, NULL, '2005-06-06 08:59:51.56614', NULL, NULL, NULL, NULL, NULL, NULL, NULL, NULL, NULL, NULL, NULL, false, 4, 'when importing the Danish (da) translation of pkgconf-mozilla in Ubuntu Hoary package "mozilla"', NULL, NULL, 10, 0, NULL, NULL, 1, true, 1, false, 471);
INSERT INTO lp_person (id, displayname, teamowner, teamdescription, name, language, fti, defaultmembershipperiod, defaultrenewalperiod, subscriptionpolicy, merged, datecreated, addressline1, addressline2, organization, city, province, country, postcode, phone, homepage_content, icon, mugshot, hide_email_addresses, creation_rationale, creation_comment, registrant, logo, renewal_policy, personal_standing, personal_standing_reason, mail_resumption_date, mailing_list_auto_subscribe_policy, mailing_list_receive_duplicates, visibility, verbose_bugnotifications, account) VALUES (48, 'Matti Pöllä', NULL, NULL, 'mpo', NULL, NULL, NULL, NULL, 1, NULL, '2005-06-06 08:59:51.567224', NULL, NULL, NULL, NULL, NULL, NULL, NULL, NULL, NULL, NULL, NULL, false, 4, 'when importing the Finnish (fi) translation of pkgconf-mozilla in Ubuntu Hoary package "mozilla"', NULL, NULL, 10, 0, NULL, NULL, 1, true, 1, false, 481);
INSERT INTO lp_person (id, displayname, teamowner, teamdescription, name, language, fti, defaultmembershipperiod, defaultrenewalperiod, subscriptionpolicy, merged, datecreated, addressline1, addressline2, organization, city, province, country, postcode, phone, homepage_content, icon, mugshot, hide_email_addresses, creation_rationale, creation_comment, registrant, logo, renewal_policy, personal_standing, personal_standing_reason, mail_resumption_date, mailing_list_auto_subscribe_policy, mailing_list_receive_duplicates, visibility, verbose_bugnotifications, account) VALUES (49, 'Kęstutis Biliūnas', NULL, NULL, 'kebil', NULL, NULL, NULL, NULL, 1, NULL, '2005-06-06 08:59:51.568323', NULL, NULL, NULL, NULL, NULL, NULL, NULL, NULL, NULL, NULL, NULL, false, 4, 'when importing the Lithuanian (lt) translation of pkgconf-mozilla in Ubuntu Hoary package "mozilla"', NULL, NULL, 10, 0, NULL, NULL, 1, true, 1, false, 491);
INSERT INTO lp_person (id, displayname, teamowner, teamdescription, name, language, fti, defaultmembershipperiod, defaultrenewalperiod, subscriptionpolicy, merged, datecreated, addressline1, addressline2, organization, city, province, country, postcode, phone, homepage_content, icon, mugshot, hide_email_addresses, creation_rationale, creation_comment, registrant, logo, renewal_policy, personal_standing, personal_standing_reason, mail_resumption_date, mailing_list_auto_subscribe_policy, mailing_list_receive_duplicates, visibility, verbose_bugnotifications, account) VALUES (50, 'Valentina Commissari', NULL, NULL, 'tsukimi', NULL, NULL, NULL, NULL, 1, NULL, '2005-06-06 08:59:51.569518', NULL, NULL, NULL, NULL, NULL, NULL, NULL, NULL, NULL, NULL, NULL, false, 8, NULL, NULL, NULL, 10, 0, NULL, NULL, 1, true, 1, false, 501);
INSERT INTO lp_person (id, displayname, teamowner, teamdescription, name, language, fti, defaultmembershipperiod, defaultrenewalperiod, subscriptionpolicy, merged, datecreated, addressline1, addressline2, organization, city, province, country, postcode, phone, homepage_content, icon, mugshot, hide_email_addresses, creation_rationale, creation_comment, registrant, logo, renewal_policy, personal_standing, personal_standing_reason, mail_resumption_date, mailing_list_auto_subscribe_policy, mailing_list_receive_duplicates, visibility, verbose_bugnotifications, account) VALUES (51, 'Helge Kreutzmann', NULL, NULL, 'kreutzm', NULL, NULL, NULL, NULL, 1, NULL, '2005-06-06 08:59:51.570701', 'Somewhere', 'in this world', 'Something', 'whatever', 'not mandatory', 25, '999432423', '+55 16 3374-2027', NULL, NULL, NULL, false, 8, NULL, NULL, NULL, 10, 0, NULL, NULL, 1, true, 1, false, 511);
INSERT INTO lp_person (id, displayname, teamowner, teamdescription, name, language, fti, defaultmembershipperiod, defaultrenewalperiod, subscriptionpolicy, merged, datecreated, addressline1, addressline2, organization, city, province, country, postcode, phone, homepage_content, icon, mugshot, hide_email_addresses, creation_rationale, creation_comment, registrant, logo, renewal_policy, personal_standing, personal_standing_reason, mail_resumption_date, mailing_list_auto_subscribe_policy, mailing_list_receive_duplicates, visibility, verbose_bugnotifications, account) VALUES (52, 'No Privileges Person', NULL, NULL, 'no-priv', NULL, NULL, NULL, NULL, 1, NULL, '2005-06-06 08:59:51.593849', 'Somewhere', 'in this world', 'Something', 'whatever', 'not mandatory', 95, '999432423', '+55 16 3374-2027', NULL, NULL, NULL, false, 8, NULL, NULL, NULL, 10, 0, NULL, NULL, 1, true, 1, false, 521);
INSERT INTO lp_person (id, displayname, teamowner, teamdescription, name, language, fti, defaultmembershipperiod, defaultrenewalperiod, subscriptionpolicy, merged, datecreated, addressline1, addressline2, organization, city, province, country, postcode, phone, homepage_content, icon, mugshot, hide_email_addresses, creation_rationale, creation_comment, registrant, logo, renewal_policy, personal_standing, personal_standing_reason, mail_resumption_date, mailing_list_auto_subscribe_policy, mailing_list_receive_duplicates, visibility, verbose_bugnotifications, account) VALUES (53, 'testing Spanish team', 13, NULL, 'testing-spanish-team', NULL, NULL, NULL, NULL, 1, NULL, '2005-07-12 14:32:01.84779', NULL, NULL, NULL, NULL, NULL, NULL, NULL, NULL, NULL, NULL, NULL, false, NULL, NULL, NULL, NULL, 10, 0, NULL, NULL, 1, true, 1, false, NULL);
INSERT INTO lp_person (id, displayname, teamowner, teamdescription, name, language, fti, defaultmembershipperiod, defaultrenewalperiod, subscriptionpolicy, merged, datecreated, addressline1, addressline2, organization, city, province, country, postcode, phone, homepage_content, icon, mugshot, hide_email_addresses, creation_rationale, creation_comment, registrant, logo, renewal_policy, personal_standing, personal_standing_reason, mail_resumption_date, mailing_list_auto_subscribe_policy, mailing_list_receive_duplicates, visibility, verbose_bugnotifications, account) VALUES (55, 'Marilize Coetzee', NULL, NULL, 'marilize', NULL, NULL, NULL, NULL, 1, NULL, '2005-06-06 08:59:51.593849', NULL, NULL, NULL, NULL, NULL, NULL, NULL, NULL, NULL, NULL, NULL, false, 8, NULL, NULL, NULL, 10, 0, NULL, NULL, 1, true, 1, false, 551);
INSERT INTO lp_person (id, displayname, teamowner, teamdescription, name, language, fti, defaultmembershipperiod, defaultrenewalperiod, subscriptionpolicy, merged, datecreated, addressline1, addressline2, organization, city, province, country, postcode, phone, homepage_content, icon, mugshot, hide_email_addresses, creation_rationale, creation_comment, registrant, logo, renewal_policy, personal_standing, personal_standing_reason, mail_resumption_date, mailing_list_auto_subscribe_policy, mailing_list_receive_duplicates, visibility, verbose_bugnotifications, account) VALUES (56, 'Jordi Mallach', NULL, NULL, 'jordi', NULL, NULL, NULL, NULL, 1, NULL, '2005-10-07 14:17:51.593849', 'Somewhere', 'in this world', 'Something', 'whatever', 'not mandatory', 95, '999432423', '+55 16 3374-2027', NULL, NULL, NULL, false, 8, NULL, NULL, NULL, 10, 0, NULL, NULL, 1, true, 1, false, 561);
INSERT INTO lp_person (id, displayname, teamowner, teamdescription, name, language, fti, defaultmembershipperiod, defaultrenewalperiod, subscriptionpolicy, merged, datecreated, addressline1, addressline2, organization, city, province, country, postcode, phone, homepage_content, icon, mugshot, hide_email_addresses, creation_rationale, creation_comment, registrant, logo, renewal_policy, personal_standing, personal_standing_reason, mail_resumption_date, mailing_list_auto_subscribe_policy, mailing_list_receive_duplicates, visibility, verbose_bugnotifications, account) VALUES (57, 'Launchpad Developers', 16, 'Launchpad developers', 'launchpad', NULL, NULL, NULL, NULL, 3, NULL, '2005-10-13 13:03:41.668724', NULL, NULL, NULL, NULL, NULL, NULL, NULL, NULL, NULL, NULL, NULL, false, NULL, NULL, NULL, NULL, 10, 0, NULL, NULL, 1, true, 1, false, NULL);
INSERT INTO lp_person (id, displayname, teamowner, teamdescription, name, language, fti, defaultmembershipperiod, defaultrenewalperiod, subscriptionpolicy, merged, datecreated, addressline1, addressline2, organization, city, province, country, postcode, phone, homepage_content, icon, mugshot, hide_email_addresses, creation_rationale, creation_comment, registrant, logo, renewal_policy, personal_standing, personal_standing_reason, mail_resumption_date, mailing_list_auto_subscribe_policy, mailing_list_receive_duplicates, visibility, verbose_bugnotifications, account) VALUES (58, 'Bug Importer', NULL, NULL, 'bug-importer', NULL, NULL, NULL, NULL, 1, NULL, '2005-12-06 09:48:58.287679', NULL, NULL, NULL, NULL, NULL, NULL, NULL, NULL, NULL, NULL, NULL, false, 8, NULL, NULL, NULL, 10, 0, NULL, NULL, 1, true, 1, false, 581);
INSERT INTO lp_person (id, displayname, teamowner, teamdescription, name, language, fti, defaultmembershipperiod, defaultrenewalperiod, subscriptionpolicy, merged, datecreated, addressline1, addressline2, organization, city, province, country, postcode, phone, homepage_content, icon, mugshot, hide_email_addresses, creation_rationale, creation_comment, registrant, logo, renewal_policy, personal_standing, personal_standing_reason, mail_resumption_date, mailing_list_auto_subscribe_policy, mailing_list_receive_duplicates, visibility, verbose_bugnotifications, account) VALUES (59, 'Mirror Administrators', 1, 'Mirror Administrators', 'ubuntu-mirror-admins', NULL, NULL, NULL, NULL, 1, NULL, '2005-06-06 08:59:51.571899', NULL, NULL, NULL, NULL, NULL, NULL, NULL, NULL, NULL, NULL, NULL, false, NULL, NULL, NULL, NULL, 10, 0, NULL, NULL, 1, true, 1, false, NULL);
INSERT INTO lp_person (id, displayname, teamowner, teamdescription, name, language, fti, defaultmembershipperiod, defaultrenewalperiod, subscriptionpolicy, merged, datecreated, addressline1, addressline2, organization, city, province, country, postcode, phone, homepage_content, icon, mugshot, hide_email_addresses, creation_rationale, creation_comment, registrant, logo, renewal_policy, personal_standing, personal_standing_reason, mail_resumption_date, mailing_list_auto_subscribe_policy, mailing_list_receive_duplicates, visibility, verbose_bugnotifications, account) VALUES (60, 'Registry Administrators', 1, 'Launchpad Registry Administrators Team', 'registry', NULL, NULL, NULL, NULL, 1, NULL, '2006-04-06 10:17:11.833824', NULL, NULL, NULL, NULL, NULL, NULL, NULL, NULL, NULL, NULL, NULL, false, NULL, NULL, NULL, NULL, 10, 0, NULL, NULL, 1, true, 1, false, NULL);
INSERT INTO lp_person (id, displayname, teamowner, teamdescription, name, language, fti, defaultmembershipperiod, defaultrenewalperiod, subscriptionpolicy, merged, datecreated, addressline1, addressline2, organization, city, province, country, postcode, phone, homepage_content, icon, mugshot, hide_email_addresses, creation_rationale, creation_comment, registrant, logo, renewal_policy, personal_standing, personal_standing_reason, mail_resumption_date, mailing_list_auto_subscribe_policy, mailing_list_receive_duplicates, visibility, verbose_bugnotifications, account) VALUES (61, 'Launchpad Buildd Admins', 16, 'Buildd System administrators', 'launchpad-buildd-admins', NULL, NULL, NULL, NULL, 1, NULL, '2006-05-15 22:23:29.062603', NULL, NULL, NULL, NULL, NULL, NULL, NULL, NULL, NULL, NULL, NULL, false, NULL, NULL, NULL, NULL, 10, 0, NULL, NULL, 1, true, 1, false, NULL);
INSERT INTO lp_person (id, displayname, teamowner, teamdescription, name, language, fti, defaultmembershipperiod, defaultrenewalperiod, subscriptionpolicy, merged, datecreated, addressline1, addressline2, organization, city, province, country, postcode, phone, homepage_content, icon, mugshot, hide_email_addresses, creation_rationale, creation_comment, registrant, logo, renewal_policy, personal_standing, personal_standing_reason, mail_resumption_date, mailing_list_auto_subscribe_policy, mailing_list_receive_duplicates, visibility, verbose_bugnotifications, account) VALUES (62, 'Bug Watch Updater', NULL, NULL, 'bug-watch-updater', NULL, NULL, NULL, NULL, 1, NULL, '2006-05-23 12:49:30.483464', NULL, NULL, NULL, NULL, NULL, NULL, NULL, NULL, NULL, NULL, NULL, true, 1, NULL, NULL, NULL, 10, 0, NULL, NULL, 1, true, 1, false, 621);
INSERT INTO lp_person (id, displayname, teamowner, teamdescription, name, language, fti, defaultmembershipperiod, defaultrenewalperiod, subscriptionpolicy, merged, datecreated, addressline1, addressline2, organization, city, province, country, postcode, phone, homepage_content, icon, mugshot, hide_email_addresses, creation_rationale, creation_comment, registrant, logo, renewal_policy, personal_standing, personal_standing_reason, mail_resumption_date, mailing_list_auto_subscribe_policy, mailing_list_receive_duplicates, visibility, verbose_bugnotifications, account) VALUES (63, 'Karl Tilbury', NULL, NULL, 'karl', NULL, NULL, NULL, NULL, 1, NULL, '2006-05-23 12:49:30.483464', NULL, NULL, NULL, NULL, NULL, NULL, NULL, NULL, NULL, NULL, NULL, true, 8, NULL, NULL, NULL, 10, 0, NULL, NULL, 1, true, 1, false, 631);
INSERT INTO lp_person (id, displayname, teamowner, teamdescription, name, language, fti, defaultmembershipperiod, defaultrenewalperiod, subscriptionpolicy, merged, datecreated, addressline1, addressline2, organization, city, province, country, postcode, phone, homepage_content, icon, mugshot, hide_email_addresses, creation_rationale, creation_comment, registrant, logo, renewal_policy, personal_standing, personal_standing_reason, mail_resumption_date, mailing_list_auto_subscribe_policy, mailing_list_receive_duplicates, visibility, verbose_bugnotifications, account) VALUES (64, 'Landscape Developers', 12, NULL, 'landscape-developers', NULL, NULL, NULL, NULL, 1, NULL, '2006-07-11 20:01:09.874128', NULL, NULL, NULL, NULL, NULL, NULL, NULL, NULL, NULL, NULL, NULL, false, NULL, NULL, NULL, NULL, 10, 0, NULL, NULL, 1, true, 1, false, NULL);
INSERT INTO lp_person (id, displayname, teamowner, teamdescription, name, language, fti, defaultmembershipperiod, defaultrenewalperiod, subscriptionpolicy, merged, datecreated, addressline1, addressline2, organization, city, province, country, postcode, phone, homepage_content, icon, mugshot, hide_email_addresses, creation_rationale, creation_comment, registrant, logo, renewal_policy, personal_standing, personal_standing_reason, mail_resumption_date, mailing_list_auto_subscribe_policy, mailing_list_receive_duplicates, visibility, verbose_bugnotifications, account) VALUES (65, 'Launchpad Janitor', NULL, NULL, 'janitor', NULL, NULL, NULL, NULL, 1, NULL, '2006-10-04 16:20:51.19954', NULL, NULL, NULL, NULL, NULL, NULL, NULL, NULL, NULL, NULL, NULL, true, 1, NULL, NULL, NULL, 10, 0, NULL, NULL, 1, true, 1, false, 651);
INSERT INTO lp_person (id, displayname, teamowner, teamdescription, name, language, fti, defaultmembershipperiod, defaultrenewalperiod, subscriptionpolicy, merged, datecreated, addressline1, addressline2, organization, city, province, country, postcode, phone, homepage_content, icon, mugshot, hide_email_addresses, creation_rationale, creation_comment, registrant, logo, renewal_policy, personal_standing, personal_standing_reason, mail_resumption_date, mailing_list_auto_subscribe_policy, mailing_list_receive_duplicates, visibility, verbose_bugnotifications, account) VALUES (66, 'Diogo Matsubara', NULL, NULL, 'matsubara', NULL, NULL, NULL, NULL, 1, NULL, '2006-12-13 21:19:06.369142', NULL, NULL, NULL, NULL, NULL, NULL, NULL, NULL, NULL, NULL, NULL, false, 4, 'when importing the Portuguese (Brazil) (pt_BR) translation of evolution-2.2-test in Evolution trunk', NULL, NULL, 10, 0, NULL, NULL, 1, true, 1, false, 661);
INSERT INTO lp_person (id, displayname, teamowner, teamdescription, name, language, fti, defaultmembershipperiod, defaultrenewalperiod, subscriptionpolicy, merged, datecreated, addressline1, addressline2, organization, city, province, country, postcode, phone, homepage_content, icon, mugshot, hide_email_addresses, creation_rationale, creation_comment, registrant, logo, renewal_policy, personal_standing, personal_standing_reason, mail_resumption_date, mailing_list_auto_subscribe_policy, mailing_list_receive_duplicates, visibility, verbose_bugnotifications, account) VALUES (67, 'Team Membership Janitor', NULL, NULL, 'team-membership-janitor', NULL, NULL, NULL, NULL, 1, NULL, '2006-10-04 16:20:51.19954', NULL, NULL, NULL, NULL, NULL, NULL, NULL, NULL, NULL, NULL, NULL, true, 1, NULL, NULL, NULL, 10, 0, NULL, NULL, 1, true, 1, false, 671);
INSERT INTO lp_person (id, displayname, teamowner, teamdescription, name, language, fti, defaultmembershipperiod, defaultrenewalperiod, subscriptionpolicy, merged, datecreated, addressline1, addressline2, organization, city, province, country, postcode, phone, homepage_content, icon, mugshot, hide_email_addresses, creation_rationale, creation_comment, registrant, logo, renewal_policy, personal_standing, personal_standing_reason, mail_resumption_date, mailing_list_auto_subscribe_policy, mailing_list_receive_duplicates, visibility, verbose_bugnotifications, account) VALUES (68, 'Launchpad Beta Testers Owner', NULL, NULL, 'launchpad-beta-owner', NULL, NULL, NULL, NULL, 1, NULL, '2007-01-31 06:56:25.096519', NULL, NULL, NULL, NULL, NULL, NULL, NULL, NULL, NULL, NULL, NULL, false, 8, NULL, NULL, NULL, 10, 0, NULL, NULL, 1, true, 1, false, 681);
