-- Copyright 2010 Canonical Ltd.  This software is licensed under the
-- GNU Affero General Public License version 3 (see the file LICENSE).
-- Created using pg_dump (PostgreSQL) 8.4.8

SET escape_string_warning = off;











































































































































































































































































































































































































































































































































































































































































































































































































































































SET SESSION AUTHORIZATION DEFAULT;

ALTER TABLE account DISABLE TRIGGER ALL;

INSERT INTO account (id, date_created, creation_rationale, status, date_status_set, displayname, status_comment) VALUES (11, '2005-06-06 08:59:51.591618', 8, 20, '2005-06-06 08:59:51.591618', 'Mark Shuttleworth', NULL);
INSERT INTO account (id, date_created, creation_rationale, status, date_status_set, displayname, status_comment) VALUES (21, '2005-06-06 08:59:51.598107', 8, 20, '2005-06-06 08:59:51.598107', 'Robert Collins', NULL);
INSERT INTO account (id, date_created, creation_rationale, status, date_status_set, displayname, status_comment) VALUES (31, '2005-06-06 08:59:51.610048', 1, 20, '2008-09-05 20:55:47.76904', 'Dave Miller', '');
INSERT INTO account (id, date_created, creation_rationale, status, date_status_set, displayname, status_comment) VALUES (41, '2005-06-06 08:59:51.611185', 8, 20, '2005-06-06 08:59:51.611185', 'Colin Watson', NULL);
INSERT INTO account (id, date_created, creation_rationale, status, date_status_set, displayname, status_comment) VALUES (51, '2005-06-06 08:59:51.608802', 1, 10, '2005-06-06 08:59:51.608802', 'Scott James Remnant', NULL);
INSERT INTO account (id, date_created, creation_rationale, status, date_status_set, displayname, status_comment) VALUES (61, '2005-06-06 08:59:51.600523', 8, 20, '2005-06-06 08:59:51.600523', 'Jeff Waugh', NULL);
INSERT INTO account (id, date_created, creation_rationale, status, date_status_set, displayname, status_comment) VALUES (71, '2005-06-06 08:59:51.551196', 2, 20, '2008-09-05 20:55:47.76904', 'Andrew Bennetts', '');
INSERT INTO account (id, date_created, creation_rationale, status, date_status_set, displayname, status_comment) VALUES (81, '2005-06-06 08:59:51.601584', 8, 20, '2005-06-06 08:59:51.601584', 'James Blackwell', NULL);
INSERT INTO account (id, date_created, creation_rationale, status, date_status_set, displayname, status_comment) VALUES (91, '2005-06-06 08:59:51.594941', 1, 10, '2005-06-06 08:59:51.594941', 'Christian Reis', NULL);
INSERT INTO account (id, date_created, creation_rationale, status, date_status_set, displayname, status_comment) VALUES (101, '2005-06-06 08:59:51.619713', 2, 20, '2008-09-05 20:55:47.76904', 'Alexander Limi', '');
INSERT INTO account (id, date_created, creation_rationale, status, date_status_set, displayname, status_comment) VALUES (111, '2005-06-06 08:59:51.599234', 8, 20, '2005-06-06 08:59:51.599234', 'Steve Alexander', NULL);
INSERT INTO account (id, date_created, creation_rationale, status, date_status_set, displayname, status_comment) VALUES (121, '2005-06-06 08:59:51.612277', 8, 20, '2005-06-06 08:59:51.612277', 'Sample Person', NULL);
INSERT INTO account (id, date_created, creation_rationale, status, date_status_set, displayname, status_comment) VALUES (131, '2005-06-06 08:59:51.615543', 8, 20, '2005-06-06 08:59:51.615543', 'Carlos Perelló Marín', NULL);
INSERT INTO account (id, date_created, creation_rationale, status, date_status_set, displayname, status_comment) VALUES (141, '2005-06-06 08:59:51.616666', 8, 20, '2005-06-06 08:59:51.616666', 'Dafydd Harries', NULL);
INSERT INTO account (id, date_created, creation_rationale, status, date_status_set, displayname, status_comment) VALUES (161, '2005-06-06 08:59:51.593849', 8, 20, '2005-06-06 08:59:51.593849', 'Foo Bar', NULL);
INSERT INTO account (id, date_created, creation_rationale, status, date_status_set, displayname, status_comment) VALUES (221, '2005-06-06 08:59:51.59276', 8, 20, '2005-06-06 08:59:51.59276', 'Stuart Bishop', NULL);
INSERT INTO account (id, date_created, creation_rationale, status, date_status_set, displayname, status_comment) VALUES (231, '2005-06-06 08:59:51.620823', 8, 20, '2005-06-06 08:59:51.620823', 'David Allouche', NULL);
INSERT INTO account (id, date_created, creation_rationale, status, date_status_set, displayname, status_comment) VALUES (261, '2005-06-06 08:59:51.618722', 2, 20, '2008-09-05 20:55:47.76904', 'Daniel Silverstone', NULL);
INSERT INTO account (id, date_created, creation_rationale, status, date_status_set, displayname, status_comment) VALUES (271, '2005-06-06 08:59:51.557224', 8, 20, '2005-06-06 08:59:51.557224', 'Daniel Henrique Debonzi', NULL);
INSERT INTO account (id, date_created, creation_rationale, status, date_status_set, displayname, status_comment) VALUES (281, '2005-06-06 08:59:51.59705', 8, 20, '2005-06-06 08:59:51.59705', 'Celso Providelo', NULL);
INSERT INTO account (id, date_created, creation_rationale, status, date_status_set, displayname, status_comment) VALUES (291, '2005-06-06 08:59:51.596025', 8, 20, '2005-06-06 08:59:51.596025', 'Guilherme Salgado', NULL);
INSERT INTO account (id, date_created, creation_rationale, status, date_status_set, displayname, status_comment) VALUES (331, '2005-06-06 08:59:51.621892', 8, 20, '2005-06-06 08:59:51.621892', 'Edgar Bursic', '');
INSERT INTO account (id, date_created, creation_rationale, status, date_status_set, displayname, status_comment) VALUES (341, '2005-06-06 08:59:51.622908', 4, 10, '2005-06-06 08:59:51.622908', 'Jordi Vilalta', NULL);
INSERT INTO account (id, date_created, creation_rationale, status, date_status_set, displayname, status_comment) VALUES (351, '2005-06-06 08:59:51.623962', 4, 10, '2005-06-06 08:59:51.623962', 'Sigurd Gartmann', NULL);
INSERT INTO account (id, date_created, creation_rationale, status, date_status_set, displayname, status_comment) VALUES (361, '2005-06-06 08:59:51.5244', 4, 10, '2005-06-06 08:59:51.5244', 'Vlastimil Skacel', NULL);
INSERT INTO account (id, date_created, creation_rationale, status, date_status_set, displayname, status_comment) VALUES (371, '2005-06-06 08:59:51.549651', 8, 20, '2005-06-06 08:59:51.549651', 'Daniel Aguayo', NULL);
INSERT INTO account (id, date_created, creation_rationale, status, date_status_set, displayname, status_comment) VALUES (381, '2005-06-06 08:59:51.555051', 4, 10, '2005-06-06 08:59:51.555051', 'Martin Pitt', NULL);
INSERT INTO account (id, date_created, creation_rationale, status, date_status_set, displayname, status_comment) VALUES (391, '2005-06-06 08:59:51.556132', 4, 10, '2005-06-06 08:59:51.556132', 'Nicolas Velin', NULL);
INSERT INTO account (id, date_created, creation_rationale, status, date_status_set, displayname, status_comment) VALUES (401, '2005-06-06 08:59:51.558429', 4, 10, '2005-06-06 08:59:51.558429', 'Francesco Accattapà', NULL);
INSERT INTO account (id, date_created, creation_rationale, status, date_status_set, displayname, status_comment) VALUES (411, '2005-06-06 08:59:51.559519', 4, 10, '2005-06-06 08:59:51.559519', 'Aloriel', NULL);
INSERT INTO account (id, date_created, creation_rationale, status, date_status_set, displayname, status_comment) VALUES (421, '2005-06-06 08:59:51.560604', 4, 10, '2005-06-06 08:59:51.560604', 'Denis Barbier', NULL);
INSERT INTO account (id, date_created, creation_rationale, status, date_status_set, displayname, status_comment) VALUES (431, '2005-06-06 08:59:51.561685', 4, 10, '2005-06-06 08:59:51.561685', 'André Luís Lopes', NULL);
INSERT INTO account (id, date_created, creation_rationale, status, date_status_set, displayname, status_comment) VALUES (441, '2005-06-06 08:59:51.562857', 4, 10, '2005-06-06 08:59:51.562857', 'Carlos Valdivia Yagüe', NULL);
INSERT INTO account (id, date_created, creation_rationale, status, date_status_set, displayname, status_comment) VALUES (451, '2005-06-06 08:59:51.563952', 4, 10, '2005-06-06 08:59:51.563952', 'Luk Claes', NULL);
INSERT INTO account (id, date_created, creation_rationale, status, date_status_set, displayname, status_comment) VALUES (461, '2005-06-06 08:59:51.565033', 8, 20, '2005-06-06 08:59:51.565033', 'Miroslav Kure', NULL);
INSERT INTO account (id, date_created, creation_rationale, status, date_status_set, displayname, status_comment) VALUES (471, '2005-06-06 08:59:51.56614', 4, 10, '2005-06-06 08:59:51.56614', 'Morten Brix Pedersen', NULL);
INSERT INTO account (id, date_created, creation_rationale, status, date_status_set, displayname, status_comment) VALUES (481, '2005-06-06 08:59:51.567224', 4, 10, '2005-06-06 08:59:51.567224', 'Matti Pöllä', NULL);
INSERT INTO account (id, date_created, creation_rationale, status, date_status_set, displayname, status_comment) VALUES (491, '2005-06-06 08:59:51.568323', 4, 10, '2005-06-06 08:59:51.568323', 'Kęstutis Biliūnas', NULL);
INSERT INTO account (id, date_created, creation_rationale, status, date_status_set, displayname, status_comment) VALUES (501, '2005-06-06 08:59:51.569518', 8, 20, '2005-06-06 08:59:51.569518', 'Valentina Commissari', NULL);
INSERT INTO account (id, date_created, creation_rationale, status, date_status_set, displayname, status_comment) VALUES (511, '2005-06-06 08:59:51.570701', 8, 20, '2005-06-06 08:59:51.570701', 'Helge Kreutzmann', NULL);
INSERT INTO account (id, date_created, creation_rationale, status, date_status_set, displayname, status_comment) VALUES (521, '2005-06-06 08:59:51.593849', 8, 20, '2005-06-06 08:59:51.593849', 'No Privileges Person', NULL);
INSERT INTO account (id, date_created, creation_rationale, status, date_status_set, displayname, status_comment) VALUES (551, '2005-06-06 08:59:51.593849', 8, 20, '2005-06-06 08:59:51.593849', 'Marilize Coetzee', NULL);
INSERT INTO account (id, date_created, creation_rationale, status, date_status_set, displayname, status_comment) VALUES (561, '2005-10-07 14:17:51.593849', 8, 20, '2005-10-07 14:17:51.593849', 'Jordi Mallach', NULL);
INSERT INTO account (id, date_created, creation_rationale, status, date_status_set, displayname, status_comment) VALUES (581, '2005-12-06 09:48:58.287679', 8, 20, '2005-12-06 09:48:58.287679', 'Bug Importer', NULL);
INSERT INTO account (id, date_created, creation_rationale, status, date_status_set, displayname, status_comment) VALUES (621, '2006-05-23 12:49:30.483464', 1, 10, '2006-05-23 12:49:30.483464', 'Bug Watch Updater', NULL);
INSERT INTO account (id, date_created, creation_rationale, status, date_status_set, displayname, status_comment) VALUES (631, '2006-05-23 12:49:30.483464', 8, 20, '2006-05-23 12:49:30.483464', 'Karl Tilbury', NULL);
INSERT INTO account (id, date_created, creation_rationale, status, date_status_set, displayname, status_comment) VALUES (651, '2006-10-04 16:20:51.19954', 1, 20, '2006-10-04 16:20:51.19954', 'Launchpad Janitor', NULL);
INSERT INTO account (id, date_created, creation_rationale, status, date_status_set, displayname, status_comment) VALUES (661, '2006-12-13 21:19:06.369142', 4, 10, '2006-12-13 21:19:06.369142', 'Diogo Matsubara', NULL);
INSERT INTO account (id, date_created, creation_rationale, status, date_status_set, displayname, status_comment) VALUES (671, '2006-10-04 16:20:51.19954', 1, 10, '2006-10-04 16:20:51.19954', 'Team Membership Janitor', NULL);
INSERT INTO account (id, date_created, creation_rationale, status, date_status_set, displayname, status_comment) VALUES (681, '2007-01-31 06:56:25.096519', 8, 20, '2007-01-31 06:56:25.096519', 'Launchpad Beta Testers Owner', NULL);
INSERT INTO account (id, date_created, creation_rationale, status, date_status_set, displayname, status_comment) VALUES (701, '2006-12-13 21:19:06.369142', 2, 30, '2008-02-01 13:01:01.000001', 'Former User', 'an ex-user');
INSERT INTO account (id, date_created, creation_rationale, status, date_status_set, displayname, status_comment) VALUES (243637, '2010-07-12 09:48:27.198885', 1, 20, '2010-07-12 09:48:27.198885', 'Software-center-agent', NULL);
INSERT INTO account (id, date_created, creation_rationale, status, date_status_set, displayname, status_comment) VALUES (2436021, '2007-02-19 11:17:57.755666', 8, 20, '2007-02-19 11:17:57.755666', 'No Team Memberships', NULL);
INSERT INTO account (id, date_created, creation_rationale, status, date_status_set, displayname, status_comment) VALUES (2436031, '2007-02-21 10:53:59.700105', 8, 20, '2007-02-21 10:53:59.700105', 'One Membership', NULL);
INSERT INTO account (id, date_created, creation_rationale, status, date_status_set, displayname, status_comment) VALUES (2436061, '2007-08-09 21:25:37.832976', 7, 10, '2007-08-09 21:25:37.832976', 'Julian Edwards', NULL);
INSERT INTO account (id, date_created, creation_rationale, status, date_status_set, displayname, status_comment) VALUES (2436081, '2007-11-12 15:23:19.847132', 3, 10, '2007-11-12 15:23:19.847132', 'Ubuntu Doc Team', NULL);
INSERT INTO account (id, date_created, creation_rationale, status, date_status_set, displayname, status_comment) VALUES (2436091, '2007-12-07 13:43:20.393704', 8, 20, '2007-12-07 13:43:20.393704', 'Katie', NULL);
INSERT INTO account (id, date_created, creation_rationale, status, date_status_set, displayname, status_comment) VALUES (2436101, '2007-12-14 16:52:15.403833', 1, 20, '2007-12-14 16:52:15.403833', 'Gold Member', NULL);
INSERT INTO account (id, date_created, creation_rationale, status, date_status_set, displayname, status_comment) VALUES (2436111, '2007-12-14 16:52:15.403833', 1, 20, '2007-12-14 16:52:15.403833', 'Owner', NULL);
INSERT INTO account (id, date_created, creation_rationale, status, date_status_set, displayname, status_comment) VALUES (2436141, '2007-12-18 16:31:34.790641', 15, 10, '2007-12-18 16:31:34.790641', 'josh', NULL);
INSERT INTO account (id, date_created, creation_rationale, status, date_status_set, displayname, status_comment) VALUES (2436151, '2007-12-18 16:31:34.790641', 15, 10, '2007-12-18 16:31:34.790641', 'Sjoerd Simons', NULL);
INSERT INTO account (id, date_created, creation_rationale, status, date_status_set, displayname, status_comment) VALUES (2436161, '2007-12-18 16:31:34.790641', 15, 10, '2007-12-18 16:31:34.790641', 'Martin Pitt', NULL);
INSERT INTO account (id, date_created, creation_rationale, status, date_status_set, displayname, status_comment) VALUES (2436171, '2008-03-06 09:55:27.289842', 1, 20, '2008-06-16 07:02:18.857109', 'Tim Penhey', NULL);
INSERT INTO account (id, date_created, creation_rationale, status, date_status_set, displayname, status_comment) VALUES (2436221, '2008-05-12 17:38:38.798696', 8, 20, '2008-06-16 07:02:18.857109', 'Commercial Member', NULL);
INSERT INTO account (id, date_created, creation_rationale, status, date_status_set, displayname, status_comment) VALUES (2436231, '2008-06-27 14:49:11.149508', 8, 20, '2008-06-27 14:49:11.149508', 'Brad Crittenden', NULL);
INSERT INTO account (id, date_created, creation_rationale, status, date_status_set, displayname, status_comment) VALUES (2436241, '2008-11-04 12:59:26.965843', 8, 20, '2008-11-04 13:09:43.807125', 'PPA key guard', NULL);
INSERT INTO account (id, date_created, creation_rationale, status, date_status_set, displayname, status_comment) VALUES (2436242, '2009-03-17 07:26:14.024613', 1, 20, '2009-03-17 07:26:14.024613', 'Ubuntu-branches-owner', 'Activated when the preferred email was set.');
INSERT INTO account (id, date_created, creation_rationale, status, date_status_set, displayname, status_comment) VALUES (2436243, '2009-08-04 10:50:39.383407', 1, 20, '2009-08-04 10:50:39.383407', 'Techboard Owner', 'Activated when the preferred email was set.');


ALTER TABLE account ENABLE TRIGGER ALL;


ALTER TABLE accountpassword DISABLE TRIGGER ALL;

INSERT INTO accountpassword (id, account, password) VALUES (1, 11, 'K7Qmeansl6RbuPfulfcmyDQOzp70OxVh5Fcf');
INSERT INTO accountpassword (id, account, password) VALUES (2, 21, 'ID1adsprLaTBox18F6dpSdtSdqCiOdpgUXBo4oG17qhg73jSDTVe3g==');
INSERT INTO accountpassword (id, account, password) VALUES (4, 41, 'K7Qmeansl6RbuPfulfcmyDQOzp70OxVh5Fcf');
INSERT INTO accountpassword (id, account, password) VALUES (6, 61, 'egSV4F7r1WCy/hf5jWu7AlOfsdt6E5/eGUDj2esLlEPV8VfJSdIJSQ==');
INSERT INTO accountpassword (id, account, password) VALUES (8, 81, 'AqRrSgxlaD/jsmKcwKM6WRV6RjgdyuND0kHVDSFG+F1FGUCoCXncuQ==');
INSERT INTO accountpassword (id, account, password) VALUES (11, 111, 'K7Qmeansl6RbuPfulfcmyDQOzp70OxVh5Fcf');
INSERT INTO accountpassword (id, account, password) VALUES (12, 121, 'K7Qmeansl6RbuPfulfcmyDQOzp70OxVh5Fcf');
INSERT INTO accountpassword (id, account, password) VALUES (13, 131, 'MdB+BoAdbza3BA6mIkMm6bFo1kv9hR2PKZ3U');
INSERT INTO accountpassword (id, account, password) VALUES (14, 141, 'pGQrbOLX8qWHLVFxd/VPhZlqhPDXj/3/8p8CeEUYIFfYziLKdTbJNQ==');
INSERT INTO accountpassword (id, account, password) VALUES (16, 161, 'K7Qmeansl6RbuPfulfcmyDQOzp70OxVh5Fcf');
INSERT INTO accountpassword (id, account, password) VALUES (22, 221, 'I+lQozEFEr+uBuxQZuKGpL4jkiy6lE1dQsZx');
INSERT INTO accountpassword (id, account, password) VALUES (23, 231, 'K7Qmeansl6RbuPfulfcmyDQOzp70OxVh5Fcf');
INSERT INTO accountpassword (id, account, password) VALUES (27, 271, 'DAJs/l1RrrYFPPd2mBY4b/aFjnTfodXOyg+L+U6uPxUy8rCp/IFC/w==');
INSERT INTO accountpassword (id, account, password) VALUES (28, 281, 'OkikNBxGC7hgRBJ109OZru86vpzhHw+cO+zW/0SlTN2phfv7lSwSHg==');
INSERT INTO accountpassword (id, account, password) VALUES (29, 291, 'DAJs/l1RrrYFPPd2mBY4b/aFjnTfodXOyg+L+U6uPxUy8rCp/IFC/w==');
INSERT INTO accountpassword (id, account, password) VALUES (33, 331, 'test');
INSERT INTO accountpassword (id, account, password) VALUES (34, 341, 'gsTz0TyTUL7xrkoAH4Yz2WE6/w6WoYG5LjaO8p/xA1FDdSM6qkWiYA==');
INSERT INTO accountpassword (id, account, password) VALUES (35, 351, 'FvPq9d4L5onnmcRA9wCzQ5lnPPYIzvW5rJA7GGnnsJuQqz8M8naZkQ==');
INSERT INTO accountpassword (id, account, password) VALUES (36, 361, 'lyA9CgUH9lHmTiaiWGP2vzkmytufiHBAnc9c8WCX1g5pYyBd6QgL3A==');
INSERT INTO accountpassword (id, account, password) VALUES (37, 371, 'bpLapC1tQHUedQBP447krtcmaRPd3hrncPusTlNUKXh5ymfO5yVhhQ==');
INSERT INTO accountpassword (id, account, password) VALUES (38, 381, 'DAJs/l1RrrYFPPd2mBY4b/aFjnTfodXOyg+L+U6uPxUy8rCp/IFC/w==');
INSERT INTO accountpassword (id, account, password) VALUES (39, 391, 'U2QzusrIFlQZKb3hWzcLpfhFcB3WZ0fa0E+OwcV8q/WOtsQCjarzzA==');
INSERT INTO accountpassword (id, account, password) VALUES (40, 401, 'mSKDc1EKoi8a5L0zd+oueU33nuSEuFWy+JHIHxOukBVJt9LPW47RVg==');
INSERT INTO accountpassword (id, account, password) VALUES (41, 411, '94y1dy33Evut2/bLsGG8Pzguyuip9wHeRtFWp0cSItzHdD1tK3gmcQ==');
INSERT INTO accountpassword (id, account, password) VALUES (42, 421, 'vI/vIVB2qsx1NvuaMy+q4l8rWUNMFINWzCSLOK1D5qi97/VmXvIrEw==');
INSERT INTO accountpassword (id, account, password) VALUES (43, 431, 'HG6qWB8PwzfIr3z+Tu+m3lQv7r1dsaWY6rxCxRuNypGomTPTzBh9iA==');
INSERT INTO accountpassword (id, account, password) VALUES (44, 441, 'xrXafuC+VBaIz3m2+0UMjxms+2KhGhj6qnQdoo2V/f4iNFHJgSDzzw==');
INSERT INTO accountpassword (id, account, password) VALUES (45, 451, 'w+f2krWWyQIIm76PIUEIsMCNQLhWLjObLcDONJNjjXcRaiKzKXeMAw==');
INSERT INTO accountpassword (id, account, password) VALUES (46, 461, '1u05okOZJIa069F8COZ2vmxRq11c+4rolNUVRp539TI5ihnHwk9+Sw==');
INSERT INTO accountpassword (id, account, password) VALUES (47, 471, 'n+KIa3PoihBN8ljj9Hjg9H3Im2LWnrn2yprgY4u/MnxOQx3dOh3bDw==');
INSERT INTO accountpassword (id, account, password) VALUES (48, 481, 'U4KMnp73AYdriB7QH2NpEYhlH+fBWJKziDPcDAt25OxItZMYh0QV4Q==');
INSERT INTO accountpassword (id, account, password) VALUES (49, 491, 'YbUJ4nzlxjYtaLLFMqUFL3LplUpS3FxcYwiCAS0WaAcnXS8Sst9BgA==');
INSERT INTO accountpassword (id, account, password) VALUES (50, 501, 'MdB+BoAdbza3BA6mIkMm6bFo1kv9hR2PKZ3U');
INSERT INTO accountpassword (id, account, password) VALUES (51, 511, 'sYVFKi2dWAfkFkWekcW296s2dZ0ihYcxAXtwumI1FQJes4PWD8xvqQ==');
INSERT INTO accountpassword (id, account, password) VALUES (52, 521, 'K7Qmeansl6RbuPfulfcmyDQOzp70OxVh5Fcf');
INSERT INTO accountpassword (id, account, password) VALUES (55, 551, 'K7Qmeansl6RbuPfulfcmyDQOzp70OxVh5Fcf');
INSERT INTO accountpassword (id, account, password) VALUES (56, 561, 'K7Qmeansl6RbuPfulfcmyDQOzp70OxVh5Fcf');
INSERT INTO accountpassword (id, account, password) VALUES (58, 581, 'K7Qmeansl6RbuPfulfcmyDQOzp70OxVh5Fcf');
INSERT INTO accountpassword (id, account, password) VALUES (63, 631, 'UnjDN34pTZ0xE3vbCNZDedIVpLPrA9nty9S/mOzbeefQXAEN6CMNUQ==');
INSERT INTO accountpassword (id, account, password) VALUES (68, 681, 'q/esKTLj2ba0Bzu2Xdi1JA4zgC683EE3I1Vjm+hp4mY+xgikQ7YD1g==');
INSERT INTO accountpassword (id, account, password) VALUES (243602, 2436021, 'PlPmrpS1styVUEK/lGn72zqxYYeZcLqKD3b5oD4/C6AyntMMFvSacw==');
INSERT INTO accountpassword (id, account, password) VALUES (243603, 2436031, '52kdKnxgzc0LWK2ltsED9SeqQcjZgDAj+wWlaRotx3BvsXJCH0AUdQ==');
INSERT INTO accountpassword (id, account, password) VALUES (243610, 2436101, '9I7bMpJUcBH+edfXjswjdo7nC6iuoTU6YAqolznT59Q1h9v+z9pdVQ==');
INSERT INTO accountpassword (id, account, password) VALUES (243611, 2436111, 'zpAkRDpNGKvwvoPeBHuuwK4RFNCrwUnEMglcuWfzV1FCZ0M9nskK8w==');
INSERT INTO accountpassword (id, account, password) VALUES (243617, 2436171, '8Z3kccpOP4HerugZDi/VS5VePtVDHk48XE11Mx0DmpnqiPsDLczI3g==');
INSERT INTO accountpassword (id, account, password) VALUES (243622, 2436221, 'x3AXXkF9hiPAvbgZSrM/6wczynYy0x+o7SNoT+Gy2Z1GZCMcDNb08A==');
INSERT INTO accountpassword (id, account, password) VALUES (243623, 2436231, '0HM7dR9mHB8uh4Pi88me/V7VrPBbsZZCIVWtkjyHV9WtA0QMcaVM5w==');
INSERT INTO accountpassword (id, account, password) VALUES (243624, 261, 'test');
INSERT INTO accountpassword (id, account, password) VALUES (243625, 71, 'test');
INSERT INTO accountpassword (id, account, password) VALUES (243626, 31, 'test');
INSERT INTO accountpassword (id, account, password) VALUES (243629, 2436242, 'AmIxkZe2yl53W8ai9xg8ok+JtsX1CTpR6Ma9bT5LJyMMz1HXnvfPoA==');


ALTER TABLE accountpassword ENABLE TRIGGER ALL;


ALTER TABLE language DISABLE TRIGGER ALL;

INSERT INTO language (id, code, englishname, nativename, pluralforms, pluralexpression, visible, direction, uuid) VALUES (1, 'aa', 'Afar', NULL, NULL, NULL, true, 0, NULL);
INSERT INTO language (id, code, englishname, nativename, pluralforms, pluralexpression, visible, direction, uuid) VALUES (2, 'ab', 'Abkhazian', NULL, NULL, NULL, true, 0, NULL);
INSERT INTO language (id, code, englishname, nativename, pluralforms, pluralexpression, visible, direction, uuid) VALUES (3, 'ace', 'Achinese', NULL, NULL, NULL, true, 0, NULL);
INSERT INTO language (id, code, englishname, nativename, pluralforms, pluralexpression, visible, direction, uuid) VALUES (4, 'ach', 'Acoli', NULL, NULL, NULL, true, 0, NULL);
INSERT INTO language (id, code, englishname, nativename, pluralforms, pluralexpression, visible, direction, uuid) VALUES (5, 'ada', 'Adangme', NULL, NULL, NULL, true, 0, NULL);
INSERT INTO language (id, code, englishname, nativename, pluralforms, pluralexpression, visible, direction, uuid) VALUES (6, 'ady', 'Adyghe; Adygei', NULL, NULL, NULL, true, 0, NULL);
INSERT INTO language (id, code, englishname, nativename, pluralforms, pluralexpression, visible, direction, uuid) VALUES (7, 'afa', 'Afro-Asiatic (Other)', NULL, NULL, NULL, true, 0, NULL);
INSERT INTO language (id, code, englishname, nativename, pluralforms, pluralexpression, visible, direction, uuid) VALUES (8, 'afh', 'Afrihili', NULL, NULL, NULL, true, 0, NULL);
INSERT INTO language (id, code, englishname, nativename, pluralforms, pluralexpression, visible, direction, uuid) VALUES (9, 'af', 'Afrikaans', NULL, 2, 'n != 1', true, 0, '{95a05dab-bf44-4804-bb97-be2a3ee83acd}');
INSERT INTO language (id, code, englishname, nativename, pluralforms, pluralexpression, visible, direction, uuid) VALUES (10, 'ak', 'Akan', NULL, 2, 'n > 1', true, 0, NULL);
INSERT INTO language (id, code, englishname, nativename, pluralforms, pluralexpression, visible, direction, uuid) VALUES (11, 'akk', 'Akkadian', NULL, 2, 'n > 1', true, 0, NULL);
INSERT INTO language (id, code, englishname, nativename, pluralforms, pluralexpression, visible, direction, uuid) VALUES (12, 'sq', 'Albanian', NULL, 2, 'n != 1', true, 0, '{5ea95deb-8819-4960-837f-46de0f22bf81}');
INSERT INTO language (id, code, englishname, nativename, pluralforms, pluralexpression, visible, direction, uuid) VALUES (13, 'ale', 'Aleut', NULL, NULL, NULL, true, 0, NULL);
INSERT INTO language (id, code, englishname, nativename, pluralforms, pluralexpression, visible, direction, uuid) VALUES (14, 'alg', 'Algonquian languages', NULL, NULL, NULL, true, 0, NULL);
INSERT INTO language (id, code, englishname, nativename, pluralforms, pluralexpression, visible, direction, uuid) VALUES (15, 'am', 'Amharic', NULL, 2, 'n > 1', true, 0, NULL);
INSERT INTO language (id, code, englishname, nativename, pluralforms, pluralexpression, visible, direction, uuid) VALUES (16, 'ang', 'English, Old (ca.450-1100)', NULL, NULL, NULL, true, 0, NULL);
INSERT INTO language (id, code, englishname, nativename, pluralforms, pluralexpression, visible, direction, uuid) VALUES (17, 'apa', 'Apache languages', NULL, NULL, NULL, true, 0, NULL);
INSERT INTO language (id, code, englishname, nativename, pluralforms, pluralexpression, visible, direction, uuid) VALUES (18, 'ar', 'Arabic', NULL, 6, 'n==0 ? 0 : n==1 ? 1 : n==2 ? 2 : n%100>=3 && n%100<=10 ? 3 : n%100>=11 && n%100<=99 ? 4 : 5', true, 1, NULL);
INSERT INTO language (id, code, englishname, nativename, pluralforms, pluralexpression, visible, direction, uuid) VALUES (19, 'arc', 'Aramaic', NULL, NULL, NULL, true, 0, NULL);
INSERT INTO language (id, code, englishname, nativename, pluralforms, pluralexpression, visible, direction, uuid) VALUES (20, 'an', 'Aragonese', NULL, 2, 'n != 1', true, 0, NULL);
INSERT INTO language (id, code, englishname, nativename, pluralforms, pluralexpression, visible, direction, uuid) VALUES (21, 'hy', 'Armenian', NULL, NULL, NULL, true, 0, NULL);
INSERT INTO language (id, code, englishname, nativename, pluralforms, pluralexpression, visible, direction, uuid) VALUES (22, 'arn', 'Araucanian', NULL, NULL, NULL, true, 0, NULL);
INSERT INTO language (id, code, englishname, nativename, pluralforms, pluralexpression, visible, direction, uuid) VALUES (23, 'arp', 'Arapaho', NULL, NULL, NULL, true, 0, NULL);
INSERT INTO language (id, code, englishname, nativename, pluralforms, pluralexpression, visible, direction, uuid) VALUES (24, 'art', 'Artificial (Other)', NULL, NULL, NULL, true, 0, NULL);
INSERT INTO language (id, code, englishname, nativename, pluralforms, pluralexpression, visible, direction, uuid) VALUES (25, 'arw', 'Arawak', NULL, NULL, NULL, true, 0, NULL);
INSERT INTO language (id, code, englishname, nativename, pluralforms, pluralexpression, visible, direction, uuid) VALUES (26, 'as', 'Assamese', NULL, NULL, NULL, true, 0, NULL);
INSERT INTO language (id, code, englishname, nativename, pluralforms, pluralexpression, visible, direction, uuid) VALUES (27, 'ast', 'Asturian; Bable', NULL, 1, 'n != 1', true, 0, '{b5cfaf65-895d-4d69-ba92-99438d6003e9}');
INSERT INTO language (id, code, englishname, nativename, pluralforms, pluralexpression, visible, direction, uuid) VALUES (28, 'ath', 'Athapascan language', NULL, NULL, NULL, true, 0, NULL);
INSERT INTO language (id, code, englishname, nativename, pluralforms, pluralexpression, visible, direction, uuid) VALUES (29, 'aus', 'Australian languages', NULL, NULL, NULL, true, 0, NULL);
INSERT INTO language (id, code, englishname, nativename, pluralforms, pluralexpression, visible, direction, uuid) VALUES (30, 'av', 'Avaric', NULL, NULL, NULL, true, 0, NULL);
INSERT INTO language (id, code, englishname, nativename, pluralforms, pluralexpression, visible, direction, uuid) VALUES (31, 'ae', 'Avestan', NULL, NULL, NULL, true, 0, NULL);
INSERT INTO language (id, code, englishname, nativename, pluralforms, pluralexpression, visible, direction, uuid) VALUES (32, 'awa', 'Awadhi', NULL, NULL, NULL, true, 0, NULL);
INSERT INTO language (id, code, englishname, nativename, pluralforms, pluralexpression, visible, direction, uuid) VALUES (33, 'ay', 'Aymara', NULL, NULL, NULL, true, 0, NULL);
INSERT INTO language (id, code, englishname, nativename, pluralforms, pluralexpression, visible, direction, uuid) VALUES (34, 'az', 'Azerbaijani', NULL, 2, 'n != 1', true, 1, NULL);
INSERT INTO language (id, code, englishname, nativename, pluralforms, pluralexpression, visible, direction, uuid) VALUES (35, 'bad', 'Banda', NULL, NULL, NULL, true, 0, NULL);
INSERT INTO language (id, code, englishname, nativename, pluralforms, pluralexpression, visible, direction, uuid) VALUES (36, 'bai', 'Bamileke languages', NULL, NULL, NULL, true, 0, NULL);
INSERT INTO language (id, code, englishname, nativename, pluralforms, pluralexpression, visible, direction, uuid) VALUES (37, 'ba', 'Bashkir', NULL, NULL, NULL, true, 0, NULL);
INSERT INTO language (id, code, englishname, nativename, pluralforms, pluralexpression, visible, direction, uuid) VALUES (38, 'bal', 'Baluchi', NULL, NULL, NULL, true, 0, NULL);
INSERT INTO language (id, code, englishname, nativename, pluralforms, pluralexpression, visible, direction, uuid) VALUES (39, 'bm', 'Bambara', NULL, NULL, NULL, true, 0, NULL);
INSERT INTO language (id, code, englishname, nativename, pluralforms, pluralexpression, visible, direction, uuid) VALUES (40, 'ban', 'Balinese', NULL, NULL, NULL, true, 0, NULL);
INSERT INTO language (id, code, englishname, nativename, pluralforms, pluralexpression, visible, direction, uuid) VALUES (41, 'eu', 'Basque', NULL, 2, 'n != 1', true, 0, NULL);
INSERT INTO language (id, code, englishname, nativename, pluralforms, pluralexpression, visible, direction, uuid) VALUES (42, 'bas', 'Basa', NULL, NULL, NULL, true, 0, NULL);
INSERT INTO language (id, code, englishname, nativename, pluralforms, pluralexpression, visible, direction, uuid) VALUES (43, 'bat', 'Baltic (Other)', NULL, NULL, NULL, true, 0, NULL);
INSERT INTO language (id, code, englishname, nativename, pluralforms, pluralexpression, visible, direction, uuid) VALUES (44, 'bej', 'Beja', NULL, NULL, NULL, true, 0, NULL);
INSERT INTO language (id, code, englishname, nativename, pluralforms, pluralexpression, visible, direction, uuid) VALUES (45, 'be', 'Belarusian', NULL, NULL, NULL, true, 0, NULL);
INSERT INTO language (id, code, englishname, nativename, pluralforms, pluralexpression, visible, direction, uuid) VALUES (46, 'bem', 'Bemba', NULL, NULL, NULL, true, 0, NULL);
INSERT INTO language (id, code, englishname, nativename, pluralforms, pluralexpression, visible, direction, uuid) VALUES (47, 'bn', 'Bengali', NULL, 2, 'n != 1', true, 0, NULL);
INSERT INTO language (id, code, englishname, nativename, pluralforms, pluralexpression, visible, direction, uuid) VALUES (48, 'ber', 'Berber (Other)', NULL, 2, 'n != 1', true, 0, NULL);
INSERT INTO language (id, code, englishname, nativename, pluralforms, pluralexpression, visible, direction, uuid) VALUES (49, 'bho', 'Bhojpuri', NULL, NULL, NULL, true, 0, NULL);
INSERT INTO language (id, code, englishname, nativename, pluralforms, pluralexpression, visible, direction, uuid) VALUES (50, 'bh', 'Bihari', NULL, NULL, NULL, true, 0, NULL);
INSERT INTO language (id, code, englishname, nativename, pluralforms, pluralexpression, visible, direction, uuid) VALUES (51, 'bik', 'Bikol', NULL, NULL, NULL, true, 0, NULL);
INSERT INTO language (id, code, englishname, nativename, pluralforms, pluralexpression, visible, direction, uuid) VALUES (52, 'bin', 'Bini', NULL, NULL, NULL, true, 0, NULL);
INSERT INTO language (id, code, englishname, nativename, pluralforms, pluralexpression, visible, direction, uuid) VALUES (53, 'bi', 'Bislama', NULL, NULL, NULL, true, 0, NULL);
INSERT INTO language (id, code, englishname, nativename, pluralforms, pluralexpression, visible, direction, uuid) VALUES (54, 'bla', 'Siksika', NULL, NULL, NULL, true, 0, NULL);
INSERT INTO language (id, code, englishname, nativename, pluralforms, pluralexpression, visible, direction, uuid) VALUES (55, 'bnt', 'Bantu (Other)', NULL, NULL, NULL, true, 0, NULL);
INSERT INTO language (id, code, englishname, nativename, pluralforms, pluralexpression, visible, direction, uuid) VALUES (56, 'bs', 'Bosnian', NULL, 3, 'n%10==1 && n%100!=11 ? 0 : n%10>=2 && n%10<=4 && (n%100<10 || n%100>=20) ? 1 : 2', true, 0, NULL);
INSERT INTO language (id, code, englishname, nativename, pluralforms, pluralexpression, visible, direction, uuid) VALUES (57, 'bra', 'Braj', NULL, NULL, NULL, true, 0, NULL);
INSERT INTO language (id, code, englishname, nativename, pluralforms, pluralexpression, visible, direction, uuid) VALUES (58, 'br', 'Breton', NULL, 2, 'n > 1', true, 0, NULL);
INSERT INTO language (id, code, englishname, nativename, pluralforms, pluralexpression, visible, direction, uuid) VALUES (59, 'btk', 'Batak (Indonesia)', NULL, NULL, NULL, true, 0, NULL);
INSERT INTO language (id, code, englishname, nativename, pluralforms, pluralexpression, visible, direction, uuid) VALUES (60, 'bua', 'Buriat', NULL, NULL, NULL, true, 0, NULL);
INSERT INTO language (id, code, englishname, nativename, pluralforms, pluralexpression, visible, direction, uuid) VALUES (61, 'bug', 'Buginese', NULL, NULL, NULL, true, 0, NULL);
INSERT INTO language (id, code, englishname, nativename, pluralforms, pluralexpression, visible, direction, uuid) VALUES (62, 'bg', 'Bulgarian', NULL, 2, 'n != 1', true, 0, '{b5962da4-752e-416c-9934-f97724f07051}');
INSERT INTO language (id, code, englishname, nativename, pluralforms, pluralexpression, visible, direction, uuid) VALUES (63, 'my', 'Burmese', NULL, NULL, NULL, true, 0, NULL);
INSERT INTO language (id, code, englishname, nativename, pluralforms, pluralexpression, visible, direction, uuid) VALUES (64, 'byn', 'Blin; Bilin', NULL, NULL, NULL, true, 0, NULL);
INSERT INTO language (id, code, englishname, nativename, pluralforms, pluralexpression, visible, direction, uuid) VALUES (65, 'cad', 'Caddo', NULL, NULL, NULL, true, 0, NULL);
INSERT INTO language (id, code, englishname, nativename, pluralforms, pluralexpression, visible, direction, uuid) VALUES (66, 'cai', 'Central American Indian (Other)', NULL, NULL, NULL, true, 0, NULL);
INSERT INTO language (id, code, englishname, nativename, pluralforms, pluralexpression, visible, direction, uuid) VALUES (67, 'car', 'Carib', NULL, NULL, NULL, true, 0, NULL);
INSERT INTO language (id, code, englishname, nativename, pluralforms, pluralexpression, visible, direction, uuid) VALUES (68, 'ca', 'Catalan', NULL, 2, 'n != 1', true, 0, '{f3b38190-f8e0-4e8b-bf29-451fb95c0cbd}');
INSERT INTO language (id, code, englishname, nativename, pluralforms, pluralexpression, visible, direction, uuid) VALUES (69, 'cau', 'Caucasian (Other)', NULL, NULL, NULL, true, 0, NULL);
INSERT INTO language (id, code, englishname, nativename, pluralforms, pluralexpression, visible, direction, uuid) VALUES (70, 'ceb', 'Cebuano', NULL, NULL, NULL, true, 0, NULL);
INSERT INTO language (id, code, englishname, nativename, pluralforms, pluralexpression, visible, direction, uuid) VALUES (71, 'cel', 'Celtic (Other)', NULL, NULL, NULL, true, 0, NULL);
INSERT INTO language (id, code, englishname, nativename, pluralforms, pluralexpression, visible, direction, uuid) VALUES (72, 'ch', 'Chamorro', NULL, NULL, NULL, true, 0, NULL);
INSERT INTO language (id, code, englishname, nativename, pluralforms, pluralexpression, visible, direction, uuid) VALUES (73, 'chb', 'Chibcha', NULL, NULL, NULL, true, 0, NULL);
INSERT INTO language (id, code, englishname, nativename, pluralforms, pluralexpression, visible, direction, uuid) VALUES (74, 'ce', 'Chechen', NULL, NULL, NULL, true, 0, NULL);
INSERT INTO language (id, code, englishname, nativename, pluralforms, pluralexpression, visible, direction, uuid) VALUES (75, 'chg', 'Chagatai', NULL, NULL, NULL, true, 0, NULL);
INSERT INTO language (id, code, englishname, nativename, pluralforms, pluralexpression, visible, direction, uuid) VALUES (76, 'zh', 'Chinese', NULL, 1, '0', false, 0, NULL);
INSERT INTO language (id, code, englishname, nativename, pluralforms, pluralexpression, visible, direction, uuid) VALUES (77, 'chk', 'Chukese', NULL, NULL, NULL, true, 0, NULL);
INSERT INTO language (id, code, englishname, nativename, pluralforms, pluralexpression, visible, direction, uuid) VALUES (78, 'chm', 'Mari', NULL, NULL, NULL, true, 0, NULL);
INSERT INTO language (id, code, englishname, nativename, pluralforms, pluralexpression, visible, direction, uuid) VALUES (79, 'chn', 'Chinook jargon', NULL, NULL, NULL, true, 0, NULL);
INSERT INTO language (id, code, englishname, nativename, pluralforms, pluralexpression, visible, direction, uuid) VALUES (80, 'cho', 'Choctaw', NULL, NULL, NULL, true, 0, NULL);
INSERT INTO language (id, code, englishname, nativename, pluralforms, pluralexpression, visible, direction, uuid) VALUES (81, 'chp', 'Chipewyan', NULL, NULL, NULL, true, 0, NULL);
INSERT INTO language (id, code, englishname, nativename, pluralforms, pluralexpression, visible, direction, uuid) VALUES (82, 'chr', 'Cherokee', NULL, NULL, NULL, true, 0, NULL);
INSERT INTO language (id, code, englishname, nativename, pluralforms, pluralexpression, visible, direction, uuid) VALUES (83, 'chu', 'Church Slavic', NULL, NULL, NULL, true, 0, NULL);
INSERT INTO language (id, code, englishname, nativename, pluralforms, pluralexpression, visible, direction, uuid) VALUES (84, 'cv', 'Chuvash', NULL, NULL, NULL, true, 0, NULL);
INSERT INTO language (id, code, englishname, nativename, pluralforms, pluralexpression, visible, direction, uuid) VALUES (85, 'chy', 'Cheyenne', NULL, NULL, NULL, true, 0, NULL);
INSERT INTO language (id, code, englishname, nativename, pluralforms, pluralexpression, visible, direction, uuid) VALUES (86, 'cmc', 'Chamic languages', NULL, NULL, NULL, true, 0, NULL);
INSERT INTO language (id, code, englishname, nativename, pluralforms, pluralexpression, visible, direction, uuid) VALUES (87, 'cop', 'Coptic', NULL, NULL, NULL, true, 0, NULL);
INSERT INTO language (id, code, englishname, nativename, pluralforms, pluralexpression, visible, direction, uuid) VALUES (88, 'kw', 'Cornish', NULL, NULL, NULL, true, 0, NULL);
INSERT INTO language (id, code, englishname, nativename, pluralforms, pluralexpression, visible, direction, uuid) VALUES (89, 'co', 'Corsican', NULL, NULL, NULL, true, 0, NULL);
INSERT INTO language (id, code, englishname, nativename, pluralforms, pluralexpression, visible, direction, uuid) VALUES (90, 'cpe', 'English-based (Other)', NULL, NULL, NULL, true, 0, NULL);
INSERT INTO language (id, code, englishname, nativename, pluralforms, pluralexpression, visible, direction, uuid) VALUES (91, 'cpf', 'French-based (Other)', NULL, NULL, NULL, true, 0, NULL);
INSERT INTO language (id, code, englishname, nativename, pluralforms, pluralexpression, visible, direction, uuid) VALUES (92, 'cpp', 'Portuguese-based (Other)', NULL, NULL, NULL, true, 0, NULL);
INSERT INTO language (id, code, englishname, nativename, pluralforms, pluralexpression, visible, direction, uuid) VALUES (93, 'cr', 'Cree', NULL, NULL, NULL, true, 0, NULL);
INSERT INTO language (id, code, englishname, nativename, pluralforms, pluralexpression, visible, direction, uuid) VALUES (94, 'crh', 'Crimean Turkish; Crimean Tatar', NULL, NULL, NULL, true, 0, NULL);
INSERT INTO language (id, code, englishname, nativename, pluralforms, pluralexpression, visible, direction, uuid) VALUES (95, 'crp', 'Creoles and pidgins (Other)', NULL, NULL, NULL, true, 0, NULL);
INSERT INTO language (id, code, englishname, nativename, pluralforms, pluralexpression, visible, direction, uuid) VALUES (96, 'csb', 'Kashubian', NULL, 3, 'n==1 ? 0 : n%10>=2 && n%10<=4 && (n%100<10 || n%100>=20) ? 1 : 2', true, 0, NULL);
INSERT INTO language (id, code, englishname, nativename, pluralforms, pluralexpression, visible, direction, uuid) VALUES (97, 'cus', 'Cushitic (Other)', NULL, NULL, NULL, true, 0, NULL);
INSERT INTO language (id, code, englishname, nativename, pluralforms, pluralexpression, visible, direction, uuid) VALUES (98, 'cs', 'Czech', NULL, 3, 'n%10==1 && n%100!=11 ? 0 : n%10>=2 && n%10<=4 && (n%100<10 || n%100>=20) ? 1 : 2', true, 0, '{37b3f2ec-1229-4289-a6d9-e94d2948ae7e}');
INSERT INTO language (id, code, englishname, nativename, pluralforms, pluralexpression, visible, direction, uuid) VALUES (99, 'dak', 'Dakota', NULL, NULL, NULL, true, 0, NULL);
INSERT INTO language (id, code, englishname, nativename, pluralforms, pluralexpression, visible, direction, uuid) VALUES (100, 'da', 'Danish', NULL, 2, 'n != 1', true, 0, '{1f391bb4-a820-4e44-8b68-01b385d13f94}');
INSERT INTO language (id, code, englishname, nativename, pluralforms, pluralexpression, visible, direction, uuid) VALUES (101, 'dar', 'Dargwa', NULL, NULL, NULL, true, 0, NULL);
INSERT INTO language (id, code, englishname, nativename, pluralforms, pluralexpression, visible, direction, uuid) VALUES (102, 'del', 'Delaware', NULL, NULL, NULL, true, 0, NULL);
INSERT INTO language (id, code, englishname, nativename, pluralforms, pluralexpression, visible, direction, uuid) VALUES (103, 'den', 'Slave (Athapascan)', NULL, NULL, NULL, true, 0, NULL);
INSERT INTO language (id, code, englishname, nativename, pluralforms, pluralexpression, visible, direction, uuid) VALUES (104, 'dgr', 'Dogrib', NULL, NULL, NULL, true, 0, NULL);
INSERT INTO language (id, code, englishname, nativename, pluralforms, pluralexpression, visible, direction, uuid) VALUES (105, 'din', 'Dinka', NULL, NULL, NULL, true, 0, NULL);
INSERT INTO language (id, code, englishname, nativename, pluralforms, pluralexpression, visible, direction, uuid) VALUES (106, 'dv', 'Divehi', NULL, NULL, NULL, true, 0, NULL);
INSERT INTO language (id, code, englishname, nativename, pluralforms, pluralexpression, visible, direction, uuid) VALUES (107, 'doi', 'Dogri', NULL, NULL, NULL, true, 0, NULL);
INSERT INTO language (id, code, englishname, nativename, pluralforms, pluralexpression, visible, direction, uuid) VALUES (108, 'dra', 'Dravidian (Other)', NULL, NULL, NULL, true, 0, NULL);
INSERT INTO language (id, code, englishname, nativename, pluralforms, pluralexpression, visible, direction, uuid) VALUES (109, 'dsb', 'Lower Sorbian', NULL, NULL, NULL, true, 0, NULL);
INSERT INTO language (id, code, englishname, nativename, pluralforms, pluralexpression, visible, direction, uuid) VALUES (110, 'dua', 'Duala', NULL, NULL, NULL, true, 0, NULL);
INSERT INTO language (id, code, englishname, nativename, pluralforms, pluralexpression, visible, direction, uuid) VALUES (111, 'dum', 'Dutch, Middle (ca. 1050-1350)', NULL, NULL, NULL, true, 0, NULL);
INSERT INTO language (id, code, englishname, nativename, pluralforms, pluralexpression, visible, direction, uuid) VALUES (112, 'nl', 'Dutch', NULL, 2, 'n != 1', true, 0, '{83532d50-69a7-46d7-9873-ed232d5b246b}');
INSERT INTO language (id, code, englishname, nativename, pluralforms, pluralexpression, visible, direction, uuid) VALUES (113, 'dyu', 'Dyula', NULL, NULL, NULL, true, 0, NULL);
INSERT INTO language (id, code, englishname, nativename, pluralforms, pluralexpression, visible, direction, uuid) VALUES (114, 'dz', 'Dzongkha', NULL, 1, '0', true, 0, NULL);
INSERT INTO language (id, code, englishname, nativename, pluralforms, pluralexpression, visible, direction, uuid) VALUES (115, 'efi', 'Efik', NULL, NULL, NULL, true, 0, NULL);
INSERT INTO language (id, code, englishname, nativename, pluralforms, pluralexpression, visible, direction, uuid) VALUES (116, 'egy', 'Egyptian (Ancient)', NULL, NULL, NULL, true, 0, NULL);
INSERT INTO language (id, code, englishname, nativename, pluralforms, pluralexpression, visible, direction, uuid) VALUES (117, 'eka', 'Ekajuk', NULL, NULL, NULL, true, 0, NULL);
INSERT INTO language (id, code, englishname, nativename, pluralforms, pluralexpression, visible, direction, uuid) VALUES (118, 'elx', 'Elamite', NULL, NULL, NULL, true, 0, NULL);
INSERT INTO language (id, code, englishname, nativename, pluralforms, pluralexpression, visible, direction, uuid) VALUES (119, 'en', 'English', NULL, 2, 'n != 1', true, 0, '{6c3a4023-ca27-4847-a410-2fe8a2401654}');
INSERT INTO language (id, code, englishname, nativename, pluralforms, pluralexpression, visible, direction, uuid) VALUES (120, 'enm', 'English, Middle (1100-1500)', NULL, NULL, NULL, true, 0, NULL);
INSERT INTO language (id, code, englishname, nativename, pluralforms, pluralexpression, visible, direction, uuid) VALUES (121, 'eo', 'Esperanto', NULL, 2, 'n != 1', true, 0, NULL);
INSERT INTO language (id, code, englishname, nativename, pluralforms, pluralexpression, visible, direction, uuid) VALUES (122, 'et', 'Estonian', NULL, 2, 'n != 1', true, 0, NULL);
INSERT INTO language (id, code, englishname, nativename, pluralforms, pluralexpression, visible, direction, uuid) VALUES (123, 'ee', 'Ewe', NULL, NULL, NULL, true, 0, NULL);
INSERT INTO language (id, code, englishname, nativename, pluralforms, pluralexpression, visible, direction, uuid) VALUES (124, 'ewo', 'Ewondo', NULL, NULL, NULL, true, 0, NULL);
INSERT INTO language (id, code, englishname, nativename, pluralforms, pluralexpression, visible, direction, uuid) VALUES (125, 'fan', 'Fang', NULL, NULL, NULL, true, 0, NULL);
INSERT INTO language (id, code, englishname, nativename, pluralforms, pluralexpression, visible, direction, uuid) VALUES (126, 'fo', 'Faroese', NULL, 2, 'n != 1', true, 0, NULL);
INSERT INTO language (id, code, englishname, nativename, pluralforms, pluralexpression, visible, direction, uuid) VALUES (127, 'fat', 'Fanti', NULL, NULL, NULL, true, 0, NULL);
INSERT INTO language (id, code, englishname, nativename, pluralforms, pluralexpression, visible, direction, uuid) VALUES (128, 'fj', 'Fijian', NULL, NULL, NULL, true, 0, NULL);
INSERT INTO language (id, code, englishname, nativename, pluralforms, pluralexpression, visible, direction, uuid) VALUES (129, 'fi', 'Finnish', NULL, 2, 'n != 1', true, 0, '{c5e1e759-ba2e-44b1-9915-51239d89c492}');
INSERT INTO language (id, code, englishname, nativename, pluralforms, pluralexpression, visible, direction, uuid) VALUES (130, 'fiu', 'Finno-Ugrian (Other)', NULL, NULL, NULL, true, 0, NULL);
INSERT INTO language (id, code, englishname, nativename, pluralforms, pluralexpression, visible, direction, uuid) VALUES (131, 'fon', 'Fon', NULL, NULL, NULL, true, 0, NULL);
INSERT INTO language (id, code, englishname, nativename, pluralforms, pluralexpression, visible, direction, uuid) VALUES (132, 'fr', 'French', NULL, 2, 'n > 1', true, 0, '{5102ddd3-a33f-436f-b43c-f9468a8f8b32}');
INSERT INTO language (id, code, englishname, nativename, pluralforms, pluralexpression, visible, direction, uuid) VALUES (133, 'frm', 'French, Middle (ca.1400-1600)', NULL, NULL, NULL, true, 0, NULL);
INSERT INTO language (id, code, englishname, nativename, pluralforms, pluralexpression, visible, direction, uuid) VALUES (134, 'fro', 'French, Old (842-ca.1400)', NULL, NULL, NULL, true, 0, NULL);
INSERT INTO language (id, code, englishname, nativename, pluralforms, pluralexpression, visible, direction, uuid) VALUES (135, 'fy', 'Frisian', NULL, NULL, NULL, true, 0, NULL);
INSERT INTO language (id, code, englishname, nativename, pluralforms, pluralexpression, visible, direction, uuid) VALUES (136, 'ff', 'Fulah', NULL, NULL, NULL, true, 0, NULL);
INSERT INTO language (id, code, englishname, nativename, pluralforms, pluralexpression, visible, direction, uuid) VALUES (137, 'fur', 'Friulian', NULL, 2, 'n != 1', true, 0, NULL);
INSERT INTO language (id, code, englishname, nativename, pluralforms, pluralexpression, visible, direction, uuid) VALUES (138, 'gaa', 'Ga', NULL, NULL, NULL, true, 0, NULL);
INSERT INTO language (id, code, englishname, nativename, pluralforms, pluralexpression, visible, direction, uuid) VALUES (139, 'gay', 'Gayo', NULL, NULL, NULL, true, 0, NULL);
INSERT INTO language (id, code, englishname, nativename, pluralforms, pluralexpression, visible, direction, uuid) VALUES (140, 'gba', 'Gbaya', NULL, NULL, NULL, true, 0, NULL);
INSERT INTO language (id, code, englishname, nativename, pluralforms, pluralexpression, visible, direction, uuid) VALUES (141, 'gem', 'Germanic (Other)', NULL, NULL, NULL, true, 0, NULL);
INSERT INTO language (id, code, englishname, nativename, pluralforms, pluralexpression, visible, direction, uuid) VALUES (142, 'ka', 'Georgian', NULL, 1, '0', true, 0, NULL);
INSERT INTO language (id, code, englishname, nativename, pluralforms, pluralexpression, visible, direction, uuid) VALUES (143, 'de', 'German', NULL, 2, 'n != 1', true, 0, '{69C47786-9BEF-49BD-B99B-148C9264AF72}');
INSERT INTO language (id, code, englishname, nativename, pluralforms, pluralexpression, visible, direction, uuid) VALUES (144, 'gez', 'Geez', NULL, NULL, NULL, true, 0, NULL);
INSERT INTO language (id, code, englishname, nativename, pluralforms, pluralexpression, visible, direction, uuid) VALUES (145, 'gil', 'Gilbertese', NULL, NULL, NULL, true, 0, NULL);
INSERT INTO language (id, code, englishname, nativename, pluralforms, pluralexpression, visible, direction, uuid) VALUES (146, 'gd', 'Gaelic; Scottish', NULL, 3, 'n < 2 ? 0 : n == 2 ? 1 : 2', true, 0, NULL);
INSERT INTO language (id, code, englishname, nativename, pluralforms, pluralexpression, visible, direction, uuid) VALUES (147, 'ga', 'Irish', NULL, 3, 'n==1 ? 0 : n==2 ? 1 : 2', true, 0, '{906b5382-9a34-4ab1-a627-39487b0678a9}');
INSERT INTO language (id, code, englishname, nativename, pluralforms, pluralexpression, visible, direction, uuid) VALUES (148, 'gl', 'Galician', NULL, 2, 'n != 1', true, 0, NULL);
INSERT INTO language (id, code, englishname, nativename, pluralforms, pluralexpression, visible, direction, uuid) VALUES (149, 'gv', 'Manx', NULL, NULL, NULL, true, 0, NULL);
INSERT INTO language (id, code, englishname, nativename, pluralforms, pluralexpression, visible, direction, uuid) VALUES (150, 'gmh', 'German, Middle High (ca.1050-1500)', NULL, NULL, NULL, true, 0, NULL);
INSERT INTO language (id, code, englishname, nativename, pluralforms, pluralexpression, visible, direction, uuid) VALUES (151, 'goh', 'German, Old High (ca.750-1050)', NULL, NULL, NULL, true, 0, NULL);
INSERT INTO language (id, code, englishname, nativename, pluralforms, pluralexpression, visible, direction, uuid) VALUES (152, 'gon', 'Gondi', NULL, NULL, NULL, true, 0, NULL);
INSERT INTO language (id, code, englishname, nativename, pluralforms, pluralexpression, visible, direction, uuid) VALUES (153, 'gor', 'Gorontalo', NULL, NULL, NULL, true, 0, NULL);
INSERT INTO language (id, code, englishname, nativename, pluralforms, pluralexpression, visible, direction, uuid) VALUES (154, 'got', 'Gothic', NULL, NULL, NULL, true, 0, NULL);
INSERT INTO language (id, code, englishname, nativename, pluralforms, pluralexpression, visible, direction, uuid) VALUES (155, 'grb', 'Grebo', NULL, NULL, NULL, true, 0, NULL);
INSERT INTO language (id, code, englishname, nativename, pluralforms, pluralexpression, visible, direction, uuid) VALUES (156, 'grc', 'Greek, Ancient (to 1453)', NULL, NULL, NULL, true, 0, NULL);
INSERT INTO language (id, code, englishname, nativename, pluralforms, pluralexpression, visible, direction, uuid) VALUES (157, 'el', 'Greek, Modern (1453-)', NULL, 2, 'n != 1', true, 0, '{eb0c5e26-c8a7-4873-b633-0f453cb1debc}');
INSERT INTO language (id, code, englishname, nativename, pluralforms, pluralexpression, visible, direction, uuid) VALUES (158, 'gn', 'Guarani', NULL, NULL, NULL, true, 0, NULL);
INSERT INTO language (id, code, englishname, nativename, pluralforms, pluralexpression, visible, direction, uuid) VALUES (159, 'gu', 'Gujarati', NULL, 2, 'n != 1', true, 0, '{16baab125756b023981bc4a14bd77b5c}');
INSERT INTO language (id, code, englishname, nativename, pluralforms, pluralexpression, visible, direction, uuid) VALUES (160, 'gwi', 'Gwichin', NULL, NULL, NULL, true, 0, NULL);
INSERT INTO language (id, code, englishname, nativename, pluralforms, pluralexpression, visible, direction, uuid) VALUES (161, 'hai', 'Haida', NULL, NULL, NULL, true, 0, NULL);
INSERT INTO language (id, code, englishname, nativename, pluralforms, pluralexpression, visible, direction, uuid) VALUES (162, 'ht', 'Haitian; Haitian Creole', NULL, NULL, NULL, true, 0, NULL);
INSERT INTO language (id, code, englishname, nativename, pluralforms, pluralexpression, visible, direction, uuid) VALUES (163, 'ha', 'Hausa', NULL, NULL, NULL, true, 0, NULL);
INSERT INTO language (id, code, englishname, nativename, pluralforms, pluralexpression, visible, direction, uuid) VALUES (164, 'haw', 'Hawaiian', NULL, NULL, NULL, true, 0, NULL);
INSERT INTO language (id, code, englishname, nativename, pluralforms, pluralexpression, visible, direction, uuid) VALUES (165, 'he', 'Hebrew', NULL, 2, 'n != 1', true, 1, '{9818f84c-1be1-4eea-aded-55f406c70e37}');
INSERT INTO language (id, code, englishname, nativename, pluralforms, pluralexpression, visible, direction, uuid) VALUES (166, 'hz', 'Herero', NULL, NULL, NULL, true, 0, NULL);
INSERT INTO language (id, code, englishname, nativename, pluralforms, pluralexpression, visible, direction, uuid) VALUES (167, 'hil', 'Hiligaynon', NULL, NULL, NULL, true, 0, NULL);
INSERT INTO language (id, code, englishname, nativename, pluralforms, pluralexpression, visible, direction, uuid) VALUES (168, 'him', 'Himachali', NULL, NULL, NULL, true, 0, NULL);
INSERT INTO language (id, code, englishname, nativename, pluralforms, pluralexpression, visible, direction, uuid) VALUES (169, 'hi', 'Hindi', NULL, 2, 'n != 1', true, 0, NULL);
INSERT INTO language (id, code, englishname, nativename, pluralforms, pluralexpression, visible, direction, uuid) VALUES (170, 'hit', 'Hittite', NULL, NULL, NULL, true, 0, NULL);
INSERT INTO language (id, code, englishname, nativename, pluralforms, pluralexpression, visible, direction, uuid) VALUES (171, 'hmn', 'Hmong', NULL, NULL, NULL, true, 0, NULL);
INSERT INTO language (id, code, englishname, nativename, pluralforms, pluralexpression, visible, direction, uuid) VALUES (172, 'ho', 'Hiri', NULL, NULL, NULL, true, 0, NULL);
INSERT INTO language (id, code, englishname, nativename, pluralforms, pluralexpression, visible, direction, uuid) VALUES (173, 'hsb', 'Upper Sorbian', NULL, NULL, NULL, true, 0, NULL);
INSERT INTO language (id, code, englishname, nativename, pluralforms, pluralexpression, visible, direction, uuid) VALUES (174, 'hu', 'Hungarian', NULL, 1, '0', true, 0, '{cacb8e15-7f1b-4e71-a3c0-d63ce907366f}');
INSERT INTO language (id, code, englishname, nativename, pluralforms, pluralexpression, visible, direction, uuid) VALUES (175, 'hup', 'Hupa', NULL, NULL, NULL, true, 0, NULL);
INSERT INTO language (id, code, englishname, nativename, pluralforms, pluralexpression, visible, direction, uuid) VALUES (176, 'iba', 'Iban', NULL, NULL, NULL, true, 0, NULL);
INSERT INTO language (id, code, englishname, nativename, pluralforms, pluralexpression, visible, direction, uuid) VALUES (177, 'ig', 'Igbo', NULL, NULL, NULL, true, 0, NULL);
INSERT INTO language (id, code, englishname, nativename, pluralforms, pluralexpression, visible, direction, uuid) VALUES (178, 'is', 'Icelandic', NULL, 2, 'n != 1', true, 0, NULL);
INSERT INTO language (id, code, englishname, nativename, pluralforms, pluralexpression, visible, direction, uuid) VALUES (179, 'io', 'Ido', NULL, NULL, NULL, true, 0, NULL);
INSERT INTO language (id, code, englishname, nativename, pluralforms, pluralexpression, visible, direction, uuid) VALUES (180, 'ii', 'Sichuan Yi', NULL, NULL, NULL, true, 0, NULL);
INSERT INTO language (id, code, englishname, nativename, pluralforms, pluralexpression, visible, direction, uuid) VALUES (181, 'ijo', 'Ijo', NULL, NULL, NULL, true, 0, NULL);
INSERT INTO language (id, code, englishname, nativename, pluralforms, pluralexpression, visible, direction, uuid) VALUES (182, 'iu', 'Inuktitut', NULL, NULL, NULL, true, 0, NULL);
INSERT INTO language (id, code, englishname, nativename, pluralforms, pluralexpression, visible, direction, uuid) VALUES (183, 'ie', 'Interlingue', NULL, NULL, NULL, true, 0, NULL);
INSERT INTO language (id, code, englishname, nativename, pluralforms, pluralexpression, visible, direction, uuid) VALUES (184, 'ilo', 'Iloko', NULL, NULL, NULL, true, 0, NULL);
INSERT INTO language (id, code, englishname, nativename, pluralforms, pluralexpression, visible, direction, uuid) VALUES (185, 'ia', 'Interlingua', NULL, NULL, NULL, true, 0, NULL);
INSERT INTO language (id, code, englishname, nativename, pluralforms, pluralexpression, visible, direction, uuid) VALUES (186, 'inc', 'Indic (Other)', NULL, NULL, NULL, true, 0, NULL);
INSERT INTO language (id, code, englishname, nativename, pluralforms, pluralexpression, visible, direction, uuid) VALUES (187, 'id', 'Indonesian', NULL, 1, '0', true, 0, NULL);
INSERT INTO language (id, code, englishname, nativename, pluralforms, pluralexpression, visible, direction, uuid) VALUES (188, 'ine', 'Indo-European (Other)', NULL, NULL, NULL, true, 0, NULL);
INSERT INTO language (id, code, englishname, nativename, pluralforms, pluralexpression, visible, direction, uuid) VALUES (189, 'inh', 'Ingush', NULL, NULL, NULL, true, 0, NULL);
INSERT INTO language (id, code, englishname, nativename, pluralforms, pluralexpression, visible, direction, uuid) VALUES (190, 'ik', 'Inupiaq', NULL, NULL, NULL, true, 0, NULL);
INSERT INTO language (id, code, englishname, nativename, pluralforms, pluralexpression, visible, direction, uuid) VALUES (191, 'ira', 'Iranian (Other)', NULL, NULL, NULL, true, 0, NULL);
INSERT INTO language (id, code, englishname, nativename, pluralforms, pluralexpression, visible, direction, uuid) VALUES (192, 'iro', 'Iroquoian languages', NULL, NULL, NULL, true, 0, NULL);
INSERT INTO language (id, code, englishname, nativename, pluralforms, pluralexpression, visible, direction, uuid) VALUES (193, 'it', 'Italian', NULL, 2, 'n != 1', true, 0, '{9db167da-cba5-4d12-b045-5d2a5a36a88a}');
INSERT INTO language (id, code, englishname, nativename, pluralforms, pluralexpression, visible, direction, uuid) VALUES (194, 'jv', 'Javanese', NULL, NULL, NULL, true, 0, NULL);
INSERT INTO language (id, code, englishname, nativename, pluralforms, pluralexpression, visible, direction, uuid) VALUES (195, 'jbo', 'Lojban', NULL, 1, '0', true, 0, NULL);
INSERT INTO language (id, code, englishname, nativename, pluralforms, pluralexpression, visible, direction, uuid) VALUES (196, 'ja', 'Japanese', NULL, 1, '0', true, 0, '{02d61967-84bb-455b-a14b-76abc5864739}');
INSERT INTO language (id, code, englishname, nativename, pluralforms, pluralexpression, visible, direction, uuid) VALUES (197, 'jpr', 'Judeo-Persian', NULL, NULL, NULL, true, 0, NULL);
INSERT INTO language (id, code, englishname, nativename, pluralforms, pluralexpression, visible, direction, uuid) VALUES (198, 'jrb', 'Judeo-Arabic', NULL, NULL, NULL, true, 0, NULL);
INSERT INTO language (id, code, englishname, nativename, pluralforms, pluralexpression, visible, direction, uuid) VALUES (199, 'kaa', 'Kara-Kalpak', NULL, NULL, NULL, true, 0, NULL);
INSERT INTO language (id, code, englishname, nativename, pluralforms, pluralexpression, visible, direction, uuid) VALUES (200, 'kab', 'Kabyle', NULL, NULL, NULL, true, 0, NULL);
INSERT INTO language (id, code, englishname, nativename, pluralforms, pluralexpression, visible, direction, uuid) VALUES (201, 'kac', 'Kachin', NULL, NULL, NULL, true, 0, NULL);
INSERT INTO language (id, code, englishname, nativename, pluralforms, pluralexpression, visible, direction, uuid) VALUES (202, 'kl', 'Greenlandic (Kalaallisut)', NULL, NULL, NULL, true, 0, NULL);
INSERT INTO language (id, code, englishname, nativename, pluralforms, pluralexpression, visible, direction, uuid) VALUES (203, 'kam', 'Kamba', NULL, NULL, NULL, true, 0, NULL);
INSERT INTO language (id, code, englishname, nativename, pluralforms, pluralexpression, visible, direction, uuid) VALUES (204, 'kn', 'Kannada', NULL, NULL, NULL, true, 0, NULL);
INSERT INTO language (id, code, englishname, nativename, pluralforms, pluralexpression, visible, direction, uuid) VALUES (205, 'kar', 'Karen', NULL, NULL, NULL, true, 0, NULL);
INSERT INTO language (id, code, englishname, nativename, pluralforms, pluralexpression, visible, direction, uuid) VALUES (206, 'ks', 'Kashmiri', NULL, NULL, NULL, true, 0, NULL);
INSERT INTO language (id, code, englishname, nativename, pluralforms, pluralexpression, visible, direction, uuid) VALUES (207, 'kr', 'Kanuri', NULL, 1, '0', true, 0, NULL);
INSERT INTO language (id, code, englishname, nativename, pluralforms, pluralexpression, visible, direction, uuid) VALUES (208, 'kaw', 'Kawi', NULL, NULL, NULL, true, 0, NULL);
INSERT INTO language (id, code, englishname, nativename, pluralforms, pluralexpression, visible, direction, uuid) VALUES (209, 'kk', 'Kazakh', NULL, NULL, NULL, true, 0, NULL);
INSERT INTO language (id, code, englishname, nativename, pluralforms, pluralexpression, visible, direction, uuid) VALUES (210, 'kbd', 'Kabardian', NULL, NULL, NULL, true, 0, NULL);
INSERT INTO language (id, code, englishname, nativename, pluralforms, pluralexpression, visible, direction, uuid) VALUES (211, 'kha', 'Khazi', NULL, NULL, NULL, true, 0, NULL);
INSERT INTO language (id, code, englishname, nativename, pluralforms, pluralexpression, visible, direction, uuid) VALUES (212, 'khi', 'Khoisan (Other)', NULL, NULL, NULL, true, 0, NULL);
INSERT INTO language (id, code, englishname, nativename, pluralforms, pluralexpression, visible, direction, uuid) VALUES (213, 'km', 'Khmer', NULL, NULL, NULL, true, 0, NULL);
INSERT INTO language (id, code, englishname, nativename, pluralforms, pluralexpression, visible, direction, uuid) VALUES (214, 'kho', 'Khotanese', NULL, NULL, NULL, true, 0, NULL);
INSERT INTO language (id, code, englishname, nativename, pluralforms, pluralexpression, visible, direction, uuid) VALUES (215, 'ki', 'Kikuyu', NULL, NULL, NULL, true, 0, NULL);
INSERT INTO language (id, code, englishname, nativename, pluralforms, pluralexpression, visible, direction, uuid) VALUES (216, 'rw', 'Kinyarwanda', NULL, NULL, NULL, true, 0, NULL);
INSERT INTO language (id, code, englishname, nativename, pluralforms, pluralexpression, visible, direction, uuid) VALUES (217, 'ky', 'Kirghiz', NULL, NULL, NULL, true, 0, NULL);
INSERT INTO language (id, code, englishname, nativename, pluralforms, pluralexpression, visible, direction, uuid) VALUES (218, 'kmb', 'Kimbundu', NULL, NULL, NULL, true, 0, NULL);
INSERT INTO language (id, code, englishname, nativename, pluralforms, pluralexpression, visible, direction, uuid) VALUES (219, 'kok', 'Konkani', NULL, NULL, NULL, true, 0, NULL);
INSERT INTO language (id, code, englishname, nativename, pluralforms, pluralexpression, visible, direction, uuid) VALUES (220, 'kv', 'Komi', NULL, NULL, NULL, true, 0, NULL);
INSERT INTO language (id, code, englishname, nativename, pluralforms, pluralexpression, visible, direction, uuid) VALUES (221, 'kg', 'Kongo', NULL, NULL, NULL, true, 0, NULL);
INSERT INTO language (id, code, englishname, nativename, pluralforms, pluralexpression, visible, direction, uuid) VALUES (222, 'ko', 'Korean', NULL, 1, '0', true, 0, '{dcff4b08-a6cc-4588-a941-852609855803}');
INSERT INTO language (id, code, englishname, nativename, pluralforms, pluralexpression, visible, direction, uuid) VALUES (223, 'kos', 'Kosraean', NULL, NULL, NULL, true, 0, NULL);
INSERT INTO language (id, code, englishname, nativename, pluralforms, pluralexpression, visible, direction, uuid) VALUES (224, 'kpe', 'Kpelle', NULL, NULL, NULL, true, 0, NULL);
INSERT INTO language (id, code, englishname, nativename, pluralforms, pluralexpression, visible, direction, uuid) VALUES (225, 'krc', 'Karachay-Balkar', NULL, NULL, NULL, true, 0, NULL);
INSERT INTO language (id, code, englishname, nativename, pluralforms, pluralexpression, visible, direction, uuid) VALUES (226, 'kro', 'Kru', NULL, NULL, NULL, true, 0, NULL);
INSERT INTO language (id, code, englishname, nativename, pluralforms, pluralexpression, visible, direction, uuid) VALUES (227, 'kru', 'Kurukh', NULL, NULL, NULL, true, 0, NULL);
INSERT INTO language (id, code, englishname, nativename, pluralforms, pluralexpression, visible, direction, uuid) VALUES (228, 'kj', 'Kuanyama', NULL, NULL, NULL, true, 0, NULL);
INSERT INTO language (id, code, englishname, nativename, pluralforms, pluralexpression, visible, direction, uuid) VALUES (229, 'kum', 'Kumyk', NULL, NULL, NULL, true, 0, NULL);
INSERT INTO language (id, code, englishname, nativename, pluralforms, pluralexpression, visible, direction, uuid) VALUES (230, 'ku', 'Kurdish', NULL, 2, 'n != 1', true, 0, NULL);
INSERT INTO language (id, code, englishname, nativename, pluralforms, pluralexpression, visible, direction, uuid) VALUES (231, 'kut', 'Kutenai', NULL, NULL, NULL, true, 0, NULL);
INSERT INTO language (id, code, englishname, nativename, pluralforms, pluralexpression, visible, direction, uuid) VALUES (232, 'lad', 'Ladino', NULL, NULL, NULL, true, 0, NULL);
INSERT INTO language (id, code, englishname, nativename, pluralforms, pluralexpression, visible, direction, uuid) VALUES (233, 'lah', 'Lahnda', NULL, NULL, NULL, true, 0, NULL);
INSERT INTO language (id, code, englishname, nativename, pluralforms, pluralexpression, visible, direction, uuid) VALUES (234, 'lam', 'Lamba', NULL, NULL, NULL, true, 0, NULL);
INSERT INTO language (id, code, englishname, nativename, pluralforms, pluralexpression, visible, direction, uuid) VALUES (235, 'lo', 'Lao', NULL, NULL, NULL, true, 0, NULL);
INSERT INTO language (id, code, englishname, nativename, pluralforms, pluralexpression, visible, direction, uuid) VALUES (236, 'la', 'Latin', NULL, 2, 'n != 1', true, 0, NULL);
INSERT INTO language (id, code, englishname, nativename, pluralforms, pluralexpression, visible, direction, uuid) VALUES (237, 'lv', 'Latvian', NULL, 3, 'n%10==1 && n%100!=11 ? 0 : n != 0 ? 1 : 2', true, 0, NULL);
INSERT INTO language (id, code, englishname, nativename, pluralforms, pluralexpression, visible, direction, uuid) VALUES (238, 'lez', 'Lezghian', NULL, NULL, NULL, true, 0, NULL);
INSERT INTO language (id, code, englishname, nativename, pluralforms, pluralexpression, visible, direction, uuid) VALUES (239, 'li', 'Limburgian', NULL, NULL, NULL, true, 0, NULL);
INSERT INTO language (id, code, englishname, nativename, pluralforms, pluralexpression, visible, direction, uuid) VALUES (240, 'ln', 'Lingala', NULL, NULL, NULL, true, 0, NULL);
INSERT INTO language (id, code, englishname, nativename, pluralforms, pluralexpression, visible, direction, uuid) VALUES (241, 'lt', 'Lithuanian', NULL, 3, 'n%10==1 && n%100!=11 ? 0 : n%10>=2 && (n%100<10 || n%100>=20) ? 1 : 2', true, 0, NULL);
INSERT INTO language (id, code, englishname, nativename, pluralforms, pluralexpression, visible, direction, uuid) VALUES (242, 'lol', 'Mongo', NULL, NULL, NULL, true, 0, NULL);
INSERT INTO language (id, code, englishname, nativename, pluralforms, pluralexpression, visible, direction, uuid) VALUES (243, 'loz', 'Lozi', NULL, NULL, NULL, true, 0, NULL);
INSERT INTO language (id, code, englishname, nativename, pluralforms, pluralexpression, visible, direction, uuid) VALUES (244, 'lb', 'Luxembourgish', NULL, 2, 'n != 1', true, 0, NULL);
INSERT INTO language (id, code, englishname, nativename, pluralforms, pluralexpression, visible, direction, uuid) VALUES (245, 'lua', 'Luba-Lulua', NULL, NULL, NULL, true, 0, NULL);
INSERT INTO language (id, code, englishname, nativename, pluralforms, pluralexpression, visible, direction, uuid) VALUES (246, 'lu', 'Luba-Katanga', NULL, NULL, NULL, true, 0, NULL);
INSERT INTO language (id, code, englishname, nativename, pluralforms, pluralexpression, visible, direction, uuid) VALUES (247, 'lg', 'Ganda', NULL, NULL, NULL, true, 0, NULL);
INSERT INTO language (id, code, englishname, nativename, pluralforms, pluralexpression, visible, direction, uuid) VALUES (248, 'lui', 'Luiseno', NULL, NULL, NULL, true, 0, NULL);
INSERT INTO language (id, code, englishname, nativename, pluralforms, pluralexpression, visible, direction, uuid) VALUES (249, 'lun', 'Lunda', NULL, NULL, NULL, true, 0, NULL);
INSERT INTO language (id, code, englishname, nativename, pluralforms, pluralexpression, visible, direction, uuid) VALUES (250, 'luo', 'Luo (Kenya and Tanzania)', NULL, NULL, NULL, true, 0, NULL);
INSERT INTO language (id, code, englishname, nativename, pluralforms, pluralexpression, visible, direction, uuid) VALUES (251, 'lus', 'Lushai', NULL, NULL, NULL, true, 0, NULL);
INSERT INTO language (id, code, englishname, nativename, pluralforms, pluralexpression, visible, direction, uuid) VALUES (252, 'mk', 'Macedonian', NULL, 2, '(n % 10 == 1 && n % 100 != 11) ? 0 : 1', true, 0, '{376b068c-4aff-4f66-bb4c-fde345b63073}');
INSERT INTO language (id, code, englishname, nativename, pluralforms, pluralexpression, visible, direction, uuid) VALUES (253, 'mad', 'Madurese', NULL, NULL, NULL, true, 0, NULL);
INSERT INTO language (id, code, englishname, nativename, pluralforms, pluralexpression, visible, direction, uuid) VALUES (254, 'mag', 'Magahi', NULL, NULL, NULL, true, 0, NULL);
INSERT INTO language (id, code, englishname, nativename, pluralforms, pluralexpression, visible, direction, uuid) VALUES (255, 'mh', 'Marshallese', NULL, NULL, NULL, true, 0, NULL);
INSERT INTO language (id, code, englishname, nativename, pluralforms, pluralexpression, visible, direction, uuid) VALUES (256, 'mai', 'Maithili', NULL, NULL, NULL, true, 0, NULL);
INSERT INTO language (id, code, englishname, nativename, pluralforms, pluralexpression, visible, direction, uuid) VALUES (257, 'mak', 'Makasar', NULL, NULL, NULL, true, 0, NULL);
INSERT INTO language (id, code, englishname, nativename, pluralforms, pluralexpression, visible, direction, uuid) VALUES (258, 'ml', 'Malayalam', NULL, NULL, NULL, true, 0, NULL);
INSERT INTO language (id, code, englishname, nativename, pluralforms, pluralexpression, visible, direction, uuid) VALUES (259, 'man', 'Mandingo', NULL, NULL, NULL, true, 0, NULL);
INSERT INTO language (id, code, englishname, nativename, pluralforms, pluralexpression, visible, direction, uuid) VALUES (260, 'mi', 'Maori', NULL, NULL, NULL, true, 0, NULL);
INSERT INTO language (id, code, englishname, nativename, pluralforms, pluralexpression, visible, direction, uuid) VALUES (261, 'map', 'Austronesian (Other)', NULL, NULL, NULL, true, 0, NULL);
INSERT INTO language (id, code, englishname, nativename, pluralforms, pluralexpression, visible, direction, uuid) VALUES (262, 'mr', 'Marathi', NULL, 2, 'n != 1', true, 0, NULL);
INSERT INTO language (id, code, englishname, nativename, pluralforms, pluralexpression, visible, direction, uuid) VALUES (263, 'mas', 'Masai', NULL, NULL, NULL, true, 0, NULL);
INSERT INTO language (id, code, englishname, nativename, pluralforms, pluralexpression, visible, direction, uuid) VALUES (264, 'ms', 'Malay', NULL, 2, 'n != 1', true, 0, NULL);
INSERT INTO language (id, code, englishname, nativename, pluralforms, pluralexpression, visible, direction, uuid) VALUES (265, 'mdf', 'Moksha', NULL, NULL, NULL, true, 0, NULL);
INSERT INTO language (id, code, englishname, nativename, pluralforms, pluralexpression, visible, direction, uuid) VALUES (266, 'mdr', 'Mandar', NULL, NULL, NULL, true, 0, NULL);
INSERT INTO language (id, code, englishname, nativename, pluralforms, pluralexpression, visible, direction, uuid) VALUES (267, 'men', 'Mende', NULL, NULL, NULL, true, 0, NULL);
INSERT INTO language (id, code, englishname, nativename, pluralforms, pluralexpression, visible, direction, uuid) VALUES (268, 'mga', 'Irish, Middle (900-1200)', NULL, NULL, NULL, true, 0, NULL);
INSERT INTO language (id, code, englishname, nativename, pluralforms, pluralexpression, visible, direction, uuid) VALUES (269, 'mic', 'Micmac', NULL, NULL, NULL, true, 0, NULL);
INSERT INTO language (id, code, englishname, nativename, pluralforms, pluralexpression, visible, direction, uuid) VALUES (270, 'min', 'Minangkabau', NULL, NULL, NULL, true, 0, NULL);
INSERT INTO language (id, code, englishname, nativename, pluralforms, pluralexpression, visible, direction, uuid) VALUES (271, 'mis', 'Miscellaneous languages', NULL, NULL, NULL, true, 0, NULL);
INSERT INTO language (id, code, englishname, nativename, pluralforms, pluralexpression, visible, direction, uuid) VALUES (272, 'mkh', 'Mon-Khmer (Other)', NULL, NULL, NULL, true, 0, NULL);
INSERT INTO language (id, code, englishname, nativename, pluralforms, pluralexpression, visible, direction, uuid) VALUES (273, 'mg', 'Malagasy', NULL, NULL, NULL, true, 0, NULL);
INSERT INTO language (id, code, englishname, nativename, pluralforms, pluralexpression, visible, direction, uuid) VALUES (274, 'mt', 'Maltese', NULL, 4, 'n == 1 ? 0 : (n == 0 || ((n % 100) >= 2 && (n % 100) <= 10) ) ? 1 : ((n % 100) >= 11 && (n % 100) <= 19 ) ? 2 : 3', true, 0, NULL);
INSERT INTO language (id, code, englishname, nativename, pluralforms, pluralexpression, visible, direction, uuid) VALUES (275, 'mnc', 'Manchu', NULL, NULL, NULL, true, 0, NULL);
INSERT INTO language (id, code, englishname, nativename, pluralforms, pluralexpression, visible, direction, uuid) VALUES (276, 'mno', 'Manobo languages', NULL, NULL, NULL, true, 0, NULL);
INSERT INTO language (id, code, englishname, nativename, pluralforms, pluralexpression, visible, direction, uuid) VALUES (277, 'moh', 'Mohawk', NULL, NULL, NULL, true, 0, NULL);
INSERT INTO language (id, code, englishname, nativename, pluralforms, pluralexpression, visible, direction, uuid) VALUES (278, 'mo', 'Moldavian', NULL, NULL, NULL, true, 0, NULL);
INSERT INTO language (id, code, englishname, nativename, pluralforms, pluralexpression, visible, direction, uuid) VALUES (279, 'mn', 'Mongolian', NULL, NULL, NULL, true, 0, NULL);
INSERT INTO language (id, code, englishname, nativename, pluralforms, pluralexpression, visible, direction, uuid) VALUES (280, 'mos', 'Mossi', NULL, NULL, NULL, true, 0, NULL);
INSERT INTO language (id, code, englishname, nativename, pluralforms, pluralexpression, visible, direction, uuid) VALUES (281, 'mul', 'Multiple languages', NULL, NULL, NULL, true, 0, NULL);
INSERT INTO language (id, code, englishname, nativename, pluralforms, pluralexpression, visible, direction, uuid) VALUES (282, 'mun', 'Munda languages', NULL, NULL, NULL, true, 0, NULL);
INSERT INTO language (id, code, englishname, nativename, pluralforms, pluralexpression, visible, direction, uuid) VALUES (283, 'mus', 'Creek', NULL, NULL, NULL, true, 0, NULL);
INSERT INTO language (id, code, englishname, nativename, pluralforms, pluralexpression, visible, direction, uuid) VALUES (284, 'mwr', 'Marwari', NULL, NULL, NULL, true, 0, NULL);
INSERT INTO language (id, code, englishname, nativename, pluralforms, pluralexpression, visible, direction, uuid) VALUES (285, 'myn', 'Mayan languages', NULL, NULL, NULL, true, 0, NULL);
INSERT INTO language (id, code, englishname, nativename, pluralforms, pluralexpression, visible, direction, uuid) VALUES (286, 'myv', 'Erzya', NULL, NULL, NULL, true, 0, NULL);
INSERT INTO language (id, code, englishname, nativename, pluralforms, pluralexpression, visible, direction, uuid) VALUES (287, 'nah', 'Nahuatl', NULL, NULL, NULL, true, 0, NULL);
INSERT INTO language (id, code, englishname, nativename, pluralforms, pluralexpression, visible, direction, uuid) VALUES (288, 'nai', 'North American Indian (Other)', NULL, NULL, NULL, true, 0, NULL);
INSERT INTO language (id, code, englishname, nativename, pluralforms, pluralexpression, visible, direction, uuid) VALUES (289, 'nap', 'Neapolitan', NULL, NULL, NULL, true, 0, NULL);
INSERT INTO language (id, code, englishname, nativename, pluralforms, pluralexpression, visible, direction, uuid) VALUES (290, 'na', 'Nauru', NULL, NULL, NULL, true, 0, NULL);
INSERT INTO language (id, code, englishname, nativename, pluralforms, pluralexpression, visible, direction, uuid) VALUES (291, 'nv', 'Navaho', NULL, NULL, NULL, true, 0, NULL);
INSERT INTO language (id, code, englishname, nativename, pluralforms, pluralexpression, visible, direction, uuid) VALUES (292, 'nr', 'Ndebele, South', NULL, NULL, NULL, true, 0, NULL);
INSERT INTO language (id, code, englishname, nativename, pluralforms, pluralexpression, visible, direction, uuid) VALUES (293, 'nd', 'Ndebele, North', NULL, NULL, NULL, true, 0, NULL);
INSERT INTO language (id, code, englishname, nativename, pluralforms, pluralexpression, visible, direction, uuid) VALUES (294, 'ng', 'Ndonga', NULL, NULL, NULL, true, 0, NULL);
INSERT INTO language (id, code, englishname, nativename, pluralforms, pluralexpression, visible, direction, uuid) VALUES (295, 'nds', 'German, Low', NULL, NULL, NULL, true, 0, NULL);
INSERT INTO language (id, code, englishname, nativename, pluralforms, pluralexpression, visible, direction, uuid) VALUES (296, 'ne', 'Nepali', NULL, NULL, NULL, true, 0, NULL);
INSERT INTO language (id, code, englishname, nativename, pluralforms, pluralexpression, visible, direction, uuid) VALUES (297, 'new', 'Newari', NULL, NULL, NULL, true, 0, NULL);
INSERT INTO language (id, code, englishname, nativename, pluralforms, pluralexpression, visible, direction, uuid) VALUES (298, 'nia', 'Nias', NULL, NULL, NULL, true, 0, NULL);
INSERT INTO language (id, code, englishname, nativename, pluralforms, pluralexpression, visible, direction, uuid) VALUES (299, 'nic', 'Niger-Kordofanian (Other)', NULL, NULL, NULL, true, 0, NULL);
INSERT INTO language (id, code, englishname, nativename, pluralforms, pluralexpression, visible, direction, uuid) VALUES (300, 'niu', 'Niuean', NULL, NULL, NULL, true, 0, NULL);
INSERT INTO language (id, code, englishname, nativename, pluralforms, pluralexpression, visible, direction, uuid) VALUES (301, 'nn', 'Norwegian Nynorsk', NULL, 2, 'n != 1', true, 0, NULL);
INSERT INTO language (id, code, englishname, nativename, pluralforms, pluralexpression, visible, direction, uuid) VALUES (302, 'nb', 'Norwegian Bokmål', NULL, 2, 'n != 1', true, 0, '{4CD2763D-5532-4ddc-84D9-2E094695A680}');
INSERT INTO language (id, code, englishname, nativename, pluralforms, pluralexpression, visible, direction, uuid) VALUES (303, 'nog', 'Nogai', NULL, NULL, NULL, true, 0, NULL);
INSERT INTO language (id, code, englishname, nativename, pluralforms, pluralexpression, visible, direction, uuid) VALUES (304, 'non', 'Norse, Old', NULL, NULL, NULL, true, 0, NULL);
INSERT INTO language (id, code, englishname, nativename, pluralforms, pluralexpression, visible, direction, uuid) VALUES (305, 'no', 'Norwegian', NULL, 2, 'n != 1', false, 0, NULL);
INSERT INTO language (id, code, englishname, nativename, pluralforms, pluralexpression, visible, direction, uuid) VALUES (306, 'nso', 'Sotho, Northern', NULL, NULL, NULL, true, 0, NULL);
INSERT INTO language (id, code, englishname, nativename, pluralforms, pluralexpression, visible, direction, uuid) VALUES (307, 'nub', 'Nubian languages', NULL, NULL, NULL, true, 0, NULL);
INSERT INTO language (id, code, englishname, nativename, pluralforms, pluralexpression, visible, direction, uuid) VALUES (308, 'nwc', 'Classical Newari; Old Newari', NULL, NULL, NULL, true, 0, NULL);
INSERT INTO language (id, code, englishname, nativename, pluralforms, pluralexpression, visible, direction, uuid) VALUES (309, 'ny', 'Chewa; Chichewa; Nyanja', NULL, NULL, NULL, true, 0, NULL);
INSERT INTO language (id, code, englishname, nativename, pluralforms, pluralexpression, visible, direction, uuid) VALUES (310, 'nym', 'Nyankole', NULL, NULL, NULL, true, 0, NULL);
INSERT INTO language (id, code, englishname, nativename, pluralforms, pluralexpression, visible, direction, uuid) VALUES (311, 'nyo', 'Nyoro', NULL, NULL, NULL, true, 0, NULL);
INSERT INTO language (id, code, englishname, nativename, pluralforms, pluralexpression, visible, direction, uuid) VALUES (312, 'nzi', 'Nzima', NULL, NULL, NULL, true, 0, NULL);
INSERT INTO language (id, code, englishname, nativename, pluralforms, pluralexpression, visible, direction, uuid) VALUES (313, 'oc', 'Occitan (post 1500)', NULL, 2, 'n > 1', true, 0, NULL);
INSERT INTO language (id, code, englishname, nativename, pluralforms, pluralexpression, visible, direction, uuid) VALUES (314, 'oj', 'Ojibwa', NULL, NULL, NULL, true, 0, NULL);
INSERT INTO language (id, code, englishname, nativename, pluralforms, pluralexpression, visible, direction, uuid) VALUES (315, 'or', 'Oriya', NULL, NULL, NULL, true, 0, NULL);
INSERT INTO language (id, code, englishname, nativename, pluralforms, pluralexpression, visible, direction, uuid) VALUES (316, 'om', 'Oromo', NULL, NULL, NULL, true, 0, NULL);
INSERT INTO language (id, code, englishname, nativename, pluralforms, pluralexpression, visible, direction, uuid) VALUES (317, 'osa', 'Osage', NULL, NULL, NULL, true, 0, NULL);
INSERT INTO language (id, code, englishname, nativename, pluralforms, pluralexpression, visible, direction, uuid) VALUES (318, 'os', 'Ossetian', NULL, NULL, NULL, true, 0, NULL);
INSERT INTO language (id, code, englishname, nativename, pluralforms, pluralexpression, visible, direction, uuid) VALUES (319, 'ota', 'Turkish, Ottoman (1500-1928)', NULL, NULL, NULL, true, 0, NULL);
INSERT INTO language (id, code, englishname, nativename, pluralforms, pluralexpression, visible, direction, uuid) VALUES (320, 'oto', 'Otomian languages', NULL, NULL, NULL, true, 0, NULL);
INSERT INTO language (id, code, englishname, nativename, pluralforms, pluralexpression, visible, direction, uuid) VALUES (321, 'paa', 'Papuan (Other)', NULL, NULL, NULL, true, 0, NULL);
INSERT INTO language (id, code, englishname, nativename, pluralforms, pluralexpression, visible, direction, uuid) VALUES (322, 'pag', 'Pangasinan', NULL, NULL, NULL, true, 0, NULL);
INSERT INTO language (id, code, englishname, nativename, pluralforms, pluralexpression, visible, direction, uuid) VALUES (323, 'pal', 'Pahlavi', NULL, NULL, NULL, true, 0, NULL);
INSERT INTO language (id, code, englishname, nativename, pluralforms, pluralexpression, visible, direction, uuid) VALUES (324, 'pam', 'Pampanga', NULL, NULL, NULL, true, 0, NULL);
INSERT INTO language (id, code, englishname, nativename, pluralforms, pluralexpression, visible, direction, uuid) VALUES (325, 'pa', 'Punjabi', NULL, 2, 'n != 1', true, 0, '{96f366b1-5194-4e30-9415-1f6fcaaaa583}');
INSERT INTO language (id, code, englishname, nativename, pluralforms, pluralexpression, visible, direction, uuid) VALUES (326, 'pap', 'Papiamento', NULL, 2, 'n != 1', true, 0, NULL);
INSERT INTO language (id, code, englishname, nativename, pluralforms, pluralexpression, visible, direction, uuid) VALUES (327, 'pau', 'Palauan', NULL, NULL, NULL, true, 0, NULL);
INSERT INTO language (id, code, englishname, nativename, pluralforms, pluralexpression, visible, direction, uuid) VALUES (328, 'peo', 'Persian, Old (ca.600-400 B.C.)', NULL, NULL, NULL, true, 0, NULL);
INSERT INTO language (id, code, englishname, nativename, pluralforms, pluralexpression, visible, direction, uuid) VALUES (329, 'fa', 'Persian', NULL, 1, '0', true, 1, NULL);
INSERT INTO language (id, code, englishname, nativename, pluralforms, pluralexpression, visible, direction, uuid) VALUES (330, 'phi', 'Philippine (Other)', NULL, NULL, NULL, true, 0, NULL);
INSERT INTO language (id, code, englishname, nativename, pluralforms, pluralexpression, visible, direction, uuid) VALUES (331, 'phn', 'Phoenician', NULL, NULL, NULL, true, 0, NULL);
INSERT INTO language (id, code, englishname, nativename, pluralforms, pluralexpression, visible, direction, uuid) VALUES (332, 'pi', 'Pali', NULL, NULL, NULL, true, 0, NULL);
INSERT INTO language (id, code, englishname, nativename, pluralforms, pluralexpression, visible, direction, uuid) VALUES (333, 'pl', 'Polish', NULL, 3, 'n==1 ? 0 : n%10>=2 && n%10<=4 && (n%100<10 || n%100>=20) ? 1 : 2', true, 0, '{cbfb6154-47f6-47ea-b888-6440a4ba44e8}');
INSERT INTO language (id, code, englishname, nativename, pluralforms, pluralexpression, visible, direction, uuid) VALUES (334, 'pt', 'Portuguese', NULL, 2, 'n != 1', true, 0, '{6e528a74-5cca-40d1-mozia152-d1b2d415210b}');
INSERT INTO language (id, code, englishname, nativename, pluralforms, pluralexpression, visible, direction, uuid) VALUES (335, 'pon', 'Pohnpeian', NULL, NULL, NULL, true, 0, NULL);
INSERT INTO language (id, code, englishname, nativename, pluralforms, pluralexpression, visible, direction, uuid) VALUES (336, 'pra', 'Prakrit languages', NULL, NULL, NULL, true, 0, NULL);
INSERT INTO language (id, code, englishname, nativename, pluralforms, pluralexpression, visible, direction, uuid) VALUES (337, 'pro', 'Provençal, Old (to 1500)', NULL, NULL, NULL, true, 0, NULL);
INSERT INTO language (id, code, englishname, nativename, pluralforms, pluralexpression, visible, direction, uuid) VALUES (338, 'ps', 'Pushto', NULL, NULL, NULL, true, 0, NULL);
INSERT INTO language (id, code, englishname, nativename, pluralforms, pluralexpression, visible, direction, uuid) VALUES (339, 'qu', 'Quechua', NULL, 2, '(n % 10 == 1 && n % 100 != 11) ? 0 : 1', true, 0, NULL);
INSERT INTO language (id, code, englishname, nativename, pluralforms, pluralexpression, visible, direction, uuid) VALUES (340, 'raj', 'Rajasthani', NULL, NULL, NULL, true, 0, NULL);
INSERT INTO language (id, code, englishname, nativename, pluralforms, pluralexpression, visible, direction, uuid) VALUES (341, 'rap', 'Rapanui', NULL, NULL, NULL, true, 0, NULL);
INSERT INTO language (id, code, englishname, nativename, pluralforms, pluralexpression, visible, direction, uuid) VALUES (342, 'rar', 'Rarotongan', NULL, NULL, NULL, true, 0, NULL);
INSERT INTO language (id, code, englishname, nativename, pluralforms, pluralexpression, visible, direction, uuid) VALUES (343, 'roa', 'Romance (Other)', NULL, NULL, NULL, true, 0, NULL);
INSERT INTO language (id, code, englishname, nativename, pluralforms, pluralexpression, visible, direction, uuid) VALUES (344, 'rm', 'Raeto-Romance', NULL, NULL, NULL, true, 0, NULL);
INSERT INTO language (id, code, englishname, nativename, pluralforms, pluralexpression, visible, direction, uuid) VALUES (345, 'rom', 'Romany', NULL, NULL, NULL, true, 0, NULL);
INSERT INTO language (id, code, englishname, nativename, pluralforms, pluralexpression, visible, direction, uuid) VALUES (346, 'ro', 'Romanian', NULL, 3, '(n == 1 ? 0: (((n % 100 > 19) || ((n % 100 == 0) && (n != 0))) ? 2: 1))', true, 0, '{93ead120-1d61-4663-852d-ee631493168f}');
INSERT INTO language (id, code, englishname, nativename, pluralforms, pluralexpression, visible, direction, uuid) VALUES (347, 'rn', 'Rundi', NULL, NULL, NULL, true, 0, NULL);
INSERT INTO language (id, code, englishname, nativename, pluralforms, pluralexpression, visible, direction, uuid) VALUES (348, 'ru', 'Russian', NULL, 3, 'n%10==1 && n%100!=11 ? 0 : n%10>=2 && n%10<=4 && (n%100<10 || n%100>=20) ? 1 : 2', true, 0, '{9E20245A-B2EE-4ee6-815B-99C30B35D0D2}');
INSERT INTO language (id, code, englishname, nativename, pluralforms, pluralexpression, visible, direction, uuid) VALUES (349, 'sad', 'Sandawe', NULL, NULL, NULL, true, 0, NULL);
INSERT INTO language (id, code, englishname, nativename, pluralforms, pluralexpression, visible, direction, uuid) VALUES (350, 'sg', 'Sango', NULL, 2, 'n > 1', true, 0, NULL);
INSERT INTO language (id, code, englishname, nativename, pluralforms, pluralexpression, visible, direction, uuid) VALUES (351, 'sah', 'Yakut', NULL, NULL, NULL, true, 0, NULL);
INSERT INTO language (id, code, englishname, nativename, pluralforms, pluralexpression, visible, direction, uuid) VALUES (352, 'sai', 'South American Indian (Other)', NULL, NULL, NULL, true, 0, NULL);
INSERT INTO language (id, code, englishname, nativename, pluralforms, pluralexpression, visible, direction, uuid) VALUES (353, 'sal', 'Salishan languages', NULL, NULL, NULL, true, 0, NULL);
INSERT INTO language (id, code, englishname, nativename, pluralforms, pluralexpression, visible, direction, uuid) VALUES (354, 'sam', 'Samaritan Aramaic', NULL, NULL, NULL, true, 0, NULL);
INSERT INTO language (id, code, englishname, nativename, pluralforms, pluralexpression, visible, direction, uuid) VALUES (355, 'sa', 'Sanskrit', NULL, NULL, NULL, true, 0, NULL);
INSERT INTO language (id, code, englishname, nativename, pluralforms, pluralexpression, visible, direction, uuid) VALUES (356, 'sas', 'Sasak', NULL, NULL, NULL, true, 0, NULL);
INSERT INTO language (id, code, englishname, nativename, pluralforms, pluralexpression, visible, direction, uuid) VALUES (357, 'sat', 'Santali', NULL, NULL, NULL, true, 0, NULL);
INSERT INTO language (id, code, englishname, nativename, pluralforms, pluralexpression, visible, direction, uuid) VALUES (358, 'sr', 'Serbian', NULL, 3, 'n%10==1 && n%100!=11 ? 0 : n%10>=2 && n%10<=4 && (n%100<10 || n%100>=20) ? 1 : 2', true, 0, NULL);
INSERT INTO language (id, code, englishname, nativename, pluralforms, pluralexpression, visible, direction, uuid) VALUES (359, 'sco', 'Scots', NULL, NULL, NULL, true, 0, NULL);
INSERT INTO language (id, code, englishname, nativename, pluralforms, pluralexpression, visible, direction, uuid) VALUES (360, 'hr', 'Croatian', NULL, 3, 'n%10==1 && n%100!=11 ? 0 : n%10>=2 && n%10<=4 && (n%100<10 || n%100>=20) ? 1 : 2', true, 0, NULL);
INSERT INTO language (id, code, englishname, nativename, pluralforms, pluralexpression, visible, direction, uuid) VALUES (361, 'sel', 'Selkup', NULL, NULL, NULL, true, 0, NULL);
INSERT INTO language (id, code, englishname, nativename, pluralforms, pluralexpression, visible, direction, uuid) VALUES (362, 'sem', 'Semitic (Other)', NULL, NULL, NULL, true, 0, NULL);
INSERT INTO language (id, code, englishname, nativename, pluralforms, pluralexpression, visible, direction, uuid) VALUES (363, 'sga', 'Irish, Old (to 900)', NULL, NULL, NULL, true, 0, NULL);
INSERT INTO language (id, code, englishname, nativename, pluralforms, pluralexpression, visible, direction, uuid) VALUES (364, 'sgn', 'Sign languages', NULL, NULL, NULL, true, 0, NULL);
INSERT INTO language (id, code, englishname, nativename, pluralforms, pluralexpression, visible, direction, uuid) VALUES (365, 'shn', 'Shan', NULL, NULL, NULL, true, 0, NULL);
INSERT INTO language (id, code, englishname, nativename, pluralforms, pluralexpression, visible, direction, uuid) VALUES (366, 'sid', 'Sidamo', NULL, NULL, NULL, true, 0, NULL);
INSERT INTO language (id, code, englishname, nativename, pluralforms, pluralexpression, visible, direction, uuid) VALUES (367, 'si', 'Sinhalese', NULL, 2, 'n != 1', true, 0, NULL);
INSERT INTO language (id, code, englishname, nativename, pluralforms, pluralexpression, visible, direction, uuid) VALUES (368, 'sio', 'Siouan languages', NULL, NULL, NULL, true, 0, NULL);
INSERT INTO language (id, code, englishname, nativename, pluralforms, pluralexpression, visible, direction, uuid) VALUES (369, 'sit', 'Sino-Tibetan (Other)', NULL, NULL, NULL, true, 0, NULL);
INSERT INTO language (id, code, englishname, nativename, pluralforms, pluralexpression, visible, direction, uuid) VALUES (370, 'sla', 'Slavic (Other)', NULL, NULL, NULL, true, 0, NULL);
INSERT INTO language (id, code, englishname, nativename, pluralforms, pluralexpression, visible, direction, uuid) VALUES (371, 'sk', 'Slovak', NULL, 3, 'n%10==1 && n%100!=11 ? 0 : n%10>=2 && n%10<=4 && (n%100<10 || n%100>=20) ? 1 : 2', true, 0, NULL);
INSERT INTO language (id, code, englishname, nativename, pluralforms, pluralexpression, visible, direction, uuid) VALUES (372, 'sl', 'Slovenian', NULL, 4, 'n%100==1 ? 0 : n%100==2 ? 1 : n%100==3 || n%100==4 ? 2 : 3', true, 0, '{ac25d192-0004-4228-8dc3-13a5461ca1c6}');
INSERT INTO language (id, code, englishname, nativename, pluralforms, pluralexpression, visible, direction, uuid) VALUES (373, 'sma', 'Southern Sami', NULL, NULL, NULL, true, 0, NULL);
INSERT INTO language (id, code, englishname, nativename, pluralforms, pluralexpression, visible, direction, uuid) VALUES (374, 'se', 'Northern Sami', NULL, NULL, NULL, true, 0, NULL);
INSERT INTO language (id, code, englishname, nativename, pluralforms, pluralexpression, visible, direction, uuid) VALUES (375, 'smi', 'Sami languages (Other)', NULL, NULL, NULL, true, 0, NULL);
INSERT INTO language (id, code, englishname, nativename, pluralforms, pluralexpression, visible, direction, uuid) VALUES (376, 'smj', 'Lule Sami', NULL, NULL, NULL, true, 0, NULL);
INSERT INTO language (id, code, englishname, nativename, pluralforms, pluralexpression, visible, direction, uuid) VALUES (377, 'smn', 'Inari Sami', NULL, NULL, NULL, true, 0, NULL);
INSERT INTO language (id, code, englishname, nativename, pluralforms, pluralexpression, visible, direction, uuid) VALUES (378, 'sm', 'Samoan', NULL, NULL, NULL, true, 0, NULL);
INSERT INTO language (id, code, englishname, nativename, pluralforms, pluralexpression, visible, direction, uuid) VALUES (379, 'sms', 'Skolt Sami', NULL, NULL, NULL, true, 0, NULL);
INSERT INTO language (id, code, englishname, nativename, pluralforms, pluralexpression, visible, direction, uuid) VALUES (380, 'sn', 'Shona', NULL, NULL, NULL, true, 0, NULL);
INSERT INTO language (id, code, englishname, nativename, pluralforms, pluralexpression, visible, direction, uuid) VALUES (381, 'sd', 'Sindhi', NULL, NULL, NULL, true, 0, NULL);
INSERT INTO language (id, code, englishname, nativename, pluralforms, pluralexpression, visible, direction, uuid) VALUES (382, 'snk', 'Soninke', NULL, NULL, NULL, true, 0, NULL);
INSERT INTO language (id, code, englishname, nativename, pluralforms, pluralexpression, visible, direction, uuid) VALUES (383, 'sog', 'Sogdian', NULL, NULL, NULL, true, 0, NULL);
INSERT INTO language (id, code, englishname, nativename, pluralforms, pluralexpression, visible, direction, uuid) VALUES (384, 'so', 'Somali', NULL, 2, 'n != 1', true, 0, NULL);
INSERT INTO language (id, code, englishname, nativename, pluralforms, pluralexpression, visible, direction, uuid) VALUES (385, 'son', 'Songhai', NULL, NULL, NULL, true, 0, NULL);
INSERT INTO language (id, code, englishname, nativename, pluralforms, pluralexpression, visible, direction, uuid) VALUES (386, 'st', 'Sotho, Southern', NULL, 1, '0', true, 0, NULL);
INSERT INTO language (id, code, englishname, nativename, pluralforms, pluralexpression, visible, direction, uuid) VALUES (387, 'es', 'Spanish', NULL, 2, 'n != 1', true, 0, '{e4d01067-3443-405d-939d-a200ed3db577}');
INSERT INTO language (id, code, englishname, nativename, pluralforms, pluralexpression, visible, direction, uuid) VALUES (388, 'sc', 'Sardinian', NULL, NULL, NULL, true, 0, NULL);
INSERT INTO language (id, code, englishname, nativename, pluralforms, pluralexpression, visible, direction, uuid) VALUES (389, 'srr', 'Serer', NULL, NULL, NULL, true, 0, NULL);
INSERT INTO language (id, code, englishname, nativename, pluralforms, pluralexpression, visible, direction, uuid) VALUES (390, 'ssa', 'Nilo-Saharan (Other)', NULL, NULL, NULL, true, 0, NULL);
INSERT INTO language (id, code, englishname, nativename, pluralforms, pluralexpression, visible, direction, uuid) VALUES (391, 'ss', 'Swati', NULL, NULL, NULL, true, 0, NULL);
INSERT INTO language (id, code, englishname, nativename, pluralforms, pluralexpression, visible, direction, uuid) VALUES (392, 'suk', 'Sukuma', NULL, NULL, NULL, true, 0, NULL);
INSERT INTO language (id, code, englishname, nativename, pluralforms, pluralexpression, visible, direction, uuid) VALUES (393, 'su', 'Sundanese', NULL, NULL, NULL, true, 0, NULL);
INSERT INTO language (id, code, englishname, nativename, pluralforms, pluralexpression, visible, direction, uuid) VALUES (394, 'sus', 'Susu', NULL, NULL, NULL, true, 0, NULL);
INSERT INTO language (id, code, englishname, nativename, pluralforms, pluralexpression, visible, direction, uuid) VALUES (395, 'sux', 'Sumerian', NULL, NULL, NULL, true, 0, NULL);
INSERT INTO language (id, code, englishname, nativename, pluralforms, pluralexpression, visible, direction, uuid) VALUES (396, 'sw', 'Swahili', NULL, NULL, NULL, true, 0, NULL);
INSERT INTO language (id, code, englishname, nativename, pluralforms, pluralexpression, visible, direction, uuid) VALUES (397, 'sv', 'Swedish', NULL, 2, 'n != 1', true, 0, '{A3E7CC55-B6E4-4a87-BD2E-657CA489F23A}');
INSERT INTO language (id, code, englishname, nativename, pluralforms, pluralexpression, visible, direction, uuid) VALUES (398, 'syr', 'Syriac', NULL, NULL, NULL, true, 0, NULL);
INSERT INTO language (id, code, englishname, nativename, pluralforms, pluralexpression, visible, direction, uuid) VALUES (399, 'ty', 'Tahitian', NULL, NULL, NULL, true, 0, NULL);
INSERT INTO language (id, code, englishname, nativename, pluralforms, pluralexpression, visible, direction, uuid) VALUES (400, 'tai', 'Tai (Other)', NULL, NULL, NULL, true, 0, NULL);
INSERT INTO language (id, code, englishname, nativename, pluralforms, pluralexpression, visible, direction, uuid) VALUES (401, 'ta', 'Tamil', NULL, 2, 'n != 1', true, 0, NULL);
INSERT INTO language (id, code, englishname, nativename, pluralforms, pluralexpression, visible, direction, uuid) VALUES (402, 'ts', 'Tsonga', NULL, NULL, NULL, true, 0, NULL);
INSERT INTO language (id, code, englishname, nativename, pluralforms, pluralexpression, visible, direction, uuid) VALUES (403, 'tt', 'Tatar', NULL, NULL, NULL, true, 0, NULL);
INSERT INTO language (id, code, englishname, nativename, pluralforms, pluralexpression, visible, direction, uuid) VALUES (404, 'te', 'Telugu', NULL, NULL, NULL, true, 0, NULL);
INSERT INTO language (id, code, englishname, nativename, pluralforms, pluralexpression, visible, direction, uuid) VALUES (405, 'tem', 'Timne', NULL, NULL, NULL, true, 0, NULL);
INSERT INTO language (id, code, englishname, nativename, pluralforms, pluralexpression, visible, direction, uuid) VALUES (406, 'ter', 'Tereno', NULL, NULL, NULL, true, 0, NULL);
INSERT INTO language (id, code, englishname, nativename, pluralforms, pluralexpression, visible, direction, uuid) VALUES (407, 'tet', 'Tetum', NULL, NULL, NULL, true, 0, NULL);
INSERT INTO language (id, code, englishname, nativename, pluralforms, pluralexpression, visible, direction, uuid) VALUES (408, 'tg', 'Tajik', NULL, NULL, NULL, true, 0, NULL);
INSERT INTO language (id, code, englishname, nativename, pluralforms, pluralexpression, visible, direction, uuid) VALUES (409, 'tl', 'Tagalog', NULL, 2, 'n > 1', true, 0, NULL);
INSERT INTO language (id, code, englishname, nativename, pluralforms, pluralexpression, visible, direction, uuid) VALUES (410, 'th', 'Thai', NULL, NULL, NULL, true, 0, NULL);
INSERT INTO language (id, code, englishname, nativename, pluralforms, pluralexpression, visible, direction, uuid) VALUES (411, 'bo', 'Tibetan', NULL, 1, '0', true, 0, NULL);
INSERT INTO language (id, code, englishname, nativename, pluralforms, pluralexpression, visible, direction, uuid) VALUES (412, 'tig', 'Tigre', NULL, NULL, NULL, true, 0, NULL);
INSERT INTO language (id, code, englishname, nativename, pluralforms, pluralexpression, visible, direction, uuid) VALUES (413, 'ti', 'Tigrinya', NULL, NULL, NULL, true, 0, NULL);
INSERT INTO language (id, code, englishname, nativename, pluralforms, pluralexpression, visible, direction, uuid) VALUES (414, 'tiv', 'Tiv', NULL, NULL, NULL, true, 0, NULL);
INSERT INTO language (id, code, englishname, nativename, pluralforms, pluralexpression, visible, direction, uuid) VALUES (415, 'tlh', 'Klingon; tlhIngan-Hol', NULL, NULL, NULL, true, 0, NULL);
INSERT INTO language (id, code, englishname, nativename, pluralforms, pluralexpression, visible, direction, uuid) VALUES (416, 'tkl', 'Tokelau', NULL, NULL, NULL, true, 0, NULL);
INSERT INTO language (id, code, englishname, nativename, pluralforms, pluralexpression, visible, direction, uuid) VALUES (417, 'tli', 'Tlinglit', NULL, NULL, NULL, true, 0, NULL);
INSERT INTO language (id, code, englishname, nativename, pluralforms, pluralexpression, visible, direction, uuid) VALUES (418, 'tmh', 'Tamashek', NULL, NULL, NULL, true, 0, NULL);
INSERT INTO language (id, code, englishname, nativename, pluralforms, pluralexpression, visible, direction, uuid) VALUES (419, 'tog', 'Tonga (Nyasa)', NULL, NULL, NULL, true, 0, NULL);
INSERT INTO language (id, code, englishname, nativename, pluralforms, pluralexpression, visible, direction, uuid) VALUES (420, 'to', 'Tonga (Tonga Islands)', NULL, NULL, NULL, true, 0, NULL);
INSERT INTO language (id, code, englishname, nativename, pluralforms, pluralexpression, visible, direction, uuid) VALUES (421, 'tpi', 'Tok Pisin', NULL, NULL, NULL, true, 0, NULL);
INSERT INTO language (id, code, englishname, nativename, pluralforms, pluralexpression, visible, direction, uuid) VALUES (422, 'tsi', 'Tsimshian', NULL, NULL, NULL, true, 0, NULL);
INSERT INTO language (id, code, englishname, nativename, pluralforms, pluralexpression, visible, direction, uuid) VALUES (423, 'tn', 'Tswana', NULL, NULL, NULL, true, 0, NULL);
INSERT INTO language (id, code, englishname, nativename, pluralforms, pluralexpression, visible, direction, uuid) VALUES (424, 'tk', 'Turkmen', NULL, NULL, NULL, true, 0, NULL);
INSERT INTO language (id, code, englishname, nativename, pluralforms, pluralexpression, visible, direction, uuid) VALUES (425, 'tum', 'Tumbuka', NULL, NULL, NULL, true, 0, NULL);
INSERT INTO language (id, code, englishname, nativename, pluralforms, pluralexpression, visible, direction, uuid) VALUES (426, 'tup', 'Tupi languages', NULL, NULL, NULL, true, 0, NULL);
INSERT INTO language (id, code, englishname, nativename, pluralforms, pluralexpression, visible, direction, uuid) VALUES (427, 'tr', 'Turkish', NULL, 1, '0', true, 0, '{08c0f953-0736-4989-b921-3e7ddfaf556a}');
INSERT INTO language (id, code, englishname, nativename, pluralforms, pluralexpression, visible, direction, uuid) VALUES (428, 'tut', 'Altaic (Other)', NULL, NULL, NULL, true, 0, NULL);
INSERT INTO language (id, code, englishname, nativename, pluralforms, pluralexpression, visible, direction, uuid) VALUES (429, 'tvl', 'Tuvalu', NULL, NULL, NULL, true, 0, NULL);
INSERT INTO language (id, code, englishname, nativename, pluralforms, pluralexpression, visible, direction, uuid) VALUES (430, 'tw', 'Twi', NULL, NULL, NULL, true, 0, NULL);
INSERT INTO language (id, code, englishname, nativename, pluralforms, pluralexpression, visible, direction, uuid) VALUES (431, 'tyv', 'Tuvinian', NULL, NULL, NULL, true, 0, NULL);
INSERT INTO language (id, code, englishname, nativename, pluralforms, pluralexpression, visible, direction, uuid) VALUES (432, 'udm', 'Udmurt', NULL, NULL, NULL, true, 0, NULL);
INSERT INTO language (id, code, englishname, nativename, pluralforms, pluralexpression, visible, direction, uuid) VALUES (433, 'uga', 'Ugaritic', NULL, NULL, NULL, true, 0, NULL);
INSERT INTO language (id, code, englishname, nativename, pluralforms, pluralexpression, visible, direction, uuid) VALUES (434, 'ug', 'Uighur', NULL, NULL, NULL, true, 0, NULL);
INSERT INTO language (id, code, englishname, nativename, pluralforms, pluralexpression, visible, direction, uuid) VALUES (435, 'uk', 'Ukrainian', NULL, 3, 'n%10==1 && n%100!=11 ? 0 : n%10>=2 && n%10<=4 && (n%100<10 || n%100>=20) ? 1 : 2', true, 0, '{f68df430-4534-4473-8ca4-d5de32268a8d}');
INSERT INTO language (id, code, englishname, nativename, pluralforms, pluralexpression, visible, direction, uuid) VALUES (436, 'umb', 'Umbundu', NULL, NULL, NULL, true, 0, NULL);
INSERT INTO language (id, code, englishname, nativename, pluralforms, pluralexpression, visible, direction, uuid) VALUES (437, 'und', 'Undetermined', NULL, NULL, NULL, true, 0, NULL);
INSERT INTO language (id, code, englishname, nativename, pluralforms, pluralexpression, visible, direction, uuid) VALUES (438, 'ur', 'Urdu', NULL, 2, 'n != 1', true, 0, NULL);
INSERT INTO language (id, code, englishname, nativename, pluralforms, pluralexpression, visible, direction, uuid) VALUES (439, 'uz', 'Uzbek', NULL, NULL, NULL, true, 0, NULL);
INSERT INTO language (id, code, englishname, nativename, pluralforms, pluralexpression, visible, direction, uuid) VALUES (440, 'vai', 'Vai', NULL, NULL, NULL, true, 0, NULL);
INSERT INTO language (id, code, englishname, nativename, pluralforms, pluralexpression, visible, direction, uuid) VALUES (441, 've', 'Venda', NULL, NULL, NULL, true, 0, NULL);
INSERT INTO language (id, code, englishname, nativename, pluralforms, pluralexpression, visible, direction, uuid) VALUES (442, 'vi', 'Vietnamese', NULL, 1, '0', true, 0, NULL);
INSERT INTO language (id, code, englishname, nativename, pluralforms, pluralexpression, visible, direction, uuid) VALUES (443, 'vo', 'Volapuk', NULL, NULL, NULL, true, 0, NULL);
INSERT INTO language (id, code, englishname, nativename, pluralforms, pluralexpression, visible, direction, uuid) VALUES (444, 'vot', 'Votic', NULL, NULL, NULL, true, 0, NULL);
INSERT INTO language (id, code, englishname, nativename, pluralforms, pluralexpression, visible, direction, uuid) VALUES (445, 'wak', 'Wakashan languages', NULL, NULL, NULL, true, 0, NULL);
INSERT INTO language (id, code, englishname, nativename, pluralforms, pluralexpression, visible, direction, uuid) VALUES (446, 'wal', 'Walamo', NULL, NULL, NULL, true, 0, NULL);
INSERT INTO language (id, code, englishname, nativename, pluralforms, pluralexpression, visible, direction, uuid) VALUES (447, 'war', 'Waray', NULL, NULL, NULL, true, 0, NULL);
INSERT INTO language (id, code, englishname, nativename, pluralforms, pluralexpression, visible, direction, uuid) VALUES (448, 'was', 'Washo', NULL, NULL, NULL, true, 0, NULL);
INSERT INTO language (id, code, englishname, nativename, pluralforms, pluralexpression, visible, direction, uuid) VALUES (449, 'cy', 'Welsh', NULL, 4, 'n==1 ? 0 : n==2 ? 1 : (n != 8 || n != 11) ? 2 : 3', true, 0, NULL);
INSERT INTO language (id, code, englishname, nativename, pluralforms, pluralexpression, visible, direction, uuid) VALUES (450, 'wen', 'Sorbian languages', NULL, NULL, NULL, true, 0, NULL);
INSERT INTO language (id, code, englishname, nativename, pluralforms, pluralexpression, visible, direction, uuid) VALUES (451, 'wa', 'Walloon', NULL, NULL, NULL, true, 0, NULL);
INSERT INTO language (id, code, englishname, nativename, pluralforms, pluralexpression, visible, direction, uuid) VALUES (452, 'wo', 'Wolof', NULL, NULL, NULL, true, 0, NULL);
INSERT INTO language (id, code, englishname, nativename, pluralforms, pluralexpression, visible, direction, uuid) VALUES (453, 'xal', 'Kalmyk', NULL, NULL, NULL, true, 0, NULL);
INSERT INTO language (id, code, englishname, nativename, pluralforms, pluralexpression, visible, direction, uuid) VALUES (454, 'xh', 'Xhosa', NULL, 2, 'n != 1', true, 0, NULL);
INSERT INTO language (id, code, englishname, nativename, pluralforms, pluralexpression, visible, direction, uuid) VALUES (455, 'yao', 'Yao', NULL, NULL, NULL, true, 0, NULL);
INSERT INTO language (id, code, englishname, nativename, pluralforms, pluralexpression, visible, direction, uuid) VALUES (456, 'yap', 'Yapese', NULL, NULL, NULL, true, 0, NULL);
INSERT INTO language (id, code, englishname, nativename, pluralforms, pluralexpression, visible, direction, uuid) VALUES (457, 'yi', 'Yiddish', NULL, NULL, NULL, true, 1, NULL);
INSERT INTO language (id, code, englishname, nativename, pluralforms, pluralexpression, visible, direction, uuid) VALUES (458, 'yo', 'Yoruba', NULL, NULL, NULL, true, 0, NULL);
INSERT INTO language (id, code, englishname, nativename, pluralforms, pluralexpression, visible, direction, uuid) VALUES (459, 'ypk', 'Yupik languages', NULL, NULL, NULL, true, 0, NULL);
INSERT INTO language (id, code, englishname, nativename, pluralforms, pluralexpression, visible, direction, uuid) VALUES (460, 'zap', 'Zapotec', NULL, NULL, NULL, true, 0, NULL);
INSERT INTO language (id, code, englishname, nativename, pluralforms, pluralexpression, visible, direction, uuid) VALUES (461, 'zen', 'Zenaga', NULL, NULL, NULL, true, 0, NULL);
INSERT INTO language (id, code, englishname, nativename, pluralforms, pluralexpression, visible, direction, uuid) VALUES (462, 'za', 'Chuang; Zhuang', NULL, NULL, NULL, true, 0, NULL);
INSERT INTO language (id, code, englishname, nativename, pluralforms, pluralexpression, visible, direction, uuid) VALUES (463, 'znd', 'Zande', NULL, NULL, NULL, true, 0, NULL);
INSERT INTO language (id, code, englishname, nativename, pluralforms, pluralexpression, visible, direction, uuid) VALUES (464, 'zu', 'Zulu', NULL, 2, 'n != 1', true, 0, NULL);
INSERT INTO language (id, code, englishname, nativename, pluralforms, pluralexpression, visible, direction, uuid) VALUES (465, 'zun', 'Zuni', NULL, NULL, NULL, true, 0, NULL);
INSERT INTO language (id, code, englishname, nativename, pluralforms, pluralexpression, visible, direction, uuid) VALUES (466, 'ti_ER', 'Tigrinya (Eritrea)', NULL, NULL, NULL, false, 0, NULL);
INSERT INTO language (id, code, englishname, nativename, pluralforms, pluralexpression, visible, direction, uuid) VALUES (467, 'ti_ET', 'Tigrinya (Ethiopia)', NULL, NULL, NULL, false, 0, NULL);
INSERT INTO language (id, code, englishname, nativename, pluralforms, pluralexpression, visible, direction, uuid) VALUES (468, 'gez_ER', 'Geez (Eritrea)', NULL, NULL, NULL, false, 0, NULL);
INSERT INTO language (id, code, englishname, nativename, pluralforms, pluralexpression, visible, direction, uuid) VALUES (469, 'gez_ET', 'Geez (Ethiopia)', NULL, NULL, NULL, false, 0, NULL);
INSERT INTO language (id, code, englishname, nativename, pluralforms, pluralexpression, visible, direction, uuid) VALUES (470, 'de_AT', 'German (Austria)', NULL, 2, 'n != 1', false, 0, NULL);
INSERT INTO language (id, code, englishname, nativename, pluralforms, pluralexpression, visible, direction, uuid) VALUES (471, 'de_BE', 'German (Belgium)', NULL, 2, 'n != 1', false, 0, NULL);
INSERT INTO language (id, code, englishname, nativename, pluralforms, pluralexpression, visible, direction, uuid) VALUES (472, 'de_CH', 'German (Switzerland)', NULL, 2, 'n != 1', false, 0, NULL);
INSERT INTO language (id, code, englishname, nativename, pluralforms, pluralexpression, visible, direction, uuid) VALUES (473, 'de_DE', 'German (Germany)', NULL, 2, 'n != 1', false, 0, NULL);
INSERT INTO language (id, code, englishname, nativename, pluralforms, pluralexpression, visible, direction, uuid) VALUES (474, 'de_LU', 'German (Luxembourg)', NULL, 2, 'n != 1', false, 0, NULL);
INSERT INTO language (id, code, englishname, nativename, pluralforms, pluralexpression, visible, direction, uuid) VALUES (475, 'en_AU', 'English (Australia)', NULL, 2, 'n != 1', true, 0, NULL);
INSERT INTO language (id, code, englishname, nativename, pluralforms, pluralexpression, visible, direction, uuid) VALUES (476, 'en_BW', 'English (Botswana)', NULL, 2, 'n != 1', false, 0, NULL);
INSERT INTO language (id, code, englishname, nativename, pluralforms, pluralexpression, visible, direction, uuid) VALUES (477, 'en_CA', 'English (Canada)', NULL, 2, 'n != 1', true, 0, NULL);
INSERT INTO language (id, code, englishname, nativename, pluralforms, pluralexpression, visible, direction, uuid) VALUES (478, 'en_DK', 'English (Denmark)', NULL, 2, 'n != 1', false, 0, NULL);
INSERT INTO language (id, code, englishname, nativename, pluralforms, pluralexpression, visible, direction, uuid) VALUES (479, 'en_GB', 'English (United Kingdom)', NULL, 2, 'n != 1', true, 0, NULL);
INSERT INTO language (id, code, englishname, nativename, pluralforms, pluralexpression, visible, direction, uuid) VALUES (480, 'en_HK', 'English (Hong Kong)', NULL, 2, 'n != 1', false, 0, NULL);
INSERT INTO language (id, code, englishname, nativename, pluralforms, pluralexpression, visible, direction, uuid) VALUES (481, 'en_IE', 'English (Ireland)', NULL, 2, 'n != 1', false, 0, NULL);
INSERT INTO language (id, code, englishname, nativename, pluralforms, pluralexpression, visible, direction, uuid) VALUES (482, 'en_IN', 'English (India)', NULL, 2, 'n != 1', false, 0, NULL);
INSERT INTO language (id, code, englishname, nativename, pluralforms, pluralexpression, visible, direction, uuid) VALUES (483, 'en_NZ', 'English (New Zealand)', NULL, 2, 'n != 1', false, 0, NULL);
INSERT INTO language (id, code, englishname, nativename, pluralforms, pluralexpression, visible, direction, uuid) VALUES (484, 'en_PH', 'English (Philippines)', NULL, 2, 'n != 1', false, 0, NULL);
INSERT INTO language (id, code, englishname, nativename, pluralforms, pluralexpression, visible, direction, uuid) VALUES (485, 'en_SG', 'English (Singapore)', NULL, 2, 'n != 1', false, 0, NULL);
INSERT INTO language (id, code, englishname, nativename, pluralforms, pluralexpression, visible, direction, uuid) VALUES (486, 'en_US', 'English (United States)', NULL, 2, 'n != 1', false, 0, NULL);
INSERT INTO language (id, code, englishname, nativename, pluralforms, pluralexpression, visible, direction, uuid) VALUES (487, 'en_ZA', 'English (South Africa)', NULL, 2, 'n != 1', false, 0, NULL);
INSERT INTO language (id, code, englishname, nativename, pluralforms, pluralexpression, visible, direction, uuid) VALUES (488, 'en_ZW', 'English (Zimbabwe)', NULL, 2, 'n != 1', false, 0, NULL);
INSERT INTO language (id, code, englishname, nativename, pluralforms, pluralexpression, visible, direction, uuid) VALUES (489, 'zh_CN', 'Chinese (China)', NULL, 1, '0', true, 0, '{74d253f5-1463-4de4-bc6e-a7127c066416}');
INSERT INTO language (id, code, englishname, nativename, pluralforms, pluralexpression, visible, direction, uuid) VALUES (490, 'zh_HK', 'Chinese (Hong Kong)', NULL, 1, '0', true, 0, NULL);
INSERT INTO language (id, code, englishname, nativename, pluralforms, pluralexpression, visible, direction, uuid) VALUES (491, 'zh_SG', 'Chinese (Singapore)', NULL, 1, '0', false, 0, NULL);
INSERT INTO language (id, code, englishname, nativename, pluralforms, pluralexpression, visible, direction, uuid) VALUES (492, 'zh_TW', 'Chinese (Taiwan)', NULL, 1, '0', true, 0, '{0c7ce36c-a092-4a3d-9ac3-9891d2f2727e}');
INSERT INTO language (id, code, englishname, nativename, pluralforms, pluralexpression, visible, direction, uuid) VALUES (493, 'eu_ES', 'Basque (Spain)', NULL, 2, 'n != 1', false, 0, NULL);
INSERT INTO language (id, code, englishname, nativename, pluralforms, pluralexpression, visible, direction, uuid) VALUES (494, 'eu_FR', 'Basque (France)', NULL, 2, 'n != 1', false, 0, NULL);
INSERT INTO language (id, code, englishname, nativename, pluralforms, pluralexpression, visible, direction, uuid) VALUES (495, 'es_AR', 'Spanish (Argentina)', NULL, 2, 'n != 1', false, 0, NULL);
INSERT INTO language (id, code, englishname, nativename, pluralforms, pluralexpression, visible, direction, uuid) VALUES (496, 'es_BO', 'Spanish (Bolivia)', NULL, 2, 'n != 1', false, 0, NULL);
INSERT INTO language (id, code, englishname, nativename, pluralforms, pluralexpression, visible, direction, uuid) VALUES (497, 'es_CL', 'Spanish (Chile)', NULL, 2, 'n != 1', false, 0, NULL);
INSERT INTO language (id, code, englishname, nativename, pluralforms, pluralexpression, visible, direction, uuid) VALUES (498, 'es_CO', 'Spanish (Colombia)', NULL, 2, 'n != 1', false, 0, NULL);
INSERT INTO language (id, code, englishname, nativename, pluralforms, pluralexpression, visible, direction, uuid) VALUES (499, 'es_CR', 'Spanish (Costa Rica)', NULL, 2, 'n != 1', false, 0, NULL);
INSERT INTO language (id, code, englishname, nativename, pluralforms, pluralexpression, visible, direction, uuid) VALUES (500, 'es_DO', 'Spanish (Dominican Republic)', NULL, 2, 'n != 1', false, 0, NULL);
INSERT INTO language (id, code, englishname, nativename, pluralforms, pluralexpression, visible, direction, uuid) VALUES (501, 'es_EC', 'Spanish (Ecuador)', NULL, 2, 'n != 1', false, 0, NULL);
INSERT INTO language (id, code, englishname, nativename, pluralforms, pluralexpression, visible, direction, uuid) VALUES (502, 'es_ES', 'Spanish (Spain)', NULL, 2, 'n != 1', false, 0, NULL);
INSERT INTO language (id, code, englishname, nativename, pluralforms, pluralexpression, visible, direction, uuid) VALUES (503, 'es_GT', 'Spanish (Guatemala)', NULL, 2, 'n != 1', false, 0, NULL);
INSERT INTO language (id, code, englishname, nativename, pluralforms, pluralexpression, visible, direction, uuid) VALUES (504, 'es_HN', 'Spanish (Honduras)', NULL, 2, 'n != 1', false, 0, NULL);
INSERT INTO language (id, code, englishname, nativename, pluralforms, pluralexpression, visible, direction, uuid) VALUES (505, 'es_MX', 'Spanish (Mexico)', NULL, 2, 'n != 1', false, 0, NULL);
INSERT INTO language (id, code, englishname, nativename, pluralforms, pluralexpression, visible, direction, uuid) VALUES (506, 'es_NI', 'Spanish (Nicaragua)', NULL, 2, 'n != 1', false, 0, NULL);
INSERT INTO language (id, code, englishname, nativename, pluralforms, pluralexpression, visible, direction, uuid) VALUES (507, 'es_PA', 'Spanish (Panama)', NULL, 2, 'n != 1', false, 0, NULL);
INSERT INTO language (id, code, englishname, nativename, pluralforms, pluralexpression, visible, direction, uuid) VALUES (508, 'es_PE', 'Spanish (Peru)', NULL, 2, 'n != 1', false, 0, NULL);
INSERT INTO language (id, code, englishname, nativename, pluralforms, pluralexpression, visible, direction, uuid) VALUES (509, 'es_PR', 'Spanish (Puerto Rico)', NULL, 2, 'n != 1', false, 0, NULL);
INSERT INTO language (id, code, englishname, nativename, pluralforms, pluralexpression, visible, direction, uuid) VALUES (510, 'es_PY', 'Spanish (Paraguay)', NULL, 2, 'n != 1', false, 0, NULL);
INSERT INTO language (id, code, englishname, nativename, pluralforms, pluralexpression, visible, direction, uuid) VALUES (511, 'es_SV', 'Spanish (El Salvador)', NULL, 2, 'n != 1', false, 0, NULL);
INSERT INTO language (id, code, englishname, nativename, pluralforms, pluralexpression, visible, direction, uuid) VALUES (512, 'es_US', 'Spanish (United States)', NULL, 2, 'n != 1', false, 0, NULL);
INSERT INTO language (id, code, englishname, nativename, pluralforms, pluralexpression, visible, direction, uuid) VALUES (513, 'es_UY', 'Spanish (Uruguay)', NULL, 2, 'n != 1', false, 0, NULL);
INSERT INTO language (id, code, englishname, nativename, pluralforms, pluralexpression, visible, direction, uuid) VALUES (514, 'es_VE', 'Spanish (Venezuela)', NULL, 2, 'n != 1', false, 0, NULL);
INSERT INTO language (id, code, englishname, nativename, pluralforms, pluralexpression, visible, direction, uuid) VALUES (515, 'ru_RU', 'Russian (Russian Federation)', NULL, 3, 'n%10==1 && n%100!=11 ? 0 : n%10>=2 && n%10<=4 && (n%100<10 || n%100>=20) ? 1 : 2', false, 0, NULL);
INSERT INTO language (id, code, englishname, nativename, pluralforms, pluralexpression, visible, direction, uuid) VALUES (516, 'ru_UA', 'Russian (Ukraine)', NULL, 3, 'n%10==1 && n%100!=11 ? 0 : n%10>=2 && n%10<=4 && (n%100<10 || n%100>=20) ? 1 : 2', false, 0, NULL);
INSERT INTO language (id, code, englishname, nativename, pluralforms, pluralexpression, visible, direction, uuid) VALUES (517, 'bn_BD', 'Bengali (Bangladesh)', NULL, NULL, NULL, false, 0, NULL);
INSERT INTO language (id, code, englishname, nativename, pluralforms, pluralexpression, visible, direction, uuid) VALUES (518, 'bn_IN', 'Bengali (India)', NULL, NULL, NULL, false, 0, NULL);
INSERT INTO language (id, code, englishname, nativename, pluralforms, pluralexpression, visible, direction, uuid) VALUES (519, 'om_ET', 'Oromo (Ethiopia)', NULL, NULL, NULL, false, 0, NULL);
INSERT INTO language (id, code, englishname, nativename, pluralforms, pluralexpression, visible, direction, uuid) VALUES (520, 'om_KE', 'Oromo (Kenya)', NULL, NULL, NULL, false, 0, NULL);
INSERT INTO language (id, code, englishname, nativename, pluralforms, pluralexpression, visible, direction, uuid) VALUES (521, 'pt_BR', 'Portuguese (Brazil)', NULL, 2, 'n > 1', true, 0, '{8cb7341c-bcb6-43ca-b214-c48967f2a77e}');
INSERT INTO language (id, code, englishname, nativename, pluralforms, pluralexpression, visible, direction, uuid) VALUES (522, 'pt_PT', 'Portuguese (Portugal)', NULL, 2, 'n != 1', false, 0, NULL);
INSERT INTO language (id, code, englishname, nativename, pluralforms, pluralexpression, visible, direction, uuid) VALUES (523, 'aa_DJ', 'Afar (Djibouti)', NULL, NULL, NULL, false, 0, NULL);
INSERT INTO language (id, code, englishname, nativename, pluralforms, pluralexpression, visible, direction, uuid) VALUES (524, 'aa_ER', 'Afar (Eritrea)', NULL, NULL, NULL, false, 0, NULL);
INSERT INTO language (id, code, englishname, nativename, pluralforms, pluralexpression, visible, direction, uuid) VALUES (525, 'aa_ET', 'Afar (Ethiopia)', NULL, NULL, NULL, false, 0, NULL);
INSERT INTO language (id, code, englishname, nativename, pluralforms, pluralexpression, visible, direction, uuid) VALUES (526, 'it_CH', 'Italian (Switzerland)', NULL, 2, 'n != 1', false, 0, NULL);
INSERT INTO language (id, code, englishname, nativename, pluralforms, pluralexpression, visible, direction, uuid) VALUES (527, 'it_IT', 'Italian (Italy)', NULL, 2, 'n != 1', false, 0, NULL);
INSERT INTO language (id, code, englishname, nativename, pluralforms, pluralexpression, visible, direction, uuid) VALUES (528, 'ar_AE', 'Arabic (United Arab Emirates)', NULL, 3, 'n==1 ? 0 : n==2 ? 1 : 2', false, 1, NULL);
INSERT INTO language (id, code, englishname, nativename, pluralforms, pluralexpression, visible, direction, uuid) VALUES (529, 'ar_BH', 'Arabic (Bahrain)', NULL, 3, 'n==1 ? 0 : n==2 ? 1 : 2', false, 1, NULL);
INSERT INTO language (id, code, englishname, nativename, pluralforms, pluralexpression, visible, direction, uuid) VALUES (530, 'ar_DZ', 'Arabic (Algeria)', NULL, 3, 'n==1 ? 0 : n==2 ? 1 : 2', false, 1, NULL);
INSERT INTO language (id, code, englishname, nativename, pluralforms, pluralexpression, visible, direction, uuid) VALUES (531, 'ar_EG', 'Arabic (Egypt)', NULL, 3, 'n==1 ? 0 : n==2 ? 1 : 2', false, 1, NULL);
INSERT INTO language (id, code, englishname, nativename, pluralforms, pluralexpression, visible, direction, uuid) VALUES (532, 'ar_IN', 'Arabic (India)', NULL, 3, 'n==1 ? 0 : n==2 ? 1 : 2', false, 1, NULL);
INSERT INTO language (id, code, englishname, nativename, pluralforms, pluralexpression, visible, direction, uuid) VALUES (533, 'ar_IQ', 'Arabic (Iraq)', NULL, 3, 'n==1 ? 0 : n==2 ? 1 : 2', false, 1, NULL);
INSERT INTO language (id, code, englishname, nativename, pluralforms, pluralexpression, visible, direction, uuid) VALUES (534, 'ar_JO', 'Arabic (Jordan)', NULL, 3, 'n==1 ? 0 : n==2 ? 1 : 2', false, 1, NULL);
INSERT INTO language (id, code, englishname, nativename, pluralforms, pluralexpression, visible, direction, uuid) VALUES (535, 'ar_KW', 'Arabic (Kuwait)', NULL, 3, 'n==1 ? 0 : n==2 ? 1 : 2', false, 1, NULL);
INSERT INTO language (id, code, englishname, nativename, pluralforms, pluralexpression, visible, direction, uuid) VALUES (536, 'ar_LB', 'Arabic (Lebanon)', NULL, 3, 'n==1 ? 0 : n==2 ? 1 : 2', false, 1, NULL);
INSERT INTO language (id, code, englishname, nativename, pluralforms, pluralexpression, visible, direction, uuid) VALUES (537, 'ar_LY', 'Arabic (Libyan Arab Jamahiriya)', NULL, 3, 'n==1 ? 0 : n==2 ? 1 : 2', false, 1, NULL);
INSERT INTO language (id, code, englishname, nativename, pluralforms, pluralexpression, visible, direction, uuid) VALUES (538, 'ar_MA', 'Arabic (Morocco)', NULL, 3, 'n==1 ? 0 : n==2 ? 1 : 2', false, 1, NULL);
INSERT INTO language (id, code, englishname, nativename, pluralforms, pluralexpression, visible, direction, uuid) VALUES (539, 'ar_OM', 'Arabic (Oman)', NULL, 3, 'n==1 ? 0 : n==2 ? 1 : 2', false, 1, NULL);
INSERT INTO language (id, code, englishname, nativename, pluralforms, pluralexpression, visible, direction, uuid) VALUES (540, 'ar_QA', 'Arabic (Qatar)', NULL, 3, 'n==1 ? 0 : n==2 ? 1 : 2', false, 1, NULL);
INSERT INTO language (id, code, englishname, nativename, pluralforms, pluralexpression, visible, direction, uuid) VALUES (541, 'ar_SA', 'Arabic (Saudi Arabia)', NULL, 3, 'n==1 ? 0 : n==2 ? 1 : 2', false, 1, NULL);
INSERT INTO language (id, code, englishname, nativename, pluralforms, pluralexpression, visible, direction, uuid) VALUES (542, 'ar_SD', 'Arabic (Sudan)', NULL, 3, 'n==1 ? 0 : n==2 ? 1 : 2', false, 1, NULL);
INSERT INTO language (id, code, englishname, nativename, pluralforms, pluralexpression, visible, direction, uuid) VALUES (543, 'ar_SY', 'Arabic (Syrian Arab Republic)', NULL, 3, 'n==1 ? 0 : n==2 ? 1 : 2', false, 1, NULL);
INSERT INTO language (id, code, englishname, nativename, pluralforms, pluralexpression, visible, direction, uuid) VALUES (544, 'ar_TN', 'Arabic (Tunisia)', NULL, 3, 'n==1 ? 0 : n==2 ? 1 : 2', false, 1, NULL);
INSERT INTO language (id, code, englishname, nativename, pluralforms, pluralexpression, visible, direction, uuid) VALUES (545, 'ar_YE', 'Arabic (Yemen)', NULL, 3, 'n==1 ? 0 : n==2 ? 1 : 2', false, 1, NULL);
INSERT INTO language (id, code, englishname, nativename, pluralforms, pluralexpression, visible, direction, uuid) VALUES (546, 'nl_BE', 'Dutch (Belgium)', NULL, 2, 'n != 1', false, 0, NULL);
INSERT INTO language (id, code, englishname, nativename, pluralforms, pluralexpression, visible, direction, uuid) VALUES (547, 'nl_NL', 'Dutch (Netherlands)', NULL, 2, 'n != 1', false, 0, NULL);
INSERT INTO language (id, code, englishname, nativename, pluralforms, pluralexpression, visible, direction, uuid) VALUES (548, 'fr_BE', 'French (Belgium)', NULL, 2, 'n > 1', false, 0, NULL);
INSERT INTO language (id, code, englishname, nativename, pluralforms, pluralexpression, visible, direction, uuid) VALUES (549, 'fr_CA', 'French (Canada)', NULL, 2, 'n > 1', false, 0, NULL);
INSERT INTO language (id, code, englishname, nativename, pluralforms, pluralexpression, visible, direction, uuid) VALUES (550, 'fr_CH', 'French (Switzerland)', NULL, 2, 'n > 1', false, 0, NULL);
INSERT INTO language (id, code, englishname, nativename, pluralforms, pluralexpression, visible, direction, uuid) VALUES (551, 'fr_FR', 'French (France)', NULL, 2, 'n > 1', false, 0, NULL);
INSERT INTO language (id, code, englishname, nativename, pluralforms, pluralexpression, visible, direction, uuid) VALUES (552, 'fr_LU', 'French (Luxembourg)', NULL, 2, 'n > 1', false, 0, NULL);
INSERT INTO language (id, code, englishname, nativename, pluralforms, pluralexpression, visible, direction, uuid) VALUES (553, 'sv_FI', 'Swedish (Finland)', NULL, 2, 'n != 1', false, 0, NULL);
INSERT INTO language (id, code, englishname, nativename, pluralforms, pluralexpression, visible, direction, uuid) VALUES (554, 'sv_SE', 'Swedish (Sweden)', NULL, 2, 'n != 1', false, 0, NULL);
INSERT INTO language (id, code, englishname, nativename, pluralforms, pluralexpression, visible, direction, uuid) VALUES (555, 'so_DJ', 'Somali (Djibouti)', NULL, NULL, NULL, false, 0, NULL);
INSERT INTO language (id, code, englishname, nativename, pluralforms, pluralexpression, visible, direction, uuid) VALUES (556, 'so_ET', 'Somali (Ethiopia)', NULL, NULL, NULL, false, 0, NULL);
INSERT INTO language (id, code, englishname, nativename, pluralforms, pluralexpression, visible, direction, uuid) VALUES (557, 'so_KE', 'Somali (Kenya)', NULL, NULL, NULL, false, 0, NULL);
INSERT INTO language (id, code, englishname, nativename, pluralforms, pluralexpression, visible, direction, uuid) VALUES (558, 'so_SO', 'Somali (Somalia)', NULL, NULL, NULL, false, 0, NULL);
INSERT INTO language (id, code, englishname, nativename, pluralforms, pluralexpression, visible, direction, uuid) VALUES (559, 'fil', 'Filipino', NULL, 2, 'n > 1', true, 0, NULL);
INSERT INTO language (id, code, englishname, nativename, pluralforms, pluralexpression, visible, direction, uuid) VALUES (560, 'es@test', 'Spanish test', NULL, 2, 'n != 1', false, 0, NULL);


ALTER TABLE language ENABLE TRIGGER ALL;


ALTER TABLE libraryfilecontent DISABLE TRIGGER ALL;

INSERT INTO libraryfilecontent (id, datecreated, filesize, sha1, md5, sha256) VALUES (1, '2005-04-07 16:46:05.265391', 178859, '378b3498ead213d35a82033a6e9196014a5ef25c', '01234567890123456789012345678900', NULL);
INSERT INTO libraryfilecontent (id, datecreated, filesize, sha1, md5, sha256) VALUES (2, '2005-04-07 16:46:05.266763', 9922560, 'a57faa6287aee2c58e115673a119c6083d31d1b9', '01234567890123456789012345678902', NULL);
INSERT INTO libraryfilecontent (id, datecreated, filesize, sha1, md5, sha256) VALUES (3, '2005-04-07 16:46:05.26727', 309386, 'b218ca7b52fa813550e3f14cdcf3ba68606e4446', '01234567890123456789012345678903', NULL);
INSERT INTO libraryfilecontent (id, datecreated, filesize, sha1, md5, sha256) VALUES (4, '2005-04-07 16:46:05.267803', 162927750, 'cfbd3ee1f510c66d49be465b900a3334e8488184', '01234567890123456789012345678904', NULL);
INSERT INTO libraryfilecontent (id, datecreated, filesize, sha1, md5, sha256) VALUES (5, '2005-05-18 08:03:28.021862', 4381, '9b1f78faa39fb09a9fd955d744002c2d8f32d88d', '01234567890123456789012345678905', NULL);
INSERT INTO libraryfilecontent (id, datecreated, filesize, sha1, md5, sha256) VALUES (6, '2005-05-18 08:03:28.021862', 7910, 'afdf21d698587a6601e2ffed0f44292b7ad5dd07', '01234567890123456789012345678906', NULL);
INSERT INTO libraryfilecontent (id, datecreated, filesize, sha1, md5, sha256) VALUES (7, '2005-05-18 08:03:28.021862', 10826, '502828e7591277535abe9015ffbc6918dbba8ef4', '01234567890123456789012345678907', NULL);
INSERT INTO libraryfilecontent (id, datecreated, filesize, sha1, md5, sha256) VALUES (8, '2005-05-18 08:03:28.021862', 10826, '502828e7591277535abe9015ffbc6918dbba8ef4', '01234567890123456789012345678907', NULL);
INSERT INTO libraryfilecontent (id, datecreated, filesize, sha1, md5, sha256) VALUES (9, '2005-05-18 08:03:28.021862', 2655, 'ca3b107af84c05eaf98ba073376153986566ec28', '01234567890123456789012345678908', NULL);
INSERT INTO libraryfilecontent (id, datecreated, filesize, sha1, md5, sha256) VALUES (10, '2005-05-18 08:03:28.021862', 13110, 'bc7bebca1e3c5c166838b19f0eeb7f171e51805d', '01234567890123456789012345678909', NULL);
INSERT INTO libraryfilecontent (id, datecreated, filesize, sha1, md5, sha256) VALUES (11, '2005-05-18 08:03:28.021862', 13499, '78a26efee75a54f113063b78783b2d4612fee409', '0123456789012345678901234567890a', NULL);
INSERT INTO libraryfilecontent (id, datecreated, filesize, sha1, md5, sha256) VALUES (12, '2005-05-18 08:03:28.021862', 12695, '8812d04c170ca90bb1423e188ce9706869aa03d7', '0123456789012345678901234567890b', NULL);
INSERT INTO libraryfilecontent (id, datecreated, filesize, sha1, md5, sha256) VALUES (13, '2005-05-18 08:03:28.021862', 13133, 'db1b50cbde7142d344bd8ef9b2e1fe3b3116f77c', '0123456789012345678901234567890c', NULL);
INSERT INTO libraryfilecontent (id, datecreated, filesize, sha1, md5, sha256) VALUES (14, '2005-05-18 08:03:28.021862', 13641, 'e19cc1446e3004f10475c37b2cd363f75b8ae89a', '0123456789012345678901234567890d', NULL);
INSERT INTO libraryfilecontent (id, datecreated, filesize, sha1, md5, sha256) VALUES (15, '2005-05-18 08:03:28.021862', 13269, 'fc8cab1cb1e5fb1efa3c3c475b8f7c8dc5038d50', '0123456789012345678901234567890f', NULL);
INSERT INTO libraryfilecontent (id, datecreated, filesize, sha1, md5, sha256) VALUES (16, '2005-05-18 08:03:28.021862', 13983, 'e17ee3031bd29dcd1e5905c0fd17945600a91ccf', '01234567890123456789012345678910', NULL);
INSERT INTO libraryfilecontent (id, datecreated, filesize, sha1, md5, sha256) VALUES (17, '2005-05-18 08:03:28.021862', 12652, '07b01d1e6fe9a729f911e72dfe674a5e0abdc4ee', '01234567890123456789012345678911', NULL);
INSERT INTO libraryfilecontent (id, datecreated, filesize, sha1, md5, sha256) VALUES (18, '2005-05-18 08:03:28.021862', 13240, '801dc911c2bd67e17eff087516fdc63a2ac322ce', '01234567890123456789012345678912', NULL);
INSERT INTO libraryfilecontent (id, datecreated, filesize, sha1, md5, sha256) VALUES (19, '2005-05-18 08:03:28.021862', 4165, 'fca78a2292e4034b8dfbb2de6f69e17ebeecaaa1', '01234567890123456789012345678913', NULL);
INSERT INTO libraryfilecontent (id, datecreated, filesize, sha1, md5, sha256) VALUES (20, '2005-05-18 08:03:28.021862', 4093, 'fc67a1770f78c45c396b4724195aeb10683aa2fd', '01234567890123456789012345678914', NULL);
INSERT INTO libraryfilecontent (id, datecreated, filesize, sha1, md5, sha256) VALUES (21, '2005-05-18 08:03:28.021862', 3635, '4ab2ca308dafe152789640942488e23a33e4f46c', '01234567890123456789012345678915', NULL);
INSERT INTO libraryfilecontent (id, datecreated, filesize, sha1, md5, sha256) VALUES (22, '2005-05-18 08:03:28.021862', 3553, '20815563ee33368d51e3213354f97c05b4685968', '01234567890123456789012345678916', NULL);
INSERT INTO libraryfilecontent (id, datecreated, filesize, sha1, md5, sha256) VALUES (23, '2005-05-18 08:03:28.021862', 3778, '965968d3e6668f39ebc64bc11a3f1a5cd07c213b', '01234567890123456789012345678917', NULL);
INSERT INTO libraryfilecontent (id, datecreated, filesize, sha1, md5, sha256) VALUES (24, '2005-05-18 08:03:28.021862', 3666, 'cca8fb78e05a34481e07683cea8c3a47f01c609e', '01234567890123456789012345678918', NULL);
INSERT INTO libraryfilecontent (id, datecreated, filesize, sha1, md5, sha256) VALUES (25, '2005-05-18 08:03:28.021862', 3793, '28a7accfb491a2b4895b49b810ca7cda0badc787', '01234567890123456789012345678919', NULL);
INSERT INTO libraryfilecontent (id, datecreated, filesize, sha1, md5, sha256) VALUES (26, '2005-05-18 08:03:28.021862', 4773, '03efb176f04f3897de7d5e6484864b0559fd6cd6', '0123456789012345678901234567891a', NULL);
INSERT INTO libraryfilecontent (id, datecreated, filesize, sha1, md5, sha256) VALUES (27, '2005-05-18 08:03:28.021862', 2961, '4468039e1d2cbdfc78d2e53477e5fe0537bae302', '0123456789012345678901234567891b', NULL);
INSERT INTO libraryfilecontent (id, datecreated, filesize, sha1, md5, sha256) VALUES (28, '2005-05-18 08:03:28.021862', 3558, 'd6c2ddacdab7618ce2a555c20a4a730fcdb42600', '0123456789012345678901234567891c', NULL);
INSERT INTO libraryfilecontent (id, datecreated, filesize, sha1, md5, sha256) VALUES (29, '2005-05-18 08:03:28.021862', 3561, '9eb09455e6a568605c1bbab4cdf1936eee92222d', '0123456789012345678901234567891d', NULL);
INSERT INTO libraryfilecontent (id, datecreated, filesize, sha1, md5, sha256) VALUES (30, '2005-05-18 08:03:28.021862', 3305, 'b45b170da29f9b22650315657505124766c93720', '0123456789012345678901234567891e', NULL);
INSERT INTO libraryfilecontent (id, datecreated, filesize, sha1, md5, sha256) VALUES (31, '2005-05-18 08:03:28.021862', 3987, '9668ba9f0a59f9e6e6bc73fc5dc9f116b202bceb', '0123456789012345678901234567891f', NULL);
INSERT INTO libraryfilecontent (id, datecreated, filesize, sha1, md5, sha256) VALUES (32, '2005-05-18 08:03:28.021862', 4908, '874a6ef9cd1aaef17653c6c12f4b83ef9487c1c3', '01234567890123456789012345678920', NULL);
INSERT INTO libraryfilecontent (id, datecreated, filesize, sha1, md5, sha256) VALUES (33, '2005-05-18 08:03:28.021862', 4908, '874a6ef9cd1aaef17653c6c12f4b83ef9487c1c3', '01234567890123456789012345678920', NULL);
INSERT INTO libraryfilecontent (id, datecreated, filesize, sha1, md5, sha256) VALUES (34, '2005-08-10 09:31:29.606407', 2, '71853c6197a6a7f222db0f1978c7cb232b87c5ee', '01234567890123456789012345678921', NULL);
INSERT INTO libraryfilecontent (id, datecreated, filesize, sha1, md5, sha256) VALUES (35, '2005-08-01 09:31:29.606407', 2, '71853c6197a6a7f222db0f1978c7cb232b87c5ee', '01234567890123456789012345678921', NULL);
INSERT INTO libraryfilecontent (id, datecreated, filesize, sha1, md5, sha256) VALUES (36, '2005-10-30 18:00:27.899028', 3, '0beec7b5ea3f0fdbc95d0dd47f3c5bc275da8a33', '01234567890123456789012345678922', NULL);
INSERT INTO libraryfilecontent (id, datecreated, filesize, sha1, md5, sha256) VALUES (37, '2005-10-30 18:00:27.899028', 3, '1e04c7b5ea3f0fdbc95d0dd47f3c5bc275da8a33', '01234567890123456789012345678923', NULL);
INSERT INTO libraryfilecontent (id, datecreated, filesize, sha1, md5, sha256) VALUES (38, '2005-10-30 18:00:27.899028', 3, 'ae04c7b5ea3f0bdb095d0dd47f3c5bc275da8a33', '01234567890123456789012345678924', NULL);
INSERT INTO libraryfilecontent (id, datecreated, filesize, sha1, md5, sha256) VALUES (39, '2005-10-30 18:00:27.899028', 3, 'a10856bfea3f0bdb09550dd41f3c5bc275da8a33', '01234567890123456789012345678925', NULL);
INSERT INTO libraryfilecontent (id, datecreated, filesize, sha1, md5, sha256) VALUES (40, '2005-10-30 18:00:27.899028', 3, '5a04c7b5ea3f0fdbc95d0dd47f3c5bc275da8a33', '01234567890123456789012345678926', NULL);
INSERT INTO libraryfilecontent (id, datecreated, filesize, sha1, md5, sha256) VALUES (42, '2005-10-30 18:00:27.899028', 3, 'a45ed906e4f56fdbc95d0dd47f3c5bc275da8a33', '01234567890123456789012345678927', NULL);
INSERT INTO libraryfilecontent (id, datecreated, filesize, sha1, md5, sha256) VALUES (43, '2005-10-30 18:00:27.899028', 3, '4e3961baf4f56fdbc95d0dd47f3c5bc275da8a33', '01234567890123456789012345678928', NULL);
INSERT INTO libraryfilecontent (id, datecreated, filesize, sha1, md5, sha256) VALUES (44, '2005-10-30 18:00:27.899028', 3, 'b45ed906e4f5afdbc95d0dd47f3c5bc275da8a33', '01234567890123456789012345678929', NULL);
INSERT INTO libraryfilecontent (id, datecreated, filesize, sha1, md5, sha256) VALUES (45, '2006-08-01 09:31:29.606407', 2, '43853c6197a6a7f222db0f1978c7cb232b87c5ee', '0123456789012345678901234567892a', NULL);
INSERT INTO libraryfilecontent (id, datecreated, filesize, sha1, md5, sha256) VALUES (46, '2006-05-24 09:31:29.606407', 2, 'ab43246197a6a7f222db0f1978c7cb232b87c5ee', '0123456789012345678901234567892b', NULL);
INSERT INTO libraryfilecontent (id, datecreated, filesize, sha1, md5, sha256) VALUES (47, '2006-05-24 09:31:29.606407', 2, 'cabf42e197a6a7f222db0f1978c7cb232b87c5ee', '0123456789012345678901234567892c', NULL);
INSERT INTO libraryfilecontent (id, datecreated, filesize, sha1, md5, sha256) VALUES (51, '2006-07-14 16:41:34.028627', 716, '86d537a0d8b5b346d02752a853cc6ea648a0ebd7', 'eeb4c1e00a2e17a1eb51bd8b92fa5437', NULL);
INSERT INTO libraryfilecontent (id, datecreated, filesize, sha1, md5, sha256) VALUES (52, '2006-05-24 09:31:29.606407', 2, '1622db354faa9fa653804d018f3b9d5291e37d6b', 'e4a7193a8f72fa2755e2162512069093', NULL);
INSERT INTO libraryfilecontent (id, datecreated, filesize, sha1, md5, sha256) VALUES (53, '2006-12-01 16:41:34.028627', 716, '86d537a0d8b5b346d02752a853cc6ea648a0ebd7', 'eeb4c1e00a2e17a1eb51bd8b92fa5437', NULL);
INSERT INTO libraryfilecontent (id, datecreated, filesize, sha1, md5, sha256) VALUES (54, '2006-12-01 16:41:34.028627', 716, '86d537a0d8b5b346d02752a853cc6ea648a0ebd7', 'eeb4c1e00a2e17a1eb51bd8b92fa5438', NULL);
INSERT INTO libraryfilecontent (id, datecreated, filesize, sha1, md5, sha256) VALUES (55, '2006-12-01 16:41:34.028627', 716, '86d537a0d8b5b346d02752a853cc6ea648a0ebd7', 'eeb4c1e00a2e17a1eb51bd8b92fa5439', NULL);
INSERT INTO libraryfilecontent (id, datecreated, filesize, sha1, md5, sha256) VALUES (56, '2006-12-01 16:41:34.028627', 716, '86d537a0d8b5b346d02752a853cc6ea648a0ebd7', 'eeb4c1e00a2e17a1eb51bd8b92fa5440', NULL);
INSERT INTO libraryfilecontent (id, datecreated, filesize, sha1, md5, sha256) VALUES (57, '2006-12-13 21:17:56.241901', 1599, 'acdf6b9b99c39b1585f829ec7d68598a8e10816d', '5c6fa250b612e7e4d17261268a4d8400', NULL);
INSERT INTO libraryfilecontent (id, datecreated, filesize, sha1, md5, sha256) VALUES (58, '2006-12-13 21:18:28.796588', 1599, 'acdf6b9b99c39b1585f829ec7d68598a8e10816d', '5c6fa250b612e7e4d17261268a4d8401', NULL);
INSERT INTO libraryfilecontent (id, datecreated, filesize, sha1, md5, sha256) VALUES (59, '2006-05-24 09:31:29.606407', 2, 'fabb42e197a6a7f222db0f1978c7cb232b87c5ee', '0123456789012345678901234567892d', NULL);
INSERT INTO libraryfilecontent (id, datecreated, filesize, sha1, md5, sha256) VALUES (60, '2007-01-03 17:26:27.288968', 11793, 'df3a6670671781d5e08d7795ca1ada776815d87f', 'e8120781cd606202fd259a4f0d4585bb', NULL);
INSERT INTO libraryfilecontent (id, datecreated, filesize, sha1, md5, sha256) VALUES (61, '2007-02-15 14:26:27.288968', 100, 'df3a6670671781d5e08d7795ca1ada776815d87f', 'e8120781cd606202fd259a4f0d4585b1', NULL);
INSERT INTO libraryfilecontent (id, datecreated, filesize, sha1, md5, sha256) VALUES (62, '2007-05-14 23:21:11.121446', 123, 'd06b970f258e57547ef1104fba3499eb4ab43ff6', '767e1635f55ff5e833410523decec438', NULL);
INSERT INTO libraryfilecontent (id, datecreated, filesize, sha1, md5, sha256) VALUES (63, '2007-05-14 23:21:11.121446', 123, 'd06b970f258e57547ef1104fba3499eb4ab43ff6', '767e1635f55ff5e833410523decec438', NULL);
INSERT INTO libraryfilecontent (id, datecreated, filesize, sha1, md5, sha256) VALUES (65, '2007-08-09 21:25:37.832976', 958, 'df4adf483eb24fec455e8411ca3dceb0bee51b44', 'b85b447f88c326c4124f0554e175097f', NULL);
INSERT INTO libraryfilecontent (id, datecreated, filesize, sha1, md5, sha256) VALUES (66, '2007-08-09 21:25:37.832976', 179, '3e00fea68e91f6e03de6333b4c8e60c2ce441926', 'f27fb7494c5afbb0fb10b78d16f7da37', NULL);
INSERT INTO libraryfilecontent (id, datecreated, filesize, sha1, md5, sha256) VALUES (67, '2007-08-09 21:25:37.832976', 610, '01bedc249af59cb80abb40b4898eced10f5d5e20', '7d6fa416334c6da3b954bf9ebff6e9ae', NULL);
INSERT INTO libraryfilecontent (id, datecreated, filesize, sha1, md5, sha256) VALUES (68, '2007-08-09 21:25:37.832976', 567, 'b5aeb55faeb86a1d8c1a93dd58131b387a604c5a', '95f2b067e046d73f4e93eca44c034b97', NULL);
INSERT INTO libraryfilecontent (id, datecreated, filesize, sha1, md5, sha256) VALUES (69, '2007-08-09 21:54:18.456616', 749, '0526ef40da99af5c1c97c91f9aca77e7ae564838', '8afa3dbc21b2dcdad7f31ab28c041ad9', NULL);
INSERT INTO libraryfilecontent (id, datecreated, filesize, sha1, md5, sha256) VALUES (70, '2007-08-09 21:54:18.456616', 652, '0ce85c0cf331d05f76aa4977c43e87e9ffbd0480', '05a37db4ba50ba5f28650ee74b450c2c', NULL);
INSERT INTO libraryfilecontent (id, datecreated, filesize, sha1, md5, sha256) VALUES (71, '2007-09-10 19:14:26.037382', 22897, 'd7ebed9e00fc134ebc79eaf7deebb30a4f5f6859', '0113f983ff8beba46ad64c4ae8899091', NULL);
INSERT INTO libraryfilecontent (id, datecreated, filesize, sha1, md5, sha256) VALUES (72, '2007-09-10 19:15:01.67038', 221, '0ddef36534d59da64790eeffa55cc0221a01736d', 'df6ce34951747929ca9c6a4e2cb78f94', NULL);
INSERT INTO libraryfilecontent (id, datecreated, filesize, sha1, md5, sha256) VALUES (73, '2007-09-10 19:15:19.947543', 217, 'ea265925f6214628dc46e731ca1e131f1e632127', '9d19d15feffc620c0d16523e0ce00a54', NULL);
INSERT INTO libraryfilecontent (id, datecreated, filesize, sha1, md5, sha256) VALUES (74, '2007-09-10 19:16:01.017943', 22899, '234acbb3dc11b2af9bc46b6e33f0e453c3b1289d', '6d2d916ea729bc875ca0bd739f6be476', NULL);
INSERT INTO libraryfilecontent (id, datecreated, filesize, sha1, md5, sha256) VALUES (75, '2007-12-18 16:31:34.790641', 4296, 'e8b25389964bc3bd471c20a1508d00852ee7de40', 'e6b759498b7cde49e9d34e7b8c8b4542', NULL);
INSERT INTO libraryfilecontent (id, datecreated, filesize, sha1, md5, sha256) VALUES (76, '2007-12-18 16:31:34.790641', 2103, 'c154e1c1c2407d9b80c96b63c48d61a94248bf95', 'd86630cafdf624a3aa32aba0c41078c5', NULL);
INSERT INTO libraryfilecontent (id, datecreated, filesize, sha1, md5, sha256) VALUES (77, '2007-12-18 16:31:34.790641', 2787, '2d94c4a6a014895f93b581fb0134efe73ae4e2c8', '315ef57e5f6ad295e98db65607c5c18a', NULL);
INSERT INTO libraryfilecontent (id, datecreated, filesize, sha1, md5, sha256) VALUES (78, '2007-12-18 16:31:34.790641', 3534, '2bd22db53f2b9e47df50ed731128ff1fc54a5775', 'e0d510b49f803a0a4c2b2712d0a80522', NULL);
INSERT INTO libraryfilecontent (id, datecreated, filesize, sha1, md5, sha256) VALUES (79, '2007-12-18 16:31:34.790641', 3327, 'a57356e4cbf97bbb47df202449a95d909d50614a', '8c5ffb558a0d0f520887f3d4cbd619c5', NULL);
INSERT INTO libraryfilecontent (id, datecreated, filesize, sha1, md5, sha256) VALUES (80, '2007-12-18 16:31:34.790641', 189, '9800f54c65017e1bafe2d09a13af6176ba0ab244', 'a94677aabcd34b0901f1f75a35f7dff3', NULL);
INSERT INTO libraryfilecontent (id, datecreated, filesize, sha1, md5, sha256) VALUES (81, '2007-12-18 16:31:34.790641', 2926, 'b53bb11bc40c42b0f9ecd981561fe9d6f265b275', '496cf1cbb97c17a67998478402520ab5', NULL);
INSERT INTO libraryfilecontent (id, datecreated, filesize, sha1, md5, sha256) VALUES (82, '2008-03-17 15:36:19.035615', 18, '0c805a60b31058a1018680f99447033dcb9d4cf8', '8a8a67b8dbc5f203ae8712092c68c780', NULL);
INSERT INTO libraryfilecontent (id, datecreated, filesize, sha1, md5, sha256) VALUES (83, '2008-03-17 15:36:38.022812', 18, '0c805a60b31058a1018680f99447033dcb9d4cf8', '8a8a67b8dbc5f203ae8712092c68c780', NULL);
INSERT INTO libraryfilecontent (id, datecreated, filesize, sha1, md5, sha256) VALUES (84, '2008-03-17 15:36:48.877842', 3, '55ca6286e3e4f4fba5d0448333fa99fc5a404a73', '764efa883dda1e11db47671c4a3bbd9e', NULL);
INSERT INTO libraryfilecontent (id, datecreated, filesize, sha1, md5, sha256) VALUES (85, '2008-03-17 15:37:10.252357', 18, '0c805a60b31058a1018680f99447033dcb9d4cf8', '8a8a67b8dbc5f203ae8712092c68c780', NULL);
INSERT INTO libraryfilecontent (id, datecreated, filesize, sha1, md5, sha256) VALUES (86, '2008-03-17 15:37:22.489973', 18, '0c805a60b31058a1018680f99447033dcb9d4cf8', '8a8a67b8dbc5f203ae8712092c68c780', NULL);
INSERT INTO libraryfilecontent (id, datecreated, filesize, sha1, md5, sha256) VALUES (87, '2008-03-17 15:37:36.701686', 18, '0c805a60b31058a1018680f99447033dcb9d4cf8', '8a8a67b8dbc5f203ae8712092c68c780', NULL);
INSERT INTO libraryfilecontent (id, datecreated, filesize, sha1, md5, sha256) VALUES (88, '2008-03-17 15:37:48.465157', 3, '55ca6286e3e4f4fba5d0448333fa99fc5a404a73', '764efa883dda1e11db47671c4a3bbd9e', NULL);
INSERT INTO libraryfilecontent (id, datecreated, filesize, sha1, md5, sha256) VALUES (89, '2008-03-17 15:38:16.866444', 18, '0c805a60b31058a1018680f99447033dcb9d4cf8', '8a8a67b8dbc5f203ae8712092c68c780', NULL);
INSERT INTO libraryfilecontent (id, datecreated, filesize, sha1, md5, sha256) VALUES (90, '2008-05-08 10:10:16.866444', 18, '0c805a60b31058a1018680f99447033dcb9d4caa', '8a8a67b8dbc5f203ae8712092c68c7aa', NULL);
INSERT INTO libraryfilecontent (id, datecreated, filesize, sha1, md5, sha256) VALUES (91, '2008-07-07 22:30:01.123456', 10, '0c805a60b31058a1018680f99447033dcb9d4c01', '8a8a67b8dbc5f203ae8712092c68c701', NULL);
INSERT INTO libraryfilecontent (id, datecreated, filesize, sha1, md5, sha256) VALUES (92, '2008-09-30 08:19:00.222131', 10, 'f10e2821bbbea527ea02200352313bc059445190', '7815696ecbf1c96e6894b779456d330e', NULL);


ALTER TABLE libraryfilecontent ENABLE TRIGGER ALL;


ALTER TABLE libraryfilealias DISABLE TRIGGER ALL;

INSERT INTO libraryfilealias (id, content, filename, mimetype, expires, last_accessed, date_created, restricted, hits) VALUES (1, 1, 'netapplet-1.0.0.tar.gz', 'application/x-gtar', NULL, '2005-11-17 16:15:32.440132', '2005-04-07 16:46:05.265391', false, 0);
INSERT INTO libraryfilealias (id, content, filename, mimetype, expires, last_accessed, date_created, restricted, hits) VALUES (2, 1, 'netapplet_1.0.0.orig.tar.gz', 'application/x-gtar', NULL, '2005-11-17 16:15:32.440132', '2005-04-07 16:46:05.265391', false, 0);
INSERT INTO libraryfilealias (id, content, filename, mimetype, expires, last_accessed, date_created, restricted, hits) VALUES (3, 2, 'firefox_0.9.2.orig.tar.gz', 'application/x-gtar', NULL, '2005-11-17 16:15:32.440132', '2005-04-07 16:46:05.266763', false, 0);
INSERT INTO libraryfilealias (id, content, filename, mimetype, expires, last_accessed, date_created, restricted, hits) VALUES (4, 3, 'evolution-1.0.tar.gz', 'application/x-gtar', NULL, '2005-11-17 16:15:32.440132', '2005-04-07 16:46:05.26727', false, 0);
INSERT INTO libraryfilealias (id, content, filename, mimetype, expires, last_accessed, date_created, restricted, hits) VALUES (5, 5, 'netapplet.pot', 'application/x-po', NULL, '2005-11-17 16:15:32.440132', '2005-05-18 08:03:28.021862', false, 0);
INSERT INTO libraryfilealias (id, content, filename, mimetype, expires, last_accessed, date_created, restricted, hits) VALUES (6, 6, 'pmount.pot', 'application/x-po', NULL, '2005-11-17 16:15:32.440132', '2005-05-18 08:03:28.021862', false, 0);
INSERT INTO libraryfilealias (id, content, filename, mimetype, expires, last_accessed, date_created, restricted, hits) VALUES (7, 7, 'evolution-2.2.pot', 'application/x-po', NULL, '2005-11-17 16:15:32.440132', '2005-05-18 08:03:28.021862', false, 0);
INSERT INTO libraryfilealias (id, content, filename, mimetype, expires, last_accessed, date_created, restricted, hits) VALUES (8, 8, 'evolution-2.2.pot', 'application/x-po', NULL, '2005-11-17 16:15:32.440132', '2005-05-18 08:03:28.021862', false, 0);
INSERT INTO libraryfilealias (id, content, filename, mimetype, expires, last_accessed, date_created, restricted, hits) VALUES (9, 9, 'pkgconf-mozilla.pot', 'application/x-po', NULL, '2005-11-17 16:15:32.440132', '2005-05-18 08:03:28.021862', false, 0);
INSERT INTO libraryfilealias (id, content, filename, mimetype, expires, last_accessed, date_created, restricted, hits) VALUES (10, 10, 'hr.po', 'application/x-po', NULL, '2005-11-17 16:15:32.440132', '2005-05-18 08:03:28.021862', false, 0);
INSERT INTO libraryfilealias (id, content, filename, mimetype, expires, last_accessed, date_created, restricted, hits) VALUES (11, 11, 'ca.po', 'application/x-po', NULL, '2005-11-17 16:15:32.440132', '2005-05-18 08:03:28.021862', false, 0);
INSERT INTO libraryfilealias (id, content, filename, mimetype, expires, last_accessed, date_created, restricted, hits) VALUES (12, 12, 'nb.po', 'application/x-po', NULL, '2005-11-17 16:15:32.440132', '2005-05-18 08:03:28.021862', false, 0);
INSERT INTO libraryfilealias (id, content, filename, mimetype, expires, last_accessed, date_created, restricted, hits) VALUES (13, 13, 'cs.po', 'application/x-po', NULL, '2005-11-17 16:15:32.440132', '2005-05-18 08:03:28.021862', false, 0);
INSERT INTO libraryfilealias (id, content, filename, mimetype, expires, last_accessed, date_created, restricted, hits) VALUES (14, 14, 'es_ES.po', 'application/x-po', NULL, '2005-11-17 16:15:32.440132', '2005-05-18 08:03:28.021862', false, 0);
INSERT INTO libraryfilealias (id, content, filename, mimetype, expires, last_accessed, date_created, restricted, hits) VALUES (15, 15, 'de.po', 'application/x-po', NULL, '2005-11-17 16:15:32.440132', '2005-05-18 08:03:28.021862', false, 0);
INSERT INTO libraryfilealias (id, content, filename, mimetype, expires, last_accessed, date_created, restricted, hits) VALUES (16, 16, 'fr.po', 'application/x-po', NULL, '2005-11-17 16:15:32.440132', '2005-05-18 08:03:28.021862', false, 0);
INSERT INTO libraryfilealias (id, content, filename, mimetype, expires, last_accessed, date_created, restricted, hits) VALUES (17, 17, 'it_IT.po', 'application/x-po', NULL, '2005-11-17 16:15:32.440132', '2005-05-18 08:03:28.021862', false, 0);
INSERT INTO libraryfilealias (id, content, filename, mimetype, expires, last_accessed, date_created, restricted, hits) VALUES (18, 18, 'es.po', 'application/x-po', NULL, '2005-11-17 16:15:32.440132', '2005-05-18 08:03:28.021862', false, 0);
INSERT INTO libraryfilealias (id, content, filename, mimetype, expires, last_accessed, date_created, restricted, hits) VALUES (19, 19, 'fr.po', 'application/x-po', NULL, '2005-11-17 16:15:32.440132', '2005-05-18 08:03:28.021862', false, 0);
INSERT INTO libraryfilealias (id, content, filename, mimetype, expires, last_accessed, date_created, restricted, hits) VALUES (20, 20, 'pt_BR.po', 'application/x-po', NULL, '2005-11-17 16:15:32.440132', '2005-05-18 08:03:28.021862', false, 0);
INSERT INTO libraryfilealias (id, content, filename, mimetype, expires, last_accessed, date_created, restricted, hits) VALUES (21, 21, 'ja.po', 'application/x-po', NULL, '2005-11-17 16:15:32.440132', '2005-05-18 08:03:28.021862', false, 0);
INSERT INTO libraryfilealias (id, content, filename, mimetype, expires, last_accessed, date_created, restricted, hits) VALUES (22, 22, 'es.po', 'application/x-po', NULL, '2005-11-17 16:15:32.440132', '2005-05-18 08:03:28.021862', false, 0);
INSERT INTO libraryfilealias (id, content, filename, mimetype, expires, last_accessed, date_created, restricted, hits) VALUES (23, 23, 'nl.po', 'application/x-po', NULL, '2005-11-17 16:15:32.440132', '2005-05-18 08:03:28.021862', false, 0);
INSERT INTO libraryfilealias (id, content, filename, mimetype, expires, last_accessed, date_created, restricted, hits) VALUES (24, 24, 'cs.po', 'application/x-po', NULL, '2005-11-17 16:15:32.440132', '2005-05-18 08:03:28.021862', false, 0);
INSERT INTO libraryfilealias (id, content, filename, mimetype, expires, last_accessed, date_created, restricted, hits) VALUES (25, 25, 'da.po', 'application/x-po', NULL, '2005-11-17 16:15:32.440132', '2005-05-18 08:03:28.021862', false, 0);
INSERT INTO libraryfilealias (id, content, filename, mimetype, expires, last_accessed, date_created, restricted, hits) VALUES (26, 26, 'fi.po', 'application/x-po', NULL, '2005-11-17 16:15:32.440132', '2005-05-18 08:03:28.021862', false, 0);
INSERT INTO libraryfilealias (id, content, filename, mimetype, expires, last_accessed, date_created, restricted, hits) VALUES (27, 27, 'gl.po', 'application/x-po', NULL, '2005-11-17 16:15:32.440132', '2005-05-18 08:03:28.021862', false, 0);
INSERT INTO libraryfilealias (id, content, filename, mimetype, expires, last_accessed, date_created, restricted, hits) VALUES (28, 28, 'lt.po', 'application/x-po', NULL, '2005-11-17 16:15:32.440132', '2005-05-18 08:03:28.021862', false, 0);
INSERT INTO libraryfilealias (id, content, filename, mimetype, expires, last_accessed, date_created, restricted, hits) VALUES (29, 29, 'it.po', 'application/x-po', NULL, '2005-11-17 16:15:32.440132', '2005-05-18 08:03:28.021862', false, 0);
INSERT INTO libraryfilealias (id, content, filename, mimetype, expires, last_accessed, date_created, restricted, hits) VALUES (30, 30, 'tr.po', 'application/x-po', NULL, '2005-11-17 16:15:32.440132', '2005-05-18 08:03:28.021862', false, 0);
INSERT INTO libraryfilealias (id, content, filename, mimetype, expires, last_accessed, date_created, restricted, hits) VALUES (31, 31, 'de.po', 'application/x-po', NULL, '2005-11-17 16:15:32.440132', '2005-05-18 08:03:28.021862', false, 0);
INSERT INTO libraryfilealias (id, content, filename, mimetype, expires, last_accessed, date_created, restricted, hits) VALUES (32, 32, 'es.po', 'application/x-po', NULL, '2005-11-17 16:15:32.440132', '2005-05-18 08:03:28.021862', false, 0);
INSERT INTO libraryfilealias (id, content, filename, mimetype, expires, last_accessed, date_created, restricted, hits) VALUES (33, 33, 'es.po', 'application/x-po', NULL, '2005-11-17 16:15:32.440132', '2005-05-18 08:03:28.021862', false, 0);
INSERT INTO libraryfilealias (id, content, filename, mimetype, expires, last_accessed, date_created, restricted, hits) VALUES (34, 34, 'evolution-2.2-test.pot', 'application/x-po', NULL, '2005-11-17 16:15:32.440132', '2005-08-10 09:31:29.606407', false, 0);
INSERT INTO libraryfilealias (id, content, filename, mimetype, expires, last_accessed, date_created, restricted, hits) VALUES (35, 35, 'Ubuntu-High-Pri-2005-08-01.csv', 'text/plain', NULL, '2005-11-17 16:15:32.440132', '2005-08-01 09:31:29.606407', false, 0);
INSERT INTO libraryfilealias (id, content, filename, mimetype, expires, last_accessed, date_created, restricted, hits) VALUES (36, NULL, 'foo.txt', 'text/plain', NULL, '2005-11-17 16:15:32.440132', '2005-10-30 18:00:27.899028', false, 0);
INSERT INTO libraryfilealias (id, content, filename, mimetype, expires, last_accessed, date_created, restricted, hits) VALUES (37, 37, 'pmount_1.9-1_all.deb', 'application/x-debian-package', NULL, '2005-11-17 16:15:32.440132', '2005-10-30 18:00:27.899028', false, 0);
INSERT INTO libraryfilealias (id, content, filename, mimetype, expires, last_accessed, date_created, restricted, hits) VALUES (38, 38, 'alsa-utils_1.0.9a-4.dsc', 'application/dsc', NULL, '2005-11-17 16:15:32.440132', '2005-10-30 18:00:27.899028', false, 0);
INSERT INTO libraryfilealias (id, content, filename, mimetype, expires, last_accessed, date_created, restricted, hits) VALUES (39, 39, 'alsa-utils_1.0.8-1ubuntu1.dsc', 'application/dsc', NULL, '2005-11-17 16:15:32.440132', '2005-10-30 18:00:27.899028', false, 0);
INSERT INTO libraryfilealias (id, content, filename, mimetype, expires, last_accessed, date_created, restricted, hits) VALUES (40, 40, 'mozilla-firefox_0.9_i386.deb', 'application/x-debian-package', NULL, '2005-11-17 16:15:32.440132', '2005-10-30 18:00:27.899028', false, 0);
INSERT INTO libraryfilealias (id, content, filename, mimetype, expires, last_accessed, date_created, restricted, hits) VALUES (42, 42, 'linux-2.6.12_2.6.12.20_i386.deb', 'application/x-debian-package', NULL, '2005-11-17 16:15:32.440132', '2005-10-30 18:00:27.899028', false, 0);
INSERT INTO libraryfilealias (id, content, filename, mimetype, expires, last_accessed, date_created, restricted, hits) VALUES (43, 43, 'alsa-utils_1.0.9a-4ubuntu1.dsc', 'application/x-debian-package', NULL, '2005-11-17 16:15:32.440132', '2005-10-30 18:00:27.899028', false, 0);
INSERT INTO libraryfilealias (id, content, filename, mimetype, expires, last_accessed, date_created, restricted, hits) VALUES (44, 44, 'at-3.14156_all.udeb', 'application/x-debian-package', NULL, '2005-11-17 16:15:32.440132', '2005-10-30 18:00:27.899028', false, 0);
INSERT INTO libraryfilealias (id, content, filename, mimetype, expires, last_accessed, date_created, restricted, hits) VALUES (45, 45, 'Ubuntu-High-Pri-2006-08-01.csv', 'text/plain', NULL, '2005-11-17 16:15:32.440132', '2006-08-01 09:31:29.606407', false, 0);
INSERT INTO libraryfilealias (id, content, filename, mimetype, expires, last_accessed, date_created, restricted, hits) VALUES (46, 46, 'non-existent-mirrorprober-logfile.txt', 'text/plain', NULL, '2006-05-24 16:15:32.440132', '2006-05-24 09:31:29.606407', false, 0);
INSERT INTO libraryfilealias (id, content, filename, mimetype, expires, last_accessed, date_created, restricted, hits) VALUES (47, 47, 'non-existent-mirrorprober-logfile.txt', 'text/plain', NULL, '2006-05-24 16:15:32.440132', '2006-05-24 09:31:29.606407', false, 0);
INSERT INTO libraryfilealias (id, content, filename, mimetype, expires, last_accessed, date_created, restricted, hits) VALUES (51, 51, 'x4cWPgneBxsZOM21ZzpRPxsZXod.msg', 'message/rfc822', NULL, '2006-07-14 16:41:34.028627', '2006-07-14 16:41:34.028627', false, 0);
INSERT INTO libraryfilealias (id, content, filename, mimetype, expires, last_accessed, date_created, restricted, hits) VALUES (52, 52, 'mozilla-firefox_0.9_i386.changes', 'text/plain', NULL, '2006-07-31 15:41:34.028627', '2006-05-24 09:31:29.606407', false, 0);
INSERT INTO libraryfilealias (id, content, filename, mimetype, expires, last_accessed, date_created, restricted, hits) VALUES (53, 53, 'cdrkit-1.0.dsc', 'application/dsc', NULL, '2006-12-01 15:41:34.028627', '2006-12-01 16:41:34.028627', false, 0);
INSERT INTO libraryfilealias (id, content, filename, mimetype, expires, last_accessed, date_created, restricted, hits) VALUES (54, 54, 'foobar-1.0.dsc', 'application/dsc', NULL, '2006-12-01 15:41:34.028627', '2006-12-01 16:41:34.028627', false, 0);
INSERT INTO libraryfilealias (id, content, filename, mimetype, expires, last_accessed, date_created, restricted, hits) VALUES (55, 55, 'cdrkit_1.0_all.deb', 'application/deb', NULL, '2006-12-01 15:41:34.028627', '2006-12-01 16:41:34.028627', false, 0);
INSERT INTO libraryfilealias (id, content, filename, mimetype, expires, last_accessed, date_created, restricted, hits) VALUES (56, 56, 'foobar_1.0_all.deb', 'application/deb', NULL, '2006-12-01 15:41:34.028627', '2006-12-01 16:41:34.028627', false, 0);
INSERT INTO libraryfilealias (id, content, filename, mimetype, expires, last_accessed, date_created, restricted, hits) VALUES (57, 57, 'evolution-2.2-test.pot', 'application/x-po', NULL, '2006-12-13 21:17:56.241901', '2006-12-13 21:17:56.241901', false, 0);
INSERT INTO libraryfilealias (id, content, filename, mimetype, expires, last_accessed, date_created, restricted, hits) VALUES (58, 58, 'pt_BR.po', 'application/x-po', NULL, '2006-12-13 21:18:28.796588', '2006-12-13 21:18:28.796588', false, 0);
INSERT INTO libraryfilealias (id, content, filename, mimetype, expires, last_accessed, date_created, restricted, hits) VALUES (59, 59, 'salgado-mugshot.jpg', 'image/jpeg', NULL, '2006-07-31 15:41:34.028627', '2006-05-24 09:31:29.606407', false, 0);
INSERT INTO libraryfilealias (id, content, filename, mimetype, expires, last_accessed, date_created, restricted, hits) VALUES (60, 60, 'es.po', 'application/x-po', NULL, '2007-01-03 17:26:27.288968', '2007-01-03 17:26:27.288968', false, 0);
INSERT INTO libraryfilealias (id, content, filename, mimetype, expires, last_accessed, date_created, restricted, hits) VALUES (61, 61, 'language-pack-ar_1.0.dsc', 'application/dsc', NULL, '2007-02-15 14:26:27.288968', '2007-02-15 14:26:27.288968', false, 0);
INSERT INTO libraryfilealias (id, content, filename, mimetype, expires, last_accessed, date_created, restricted, hits) VALUES (62, 62, 'iceweasel-1.0.dsc', 'application/dsc', NULL, '2007-05-14 23:21:11.121446', '2007-05-14 23:21:11.121446', false, 0);
INSERT INTO libraryfilealias (id, content, filename, mimetype, expires, last_accessed, date_created, restricted, hits) VALUES (63, 63, 'hwsubmission1.xml', 'text/xml', NULL, '2007-05-14 23:21:11.121446', '2007-05-14 23:21:11.121446', false, 0);
INSERT INTO libraryfilealias (id, content, filename, mimetype, expires, last_accessed, date_created, restricted, hits) VALUES (65, 65, 'commercialpackage_1.0-1_source.changes', 'text/plain', NULL, '2007-08-09 21:25:37.832976', '2007-08-09 21:25:37.832976', false, 0);
INSERT INTO libraryfilealias (id, content, filename, mimetype, expires, last_accessed, date_created, restricted, hits) VALUES (66, 66, 'commercialpackage_1.0.orig.tar.gz', 'application/gzipped-tar', NULL, '2007-08-09 21:25:37.832976', '2007-08-09 21:25:37.832976', false, 0);
INSERT INTO libraryfilealias (id, content, filename, mimetype, expires, last_accessed, date_created, restricted, hits) VALUES (67, 67, 'commercialpackage_1.0-1.diff.gz', 'application/gzipped-patch', NULL, '2007-08-09 21:25:37.832976', '2007-08-09 21:25:37.832976', false, 0);
INSERT INTO libraryfilealias (id, content, filename, mimetype, expires, last_accessed, date_created, restricted, hits) VALUES (68, 68, 'commercialpackage_1.0-1.dsc', 'text/x-debian-source-package', NULL, '2007-08-09 21:25:37.832976', '2007-08-09 21:25:37.832976', false, 0);
INSERT INTO libraryfilealias (id, content, filename, mimetype, expires, last_accessed, date_created, restricted, hits) VALUES (69, 69, 'commercialpackage_1.0-1_i386.changes', 'text/plain', NULL, '2007-08-09 21:54:18.456616', '2007-08-09 21:54:18.456616', false, 0);
INSERT INTO libraryfilealias (id, content, filename, mimetype, expires, last_accessed, date_created, restricted, hits) VALUES (70, 70, 'commercialpackage_1.0-1_i386.deb', 'application/x-debian-package', NULL, '2007-08-09 21:54:18.456616', '2007-08-09 21:54:18.456616', false, 0);
INSERT INTO libraryfilealias (id, content, filename, mimetype, expires, last_accessed, date_created, restricted, hits) VALUES (71, 71, 'ubuntu-hoary-translations.tar.gz', 'application/x-gtar', NULL, '2007-09-10 19:14:26.037382', '2007-09-10 19:14:26.037382', false, 0);
INSERT INTO libraryfilealias (id, content, filename, mimetype, expires, last_accessed, date_created, restricted, hits) VALUES (72, 72, 'ubuntu-hoary-translations-update.tar.gz', 'application/x-gtar', NULL, '2007-09-10 19:15:01.67038', '2007-09-10 19:15:01.67038', false, 0);
INSERT INTO libraryfilealias (id, content, filename, mimetype, expires, last_accessed, date_created, restricted, hits) VALUES (73, 73, 'ubuntu-hoary-translations-update.tar.gz', 'application/x-gtar', NULL, '2007-09-10 19:15:19.947543', '2007-09-10 19:15:19.947543', false, 0);
INSERT INTO libraryfilealias (id, content, filename, mimetype, expires, last_accessed, date_created, restricted, hits) VALUES (74, 74, 'ubuntu-hoary-translations.tar.gz', 'application/x-gtar', NULL, '2007-09-10 19:16:01.017943', '2007-09-10 19:16:01.017943', false, 0);
INSERT INTO libraryfilealias (id, content, filename, mimetype, expires, last_accessed, date_created, restricted, hits) VALUES (75, 75, 'cX0Ey6rIIK5MqHphucFPna1fQMt.msg', 'message/rfc822', NULL, '2007-12-18 16:31:34.790641', '2007-12-18 16:31:34.790641', false, 0);
INSERT INTO libraryfilealias (id, content, filename, mimetype, expires, last_accessed, date_created, restricted, hits) VALUES (76, 76, 'nSpn1l12p7HBplm6e7kaaX6lf86.msg', 'message/rfc822', NULL, '2007-12-18 16:31:34.790641', '2007-12-18 16:31:34.790641', false, 0);
INSERT INTO libraryfilealias (id, content, filename, mimetype, expires, last_accessed, date_created, restricted, hits) VALUES (77, 77, 'evJ9qHEN3ufdtsDUnGPb8a5hs77.msg', 'message/rfc822', NULL, '2007-12-18 16:31:34.790641', '2007-12-18 16:31:34.790641', false, 0);
INSERT INTO libraryfilealias (id, content, filename, mimetype, expires, last_accessed, date_created, restricted, hits) VALUES (78, 78, 'jqUQpLymm7f9DjBAAsQoM10WndS.msg', 'message/rfc822', NULL, '2007-12-18 16:31:34.790641', '2007-12-18 16:31:34.790641', false, 0);
INSERT INTO libraryfilealias (id, content, filename, mimetype, expires, last_accessed, date_created, restricted, hits) VALUES (79, 79, '378cZyfOfUKx6BySEK0HYKz4Tpd.msg', 'message/rfc822', NULL, '2007-12-18 16:31:34.790641', '2007-12-18 16:31:34.790641', false, 0);
INSERT INTO libraryfilealias (id, content, filename, mimetype, expires, last_accessed, date_created, restricted, hits) VALUES (80, 80, 'unnamed', 'application/pgp-signature; name="signature.asc"', NULL, '2007-12-18 16:31:34.790641', '2007-12-18 16:31:34.790641', false, 0);
INSERT INTO libraryfilealias (id, content, filename, mimetype, expires, last_accessed, date_created, restricted, hits) VALUES (81, 81, 'jm81HhLQDRDAsqbl74W7GT3cpel.msg', 'message/rfc822', NULL, '2007-12-18 16:31:34.790641', '2007-12-18 16:31:34.790641', false, 0);
INSERT INTO libraryfilealias (id, content, filename, mimetype, expires, last_accessed, date_created, restricted, hits) VALUES (82, 82, 'alsa-1.0.9a.exe', 'application/x-msdos-program', NULL, '2008-03-17 15:36:19.035615', '2008-03-17 15:36:19.035615', false, 0);
INSERT INTO libraryfilealias (id, content, filename, mimetype, expires, last_accessed, date_created, restricted, hits) VALUES (83, 83, 'alsa-1.0.9a.dmg', 'application/x-apple-diskimage', NULL, '2008-03-17 15:36:38.022812', '2008-03-17 15:36:38.022812', false, 0);
INSERT INTO libraryfilealias (id, content, filename, mimetype, expires, last_accessed, date_created, restricted, hits) VALUES (84, 84, 'README.txt', 'text/plain', NULL, '2008-03-17 15:36:48.877842', '2008-03-17 15:36:48.877842', false, 0);
INSERT INTO libraryfilealias (id, content, filename, mimetype, expires, last_accessed, date_created, restricted, hits) VALUES (85, 85, 'alsa-1.0.8.exe', 'application/x-msdos-program', NULL, '2008-03-17 15:37:10.252357', '2008-03-17 15:37:10.252357', false, 0);
INSERT INTO libraryfilealias (id, content, filename, mimetype, expires, last_accessed, date_created, restricted, hits) VALUES (86, 86, 'alsa-1.0.8.dmg', 'application/x-apple-diskimage', NULL, '2008-03-17 15:37:22.489973', '2008-03-17 15:37:22.489973', false, 0);
INSERT INTO libraryfilealias (id, content, filename, mimetype, expires, last_accessed, date_created, restricted, hits) VALUES (87, 87, 'alsa-1.0.8.tgz', 'application/x-tar', NULL, '2008-03-17 15:37:36.701686', '2008-03-17 15:37:36.701686', false, 0);
INSERT INTO libraryfilealias (id, content, filename, mimetype, expires, last_accessed, date_created, restricted, hits) VALUES (88, 88, 'README.txt', 'text/plain', NULL, '2008-03-17 15:37:48.465157', '2008-03-17 15:37:48.465157', false, 0);
INSERT INTO libraryfilealias (id, content, filename, mimetype, expires, last_accessed, date_created, restricted, hits) VALUES (89, 89, 'alsa-1.0.9a.tgz', 'application/x-tar', NULL, '2008-03-17 15:38:16.866444', '2008-03-17 15:38:16.866444', false, 0);
INSERT INTO libraryfilealias (id, content, filename, mimetype, expires, last_accessed, date_created, restricted, hits) VALUES (90, 90, 'pmount_1.0-1_all.deb', 'application/x-debian-package', NULL, '2008-05-08 10:15:32.440132', '2008-05-08 10:10:27.899028', false, 0);
INSERT INTO libraryfilealias (id, content, filename, mimetype, expires, last_accessed, date_created, restricted, hits) VALUES (91, 91, 'upload_22_log.txt', 'application/text', NULL, '2008-07-07 22:30:01.123456', '2008-07-07 22:30:01.123456', false, 0);
INSERT INTO libraryfilealias (id, content, filename, mimetype, expires, last_accessed, date_created, restricted, hits) VALUES (92, 92, 'sample-submission-2.xml', 'application/x-bzip2', NULL, '2008-09-30 08:19:00.222131', '2008-09-30 08:19:00.222131', false, 0);


ALTER TABLE libraryfilealias ENABLE TRIGGER ALL;


ALTER TABLE person DISABLE TRIGGER ALL;

INSERT INTO person (id, displayname, teamowner, teamdescription, name, language, fti, defaultmembershipperiod, defaultrenewalperiod, subscriptionpolicy, merged, datecreated, homepage_content, icon, mugshot, hide_email_addresses, creation_rationale, creation_comment, registrant, logo, renewal_policy, personal_standing, personal_standing_reason, mail_resumption_date, mailing_list_auto_subscribe_policy, mailing_list_receive_duplicates, visibility, verbose_bugnotifications, account) VALUES (1, 'Mark Shuttleworth', NULL, NULL, 'mark', NULL, NULL, NULL, NULL, 1, NULL, '2005-06-06 08:59:51.591618', NULL, NULL, NULL, false, 8, NULL, NULL, NULL, 10, 0, NULL, NULL, 1, true, 1, false, 11);
INSERT INTO person (id, displayname, teamowner, teamdescription, name, language, fti, defaultmembershipperiod, defaultrenewalperiod, subscriptionpolicy, merged, datecreated, homepage_content, icon, mugshot, hide_email_addresses, creation_rationale, creation_comment, registrant, logo, renewal_policy, personal_standing, personal_standing_reason, mail_resumption_date, mailing_list_auto_subscribe_policy, mailing_list_receive_duplicates, visibility, verbose_bugnotifications, account) VALUES (2, 'Robert Collins', NULL, NULL, 'lifeless', NULL, NULL, NULL, NULL, 1, NULL, '2005-06-06 08:59:51.598107', NULL, NULL, NULL, false, 8, NULL, NULL, NULL, 10, 0, NULL, NULL, 1, true, 1, false, 21);
INSERT INTO person (id, displayname, teamowner, teamdescription, name, language, fti, defaultmembershipperiod, defaultrenewalperiod, subscriptionpolicy, merged, datecreated, homepage_content, icon, mugshot, hide_email_addresses, creation_rationale, creation_comment, registrant, logo, renewal_policy, personal_standing, personal_standing_reason, mail_resumption_date, mailing_list_auto_subscribe_policy, mailing_list_receive_duplicates, visibility, verbose_bugnotifications, account) VALUES (3, 'Dave Miller', NULL, NULL, 'justdave', NULL, NULL, NULL, NULL, 1, NULL, '2005-06-06 08:59:51.610048', NULL, NULL, NULL, false, 1, NULL, NULL, NULL, 10, 0, NULL, NULL, 1, true, 1, false, 31);
INSERT INTO person (id, displayname, teamowner, teamdescription, name, language, fti, defaultmembershipperiod, defaultrenewalperiod, subscriptionpolicy, merged, datecreated, homepage_content, icon, mugshot, hide_email_addresses, creation_rationale, creation_comment, registrant, logo, renewal_policy, personal_standing, personal_standing_reason, mail_resumption_date, mailing_list_auto_subscribe_policy, mailing_list_receive_duplicates, visibility, verbose_bugnotifications, account) VALUES (4, 'Colin Watson', NULL, NULL, 'kamion', NULL, NULL, NULL, NULL, 1, NULL, '2005-06-06 08:59:51.611185', NULL, NULL, NULL, false, 8, NULL, NULL, NULL, 10, 0, NULL, NULL, 1, true, 1, false, 41);
INSERT INTO person (id, displayname, teamowner, teamdescription, name, language, fti, defaultmembershipperiod, defaultrenewalperiod, subscriptionpolicy, merged, datecreated, homepage_content, icon, mugshot, hide_email_addresses, creation_rationale, creation_comment, registrant, logo, renewal_policy, personal_standing, personal_standing_reason, mail_resumption_date, mailing_list_auto_subscribe_policy, mailing_list_receive_duplicates, visibility, verbose_bugnotifications, account) VALUES (5, 'Scott James Remnant', NULL, NULL, 'keybuk', NULL, NULL, NULL, NULL, 1, NULL, '2005-06-06 08:59:51.608802', NULL, NULL, NULL, false, 1, NULL, NULL, NULL, 10, 0, NULL, NULL, 1, true, 1, false, 51);
INSERT INTO person (id, displayname, teamowner, teamdescription, name, language, fti, defaultmembershipperiod, defaultrenewalperiod, subscriptionpolicy, merged, datecreated, homepage_content, icon, mugshot, hide_email_addresses, creation_rationale, creation_comment, registrant, logo, renewal_policy, personal_standing, personal_standing_reason, mail_resumption_date, mailing_list_auto_subscribe_policy, mailing_list_receive_duplicates, visibility, verbose_bugnotifications, account) VALUES (6, 'Jeff Waugh', NULL, NULL, 'jdub', NULL, NULL, NULL, NULL, 1, NULL, '2005-06-06 08:59:51.600523', NULL, NULL, NULL, false, 8, NULL, NULL, NULL, 10, 0, NULL, NULL, 1, true, 1, false, 61);
INSERT INTO person (id, displayname, teamowner, teamdescription, name, language, fti, defaultmembershipperiod, defaultrenewalperiod, subscriptionpolicy, merged, datecreated, homepage_content, icon, mugshot, hide_email_addresses, creation_rationale, creation_comment, registrant, logo, renewal_policy, personal_standing, personal_standing_reason, mail_resumption_date, mailing_list_auto_subscribe_policy, mailing_list_receive_duplicates, visibility, verbose_bugnotifications, account) VALUES (7, 'Andrew Bennetts', NULL, NULL, 'spiv', NULL, NULL, NULL, NULL, 1, NULL, '2005-06-06 08:59:51.551196', NULL, NULL, NULL, false, 2, 'when importing bugs from http://bugzilla.ubuntu.com/', NULL, NULL, 10, 0, NULL, NULL, 1, true, 1, false, 71);
INSERT INTO person (id, displayname, teamowner, teamdescription, name, language, fti, defaultmembershipperiod, defaultrenewalperiod, subscriptionpolicy, merged, datecreated, homepage_content, icon, mugshot, hide_email_addresses, creation_rationale, creation_comment, registrant, logo, renewal_policy, personal_standing, personal_standing_reason, mail_resumption_date, mailing_list_auto_subscribe_policy, mailing_list_receive_duplicates, visibility, verbose_bugnotifications, account) VALUES (8, 'James Blackwell', NULL, NULL, 'jblack', NULL, NULL, NULL, NULL, 1, NULL, '2005-06-06 08:59:51.601584', NULL, NULL, NULL, false, 8, NULL, NULL, NULL, 10, 0, NULL, NULL, 1, true, 1, false, 81);
INSERT INTO person (id, displayname, teamowner, teamdescription, name, language, fti, defaultmembershipperiod, defaultrenewalperiod, subscriptionpolicy, merged, datecreated, homepage_content, icon, mugshot, hide_email_addresses, creation_rationale, creation_comment, registrant, logo, renewal_policy, personal_standing, personal_standing_reason, mail_resumption_date, mailing_list_auto_subscribe_policy, mailing_list_receive_duplicates, visibility, verbose_bugnotifications, account) VALUES (9, 'Christian Reis', NULL, NULL, 'kiko', NULL, NULL, NULL, NULL, 1, NULL, '2005-06-06 08:59:51.594941', NULL, NULL, NULL, false, 1, NULL, NULL, NULL, 10, 0, NULL, NULL, 1, true, 1, false, 91);
INSERT INTO person (id, displayname, teamowner, teamdescription, name, language, fti, defaultmembershipperiod, defaultrenewalperiod, subscriptionpolicy, merged, datecreated, homepage_content, icon, mugshot, hide_email_addresses, creation_rationale, creation_comment, registrant, logo, renewal_policy, personal_standing, personal_standing_reason, mail_resumption_date, mailing_list_auto_subscribe_policy, mailing_list_receive_duplicates, visibility, verbose_bugnotifications, account) VALUES (10, 'Alexander Limi', NULL, NULL, 'limi', NULL, NULL, NULL, NULL, 1, NULL, '2005-06-06 08:59:51.619713', NULL, NULL, NULL, false, 2, 'when importing bugs from http://bugzilla.ubuntu.com/', NULL, NULL, 10, 0, NULL, NULL, 1, true, 1, false, 101);
INSERT INTO person (id, displayname, teamowner, teamdescription, name, language, fti, defaultmembershipperiod, defaultrenewalperiod, subscriptionpolicy, merged, datecreated, homepage_content, icon, mugshot, hide_email_addresses, creation_rationale, creation_comment, registrant, logo, renewal_policy, personal_standing, personal_standing_reason, mail_resumption_date, mailing_list_auto_subscribe_policy, mailing_list_receive_duplicates, visibility, verbose_bugnotifications, account) VALUES (11, 'Steve Alexander', NULL, NULL, 'stevea', NULL, NULL, NULL, NULL, 1, NULL, '2005-06-06 08:59:51.599234', NULL, NULL, NULL, false, 8, NULL, NULL, NULL, 10, 0, NULL, NULL, 1, true, 1, false, 111);
INSERT INTO person (id, displayname, teamowner, teamdescription, name, language, fti, defaultmembershipperiod, defaultrenewalperiod, subscriptionpolicy, merged, datecreated, homepage_content, icon, mugshot, hide_email_addresses, creation_rationale, creation_comment, registrant, logo, renewal_policy, personal_standing, personal_standing_reason, mail_resumption_date, mailing_list_auto_subscribe_policy, mailing_list_receive_duplicates, visibility, verbose_bugnotifications, account) VALUES (12, 'Sample Person', NULL, NULL, 'name12', NULL, NULL, NULL, NULL, 1, NULL, '2005-06-06 08:59:51.612277', NULL, NULL, NULL, true, 8, NULL, NULL, NULL, 10, 0, NULL, NULL, 1, true, 1, false, 121);
INSERT INTO person (id, displayname, teamowner, teamdescription, name, language, fti, defaultmembershipperiod, defaultrenewalperiod, subscriptionpolicy, merged, datecreated, homepage_content, icon, mugshot, hide_email_addresses, creation_rationale, creation_comment, registrant, logo, renewal_policy, personal_standing, personal_standing_reason, mail_resumption_date, mailing_list_auto_subscribe_policy, mailing_list_receive_duplicates, visibility, verbose_bugnotifications, account) VALUES (13, 'Carlos Perelló Marín', NULL, NULL, 'carlos', NULL, NULL, NULL, NULL, 1, NULL, '2005-06-06 08:59:51.615543', NULL, NULL, NULL, false, 8, NULL, NULL, NULL, 10, 0, NULL, NULL, 1, true, 1, false, 131);
INSERT INTO person (id, displayname, teamowner, teamdescription, name, language, fti, defaultmembershipperiod, defaultrenewalperiod, subscriptionpolicy, merged, datecreated, homepage_content, icon, mugshot, hide_email_addresses, creation_rationale, creation_comment, registrant, logo, renewal_policy, personal_standing, personal_standing_reason, mail_resumption_date, mailing_list_auto_subscribe_policy, mailing_list_receive_duplicates, visibility, verbose_bugnotifications, account) VALUES (14, 'Dafydd Harries', NULL, NULL, 'daf', NULL, NULL, NULL, NULL, 1, NULL, '2005-06-06 08:59:51.616666', NULL, NULL, NULL, false, 8, NULL, NULL, NULL, 10, 0, NULL, NULL, 1, true, 1, false, 141);
INSERT INTO person (id, displayname, teamowner, teamdescription, name, language, fti, defaultmembershipperiod, defaultrenewalperiod, subscriptionpolicy, merged, datecreated, homepage_content, icon, mugshot, hide_email_addresses, creation_rationale, creation_comment, registrant, logo, renewal_policy, personal_standing, personal_standing_reason, mail_resumption_date, mailing_list_auto_subscribe_policy, mailing_list_receive_duplicates, visibility, verbose_bugnotifications, account) VALUES (16, 'Foo Bar', NULL, NULL, 'name16', NULL, NULL, NULL, NULL, 1, NULL, '2005-06-06 08:59:51.593849', NULL, NULL, NULL, false, 8, NULL, NULL, NULL, 10, 0, NULL, NULL, 1, true, 1, false, 161);
INSERT INTO person (id, displayname, teamowner, teamdescription, name, language, fti, defaultmembershipperiod, defaultrenewalperiod, subscriptionpolicy, merged, datecreated, homepage_content, icon, mugshot, hide_email_addresses, creation_rationale, creation_comment, registrant, logo, renewal_policy, personal_standing, personal_standing_reason, mail_resumption_date, mailing_list_auto_subscribe_policy, mailing_list_receive_duplicates, visibility, verbose_bugnotifications, account) VALUES (17, 'Ubuntu Team', 1, 'This Team is responsible for the Ubuntu Distribution', 'ubuntu-team', NULL, NULL, NULL, NULL, 1, NULL, '2005-06-06 08:59:51.60576', NULL, NULL, NULL, false, NULL, NULL, NULL, NULL, 10, 0, NULL, NULL, 1, true, 1, false, NULL);
INSERT INTO person (id, displayname, teamowner, teamdescription, name, language, fti, defaultmembershipperiod, defaultrenewalperiod, subscriptionpolicy, merged, datecreated, homepage_content, icon, mugshot, hide_email_addresses, creation_rationale, creation_comment, registrant, logo, renewal_policy, personal_standing, personal_standing_reason, mail_resumption_date, mailing_list_auto_subscribe_policy, mailing_list_receive_duplicates, visibility, verbose_bugnotifications, account) VALUES (18, 'Ubuntu Gnome Team', 1, 'This Team is responsible for the GNOME releases Issues on whole Ubuntu Distribution', 'name18', NULL, NULL, NULL, NULL, 1, NULL, '2005-06-06 08:59:51.607744', NULL, NULL, NULL, false, NULL, NULL, NULL, NULL, 10, 0, NULL, NULL, 1, true, 1, false, NULL);
INSERT INTO person (id, displayname, teamowner, teamdescription, name, language, fti, defaultmembershipperiod, defaultrenewalperiod, subscriptionpolicy, merged, datecreated, homepage_content, icon, mugshot, hide_email_addresses, creation_rationale, creation_comment, registrant, logo, renewal_policy, personal_standing, personal_standing_reason, mail_resumption_date, mailing_list_auto_subscribe_policy, mailing_list_receive_duplicates, visibility, verbose_bugnotifications, account) VALUES (19, 'Warty Gnome Team', 1, 'This Team is responsible for GNOME release Issues on Warty Distribution Release', 'warty-gnome', NULL, NULL, NULL, NULL, 1, NULL, '2005-06-06 08:59:51.602661', NULL, NULL, NULL, false, NULL, NULL, NULL, NULL, 10, 0, NULL, NULL, 1, true, 1, false, NULL);
INSERT INTO person (id, displayname, teamowner, teamdescription, name, language, fti, defaultmembershipperiod, defaultrenewalperiod, subscriptionpolicy, merged, datecreated, homepage_content, icon, mugshot, hide_email_addresses, creation_rationale, creation_comment, registrant, logo, renewal_policy, personal_standing, personal_standing_reason, mail_resumption_date, mailing_list_auto_subscribe_policy, mailing_list_receive_duplicates, visibility, verbose_bugnotifications, account) VALUES (20, 'Warty Security Team', 1, 'This Team is responsible for Security Issues on Warty Distribution Release', 'name20', NULL, NULL, NULL, NULL, 1, NULL, '2005-06-06 08:59:51.614468', NULL, NULL, NULL, false, NULL, NULL, NULL, NULL, 10, 0, NULL, NULL, 1, true, 1, false, NULL);
INSERT INTO person (id, displayname, teamowner, teamdescription, name, language, fti, defaultmembershipperiod, defaultrenewalperiod, subscriptionpolicy, merged, datecreated, homepage_content, icon, mugshot, hide_email_addresses, creation_rationale, creation_comment, registrant, logo, renewal_policy, personal_standing, personal_standing_reason, mail_resumption_date, mailing_list_auto_subscribe_policy, mailing_list_receive_duplicates, visibility, verbose_bugnotifications, account) VALUES (21, 'Hoary Gnome Team', 1, 'This team is responsible for Security Issues on Hoary Distribution Release', 'name21', NULL, NULL, NULL, NULL, 1, NULL, '2005-06-06 08:59:51.603691', NULL, NULL, NULL, false, NULL, NULL, NULL, NULL, 10, 0, NULL, NULL, 1, true, 1, false, NULL);
INSERT INTO person (id, displayname, teamowner, teamdescription, name, language, fti, defaultmembershipperiod, defaultrenewalperiod, subscriptionpolicy, merged, datecreated, homepage_content, icon, mugshot, hide_email_addresses, creation_rationale, creation_comment, registrant, logo, renewal_policy, personal_standing, personal_standing_reason, mail_resumption_date, mailing_list_auto_subscribe_policy, mailing_list_receive_duplicates, visibility, verbose_bugnotifications, account) VALUES (22, 'Stuart Bishop', NULL, NULL, 'stub', NULL, NULL, NULL, NULL, 1, NULL, '2005-06-06 08:59:51.59276', NULL, NULL, NULL, false, 8, NULL, NULL, NULL, 10, 0, NULL, NULL, 1, true, 1, false, 221);
INSERT INTO person (id, displayname, teamowner, teamdescription, name, language, fti, defaultmembershipperiod, defaultrenewalperiod, subscriptionpolicy, merged, datecreated, homepage_content, icon, mugshot, hide_email_addresses, creation_rationale, creation_comment, registrant, logo, renewal_policy, personal_standing, personal_standing_reason, mail_resumption_date, mailing_list_auto_subscribe_policy, mailing_list_receive_duplicates, visibility, verbose_bugnotifications, account) VALUES (23, 'David Allouche', NULL, NULL, 'ddaa', NULL, NULL, NULL, NULL, 1, NULL, '2005-06-06 08:59:51.620823', NULL, NULL, NULL, false, 8, NULL, NULL, NULL, 10, 0, NULL, NULL, 1, true, 1, true, 231);
INSERT INTO person (id, displayname, teamowner, teamdescription, name, language, fti, defaultmembershipperiod, defaultrenewalperiod, subscriptionpolicy, merged, datecreated, homepage_content, icon, mugshot, hide_email_addresses, creation_rationale, creation_comment, registrant, logo, renewal_policy, personal_standing, personal_standing_reason, mail_resumption_date, mailing_list_auto_subscribe_policy, mailing_list_receive_duplicates, visibility, verbose_bugnotifications, account) VALUES (24, 'VCS imports', 2, 'Owner of branches imported from non-bzr VCS', 'vcs-imports', NULL, NULL, NULL, NULL, 1, NULL, '2005-06-06 08:59:51.604746', NULL, NULL, NULL, false, NULL, NULL, NULL, NULL, 10, 0, NULL, NULL, 1, true, 1, false, NULL);
INSERT INTO person (id, displayname, teamowner, teamdescription, name, language, fti, defaultmembershipperiod, defaultrenewalperiod, subscriptionpolicy, merged, datecreated, homepage_content, icon, mugshot, hide_email_addresses, creation_rationale, creation_comment, registrant, logo, renewal_policy, personal_standing, personal_standing_reason, mail_resumption_date, mailing_list_auto_subscribe_policy, mailing_list_receive_duplicates, visibility, verbose_bugnotifications, account) VALUES (25, 'Launchpad Administrators', 1, 'Launchpad Administrators', 'admins', NULL, NULL, NULL, NULL, 1, NULL, '2005-06-06 08:59:51.571899', NULL, NULL, NULL, false, NULL, NULL, NULL, NULL, 10, 0, NULL, NULL, 1, true, 1, false, NULL);
INSERT INTO person (id, displayname, teamowner, teamdescription, name, language, fti, defaultmembershipperiod, defaultrenewalperiod, subscriptionpolicy, merged, datecreated, homepage_content, icon, mugshot, hide_email_addresses, creation_rationale, creation_comment, registrant, logo, renewal_policy, personal_standing, personal_standing_reason, mail_resumption_date, mailing_list_auto_subscribe_policy, mailing_list_receive_duplicates, visibility, verbose_bugnotifications, account) VALUES (26, 'Daniel Silverstone', NULL, NULL, 'kinnison', NULL, NULL, NULL, NULL, 1, NULL, '2005-06-06 08:59:51.618722', NULL, NULL, NULL, false, 2, 'when importing bugs from http://bugzilla.ubuntu.com/', NULL, NULL, 10, 0, NULL, NULL, 1, true, 1, false, 261);
INSERT INTO person (id, displayname, teamowner, teamdescription, name, language, fti, defaultmembershipperiod, defaultrenewalperiod, subscriptionpolicy, merged, datecreated, homepage_content, icon, mugshot, hide_email_addresses, creation_rationale, creation_comment, registrant, logo, renewal_policy, personal_standing, personal_standing_reason, mail_resumption_date, mailing_list_auto_subscribe_policy, mailing_list_receive_duplicates, visibility, verbose_bugnotifications, account) VALUES (27, 'Daniel Henrique Debonzi', NULL, NULL, 'debonzi', NULL, NULL, NULL, NULL, 1, NULL, '2005-06-06 08:59:51.557224', NULL, NULL, NULL, false, 8, NULL, NULL, NULL, 10, 0, NULL, NULL, 1, true, 1, false, 271);
INSERT INTO person (id, displayname, teamowner, teamdescription, name, language, fti, defaultmembershipperiod, defaultrenewalperiod, subscriptionpolicy, merged, datecreated, homepage_content, icon, mugshot, hide_email_addresses, creation_rationale, creation_comment, registrant, logo, renewal_policy, personal_standing, personal_standing_reason, mail_resumption_date, mailing_list_auto_subscribe_policy, mailing_list_receive_duplicates, visibility, verbose_bugnotifications, account) VALUES (28, 'Celso Providelo', NULL, NULL, 'cprov', NULL, NULL, NULL, NULL, 1, NULL, '2005-06-06 08:59:51.59705', NULL, NULL, NULL, false, 8, NULL, NULL, NULL, 10, 0, NULL, NULL, 1, true, 1, false, 281);
INSERT INTO person (id, displayname, teamowner, teamdescription, name, language, fti, defaultmembershipperiod, defaultrenewalperiod, subscriptionpolicy, merged, datecreated, homepage_content, icon, mugshot, hide_email_addresses, creation_rationale, creation_comment, registrant, logo, renewal_policy, personal_standing, personal_standing_reason, mail_resumption_date, mailing_list_auto_subscribe_policy, mailing_list_receive_duplicates, visibility, verbose_bugnotifications, account) VALUES (29, 'Guilherme Salgado', NULL, NULL, 'salgado', NULL, NULL, NULL, NULL, 1, NULL, '2005-06-06 08:59:51.596025', NULL, NULL, NULL, false, 8, NULL, NULL, NULL, 10, 0, NULL, NULL, 1, true, 1, false, 291);
INSERT INTO person (id, displayname, teamowner, teamdescription, name, language, fti, defaultmembershipperiod, defaultrenewalperiod, subscriptionpolicy, merged, datecreated, homepage_content, icon, mugshot, hide_email_addresses, creation_rationale, creation_comment, registrant, logo, renewal_policy, personal_standing, personal_standing_reason, mail_resumption_date, mailing_list_auto_subscribe_policy, mailing_list_receive_duplicates, visibility, verbose_bugnotifications, account) VALUES (30, 'Rosetta Administrators', 25, 'Rosetta Administrators', 'rosetta-admins', NULL, NULL, NULL, NULL, 1, NULL, '2005-06-06 08:59:51.613368', NULL, NULL, NULL, false, NULL, NULL, NULL, NULL, 10, 0, NULL, NULL, 1, true, 1, false, NULL);
INSERT INTO person (id, displayname, teamowner, teamdescription, name, language, fti, defaultmembershipperiod, defaultrenewalperiod, subscriptionpolicy, merged, datecreated, homepage_content, icon, mugshot, hide_email_addresses, creation_rationale, creation_comment, registrant, logo, renewal_policy, personal_standing, personal_standing_reason, mail_resumption_date, mailing_list_auto_subscribe_policy, mailing_list_receive_duplicates, visibility, verbose_bugnotifications, account) VALUES (31, 'Ubuntu Translators', 30, 'Ubuntu Translators', 'ubuntu-translators', NULL, NULL, NULL, NULL, 1, NULL, '2005-06-06 08:59:51.617651', NULL, NULL, NULL, false, NULL, NULL, NULL, NULL, 10, 0, NULL, NULL, 1, true, 1, false, NULL);
INSERT INTO person (id, displayname, teamowner, teamdescription, name, language, fti, defaultmembershipperiod, defaultrenewalperiod, subscriptionpolicy, merged, datecreated, homepage_content, icon, mugshot, hide_email_addresses, creation_rationale, creation_comment, registrant, logo, renewal_policy, personal_standing, personal_standing_reason, mail_resumption_date, mailing_list_auto_subscribe_policy, mailing_list_receive_duplicates, visibility, verbose_bugnotifications, account) VALUES (32, 'GuadaMen', 16, 'The guadalinex maintainers team', 'guadamen', NULL, NULL, 700, 300, 1, NULL, '2005-06-06 08:59:51.606755', NULL, NULL, NULL, false, NULL, NULL, NULL, NULL, 10, 0, NULL, NULL, 1, true, 1, false, NULL);
INSERT INTO person (id, displayname, teamowner, teamdescription, name, language, fti, defaultmembershipperiod, defaultrenewalperiod, subscriptionpolicy, merged, datecreated, homepage_content, icon, mugshot, hide_email_addresses, creation_rationale, creation_comment, registrant, logo, renewal_policy, personal_standing, personal_standing_reason, mail_resumption_date, mailing_list_auto_subscribe_policy, mailing_list_receive_duplicates, visibility, verbose_bugnotifications, account) VALUES (33, 'Edgar Bursic', NULL, NULL, 'edgar', NULL, NULL, NULL, NULL, 1, NULL, '2005-06-06 08:59:51.621892', NULL, NULL, NULL, false, 8, NULL, NULL, NULL, 10, 0, NULL, NULL, 1, true, 1, false, 331);
INSERT INTO person (id, displayname, teamowner, teamdescription, name, language, fti, defaultmembershipperiod, defaultrenewalperiod, subscriptionpolicy, merged, datecreated, homepage_content, icon, mugshot, hide_email_addresses, creation_rationale, creation_comment, registrant, logo, renewal_policy, personal_standing, personal_standing_reason, mail_resumption_date, mailing_list_auto_subscribe_policy, mailing_list_receive_duplicates, visibility, verbose_bugnotifications, account) VALUES (34, 'Jordi Vilalta', NULL, NULL, 'jvprat', NULL, NULL, NULL, NULL, 1, NULL, '2005-06-06 08:59:51.622908', NULL, NULL, NULL, false, 4, 'when importing the Catalan (ca) translation of pmount in Ubuntu Hoary package "pmount"', NULL, NULL, 10, 0, NULL, NULL, 1, true, 1, false, 341);
INSERT INTO person (id, displayname, teamowner, teamdescription, name, language, fti, defaultmembershipperiod, defaultrenewalperiod, subscriptionpolicy, merged, datecreated, homepage_content, icon, mugshot, hide_email_addresses, creation_rationale, creation_comment, registrant, logo, renewal_policy, personal_standing, personal_standing_reason, mail_resumption_date, mailing_list_auto_subscribe_policy, mailing_list_receive_duplicates, visibility, verbose_bugnotifications, account) VALUES (35, 'Sigurd Gartmann', NULL, NULL, 'sigurd-ubuntu', NULL, NULL, NULL, NULL, 1, NULL, '2005-06-06 08:59:51.623962', NULL, NULL, NULL, false, 4, 'when importing the Norwegian Bokmål (nb) translation of pmount in Ubuntu Hoary package "pmount"', NULL, NULL, 10, 0, NULL, NULL, 1, true, 1, false, 351);
INSERT INTO person (id, displayname, teamowner, teamdescription, name, language, fti, defaultmembershipperiod, defaultrenewalperiod, subscriptionpolicy, merged, datecreated, homepage_content, icon, mugshot, hide_email_addresses, creation_rationale, creation_comment, registrant, logo, renewal_policy, personal_standing, personal_standing_reason, mail_resumption_date, mailing_list_auto_subscribe_policy, mailing_list_receive_duplicates, visibility, verbose_bugnotifications, account) VALUES (36, 'Vlastimil Skacel', NULL, NULL, 'skacel', NULL, NULL, NULL, NULL, 1, NULL, '2005-06-06 08:59:51.5244', NULL, NULL, NULL, false, 4, 'when importing the Czech (cs) translation of pmount in Ubuntu Hoary package "pmount"', NULL, NULL, 10, 0, NULL, NULL, 1, true, 1, false, 361);
INSERT INTO person (id, displayname, teamowner, teamdescription, name, language, fti, defaultmembershipperiod, defaultrenewalperiod, subscriptionpolicy, merged, datecreated, homepage_content, icon, mugshot, hide_email_addresses, creation_rationale, creation_comment, registrant, logo, renewal_policy, personal_standing, personal_standing_reason, mail_resumption_date, mailing_list_auto_subscribe_policy, mailing_list_receive_duplicates, visibility, verbose_bugnotifications, account) VALUES (37, 'Daniel Aguayo', NULL, NULL, 'danner', NULL, NULL, NULL, NULL, 1, NULL, '2005-06-06 08:59:51.549651', NULL, NULL, NULL, false, 8, NULL, NULL, NULL, 10, 0, NULL, NULL, 1, true, 1, false, 371);
INSERT INTO person (id, displayname, teamowner, teamdescription, name, language, fti, defaultmembershipperiod, defaultrenewalperiod, subscriptionpolicy, merged, datecreated, homepage_content, icon, mugshot, hide_email_addresses, creation_rationale, creation_comment, registrant, logo, renewal_policy, personal_standing, personal_standing_reason, mail_resumption_date, mailing_list_auto_subscribe_policy, mailing_list_receive_duplicates, visibility, verbose_bugnotifications, account) VALUES (38, 'Martin Pitt', NULL, NULL, 'martin-pitt', NULL, NULL, NULL, NULL, 1, NULL, '2005-06-06 08:59:51.555051', NULL, NULL, NULL, false, 4, 'when importing the German (de) translation of pmount in Ubuntu Hoary package "pmount"', NULL, NULL, 10, 0, NULL, NULL, 1, true, 1, false, 381);
INSERT INTO person (id, displayname, teamowner, teamdescription, name, language, fti, defaultmembershipperiod, defaultrenewalperiod, subscriptionpolicy, merged, datecreated, homepage_content, icon, mugshot, hide_email_addresses, creation_rationale, creation_comment, registrant, logo, renewal_policy, personal_standing, personal_standing_reason, mail_resumption_date, mailing_list_auto_subscribe_policy, mailing_list_receive_duplicates, visibility, verbose_bugnotifications, account) VALUES (39, 'Nicolas Velin', NULL, NULL, 'nsv', NULL, NULL, NULL, NULL, 1, NULL, '2005-06-06 08:59:51.556132', NULL, NULL, NULL, false, 4, 'when importing the French (fr) translation of pmount in Ubuntu Hoary package "pmount"', NULL, NULL, 10, 0, NULL, NULL, 1, true, 1, false, 391);
INSERT INTO person (id, displayname, teamowner, teamdescription, name, language, fti, defaultmembershipperiod, defaultrenewalperiod, subscriptionpolicy, merged, datecreated, homepage_content, icon, mugshot, hide_email_addresses, creation_rationale, creation_comment, registrant, logo, renewal_policy, personal_standing, personal_standing_reason, mail_resumption_date, mailing_list_auto_subscribe_policy, mailing_list_receive_duplicates, visibility, verbose_bugnotifications, account) VALUES (40, 'Francesco Accattapà', NULL, NULL, 'callipeo', NULL, NULL, NULL, NULL, 1, NULL, '2005-06-06 08:59:51.558429', NULL, NULL, NULL, false, 4, 'when importing the Italian (Italy) (it_IT) translation of pmount in Ubuntu Hoary package "pmount"', NULL, NULL, 10, 0, NULL, NULL, 1, true, 1, false, 401);
INSERT INTO person (id, displayname, teamowner, teamdescription, name, language, fti, defaultmembershipperiod, defaultrenewalperiod, subscriptionpolicy, merged, datecreated, homepage_content, icon, mugshot, hide_email_addresses, creation_rationale, creation_comment, registrant, logo, renewal_policy, personal_standing, personal_standing_reason, mail_resumption_date, mailing_list_auto_subscribe_policy, mailing_list_receive_duplicates, visibility, verbose_bugnotifications, account) VALUES (41, 'Aloriel', NULL, NULL, 'jorge-gonzalez-gonzalez', NULL, NULL, NULL, NULL, 1, NULL, '2005-06-06 08:59:51.559519', NULL, NULL, NULL, false, 4, 'when importing the Spanish (es) translation of pmount in Ubuntu Hoary package "pmount"', NULL, NULL, 10, 0, NULL, NULL, 1, true, 1, false, 411);
INSERT INTO person (id, displayname, teamowner, teamdescription, name, language, fti, defaultmembershipperiod, defaultrenewalperiod, subscriptionpolicy, merged, datecreated, homepage_content, icon, mugshot, hide_email_addresses, creation_rationale, creation_comment, registrant, logo, renewal_policy, personal_standing, personal_standing_reason, mail_resumption_date, mailing_list_auto_subscribe_policy, mailing_list_receive_duplicates, visibility, verbose_bugnotifications, account) VALUES (42, 'Denis Barbier', NULL, NULL, 'barbier', NULL, NULL, NULL, NULL, 1, NULL, '2005-06-06 08:59:51.560604', NULL, NULL, NULL, false, 4, 'when importing the French (fr) translation of pkgconf-mozilla in Ubuntu Hoary package "mozilla"', NULL, NULL, 10, 0, NULL, NULL, 1, true, 1, false, 421);
INSERT INTO person (id, displayname, teamowner, teamdescription, name, language, fti, defaultmembershipperiod, defaultrenewalperiod, subscriptionpolicy, merged, datecreated, homepage_content, icon, mugshot, hide_email_addresses, creation_rationale, creation_comment, registrant, logo, renewal_policy, personal_standing, personal_standing_reason, mail_resumption_date, mailing_list_auto_subscribe_policy, mailing_list_receive_duplicates, visibility, verbose_bugnotifications, account) VALUES (43, 'André Luís Lopes', NULL, NULL, 'andrelop', NULL, NULL, NULL, NULL, 1, NULL, '2005-06-06 08:59:51.561685', NULL, NULL, NULL, false, 4, 'when importing the Portuguese (Brazil) (pt_BR) translation of pkgconf-mozilla in Ubuntu Hoary package "mozilla"', NULL, NULL, 10, 0, NULL, NULL, 1, true, 1, false, 431);
INSERT INTO person (id, displayname, teamowner, teamdescription, name, language, fti, defaultmembershipperiod, defaultrenewalperiod, subscriptionpolicy, merged, datecreated, homepage_content, icon, mugshot, hide_email_addresses, creation_rationale, creation_comment, registrant, logo, renewal_policy, personal_standing, personal_standing_reason, mail_resumption_date, mailing_list_auto_subscribe_policy, mailing_list_receive_duplicates, visibility, verbose_bugnotifications, account) VALUES (44, 'Carlos Valdivia Yagüe', NULL, NULL, 'valyag', NULL, NULL, NULL, NULL, 1, NULL, '2005-06-06 08:59:51.562857', NULL, NULL, NULL, false, 4, 'when importing the Spanish (es) translation of pkgconf-mozilla in Ubuntu Hoary package "mozilla"', NULL, NULL, 10, 0, NULL, NULL, 1, true, 1, false, 441);
INSERT INTO person (id, displayname, teamowner, teamdescription, name, language, fti, defaultmembershipperiod, defaultrenewalperiod, subscriptionpolicy, merged, datecreated, homepage_content, icon, mugshot, hide_email_addresses, creation_rationale, creation_comment, registrant, logo, renewal_policy, personal_standing, personal_standing_reason, mail_resumption_date, mailing_list_auto_subscribe_policy, mailing_list_receive_duplicates, visibility, verbose_bugnotifications, account) VALUES (45, 'Luk Claes', NULL, NULL, 'luk-claes', NULL, NULL, NULL, NULL, 1, NULL, '2005-06-06 08:59:51.563952', NULL, NULL, NULL, false, 4, 'when importing the Dutch (nl) translation of pkgconf-mozilla in Ubuntu Hoary package "mozilla"', NULL, NULL, 10, 0, NULL, NULL, 1, true, 1, false, 451);
INSERT INTO person (id, displayname, teamowner, teamdescription, name, language, fti, defaultmembershipperiod, defaultrenewalperiod, subscriptionpolicy, merged, datecreated, homepage_content, icon, mugshot, hide_email_addresses, creation_rationale, creation_comment, registrant, logo, renewal_policy, personal_standing, personal_standing_reason, mail_resumption_date, mailing_list_auto_subscribe_policy, mailing_list_receive_duplicates, visibility, verbose_bugnotifications, account) VALUES (46, 'Miroslav Kure', NULL, NULL, 'kurem', NULL, NULL, NULL, NULL, 1, NULL, '2005-06-06 08:59:51.565033', NULL, NULL, NULL, false, 8, NULL, NULL, NULL, 10, 0, NULL, NULL, 1, true, 1, false, 461);
INSERT INTO person (id, displayname, teamowner, teamdescription, name, language, fti, defaultmembershipperiod, defaultrenewalperiod, subscriptionpolicy, merged, datecreated, homepage_content, icon, mugshot, hide_email_addresses, creation_rationale, creation_comment, registrant, logo, renewal_policy, personal_standing, personal_standing_reason, mail_resumption_date, mailing_list_auto_subscribe_policy, mailing_list_receive_duplicates, visibility, verbose_bugnotifications, account) VALUES (47, 'Morten Brix Pedersen', NULL, NULL, 'morten', NULL, NULL, NULL, NULL, 1, NULL, '2005-06-06 08:59:51.56614', NULL, NULL, NULL, false, 4, 'when importing the Danish (da) translation of pkgconf-mozilla in Ubuntu Hoary package "mozilla"', NULL, NULL, 10, 0, NULL, NULL, 1, true, 1, false, 471);
INSERT INTO person (id, displayname, teamowner, teamdescription, name, language, fti, defaultmembershipperiod, defaultrenewalperiod, subscriptionpolicy, merged, datecreated, homepage_content, icon, mugshot, hide_email_addresses, creation_rationale, creation_comment, registrant, logo, renewal_policy, personal_standing, personal_standing_reason, mail_resumption_date, mailing_list_auto_subscribe_policy, mailing_list_receive_duplicates, visibility, verbose_bugnotifications, account) VALUES (48, 'Matti Pöllä', NULL, NULL, 'mpo', NULL, NULL, NULL, NULL, 1, NULL, '2005-06-06 08:59:51.567224', NULL, NULL, NULL, false, 4, 'when importing the Finnish (fi) translation of pkgconf-mozilla in Ubuntu Hoary package "mozilla"', NULL, NULL, 10, 0, NULL, NULL, 1, true, 1, false, 481);
INSERT INTO person (id, displayname, teamowner, teamdescription, name, language, fti, defaultmembershipperiod, defaultrenewalperiod, subscriptionpolicy, merged, datecreated, homepage_content, icon, mugshot, hide_email_addresses, creation_rationale, creation_comment, registrant, logo, renewal_policy, personal_standing, personal_standing_reason, mail_resumption_date, mailing_list_auto_subscribe_policy, mailing_list_receive_duplicates, visibility, verbose_bugnotifications, account) VALUES (49, 'Kęstutis Biliūnas', NULL, NULL, 'kebil', NULL, NULL, NULL, NULL, 1, NULL, '2005-06-06 08:59:51.568323', NULL, NULL, NULL, false, 4, 'when importing the Lithuanian (lt) translation of pkgconf-mozilla in Ubuntu Hoary package "mozilla"', NULL, NULL, 10, 0, NULL, NULL, 1, true, 1, false, 491);
INSERT INTO person (id, displayname, teamowner, teamdescription, name, language, fti, defaultmembershipperiod, defaultrenewalperiod, subscriptionpolicy, merged, datecreated, homepage_content, icon, mugshot, hide_email_addresses, creation_rationale, creation_comment, registrant, logo, renewal_policy, personal_standing, personal_standing_reason, mail_resumption_date, mailing_list_auto_subscribe_policy, mailing_list_receive_duplicates, visibility, verbose_bugnotifications, account) VALUES (50, 'Valentina Commissari', NULL, NULL, 'tsukimi', NULL, NULL, NULL, NULL, 1, NULL, '2005-06-06 08:59:51.569518', NULL, NULL, NULL, false, 8, NULL, NULL, NULL, 10, 0, NULL, NULL, 1, true, 1, false, 501);
INSERT INTO person (id, displayname, teamowner, teamdescription, name, language, fti, defaultmembershipperiod, defaultrenewalperiod, subscriptionpolicy, merged, datecreated, homepage_content, icon, mugshot, hide_email_addresses, creation_rationale, creation_comment, registrant, logo, renewal_policy, personal_standing, personal_standing_reason, mail_resumption_date, mailing_list_auto_subscribe_policy, mailing_list_receive_duplicates, visibility, verbose_bugnotifications, account) VALUES (51, 'Helge Kreutzmann', NULL, NULL, 'kreutzm', NULL, NULL, NULL, NULL, 1, NULL, '2005-06-06 08:59:51.570701', NULL, NULL, NULL, false, 8, NULL, NULL, NULL, 10, 0, NULL, NULL, 1, true, 1, false, 511);
INSERT INTO person (id, displayname, teamowner, teamdescription, name, language, fti, defaultmembershipperiod, defaultrenewalperiod, subscriptionpolicy, merged, datecreated, homepage_content, icon, mugshot, hide_email_addresses, creation_rationale, creation_comment, registrant, logo, renewal_policy, personal_standing, personal_standing_reason, mail_resumption_date, mailing_list_auto_subscribe_policy, mailing_list_receive_duplicates, visibility, verbose_bugnotifications, account) VALUES (52, 'No Privileges Person', NULL, NULL, 'no-priv', NULL, NULL, NULL, NULL, 1, NULL, '2005-06-06 08:59:51.593849', NULL, NULL, NULL, false, 8, NULL, NULL, NULL, 10, 0, NULL, NULL, 1, true, 1, false, 521);
INSERT INTO person (id, displayname, teamowner, teamdescription, name, language, fti, defaultmembershipperiod, defaultrenewalperiod, subscriptionpolicy, merged, datecreated, homepage_content, icon, mugshot, hide_email_addresses, creation_rationale, creation_comment, registrant, logo, renewal_policy, personal_standing, personal_standing_reason, mail_resumption_date, mailing_list_auto_subscribe_policy, mailing_list_receive_duplicates, visibility, verbose_bugnotifications, account) VALUES (53, 'testing Spanish team', 13, NULL, 'testing-spanish-team', NULL, NULL, NULL, NULL, 1, NULL, '2005-07-12 14:32:01.84779', NULL, NULL, NULL, false, NULL, NULL, NULL, NULL, 10, 0, NULL, NULL, 1, true, 1, false, NULL);
INSERT INTO person (id, displayname, teamowner, teamdescription, name, language, fti, defaultmembershipperiod, defaultrenewalperiod, subscriptionpolicy, merged, datecreated, homepage_content, icon, mugshot, hide_email_addresses, creation_rationale, creation_comment, registrant, logo, renewal_policy, personal_standing, personal_standing_reason, mail_resumption_date, mailing_list_auto_subscribe_policy, mailing_list_receive_duplicates, visibility, verbose_bugnotifications, account) VALUES (55, 'Marilize Coetzee', NULL, NULL, 'marilize', NULL, NULL, NULL, NULL, 1, NULL, '2005-06-06 08:59:51.593849', NULL, NULL, NULL, false, 8, NULL, NULL, NULL, 10, 0, NULL, NULL, 1, true, 1, false, 551);
INSERT INTO person (id, displayname, teamowner, teamdescription, name, language, fti, defaultmembershipperiod, defaultrenewalperiod, subscriptionpolicy, merged, datecreated, homepage_content, icon, mugshot, hide_email_addresses, creation_rationale, creation_comment, registrant, logo, renewal_policy, personal_standing, personal_standing_reason, mail_resumption_date, mailing_list_auto_subscribe_policy, mailing_list_receive_duplicates, visibility, verbose_bugnotifications, account) VALUES (56, 'Jordi Mallach', NULL, NULL, 'jordi', NULL, NULL, NULL, NULL, 1, NULL, '2005-10-07 14:17:51.593849', NULL, NULL, NULL, false, 8, NULL, NULL, NULL, 10, 0, NULL, NULL, 1, true, 1, false, 561);
INSERT INTO person (id, displayname, teamowner, teamdescription, name, language, fti, defaultmembershipperiod, defaultrenewalperiod, subscriptionpolicy, merged, datecreated, homepage_content, icon, mugshot, hide_email_addresses, creation_rationale, creation_comment, registrant, logo, renewal_policy, personal_standing, personal_standing_reason, mail_resumption_date, mailing_list_auto_subscribe_policy, mailing_list_receive_duplicates, visibility, verbose_bugnotifications, account) VALUES (57, 'Launchpad Developers', 16, 'Launchpad developers', 'launchpad', NULL, NULL, NULL, NULL, 3, NULL, '2005-10-13 13:03:41.668724', NULL, NULL, NULL, false, NULL, NULL, NULL, NULL, 10, 0, NULL, NULL, 1, true, 1, false, NULL);
INSERT INTO person (id, displayname, teamowner, teamdescription, name, language, fti, defaultmembershipperiod, defaultrenewalperiod, subscriptionpolicy, merged, datecreated, homepage_content, icon, mugshot, hide_email_addresses, creation_rationale, creation_comment, registrant, logo, renewal_policy, personal_standing, personal_standing_reason, mail_resumption_date, mailing_list_auto_subscribe_policy, mailing_list_receive_duplicates, visibility, verbose_bugnotifications, account) VALUES (58, 'Bug Importer', NULL, NULL, 'bug-importer', NULL, NULL, NULL, NULL, 1, NULL, '2005-12-06 09:48:58.287679', NULL, NULL, NULL, false, 8, NULL, NULL, NULL, 10, 0, NULL, NULL, 1, true, 1, false, 581);
INSERT INTO person (id, displayname, teamowner, teamdescription, name, language, fti, defaultmembershipperiod, defaultrenewalperiod, subscriptionpolicy, merged, datecreated, homepage_content, icon, mugshot, hide_email_addresses, creation_rationale, creation_comment, registrant, logo, renewal_policy, personal_standing, personal_standing_reason, mail_resumption_date, mailing_list_auto_subscribe_policy, mailing_list_receive_duplicates, visibility, verbose_bugnotifications, account) VALUES (59, 'Mirror Administrators', 1, 'Mirror Administrators', 'ubuntu-mirror-admins', NULL, NULL, NULL, NULL, 1, NULL, '2005-06-06 08:59:51.571899', NULL, NULL, NULL, false, NULL, NULL, NULL, NULL, 10, 0, NULL, NULL, 1, true, 1, false, NULL);
INSERT INTO person (id, displayname, teamowner, teamdescription, name, language, fti, defaultmembershipperiod, defaultrenewalperiod, subscriptionpolicy, merged, datecreated, homepage_content, icon, mugshot, hide_email_addresses, creation_rationale, creation_comment, registrant, logo, renewal_policy, personal_standing, personal_standing_reason, mail_resumption_date, mailing_list_auto_subscribe_policy, mailing_list_receive_duplicates, visibility, verbose_bugnotifications, account) VALUES (60, 'Registry Administrators', 1, 'Launchpad Registry Administrators Team', 'registry', NULL, NULL, NULL, NULL, 1, NULL, '2006-04-06 10:17:11.833824', NULL, NULL, NULL, false, NULL, NULL, NULL, NULL, 10, 0, NULL, NULL, 1, true, 1, false, NULL);
INSERT INTO person (id, displayname, teamowner, teamdescription, name, language, fti, defaultmembershipperiod, defaultrenewalperiod, subscriptionpolicy, merged, datecreated, homepage_content, icon, mugshot, hide_email_addresses, creation_rationale, creation_comment, registrant, logo, renewal_policy, personal_standing, personal_standing_reason, mail_resumption_date, mailing_list_auto_subscribe_policy, mailing_list_receive_duplicates, visibility, verbose_bugnotifications, account) VALUES (61, 'Launchpad Buildd Admins', 16, 'Buildd System administrators', 'launchpad-buildd-admins', NULL, NULL, NULL, NULL, 1, NULL, '2006-05-15 22:23:29.062603', NULL, NULL, NULL, false, NULL, NULL, NULL, NULL, 10, 0, NULL, NULL, 1, true, 1, false, NULL);
INSERT INTO person (id, displayname, teamowner, teamdescription, name, language, fti, defaultmembershipperiod, defaultrenewalperiod, subscriptionpolicy, merged, datecreated, homepage_content, icon, mugshot, hide_email_addresses, creation_rationale, creation_comment, registrant, logo, renewal_policy, personal_standing, personal_standing_reason, mail_resumption_date, mailing_list_auto_subscribe_policy, mailing_list_receive_duplicates, visibility, verbose_bugnotifications, account) VALUES (62, 'Bug Watch Updater', NULL, NULL, 'bug-watch-updater', NULL, NULL, NULL, NULL, 1, NULL, '2006-05-23 12:49:30.483464', NULL, NULL, NULL, true, 1, NULL, NULL, NULL, 10, 0, NULL, NULL, 1, true, 1, false, 621);
INSERT INTO person (id, displayname, teamowner, teamdescription, name, language, fti, defaultmembershipperiod, defaultrenewalperiod, subscriptionpolicy, merged, datecreated, homepage_content, icon, mugshot, hide_email_addresses, creation_rationale, creation_comment, registrant, logo, renewal_policy, personal_standing, personal_standing_reason, mail_resumption_date, mailing_list_auto_subscribe_policy, mailing_list_receive_duplicates, visibility, verbose_bugnotifications, account) VALUES (63, 'Karl Tilbury', NULL, NULL, 'karl', NULL, NULL, NULL, NULL, 1, NULL, '2006-05-23 12:49:30.483464', NULL, NULL, NULL, true, 8, NULL, NULL, NULL, 10, 0, NULL, NULL, 1, true, 1, false, 631);
INSERT INTO person (id, displayname, teamowner, teamdescription, name, language, fti, defaultmembershipperiod, defaultrenewalperiod, subscriptionpolicy, merged, datecreated, homepage_content, icon, mugshot, hide_email_addresses, creation_rationale, creation_comment, registrant, logo, renewal_policy, personal_standing, personal_standing_reason, mail_resumption_date, mailing_list_auto_subscribe_policy, mailing_list_receive_duplicates, visibility, verbose_bugnotifications, account) VALUES (64, 'Landscape Developers', 12, NULL, 'landscape-developers', NULL, NULL, NULL, NULL, 1, NULL, '2006-07-11 20:01:09.874128', NULL, NULL, NULL, false, NULL, NULL, NULL, NULL, 10, 0, NULL, NULL, 1, true, 1, false, NULL);
INSERT INTO person (id, displayname, teamowner, teamdescription, name, language, fti, defaultmembershipperiod, defaultrenewalperiod, subscriptionpolicy, merged, datecreated, homepage_content, icon, mugshot, hide_email_addresses, creation_rationale, creation_comment, registrant, logo, renewal_policy, personal_standing, personal_standing_reason, mail_resumption_date, mailing_list_auto_subscribe_policy, mailing_list_receive_duplicates, visibility, verbose_bugnotifications, account) VALUES (65, 'Launchpad Janitor', NULL, NULL, 'janitor', NULL, NULL, NULL, NULL, 1, NULL, '2006-10-04 16:20:51.19954', NULL, NULL, NULL, true, 1, NULL, NULL, NULL, 10, 0, NULL, NULL, 1, true, 1, false, 651);
INSERT INTO person (id, displayname, teamowner, teamdescription, name, language, fti, defaultmembershipperiod, defaultrenewalperiod, subscriptionpolicy, merged, datecreated, homepage_content, icon, mugshot, hide_email_addresses, creation_rationale, creation_comment, registrant, logo, renewal_policy, personal_standing, personal_standing_reason, mail_resumption_date, mailing_list_auto_subscribe_policy, mailing_list_receive_duplicates, visibility, verbose_bugnotifications, account) VALUES (66, 'Diogo Matsubara', NULL, NULL, 'matsubara', NULL, NULL, NULL, NULL, 1, NULL, '2006-12-13 21:19:06.369142', NULL, NULL, NULL, false, 4, 'when importing the Portuguese (Brazil) (pt_BR) translation of evolution-2.2-test in Evolution trunk', NULL, NULL, 10, 0, NULL, NULL, 1, true, 1, false, 661);
INSERT INTO person (id, displayname, teamowner, teamdescription, name, language, fti, defaultmembershipperiod, defaultrenewalperiod, subscriptionpolicy, merged, datecreated, homepage_content, icon, mugshot, hide_email_addresses, creation_rationale, creation_comment, registrant, logo, renewal_policy, personal_standing, personal_standing_reason, mail_resumption_date, mailing_list_auto_subscribe_policy, mailing_list_receive_duplicates, visibility, verbose_bugnotifications, account) VALUES (67, 'Team Membership Janitor', NULL, NULL, 'team-membership-janitor', NULL, NULL, NULL, NULL, 1, NULL, '2006-10-04 16:20:51.19954', NULL, NULL, NULL, true, 1, NULL, NULL, NULL, 10, 0, NULL, NULL, 1, true, 1, false, 671);
INSERT INTO person (id, displayname, teamowner, teamdescription, name, language, fti, defaultmembershipperiod, defaultrenewalperiod, subscriptionpolicy, merged, datecreated, homepage_content, icon, mugshot, hide_email_addresses, creation_rationale, creation_comment, registrant, logo, renewal_policy, personal_standing, personal_standing_reason, mail_resumption_date, mailing_list_auto_subscribe_policy, mailing_list_receive_duplicates, visibility, verbose_bugnotifications, account) VALUES (68, 'Launchpad Beta Testers Owner', NULL, NULL, 'launchpad-beta-owner', NULL, NULL, NULL, NULL, 1, NULL, '2007-01-31 06:56:25.096519', NULL, NULL, NULL, false, 8, NULL, NULL, NULL, 10, 0, NULL, NULL, 1, true, 1, false, 681);
INSERT INTO person (id, displayname, teamowner, teamdescription, name, language, fti, defaultmembershipperiod, defaultrenewalperiod, subscriptionpolicy, merged, datecreated, homepage_content, icon, mugshot, hide_email_addresses, creation_rationale, creation_comment, registrant, logo, renewal_policy, personal_standing, personal_standing_reason, mail_resumption_date, mailing_list_auto_subscribe_policy, mailing_list_receive_duplicates, visibility, verbose_bugnotifications, account) VALUES (69, 'Launchpad Beta Testers', 68, 'People who are testing the new Launchpad "beta" UI.', 'launchpad-beta-testers', NULL, NULL, NULL, NULL, 1, NULL, '2007-01-31 06:57:54.592917', NULL, NULL, NULL, false, NULL, NULL, NULL, NULL, 10, 0, NULL, NULL, 1, true, 1, false, NULL);
INSERT INTO person (id, displayname, teamowner, teamdescription, name, language, fti, defaultmembershipperiod, defaultrenewalperiod, subscriptionpolicy, merged, datecreated, homepage_content, icon, mugshot, hide_email_addresses, creation_rationale, creation_comment, registrant, logo, renewal_policy, personal_standing, personal_standing_reason, mail_resumption_date, mailing_list_auto_subscribe_policy, mailing_list_receive_duplicates, visibility, verbose_bugnotifications, account) VALUES (70, 'Former User', NULL, NULL, 'former-user-deactivatedaccount', NULL, NULL, NULL, NULL, 1, NULL, '2006-12-13 21:19:06.369142', NULL, NULL, NULL, true, 2, 'when importing bugs from http://bugzilla.gnome.org/', NULL, NULL, 10, 0, NULL, NULL, 1, true, 1, false, 701);
INSERT INTO person (id, displayname, teamowner, teamdescription, name, language, fti, defaultmembershipperiod, defaultrenewalperiod, subscriptionpolicy, merged, datecreated, homepage_content, icon, mugshot, hide_email_addresses, creation_rationale, creation_comment, registrant, logo, renewal_policy, personal_standing, personal_standing_reason, mail_resumption_date, mailing_list_auto_subscribe_policy, mailing_list_receive_duplicates, visibility, verbose_bugnotifications, account) VALUES (243602, 'No Team Memberships', NULL, NULL, 'no-team-memberships', NULL, NULL, NULL, NULL, 1, NULL, '2007-02-19 11:17:57.755666', NULL, NULL, NULL, false, 8, NULL, NULL, NULL, 10, 0, NULL, NULL, 1, true, 1, false, 2436021);
INSERT INTO person (id, displayname, teamowner, teamdescription, name, language, fti, defaultmembershipperiod, defaultrenewalperiod, subscriptionpolicy, merged, datecreated, homepage_content, icon, mugshot, hide_email_addresses, creation_rationale, creation_comment, registrant, logo, renewal_policy, personal_standing, personal_standing_reason, mail_resumption_date, mailing_list_auto_subscribe_policy, mailing_list_receive_duplicates, visibility, verbose_bugnotifications, account) VALUES (243603, 'One Membership', NULL, NULL, 'one-membership', NULL, NULL, NULL, NULL, 1, NULL, '2007-02-21 10:53:59.700105', NULL, NULL, NULL, false, 8, NULL, NULL, NULL, 10, 0, NULL, NULL, 1, true, 1, false, 2436031);
INSERT INTO person (id, displayname, teamowner, teamdescription, name, language, fti, defaultmembershipperiod, defaultrenewalperiod, subscriptionpolicy, merged, datecreated, homepage_content, icon, mugshot, hide_email_addresses, creation_rationale, creation_comment, registrant, logo, renewal_policy, personal_standing, personal_standing_reason, mail_resumption_date, mailing_list_auto_subscribe_policy, mailing_list_receive_duplicates, visibility, verbose_bugnotifications, account) VALUES (243604, 'Simple Team', 243603, 'This team should have only one member, the "One Membership" user.', 'simple-team', NULL, NULL, NULL, NULL, 3, NULL, '2007-02-21 10:55:03.899255', NULL, NULL, NULL, false, NULL, NULL, NULL, NULL, 10, 0, NULL, NULL, 1, true, 1, false, NULL);
INSERT INTO person (id, displayname, teamowner, teamdescription, name, language, fti, defaultmembershipperiod, defaultrenewalperiod, subscriptionpolicy, merged, datecreated, homepage_content, icon, mugshot, hide_email_addresses, creation_rationale, creation_comment, registrant, logo, renewal_policy, personal_standing, personal_standing_reason, mail_resumption_date, mailing_list_auto_subscribe_policy, mailing_list_receive_duplicates, visibility, verbose_bugnotifications, account) VALUES (243606, 'Julian Edwards', NULL, NULL, 'launchpad-julian-edwards', NULL, NULL, NULL, NULL, 1, NULL, '2007-08-09 21:25:37.832976', NULL, NULL, NULL, false, 7, 'when the commercialpackage_1.0-1 package was uploaded to breezy-autotest/RELEASE', NULL, NULL, 10, 0, NULL, NULL, 1, true, 1, false, 2436061);
INSERT INTO person (id, displayname, teamowner, teamdescription, name, language, fti, defaultmembershipperiod, defaultrenewalperiod, subscriptionpolicy, merged, datecreated, homepage_content, icon, mugshot, hide_email_addresses, creation_rationale, creation_comment, registrant, logo, renewal_policy, personal_standing, personal_standing_reason, mail_resumption_date, mailing_list_auto_subscribe_policy, mailing_list_receive_duplicates, visibility, verbose_bugnotifications, account) VALUES (243607, 'Mailing List Experts', 25, 'This team is responsible for the management of Launchpad-hosted mailing lists.', 'mailing-list-experts', NULL, NULL, NULL, NULL, 3, NULL, '2007-10-04 19:59:03.615674', NULL, NULL, NULL, false, NULL, NULL, NULL, NULL, 10, 0, NULL, NULL, 1, true, 1, false, NULL);
INSERT INTO person (id, displayname, teamowner, teamdescription, name, language, fti, defaultmembershipperiod, defaultrenewalperiod, subscriptionpolicy, merged, datecreated, homepage_content, icon, mugshot, hide_email_addresses, creation_rationale, creation_comment, registrant, logo, renewal_policy, personal_standing, personal_standing_reason, mail_resumption_date, mailing_list_auto_subscribe_policy, mailing_list_receive_duplicates, visibility, verbose_bugnotifications, account) VALUES (243608, 'Ubuntu Doc Team', NULL, NULL, 'doc', NULL, NULL, NULL, NULL, 1, NULL, '2007-11-12 15:23:19.847132', NULL, NULL, NULL, false, 3, NULL, NULL, NULL, 10, 0, NULL, NULL, 1, true, 1, false, 2436081);
INSERT INTO person (id, displayname, teamowner, teamdescription, name, language, fti, defaultmembershipperiod, defaultrenewalperiod, subscriptionpolicy, merged, datecreated, homepage_content, icon, mugshot, hide_email_addresses, creation_rationale, creation_comment, registrant, logo, renewal_policy, personal_standing, personal_standing_reason, mail_resumption_date, mailing_list_auto_subscribe_policy, mailing_list_receive_duplicates, visibility, verbose_bugnotifications, account) VALUES (243609, 'Katie', NULL, NULL, 'katie', NULL, NULL, NULL, NULL, 1, NULL, '2007-12-07 13:43:20.393704', NULL, NULL, NULL, false, 8, NULL, NULL, NULL, 10, 0, NULL, NULL, 1, true, 1, false, 2436091);
INSERT INTO person (id, displayname, teamowner, teamdescription, name, language, fti, defaultmembershipperiod, defaultrenewalperiod, subscriptionpolicy, merged, datecreated, homepage_content, icon, mugshot, hide_email_addresses, creation_rationale, creation_comment, registrant, logo, renewal_policy, personal_standing, personal_standing_reason, mail_resumption_date, mailing_list_auto_subscribe_policy, mailing_list_receive_duplicates, visibility, verbose_bugnotifications, account) VALUES (243610, 'Gold Member', NULL, NULL, 'member', NULL, NULL, NULL, NULL, 1, NULL, '2007-12-14 16:52:15.403833', NULL, NULL, NULL, false, 1, NULL, NULL, NULL, 10, 0, NULL, NULL, 1, true, 1, false, 2436101);
INSERT INTO person (id, displayname, teamowner, teamdescription, name, language, fti, defaultmembershipperiod, defaultrenewalperiod, subscriptionpolicy, merged, datecreated, homepage_content, icon, mugshot, hide_email_addresses, creation_rationale, creation_comment, registrant, logo, renewal_policy, personal_standing, personal_standing_reason, mail_resumption_date, mailing_list_auto_subscribe_policy, mailing_list_receive_duplicates, visibility, verbose_bugnotifications, account) VALUES (243611, 'Owner', NULL, NULL, 'owner', NULL, NULL, NULL, NULL, 1, NULL, '2007-12-14 16:52:15.403833', NULL, NULL, NULL, false, 1, NULL, NULL, NULL, 10, 0, NULL, NULL, 1, true, 1, false, 2436111);
INSERT INTO person (id, displayname, teamowner, teamdescription, name, language, fti, defaultmembershipperiod, defaultrenewalperiod, subscriptionpolicy, merged, datecreated, homepage_content, icon, mugshot, hide_email_addresses, creation_rationale, creation_comment, registrant, logo, renewal_policy, personal_standing, personal_standing_reason, mail_resumption_date, mailing_list_auto_subscribe_policy, mailing_list_receive_duplicates, visibility, verbose_bugnotifications, account) VALUES (243612, 'My Team', 243611, NULL, 'myteam', NULL, NULL, NULL, NULL, 1, NULL, '2007-12-14 16:52:15.403833', NULL, NULL, NULL, false, NULL, NULL, NULL, NULL, 10, 0, NULL, NULL, 1, true, 30, false, NULL);
INSERT INTO person (id, displayname, teamowner, teamdescription, name, language, fti, defaultmembershipperiod, defaultrenewalperiod, subscriptionpolicy, merged, datecreated, homepage_content, icon, mugshot, hide_email_addresses, creation_rationale, creation_comment, registrant, logo, renewal_policy, personal_standing, personal_standing_reason, mail_resumption_date, mailing_list_auto_subscribe_policy, mailing_list_receive_duplicates, visibility, verbose_bugnotifications, account) VALUES (243613, 'Other Team', 243611, NULL, 'otherteam', NULL, NULL, NULL, NULL, 1, NULL, '2007-12-14 16:52:15.403833', NULL, NULL, NULL, false, NULL, NULL, NULL, NULL, 10, 0, NULL, NULL, 1, true, 1, false, NULL);
INSERT INTO person (id, displayname, teamowner, teamdescription, name, language, fti, defaultmembershipperiod, defaultrenewalperiod, subscriptionpolicy, merged, datecreated, homepage_content, icon, mugshot, hide_email_addresses, creation_rationale, creation_comment, registrant, logo, renewal_policy, personal_standing, personal_standing_reason, mail_resumption_date, mailing_list_auto_subscribe_policy, mailing_list_receive_duplicates, visibility, verbose_bugnotifications, account) VALUES (243614, 'josh', NULL, NULL, 'jbuhl-nospam', NULL, NULL, NULL, NULL, 1, NULL, '2007-12-18 16:31:34.790641', NULL, NULL, NULL, false, 15, 'when the comments for debbugs #308994 were imported into Launchpad.', 62, NULL, 10, 0, NULL, NULL, 1, true, 1, false, 2436141);
INSERT INTO person (id, displayname, teamowner, teamdescription, name, language, fti, defaultmembershipperiod, defaultrenewalperiod, subscriptionpolicy, merged, datecreated, homepage_content, icon, mugshot, hide_email_addresses, creation_rationale, creation_comment, registrant, logo, renewal_policy, personal_standing, personal_standing_reason, mail_resumption_date, mailing_list_auto_subscribe_policy, mailing_list_receive_duplicates, visibility, verbose_bugnotifications, account) VALUES (243615, 'Sjoerd Simons', NULL, NULL, 'sjoerd', NULL, NULL, NULL, NULL, 1, NULL, '2007-12-18 16:31:34.790641', NULL, NULL, NULL, false, 15, 'when the comments for debbugs #308994 were imported into Launchpad.', 62, NULL, 10, 0, NULL, NULL, 1, true, 1, false, 2436151);
INSERT INTO person (id, displayname, teamowner, teamdescription, name, language, fti, defaultmembershipperiod, defaultrenewalperiod, subscriptionpolicy, merged, datecreated, homepage_content, icon, mugshot, hide_email_addresses, creation_rationale, creation_comment, registrant, logo, renewal_policy, personal_standing, personal_standing_reason, mail_resumption_date, mailing_list_auto_subscribe_policy, mailing_list_receive_duplicates, visibility, verbose_bugnotifications, account) VALUES (243616, 'Martin Pitt', NULL, NULL, 'mpitt', NULL, NULL, NULL, NULL, 1, NULL, '2007-12-18 16:31:34.790641', NULL, NULL, NULL, false, 15, 'when the comments for debbugs #308994 were imported into Launchpad.', 62, NULL, 10, 0, NULL, NULL, 1, true, 1, false, 2436161);
INSERT INTO person (id, displayname, teamowner, teamdescription, name, language, fti, defaultmembershipperiod, defaultrenewalperiod, subscriptionpolicy, merged, datecreated, homepage_content, icon, mugshot, hide_email_addresses, creation_rationale, creation_comment, registrant, logo, renewal_policy, personal_standing, personal_standing_reason, mail_resumption_date, mailing_list_auto_subscribe_policy, mailing_list_receive_duplicates, visibility, verbose_bugnotifications, account) VALUES (243617, 'Tim Penhey', NULL, NULL, 'dumper', NULL, NULL, NULL, NULL, 1, NULL, '2008-03-06 09:55:27.289842', NULL, NULL, NULL, false, 1, NULL, NULL, NULL, 10, 0, NULL, NULL, 1, true, 1, true, 2436171);
INSERT INTO person (id, displayname, teamowner, teamdescription, name, language, fti, defaultmembershipperiod, defaultrenewalperiod, subscriptionpolicy, merged, datecreated, homepage_content, icon, mugshot, hide_email_addresses, creation_rationale, creation_comment, registrant, logo, renewal_policy, personal_standing, personal_standing_reason, mail_resumption_date, mailing_list_auto_subscribe_policy, mailing_list_receive_duplicates, visibility, verbose_bugnotifications, account) VALUES (243620, 'Canonical Partner Developers', 28, NULL, 'canonical-partner-dev', NULL, NULL, NULL, NULL, 2, NULL, '2008-05-14 10:29:17.539543', NULL, NULL, NULL, false, NULL, NULL, NULL, NULL, 10, 0, NULL, NULL, 1, true, 1, true, NULL);
INSERT INTO person (id, displayname, teamowner, teamdescription, name, language, fti, defaultmembershipperiod, defaultrenewalperiod, subscriptionpolicy, merged, datecreated, homepage_content, icon, mugshot, hide_email_addresses, creation_rationale, creation_comment, registrant, logo, renewal_policy, personal_standing, personal_standing_reason, mail_resumption_date, mailing_list_auto_subscribe_policy, mailing_list_receive_duplicates, visibility, verbose_bugnotifications, account) VALUES (243621, 'Commercial Subscription Admins', 243622, NULL, 'commercial-admins', NULL, NULL, NULL, NULL, 3, NULL, '2008-04-21 21:29:56.881698', NULL, NULL, NULL, false, NULL, NULL, NULL, NULL, 10, 0, NULL, NULL, 1, true, 1, true, NULL);
INSERT INTO person (id, displayname, teamowner, teamdescription, name, language, fti, defaultmembershipperiod, defaultrenewalperiod, subscriptionpolicy, merged, datecreated, homepage_content, icon, mugshot, hide_email_addresses, creation_rationale, creation_comment, registrant, logo, renewal_policy, personal_standing, personal_standing_reason, mail_resumption_date, mailing_list_auto_subscribe_policy, mailing_list_receive_duplicates, visibility, verbose_bugnotifications, account) VALUES (243622, 'Commercial Member', NULL, NULL, 'commercial-member', NULL, NULL, NULL, NULL, 1, NULL, '2008-05-12 17:38:38.798696', NULL, NULL, NULL, false, 8, NULL, NULL, NULL, 10, 0, NULL, NULL, 1, true, 1, true, 2436221);
INSERT INTO person (id, displayname, teamowner, teamdescription, name, language, fti, defaultmembershipperiod, defaultrenewalperiod, subscriptionpolicy, merged, datecreated, homepage_content, icon, mugshot, hide_email_addresses, creation_rationale, creation_comment, registrant, logo, renewal_policy, personal_standing, personal_standing_reason, mail_resumption_date, mailing_list_auto_subscribe_policy, mailing_list_receive_duplicates, visibility, verbose_bugnotifications, account) VALUES (243623, 'Brad Crittenden', NULL, NULL, 'bac', NULL, NULL, NULL, NULL, 1, NULL, '2008-06-27 14:49:11.149508', NULL, NULL, NULL, false, 8, NULL, NULL, NULL, 10, 0, NULL, NULL, 1, true, 1, true, 2436231);
INSERT INTO person (id, displayname, teamowner, teamdescription, name, language, fti, defaultmembershipperiod, defaultrenewalperiod, subscriptionpolicy, merged, datecreated, homepage_content, icon, mugshot, hide_email_addresses, creation_rationale, creation_comment, registrant, logo, renewal_policy, personal_standing, personal_standing_reason, mail_resumption_date, mailing_list_auto_subscribe_policy, mailing_list_receive_duplicates, visibility, verbose_bugnotifications, account) VALUES (243624, 'Commercial Subscription Approvers', 243623, NULL, 'commercial-approvers', NULL, NULL, NULL, NULL, 1, NULL, '2008-06-27 14:49:38.676264', NULL, NULL, NULL, false, NULL, NULL, NULL, NULL, 10, 0, NULL, NULL, 1, true, 1, true, NULL);
INSERT INTO person (id, displayname, teamowner, teamdescription, name, language, fti, defaultmembershipperiod, defaultrenewalperiod, subscriptionpolicy, merged, datecreated, homepage_content, icon, mugshot, hide_email_addresses, creation_rationale, creation_comment, registrant, logo, renewal_policy, personal_standing, personal_standing_reason, mail_resumption_date, mailing_list_auto_subscribe_policy, mailing_list_receive_duplicates, visibility, verbose_bugnotifications, account) VALUES (243625, 'PPA key guard', NULL, NULL, 'ppa-key-guard', NULL, NULL, NULL, NULL, 1, NULL, '2008-11-04 12:59:26.965843', NULL, NULL, NULL, true, 1, '', NULL, NULL, 10, 0, NULL, NULL, 1, true, 1, true, 2436241);
INSERT INTO person (id, displayname, teamowner, teamdescription, name, language, fti, defaultmembershipperiod, defaultrenewalperiod, subscriptionpolicy, merged, datecreated, homepage_content, icon, mugshot, hide_email_addresses, creation_rationale, creation_comment, registrant, logo, renewal_policy, personal_standing, personal_standing_reason, mail_resumption_date, mailing_list_auto_subscribe_policy, mailing_list_receive_duplicates, visibility, verbose_bugnotifications, account) VALUES (243626, 'Launchpad Users', 12, NULL, 'launchpad-users', NULL, NULL, NULL, NULL, 2, NULL, '2008-11-26 18:19:53.547918', NULL, NULL, NULL, false, NULL, NULL, NULL, NULL, 10, 0, NULL, NULL, 1, true, 1, true, NULL);
INSERT INTO person (id, displayname, teamowner, teamdescription, name, language, fti, defaultmembershipperiod, defaultrenewalperiod, subscriptionpolicy, merged, datecreated, homepage_content, icon, mugshot, hide_email_addresses, creation_rationale, creation_comment, registrant, logo, renewal_policy, personal_standing, personal_standing_reason, mail_resumption_date, mailing_list_auto_subscribe_policy, mailing_list_receive_duplicates, visibility, verbose_bugnotifications, account) VALUES (243629, 'Ubuntu Security Team', 4, NULL, 'ubuntu-security', NULL, NULL, NULL, NULL, 2, NULL, '2009-07-14 20:23:59.698654', NULL, NULL, NULL, false, NULL, NULL, NULL, NULL, 10, 0, NULL, NULL, 1, true, 1, true, NULL);
INSERT INTO person (id, displayname, teamowner, teamdescription, name, language, fti, defaultmembershipperiod, defaultrenewalperiod, subscriptionpolicy, merged, datecreated, homepage_content, icon, mugshot, hide_email_addresses, creation_rationale, creation_comment, registrant, logo, renewal_policy, personal_standing, personal_standing_reason, mail_resumption_date, mailing_list_auto_subscribe_policy, mailing_list_receive_duplicates, visibility, verbose_bugnotifications, account) VALUES (243630, 'HWDB Team', 16, NULL, 'hwdb-team', NULL, NULL, NULL, NULL, 3, NULL, '2009-07-09 09:12:39.400351', NULL, NULL, NULL, false, NULL, NULL, NULL, NULL, 10, 0, NULL, NULL, 1, true, 1, true, NULL);
INSERT INTO person (id, displayname, teamowner, teamdescription, name, language, fti, defaultmembershipperiod, defaultrenewalperiod, subscriptionpolicy, merged, datecreated, homepage_content, icon, mugshot, hide_email_addresses, creation_rationale, creation_comment, registrant, logo, renewal_policy, personal_standing, personal_standing_reason, mail_resumption_date, mailing_list_auto_subscribe_policy, mailing_list_receive_duplicates, visibility, verbose_bugnotifications, account) VALUES (243631, 'Techboard Owner', NULL, NULL, 'techboard-owner', NULL, NULL, NULL, NULL, 1, NULL, '2009-08-04 10:50:39.370018', NULL, NULL, NULL, true, 1, NULL, NULL, NULL, 10, 0, NULL, NULL, 1, true, 1, true, 2436243);
INSERT INTO person (id, displayname, teamowner, teamdescription, name, language, fti, defaultmembershipperiod, defaultrenewalperiod, subscriptionpolicy, merged, datecreated, homepage_content, icon, mugshot, hide_email_addresses, creation_rationale, creation_comment, registrant, logo, renewal_policy, personal_standing, personal_standing_reason, mail_resumption_date, mailing_list_auto_subscribe_policy, mailing_list_receive_duplicates, visibility, verbose_bugnotifications, account) VALUES (243632, 'Ubuntu Technical Board', 243631, NULL, 'techboard', NULL, NULL, NULL, NULL, 3, NULL, '2009-08-04 10:50:39.370018', NULL, NULL, NULL, false, NULL, NULL, NULL, NULL, 10, 0, NULL, NULL, 1, true, 1, true, NULL);
INSERT INTO person (id, displayname, teamowner, teamdescription, name, language, fti, defaultmembershipperiod, defaultrenewalperiod, subscriptionpolicy, merged, datecreated, homepage_content, icon, mugshot, hide_email_addresses, creation_rationale, creation_comment, registrant, logo, renewal_policy, personal_standing, personal_standing_reason, mail_resumption_date, mailing_list_auto_subscribe_policy, mailing_list_receive_duplicates, visibility, verbose_bugnotifications, account) VALUES (243651, 'Software-center-agent', NULL, NULL, 'software-center-agent', NULL, NULL, NULL, NULL, 1, NULL, '2010-07-12 09:48:27.198885', NULL, NULL, NULL, false, 1, NULL, NULL, NULL, 10, 0, NULL, NULL, 1, true, 1, true, 243637);


ALTER TABLE person ENABLE TRIGGER ALL;


ALTER TABLE bugtracker DISABLE TRIGGER ALL;

INSERT INTO bugtracker (id, bugtrackertype, name, title, summary, baseurl, owner, contactdetails, date_created, version, block_comment_pushing, has_lp_plugin, active) VALUES (1, 1, 'mozilla.org', 'The Mozilla.org Bug Tracker', 'The Mozilla.org bug tracker is the grand-daddy of bugzillas. This is where Bugzilla was conceived, born and raised. This bugzilla instance covers all Mozilla products such as Firefox, Thunderbird and Bugzilla itself.', 'https://bugzilla.mozilla.org/', 12, 'Carrier pigeon only', '2006-10-16 18:31:43.195685', NULL, false, NULL, true);
INSERT INTO bugtracker (id, bugtrackertype, name, title, summary, baseurl, owner, contactdetails, date_created, version, block_comment_pushing, has_lp_plugin, active) VALUES (2, 1, 'gnome-bugzilla', 'GnomeGBug GTracker', 'This is the Gnome Bugzilla bug tracking system. It covers all the applications in the Gnome Desktop and Gnome Fifth Toe.', 'http://bugzilla.gnome.org/bugs', 16, 'Jeff Waugh, in his pants.', '2006-10-16 18:31:43.197325', NULL, false, NULL, true);
INSERT INTO bugtracker (id, bugtrackertype, name, title, summary, baseurl, owner, contactdetails, date_created, version, block_comment_pushing, has_lp_plugin, active) VALUES (3, 2, 'debbugs', 'Debian Bug tracker', 'Bug tracker for debian project.', 'http://bugs.debian.org', 1, NULL, '2006-10-16 18:31:43.197881', NULL, false, NULL, true);
INSERT INTO bugtracker (id, bugtrackertype, name, title, summary, baseurl, owner, contactdetails, date_created, version, block_comment_pushing, has_lp_plugin, active) VALUES (4, 1, 'ubuntu-bugzilla', 'The Ubuntu.com bugzilla', 'The Ubuntu.com bugzilla tracks bugs in all products Ubuntu supports, in the Canonical.com hosted websites and in Bazaar and the Arch supermirror', 'http://bugzilla.ubuntu.com/bugs/', 1, NULL, '2006-10-16 18:31:43.198413', NULL, false, NULL, true);
INSERT INTO bugtracker (id, bugtrackertype, name, title, summary, baseurl, owner, contactdetails, date_created, version, block_comment_pushing, has_lp_plugin, active) VALUES (5, 5, 'sf', 'SourceForge.net Tracker', 'SourceForge.net is an Open Source software development web site, hosting more than 100,000 projects.  This is the tracker used by most of those projects.', 'http://sourceforge.net/', 60, NULL, '2006-10-16 18:31:43.19892', NULL, false, NULL, true);
INSERT INTO bugtracker (id, bugtrackertype, name, title, summary, baseurl, owner, contactdetails, date_created, version, block_comment_pushing, has_lp_plugin, active) VALUES (6, 8, 'email', 'Email bugtracker', 'An example email tracker.', 'mailto:bugs@example.com', 16, NULL, '2006-10-16 18:31:43.19892', NULL, false, NULL, true);
INSERT INTO bugtracker (id, bugtrackertype, name, title, summary, baseurl, owner, contactdetails, date_created, version, block_comment_pushing, has_lp_plugin, active) VALUES (7, 9, 'savannah', 'GNU Savannah Bug Tracker', 'Savannah is an open source software development hosting service based on SourceForge.', 'http://savannah.gnu.org/', 25, NULL, '2008-02-11 15:25:58.504386', NULL, false, NULL, true);
INSERT INTO bugtracker (id, bugtrackertype, name, title, summary, baseurl, owner, contactdetails, date_created, version, block_comment_pushing, has_lp_plugin, active) VALUES (8, 1, 'gnome-bugs', 'T''other Gnome GBugGTracker', 'This is the Gnome Bugzilla celebrity bug tracker.', 'http://bugzilla.gnome.org/', 16, NULL, '2008-10-08 13:31:00', NULL, false, true, true);


ALTER TABLE bugtracker ENABLE TRIGGER ALL;


ALTER TABLE processorfamily DISABLE TRIGGER ALL;

INSERT INTO processorfamily (id, name, title, description, restricted) VALUES (1, 'x86', 'Intel 386 compatible chips', 'Bring back the 8086!', false);
INSERT INTO processorfamily (id, name, title, description, restricted) VALUES (2, 'powerpc', 'PowerPC compatible systems, G3 G4 etc', 'An architecture conceived by Motorola and developed further in cooperation with IBM. Was used very successfully by Apple for their PowerMac range, until 2007.', false);
INSERT INTO processorfamily (id, name, title, description, restricted) VALUES (3, 'amd64', 'AMD64 and Intel EM64T and compatible systems', 'A 64-bit extension to the venerable x86 architecture, pioneered by AMD and later adopted by Intel as well.', false);
INSERT INTO processorfamily (id, name, title, description, restricted) VALUES (4, 'hppa', 'PA-RISC Processors', 'The HP PA-RISC and compatible processors', false);
INSERT INTO processorfamily (id, name, title, description, restricted) VALUES (5, 'arm', 'ARM Processors', 'The ARM and compatible processors', true);


ALTER TABLE processorfamily ENABLE TRIGGER ALL;


ALTER TABLE distroarchseries DISABLE TRIGGER ALL;

INSERT INTO distroarchseries (id, distroseries, processorfamily, architecturetag, owner, official, package_count, date_created, supports_virtualized, enabled) VALUES (1, 1, 1, 'i386', 1, true, 5, '2006-10-16 18:31:43.454475', true, true);
INSERT INTO distroarchseries (id, distroseries, processorfamily, architecturetag, owner, official, package_count, date_created, supports_virtualized, enabled) VALUES (6, 3, 1, 'i386', 1, true, 1, '2006-10-16 18:31:43.456532', true, true);
INSERT INTO distroarchseries (id, distroseries, processorfamily, architecturetag, owner, official, package_count, date_created, supports_virtualized, enabled) VALUES (7, 6, 1, 'i386', 1, true, 0, '2006-10-16 18:31:43.457028', true, true);
INSERT INTO distroarchseries (id, distroseries, processorfamily, architecturetag, owner, official, package_count, date_created, supports_virtualized, enabled) VALUES (8, 10, 1, 'i386', 1, true, 0, '2006-10-16 18:31:43.457484', true, true);
INSERT INTO distroarchseries (id, distroseries, processorfamily, architecturetag, owner, official, package_count, date_created, supports_virtualized, enabled) VALUES (9, 13, 1, 'i386', 1, true, 0, '2006-10-16 18:31:43.457938', true, true);
INSERT INTO distroarchseries (id, distroseries, processorfamily, architecturetag, owner, official, package_count, date_created, supports_virtualized, enabled) VALUES (10, 13, 3, 'amd64', 1, true, 0, '2006-10-16 18:31:43.458434', true, true);
INSERT INTO distroarchseries (id, distroseries, processorfamily, architecturetag, owner, official, package_count, date_created, supports_virtualized, enabled) VALUES (11, 3, 4, 'hppa', 1, false, 0, '2006-10-16 18:31:43.458892', false, true);
INSERT INTO distroarchseries (id, distroseries, processorfamily, architecturetag, owner, official, package_count, date_created, supports_virtualized, enabled) VALUES (12, 1, 4, 'hppa', 1, false, 0, '2006-10-16 18:31:43.459349', false, true);


ALTER TABLE distroarchseries ENABLE TRIGGER ALL;


ALTER TABLE distroseries DISABLE TRIGGER ALL;

INSERT INTO distroseries (id, distribution, name, title, description, version, releasestatus, datereleased, parent_series, registrant, summary, displayname, datelastlangpack, messagecount, nominatedarchindep, changeslist, binarycount, sourcecount, driver, date_created, hide_all_translations, defer_translation_imports, language_pack_base, language_pack_delta, language_pack_proposed, language_pack_full_export_requested, backports_not_automatic) VALUES (1, 1, 'warty', 'The Warty Warthog Release', 'Warty was the first stable release of Ubuntu. Key feature goals included releasing on time, with the latest version of the Gnome Desktop Environment, and the creation of all the infrastructure required to manage Ubuntu itself. Warty includes excellent support for Python, with most of the widely used Python libraries installed by default.', '4.10', 4, '2004-08-20 00:00:00', NULL, 17, 'Warty is the first release of Ubuntu, with a planned release date of October 2004.', 'Warty', NULL, 0, 1, 'warty-changes@ubuntu.com', 4, 3, NULL, '2006-10-16 18:31:43.475428', false, false, NULL, NULL, NULL, false, false);
INSERT INTO distroseries (id, distribution, name, title, description, version, releasestatus, datereleased, parent_series, registrant, summary, displayname, datelastlangpack, messagecount, nominatedarchindep, changeslist, binarycount, sourcecount, driver, date_created, hide_all_translations, defer_translation_imports, language_pack_base, language_pack_delta, language_pack_proposed, language_pack_full_export_requested, backports_not_automatic) VALUES (2, 2, 'six', 'Six Six Six', 'some text to describe the whole 666 release of RH', '6.0.1', 4, '2004-03-21 00:00:00', NULL, 8, 'some text to describe the whole 666 release of RH', 'Six', NULL, 0, NULL, NULL, 0, 0, NULL, '2006-10-16 18:31:43.482603', false, false, NULL, NULL, NULL, false, false);
INSERT INTO distroseries (id, distribution, name, title, description, version, releasestatus, datereleased, parent_series, registrant, summary, displayname, datelastlangpack, messagecount, nominatedarchindep, changeslist, binarycount, sourcecount, driver, date_created, hide_all_translations, defer_translation_imports, language_pack_base, language_pack_delta, language_pack_proposed, language_pack_full_export_requested, backports_not_automatic) VALUES (3, 1, 'hoary', 'The Hoary Hedgehog Release', 'Hoary is the second release of Ubuntu. Key feature goals include the integration of Hoary with the Launchpad for bugs and translation information, as well as Gnome 2.10 and the X.org window system.', '5.04', 2, NULL, 1, 1, 'Hoary is the second released of Ubuntu, with release planned for April 2005.', 'Hoary', NULL, 96, 6, 'hoary-changes@ubuntu.com', 1, 4, NULL, '2006-10-16 18:31:43.483559', false, false, NULL, NULL, NULL, false, false);
INSERT INTO distroseries (id, distribution, name, title, description, version, releasestatus, datereleased, parent_series, registrant, summary, displayname, datelastlangpack, messagecount, nominatedarchindep, changeslist, binarycount, sourcecount, driver, date_created, hide_all_translations, defer_translation_imports, language_pack_base, language_pack_delta, language_pack_proposed, language_pack_full_export_requested, backports_not_automatic) VALUES (4, 2, '7.0', 'Seven', 'The release that we would not expect', '7.0.1', 3, NULL, 2, 7, 'The release that we would not expect', '7.0', NULL, 0, NULL, NULL, 0, 0, NULL, '2006-10-16 18:31:43.484426', false, false, NULL, NULL, NULL, false, false);
INSERT INTO distroseries (id, distribution, name, title, description, version, releasestatus, datereleased, parent_series, registrant, summary, displayname, datelastlangpack, messagecount, nominatedarchindep, changeslist, binarycount, sourcecount, driver, date_created, hide_all_translations, defer_translation_imports, language_pack_base, language_pack_delta, language_pack_proposed, language_pack_full_export_requested, backports_not_automatic) VALUES (5, 1, 'grumpy', 'The Grumpy Groundhog Release', 'Grumpy, the third release of Ubuntu Linux, is not yet in active development. This information is purely a placeholder.', '5.10', 1, NULL, 1, 1, 'Grumpy is the third release of Ubuntu, planned for October 2005.', 'Grumpy', NULL, 0, NULL, NULL, 0, 0, NULL, '2006-10-16 18:31:43.485233', false, false, NULL, NULL, NULL, false, false);
INSERT INTO distroseries (id, distribution, name, title, description, version, releasestatus, datereleased, parent_series, registrant, summary, displayname, datelastlangpack, messagecount, nominatedarchindep, changeslist, binarycount, sourcecount, driver, date_created, hide_all_translations, defer_translation_imports, language_pack_base, language_pack_delta, language_pack_proposed, language_pack_full_export_requested, backports_not_automatic) VALUES (6, 3, 'woody', 'WOODY', 'WOODY is the current stable verison of Debian GNU/Linux', '3.0', 4, '2003-01-01 00:00:00', NULL, 2, 'WOODY is the current stable verison of Debian GNU/Linux', 'Woody', NULL, 0, NULL, NULL, 0, 0, NULL, '2006-10-16 18:31:43.486054', false, false, NULL, NULL, NULL, false, false);
INSERT INTO distroseries (id, distribution, name, title, description, version, releasestatus, datereleased, parent_series, registrant, summary, displayname, datelastlangpack, messagecount, nominatedarchindep, changeslist, binarycount, sourcecount, driver, date_created, hide_all_translations, defer_translation_imports, language_pack_base, language_pack_delta, language_pack_proposed, language_pack_full_export_requested, backports_not_automatic) VALUES (7, 3, 'sarge', 'Sarge', 'Sarge is the FROZEN unstable version of Debian GNU/Linux.', '3.1', 3, NULL, 6, 5, 'Sarge is the FROZEN unstable version of Debian GNU/Linux.', 'Sarge', NULL, 0, NULL, NULL, 0, 0, 6, '2006-10-16 18:31:43.486972', false, false, NULL, NULL, NULL, false, false);
INSERT INTO distroseries (id, distribution, name, title, description, version, releasestatus, datereleased, parent_series, registrant, summary, displayname, datelastlangpack, messagecount, nominatedarchindep, changeslist, binarycount, sourcecount, driver, date_created, hide_all_translations, defer_translation_imports, language_pack_base, language_pack_delta, language_pack_proposed, language_pack_full_export_requested, backports_not_automatic) VALUES (8, 3, 'sid', 'Sid', 'Sid is the CRAZY unstable version of Debian GNU/Linux.', '3.2', 1, NULL, 6, 6, 'Sid is the CRAZY unstable version of Debian GNU/Linux.', 'Sid', NULL, 0, NULL, NULL, 0, 1, NULL, '2006-10-16 18:31:43.487779', false, false, NULL, NULL, NULL, false, false);
INSERT INTO distroseries (id, distribution, name, title, description, version, releasestatus, datereleased, parent_series, registrant, summary, displayname, datelastlangpack, messagecount, nominatedarchindep, changeslist, binarycount, sourcecount, driver, date_created, hide_all_translations, defer_translation_imports, language_pack_base, language_pack_delta, language_pack_proposed, language_pack_full_export_requested, backports_not_automatic) VALUES (9, 7, '2k5', 'Guada 2005', 'This release places extra emphasis on usability and installability. The installer is adapted from Ubuntu to assume your country, language, keyboard and time zone preference, thus ensuring that installs ask the minimum number of questions possible.', '2005', 2, NULL, 3, 4, 'Guada 2005 is a rapid-install version of
Ubuntu Hoary for the Andalucian marketplace.', 'Guada2005', NULL, 0, NULL, NULL, 0, 0, NULL, '2006-10-16 18:31:43.488598', false, false, NULL, NULL, NULL, false, false);
INSERT INTO distroseries (id, distribution, name, title, description, version, releasestatus, datereleased, parent_series, registrant, summary, displayname, datelastlangpack, messagecount, nominatedarchindep, changeslist, binarycount, sourcecount, driver, date_created, hide_all_translations, defer_translation_imports, language_pack_base, language_pack_delta, language_pack_proposed, language_pack_full_export_requested, backports_not_automatic) VALUES (10, 1, 'breezy-autotest', 'Breezy Badger Autotest', 'Autotest version of Breezy', '6.6.6', 1, NULL, 3, 1, 'Autosync uploader test', 'Breezy Badger Autotest', NULL, 0, 8, 'autotest_changes@ubuntu.com', 0, 0, NULL, '2006-10-16 18:31:43.489468', false, false, NULL, NULL, NULL, false, false);
INSERT INTO distroseries (id, distribution, name, title, description, version, releasestatus, datereleased, parent_series, registrant, summary, displayname, datelastlangpack, messagecount, nominatedarchindep, changeslist, binarycount, sourcecount, driver, date_created, hide_all_translations, defer_translation_imports, language_pack_base, language_pack_delta, language_pack_proposed, language_pack_full_export_requested, backports_not_automatic) VALUES (11, 8, 'breezy-autotest', 'Breezy Badger Autotest', 'Autotest version of Breezy', '6.6.6', 1, NULL, 1, 1, 'Autosync uploader test', 'Breezy Badger Autotest', NULL, 0, NULL, NULL, 0, 0, NULL, '2006-10-16 18:31:43.490333', false, false, NULL, NULL, NULL, false, false);
INSERT INTO distroseries (id, distribution, name, title, description, version, releasestatus, datereleased, parent_series, registrant, summary, displayname, datelastlangpack, messagecount, nominatedarchindep, changeslist, binarycount, sourcecount, driver, date_created, hide_all_translations, defer_translation_imports, language_pack_base, language_pack_delta, language_pack_proposed, language_pack_full_export_requested, backports_not_automatic) VALUES (12, 5, 'krunch', 'The Krunchy Kangaroo', 'The archive split allows us to use different kernel settings for Kubuntu, as well as make other pervasive low-level fixes, and release on our own schedule.', '8.06', 1, NULL, 3, 1, 'This is the first experimental release of Kubuntu that uses a separate archive from the main Ubuntu release.', 'Krunch', NULL, 0, NULL, NULL, 0, 0, 33, '2006-10-16 18:31:43.491929', false, false, NULL, NULL, NULL, false, false);
INSERT INTO distroseries (id, distribution, name, title, description, version, releasestatus, datereleased, parent_series, registrant, summary, displayname, datelastlangpack, messagecount, nominatedarchindep, changeslist, binarycount, sourcecount, driver, date_created, hide_all_translations, defer_translation_imports, language_pack_base, language_pack_delta, language_pack_proposed, language_pack_full_export_requested, backports_not_automatic) VALUES (13, 8, 'hoary-test', 'Mock Hoary', 'nothing special', '9.9.9', 1, NULL, 1, 1, 'summmmmmmary', 'Hoary Mock', NULL, 0, NULL, NULL, 0, 0, NULL, '2006-10-16 18:31:43.492845', false, false, NULL, NULL, NULL, false, false);
INSERT INTO distroseries (id, distribution, name, title, description, version, releasestatus, datereleased, parent_series, registrant, summary, displayname, datelastlangpack, messagecount, nominatedarchindep, changeslist, binarycount, sourcecount, driver, date_created, hide_all_translations, defer_translation_imports, language_pack_base, language_pack_delta, language_pack_proposed, language_pack_full_export_requested, backports_not_automatic) VALUES (14, 9, 'deriwarty', 'Deriwarty', 'Deriwarty', '1', 1, NULL, 1, 16, 'Deriwarty', 'Deriwarty', NULL, 0, NULL, NULL, 0, 0, NULL, '2011-03-17 14:29:23.190835', true, true, NULL, NULL, NULL, false, false);


ALTER TABLE distroseries ENABLE TRIGGER ALL;


ALTER TABLE translationgroup DISABLE TRIGGER ALL;

INSERT INTO translationgroup (id, name, title, summary, datecreated, owner, translation_guide_url) VALUES (1, 'testing-translation-team', 'Just a testing team', 'This team is to test the translation restrictions', '2005-07-12 14:30:24.162667', 13, NULL);


ALTER TABLE translationgroup ENABLE TRIGGER ALL;


ALTER TABLE distribution DISABLE TRIGGER ALL;

INSERT INTO distribution (id, name, title, description, domainname, owner, displayname, summary, members, translationgroup, translationpermission, bug_supervisor, official_malone, official_rosetta, security_contact, driver, translation_focus, mirror_admin, upload_admin, upload_sender, date_created, homepage_content, icon, mugshot, logo, fti, official_answers, language_pack_admin, official_blueprints, enable_bug_expiration, bug_reporting_guidelines, reviewer_whiteboard, max_bug_heat, bug_reported_acknowledgement, answers_usage, blueprints_usage, translations_usage, registrant) VALUES (1, 'ubuntu', 'Ubuntu Linux', 'Ubuntu is a new approach to Linux Distribution that includes regular releases, and a simplified single-CD installation system.', 'ubuntulinux.org', 17, 'Ubuntu', 'Ubuntu is a new approach to Linux Distribution that includes regular releases, and a simplified single-CD installation system.', 17, NULL, 1, NULL, true, true, NULL, NULL, 3, 59, NULL, NULL, '2006-10-16 18:31:43.415195', NULL, NULL, NULL, NULL, NULL, true, NULL, true, true, NULL, NULL, NULL, NULL, 20, 20, 20, 60);
INSERT INTO distribution (id, name, title, description, domainname, owner, displayname, summary, members, translationgroup, translationpermission, bug_supervisor, official_malone, official_rosetta, security_contact, driver, translation_focus, mirror_admin, upload_admin, upload_sender, date_created, homepage_content, icon, mugshot, logo, fti, official_answers, language_pack_admin, official_blueprints, enable_bug_expiration, bug_reporting_guidelines, reviewer_whiteboard, max_bug_heat, bug_reported_acknowledgement, answers_usage, blueprints_usage, translations_usage, registrant) VALUES (2, 'redhat', 'Redhat Advanced Server', 'Red Hat is a commercial distribution of the GNU/Linux Operating System.', 'redhat.com', 1, 'Red Hat', 'Red Hat is a commercial distribution of the GNU/Linux Operating System.', 1, NULL, 1, NULL, false, false, NULL, 8, NULL, 1, NULL, NULL, '2006-10-16 18:31:43.417928', NULL, NULL, NULL, NULL, NULL, false, NULL, false, false, NULL, NULL, NULL, NULL, 10, 10, 10, 60);
INSERT INTO distribution (id, name, title, description, domainname, owner, displayname, summary, members, translationgroup, translationpermission, bug_supervisor, official_malone, official_rosetta, security_contact, driver, translation_focus, mirror_admin, upload_admin, upload_sender, date_created, homepage_content, icon, mugshot, logo, fti, official_answers, language_pack_admin, official_blueprints, enable_bug_expiration, bug_reporting_guidelines, reviewer_whiteboard, max_bug_heat, bug_reported_acknowledgement, answers_usage, blueprints_usage, translations_usage, registrant) VALUES (3, 'debian', 'Debian GNU/Linux', 'Debian GNU/Linux is
a non commercial distribution of a GNU/Linux Operating System for many
platforms.', 'debian.org', 1, 'Debian', 'Debian GNU/Linux is
a non commercial distribution of a GNU/Linux Operating System for many
platforms.', 1, NULL, 1, NULL, false, false, NULL, NULL, NULL, 1, NULL, NULL, '2006-10-16 18:31:43.418942', NULL, NULL, NULL, NULL, NULL, false, NULL, false, false, NULL, NULL, NULL, NULL, 10, 10, 10, 60);
INSERT INTO distribution (id, name, title, description, domainname, owner, displayname, summary, members, translationgroup, translationpermission, bug_supervisor, official_malone, official_rosetta, security_contact, driver, translation_focus, mirror_admin, upload_admin, upload_sender, date_created, homepage_content, icon, mugshot, logo, fti, official_answers, language_pack_admin, official_blueprints, enable_bug_expiration, bug_reporting_guidelines, reviewer_whiteboard, max_bug_heat, bug_reported_acknowledgement, answers_usage, blueprints_usage, translations_usage, registrant) VALUES (4, 'gentoo', 'The Gentoo Linux', 'Gentoo is a very
customizeable GNU/Linux Distribution that is designed to let you build every
single package yourself, with your own preferences.', 'gentoo.org', 1, 'Gentoo', 'Gentoo is a very customizeable GNU/Linux Distribution that is designed to let you build every single package yourself, with your own preferences.', 1, NULL, 1, NULL, true, false, NULL, NULL, NULL, 1, NULL, NULL, '2006-10-16 18:31:43.41974', NULL, NULL, NULL, NULL, NULL, false, NULL, false, false, NULL, NULL, NULL, NULL, 10, 10, 10, 60);
INSERT INTO distribution (id, name, title, description, domainname, owner, displayname, summary, members, translationgroup, translationpermission, bug_supervisor, official_malone, official_rosetta, security_contact, driver, translation_focus, mirror_admin, upload_admin, upload_sender, date_created, homepage_content, icon, mugshot, logo, fti, official_answers, language_pack_admin, official_blueprints, enable_bug_expiration, bug_reporting_guidelines, reviewer_whiteboard, max_bug_heat, bug_reported_acknowledgement, answers_usage, blueprints_usage, translations_usage, registrant) VALUES (5, 'kubuntu', 'Kubuntu - Free KDE-based Linux', 'Kubuntu is an entirely free Linux distribution that uses the K Desktop
Environment as its default desktop after install.', 'kubuntu.org', 1, 'Kubuntu', 'Kubuntu is an entirely free Linux distribution that uses the K Desktop
Environment as its default desktop after install.', 1, NULL, 1, NULL, false, false, NULL, 8, NULL, 1, NULL, NULL, '2006-10-16 18:31:43.420551', NULL, NULL, NULL, NULL, NULL, false, NULL, false, false, NULL, NULL, NULL, NULL, 10, 10, 10, 60);
INSERT INTO distribution (id, name, title, description, domainname, owner, displayname, summary, members, translationgroup, translationpermission, bug_supervisor, official_malone, official_rosetta, security_contact, driver, translation_focus, mirror_admin, upload_admin, upload_sender, date_created, homepage_content, icon, mugshot, logo, fti, official_answers, language_pack_admin, official_blueprints, enable_bug_expiration, bug_reporting_guidelines, reviewer_whiteboard, max_bug_heat, bug_reported_acknowledgement, answers_usage, blueprints_usage, translations_usage, registrant) VALUES (7, 'guadalinex', 'GuadaLinex: Linux for Andalucia', 'GuadaLinex is based on Ubuntu and adds full support for applications specific to the local environment in Andalucia.', 'guadalinex.es', 4, 'GuadaLinex', 'The GuadaLinex team produces a high quality linux for the Andalucian marketplace.', 32, NULL, 1, NULL, false, false, NULL, NULL, NULL, 4, NULL, NULL, '2006-10-16 18:31:43.421329', NULL, NULL, NULL, NULL, NULL, false, NULL, false, false, NULL, NULL, NULL, NULL, 10, 10, 10, 60);
INSERT INTO distribution (id, name, title, description, domainname, owner, displayname, summary, members, translationgroup, translationpermission, bug_supervisor, official_malone, official_rosetta, security_contact, driver, translation_focus, mirror_admin, upload_admin, upload_sender, date_created, homepage_content, icon, mugshot, logo, fti, official_answers, language_pack_admin, official_blueprints, enable_bug_expiration, bug_reporting_guidelines, reviewer_whiteboard, max_bug_heat, bug_reported_acknowledgement, answers_usage, blueprints_usage, translations_usage, registrant) VALUES (8, 'ubuntutest', 'Ubuntu Test', 'Ubuntu Test', 'ubuntulinux.org', 17, 'ubuntutest', 'Ubuntu Test summary', 17, NULL, 1, NULL, false, false, NULL, NULL, NULL, 17, NULL, NULL, '2006-10-16 18:31:43.422162', NULL, NULL, NULL, NULL, NULL, false, NULL, false, false, NULL, NULL, NULL, NULL, 10, 10, 10, 60);
INSERT INTO distribution (id, name, title, description, domainname, owner, displayname, summary, members, translationgroup, translationpermission, bug_supervisor, official_malone, official_rosetta, security_contact, driver, translation_focus, mirror_admin, upload_admin, upload_sender, date_created, homepage_content, icon, mugshot, logo, fti, official_answers, language_pack_admin, official_blueprints, enable_bug_expiration, bug_reporting_guidelines, reviewer_whiteboard, max_bug_heat, bug_reported_acknowledgement, answers_usage, blueprints_usage, translations_usage, registrant) VALUES (9, 'deribuntu', 'Deribuntu', 'Deribuntu', 'deribuntu', 16, 'Deribuntu', 'Deribuntu', 16, NULL, 1, NULL, false, false, NULL, NULL, NULL, 16, NULL, NULL, '2011-03-17 14:28:54.354337', NULL, NULL, NULL, NULL, NULL, false, NULL, false, false, NULL, NULL, NULL, NULL, 10, 10, 10, 60);


ALTER TABLE distribution ENABLE TRIGGER ALL;


ALTER TABLE project DISABLE TRIGGER ALL;

INSERT INTO project (id, owner, name, displayname, title, summary, description, datecreated, homepageurl, wikiurl, lastdoap, sourceforgeproject, freshmeatproject, reviewed, active, fti, translationgroup, translationpermission, driver, bugtracker, homepage_content, icon, mugshot, logo, bug_reporting_guidelines, reviewer_whiteboard, registrant, max_bug_heat, bug_reported_acknowledgement) VALUES (1, 1, 'apache', 'Apache', 'Apache', 'The Apache projects are characterized by a collaborative, consensus based development process, an open and pragmatic software license, and a desire to create high quality software that leads the way in its field.', 'We consider ourselves not simply a group of projects sharing a server, but rather a community of developers and users.', '2004-09-24 20:58:00.633513', 'http://apache.org/', NULL, NULL, NULL, NULL, false, true, NULL, NULL, 1, NULL, NULL, NULL, NULL, NULL, NULL, NULL, NULL, 1, NULL, NULL);
INSERT INTO project (id, owner, name, displayname, title, summary, description, datecreated, homepageurl, wikiurl, lastdoap, sourceforgeproject, freshmeatproject, reviewed, active, fti, translationgroup, translationpermission, driver, bugtracker, homepage_content, icon, mugshot, logo, bug_reporting_guidelines, reviewer_whiteboard, registrant, max_bug_heat, bug_reported_acknowledgement) VALUES (2, 2, 'do-not-use-info-imports', 'DO NOT USE', 'DO NOT USE', 'DO NOT USE', 'TEMPORARY project till mirror jobs are assigned to correct project', '2004-09-24 20:58:00.637677', 'http://arch.ubuntu.com/', NULL, NULL, NULL, NULL, true, false, NULL, NULL, 1, NULL, NULL, NULL, NULL, NULL, NULL, NULL, NULL, 2, NULL, NULL);
INSERT INTO project (id, owner, name, displayname, title, summary, description, datecreated, homepageurl, wikiurl, lastdoap, sourceforgeproject, freshmeatproject, reviewed, active, fti, translationgroup, translationpermission, driver, bugtracker, homepage_content, icon, mugshot, logo, bug_reporting_guidelines, reviewer_whiteboard, registrant, max_bug_heat, bug_reported_acknowledgement) VALUES (3, 2, 'launchpad-mirrors', 'Launchpad SCM Mirrors', 'The Launchpad Mirroring Project', 'launchpad mirrors various revision control archives, that mirroring is managed here', 'A project to mirror revision control archives into Arch.', '2004-09-24 20:58:00.65398', 'http://arch.ubuntu.com/', NULL, NULL, NULL, NULL, false, true, NULL, NULL, 1, NULL, NULL, NULL, NULL, NULL, NULL, NULL, NULL, 2, NULL, NULL);
INSERT INTO project (id, owner, name, displayname, title, summary, description, datecreated, homepageurl, wikiurl, lastdoap, sourceforgeproject, freshmeatproject, reviewed, active, fti, translationgroup, translationpermission, driver, bugtracker, homepage_content, icon, mugshot, logo, bug_reporting_guidelines, reviewer_whiteboard, registrant, max_bug_heat, bug_reported_acknowledgement) VALUES (4, 12, 'mozilla', 'The Mozilla Project', 'The Mozilla Project', 'The Mozilla Project is the largest open source web browser collaborative project. Founded when Netscape released the source code to its pioneering browser in 1999, the Mozilla Project continues to set the standard for web browser technology.', 'The Mozilla Project produces several internet applications that are very widely used, and is also a center for collaboration on internet standards work by open source groups.

The Project now has several popular products, including the Firefox web browser, the Thunderbird mail client and the libraries that enable them to run on many platforms.

Organisationally, the Mozilla Project is hosted by the Mozilla Foundation, a not-for-profit company incorporated in the US.', '2004-09-24 20:58:02.177698', 'http://www.mozilla.org/', NULL, NULL, NULL, NULL, false, true, NULL, NULL, 1, NULL, NULL, NULL, NULL, NULL, NULL, NULL, NULL, 12, NULL, NULL);
INSERT INTO project (id, owner, name, displayname, title, summary, description, datecreated, homepageurl, wikiurl, lastdoap, sourceforgeproject, freshmeatproject, reviewed, active, fti, translationgroup, translationpermission, driver, bugtracker, homepage_content, icon, mugshot, logo, bug_reporting_guidelines, reviewer_whiteboard, registrant, max_bug_heat, bug_reported_acknowledgement) VALUES (5, 12, 'gnome', 'GNOME', 'The GNOME Project', 'The GNOME Project is an initiative to prduce a free desktop software framework. GNOME is more than a set of applications, it is a user interface standard (the Gnome HIG) and a set of libraries that allow applications to work together in a harmonious desktop-ish way.', 'The Gnome Project was founded (when?) to build on the success of early applications using the Gtk GUI toolkit. Many of those applications are still part of Gnome, and the Gtk toolkit remains an essential part of Gnome.

Gnome applications cover the full spectrum from office productivity applications to games, digital camera applications, and of course the Gnome Panel which acts as a launcher and general access point for apps on the desktop.', '2004-09-24 20:58:02.222154', 'http://www.gnome.org/', NULL, NULL, NULL, NULL, false, true, NULL, NULL, 1, NULL, 2, NULL, NULL, NULL, NULL, NULL, NULL, 12, NULL, NULL);
INSERT INTO project (id, owner, name, displayname, title, summary, description, datecreated, homepageurl, wikiurl, lastdoap, sourceforgeproject, freshmeatproject, reviewed, active, fti, translationgroup, translationpermission, driver, bugtracker, homepage_content, icon, mugshot, logo, bug_reporting_guidelines, reviewer_whiteboard, registrant, max_bug_heat, bug_reported_acknowledgement) VALUES (6, 12, 'iso-codes-project', 'iso-codes', 'iso-codes', 'foo', 'bar', '2004-09-24 20:58:02.238443', 'http://www.gnome.org/', NULL, NULL, NULL, NULL, false, true, NULL, NULL, 1, NULL, NULL, NULL, NULL, NULL, NULL, NULL, NULL, 12, NULL, NULL);
INSERT INTO project (id, owner, name, displayname, title, summary, description, datecreated, homepageurl, wikiurl, lastdoap, sourceforgeproject, freshmeatproject, reviewed, active, fti, translationgroup, translationpermission, driver, bugtracker, homepage_content, icon, mugshot, logo, bug_reporting_guidelines, reviewer_whiteboard, registrant, max_bug_heat, bug_reported_acknowledgement) VALUES (7, 16, 'aaa', 'the Test Project', 'The Test Project', 'This is a small project that has no purpose by to serve as a test data point. The only thing this project has ever produced is products, most of which are largely unheard of. This short description is long enough.', 'Of course, one can''t say enough about the Test Project. Not only is it always there, it''s often exactly in the same state that you saw it last. And it has an amazing ability to pop up in places where you just didn''t think you''d expect to find it. Very noticeable when you least want it noticed, that sort of thing.

It would be very interesting to know whether this second paragraph of text about the test project is in fact rendered as a second paragraph, or if it all blurs together in a haze of testing. Only time will tell.', '2004-10-03 22:27:25.02843', 'http://www.testmenow.com', NULL, NULL, NULL, NULL, false, true, NULL, NULL, 1, NULL, NULL, NULL, NULL, NULL, NULL, NULL, NULL, 16, NULL, NULL);
INSERT INTO project (id, owner, name, displayname, title, summary, description, datecreated, homepageurl, wikiurl, lastdoap, sourceforgeproject, freshmeatproject, reviewed, active, fti, translationgroup, translationpermission, driver, bugtracker, homepage_content, icon, mugshot, logo, bug_reporting_guidelines, reviewer_whiteboard, registrant, max_bug_heat, bug_reported_acknowledgement) VALUES (8, 16, 'gimp', 'the GiMP Project', 'The GIMP Project', 'The GIMP Project works in the field of image manipulation and reproduction. The Project is responsible for several pieces of software, such as The GiMP and GiMP-Print.', 'Founded by Spencer Kimball in 1996 with the simple aim of producing a "paint" program, the GIMP project has become one of the defining projects of the open source world. The GIMP itself is an image manipulation program that is beginning to rival even Adobe Photoshop in features and functionality.

The project is loosely organised, with about 15 people making regular contributions. There is no fixed release schedule other than "when it is done".', '2004-10-03 22:27:45.283741', 'http://www.gimp.org/', NULL, NULL, NULL, NULL, false, true, NULL, NULL, 1, NULL, NULL, NULL, NULL, NULL, NULL, NULL, NULL, 16, NULL, NULL);


ALTER TABLE project ENABLE TRIGGER ALL;


ALTER TABLE product DISABLE TRIGGER ALL;

INSERT INTO product (id, project, owner, name, displayname, title, summary, description, datecreated, homepageurl, screenshotsurl, wikiurl, listurl, programminglang, downloadurl, lastdoap, sourceforgeproject, freshmeatproject, reviewed, active, fti, autoupdate, translationgroup, translationpermission, official_rosetta, official_malone, bug_supervisor, security_contact, driver, bugtracker, development_focus, homepage_content, icon, mugshot, logo, official_answers, private_bugs, private_specs, license_info, official_blueprints, enable_bug_expiration, bug_reporting_guidelines, reviewer_whiteboard, license_approved, registrant, remote_product, translation_focus, max_bug_heat, date_next_suggest_packaging, bug_reported_acknowledgement, answers_usage, blueprints_usage, translations_usage, enable_bugfiling_duplicate_search) VALUES (1, 1, 17, 'tomcat', 'Tomcat', 'Tomcat', 'The servlet container that is used in the official Reference Implementation for the Java Servlet and JavaServer Pages technologies.', 'Apache Tomcat is developed in an open and participatory environment and released under the Apache Software License. This project has nothing to do with Ubuntu, but this description uses the word "Ubuntu" for the purpose of testing search results.', '2004-09-24 20:58:00.655518', 'http://tomcat.apache.org/', NULL, NULL, NULL, NULL, NULL, NULL, NULL, NULL, false, true, NULL, false, NULL, 1, false, false, NULL, NULL, NULL, NULL, 16, NULL, NULL, NULL, NULL, false, false, false, NULL, false, false, NULL, NULL, false, 17, NULL, NULL, NULL, NULL, NULL, 10, 10, 10, true);
INSERT INTO product (id, project, owner, name, displayname, title, summary, description, datecreated, homepageurl, screenshotsurl, wikiurl, listurl, programminglang, downloadurl, lastdoap, sourceforgeproject, freshmeatproject, reviewed, active, fti, autoupdate, translationgroup, translationpermission, official_rosetta, official_malone, bug_supervisor, security_contact, driver, bugtracker, development_focus, homepage_content, icon, mugshot, logo, official_answers, private_bugs, private_specs, license_info, official_blueprints, enable_bug_expiration, bug_reporting_guidelines, reviewer_whiteboard, license_approved, registrant, remote_product, translation_focus, max_bug_heat, date_next_suggest_packaging, bug_reported_acknowledgement, answers_usage, blueprints_usage, translations_usage, enable_bugfiling_duplicate_search) VALUES (2, 2, 2, 'unassigned', 'unassigned syncs', 'unassigned syncs', 'syncs still not assigned to a real product', 'unassigned syncs, will not be processed, to be moved to real projects ASAP.', '2004-09-24 20:58:00.674409', 'http://archive.apache.org/dist/tomcat', NULL, NULL, NULL, NULL, NULL, NULL, NULL, NULL, true, false, NULL, false, NULL, 1, false, false, NULL, NULL, NULL, NULL, 17, NULL, NULL, NULL, NULL, false, false, false, NULL, false, false, NULL, NULL, false, 2, NULL, NULL, NULL, NULL, NULL, 10, 10, 10, true);
INSERT INTO product (id, project, owner, name, displayname, title, summary, description, datecreated, homepageurl, screenshotsurl, wikiurl, listurl, programminglang, downloadurl, lastdoap, sourceforgeproject, freshmeatproject, reviewed, active, fti, autoupdate, translationgroup, translationpermission, official_rosetta, official_malone, bug_supervisor, security_contact, driver, bugtracker, development_focus, homepage_content, icon, mugshot, logo, official_answers, private_bugs, private_specs, license_info, official_blueprints, enable_bug_expiration, bug_reporting_guidelines, reviewer_whiteboard, license_approved, registrant, remote_product, translation_focus, max_bug_heat, date_next_suggest_packaging, bug_reported_acknowledgement, answers_usage, blueprints_usage, translations_usage, enable_bugfiling_duplicate_search) VALUES (3, 3, 2, 'arch-mirrors', 'Arch mirrors', 'Arch archive mirrors', 'Arch Archive Mirroring project.', 'Arch archive full-archive mirror tasks', '2004-09-24 20:58:00.691047', 'http://arch.ubuntu.com/', NULL, NULL, NULL, NULL, NULL, NULL, NULL, NULL, false, true, NULL, false, NULL, 1, false, false, NULL, NULL, NULL, NULL, 15, NULL, NULL, NULL, NULL, false, false, false, NULL, false, false, NULL, NULL, false, 2, NULL, NULL, NULL, NULL, NULL, 10, 10, 10, true);
INSERT INTO product (id, project, owner, name, displayname, title, summary, description, datecreated, homepageurl, screenshotsurl, wikiurl, listurl, programminglang, downloadurl, lastdoap, sourceforgeproject, freshmeatproject, reviewed, active, fti, autoupdate, translationgroup, translationpermission, official_rosetta, official_malone, bug_supervisor, security_contact, driver, bugtracker, development_focus, homepage_content, icon, mugshot, logo, official_answers, private_bugs, private_specs, license_info, official_blueprints, enable_bug_expiration, bug_reporting_guidelines, reviewer_whiteboard, license_approved, registrant, remote_product, translation_focus, max_bug_heat, date_next_suggest_packaging, bug_reported_acknowledgement, answers_usage, blueprints_usage, translations_usage, enable_bugfiling_duplicate_search) VALUES (4, 4, 12, 'firefox', 'Mozilla Firefox', 'Mozilla Firefox', 'The Mozilla Firefox web browser', 'The Mozilla Firefox web browser', '2004-09-24 20:58:02.185708', NULL, NULL, NULL, NULL, NULL, NULL, NULL, NULL, NULL, false, true, NULL, false, 1, 100, false, true, NULL, NULL, NULL, NULL, 1, NULL, NULL, NULL, NULL, true, false, false, NULL, false, false, NULL, NULL, false, 12, NULL, NULL, NULL, NULL, NULL, 20, 10, 10, true);
INSERT INTO product (id, project, owner, name, displayname, title, summary, description, datecreated, homepageurl, screenshotsurl, wikiurl, listurl, programminglang, downloadurl, lastdoap, sourceforgeproject, freshmeatproject, reviewed, active, fti, autoupdate, translationgroup, translationpermission, official_rosetta, official_malone, bug_supervisor, security_contact, driver, bugtracker, development_focus, homepage_content, icon, mugshot, logo, official_answers, private_bugs, private_specs, license_info, official_blueprints, enable_bug_expiration, bug_reporting_guidelines, reviewer_whiteboard, license_approved, registrant, remote_product, translation_focus, max_bug_heat, date_next_suggest_packaging, bug_reported_acknowledgement, answers_usage, blueprints_usage, translations_usage, enable_bugfiling_duplicate_search) VALUES (5, 5, 12, 'evolution', 'Evolution', 'The Evolution Groupware Application', 'Evolution is an email client, addressbook and calendar application that is very well integrated with the Gnome desktop. Evolution is the standard mail client in the Ubuntu distribution, and supports all current mail system standards.', 'Recently, Evolution has seen significant work to make it interoperable with the proprietary Microsoft Exchange Server protocols and formats, allowing organisations to replace Outlook on Windows with Evolution and Linux.

The current stable release series of Evolution is 2.0.', '2004-09-24 20:58:02.240163', 'http://www.gnome.org/evolution/', NULL, NULL, NULL, NULL, NULL, NULL, NULL, NULL, false, true, NULL, false, 1, 100, true, true, NULL, NULL, NULL, NULL, 3, NULL, NULL, NULL, NULL, false, false, false, NULL, false, false, NULL, NULL, false, 12, NULL, NULL, NULL, NULL, NULL, 10, 10, 20, true);
INSERT INTO product (id, project, owner, name, displayname, title, summary, description, datecreated, homepageurl, screenshotsurl, wikiurl, listurl, programminglang, downloadurl, lastdoap, sourceforgeproject, freshmeatproject, reviewed, active, fti, autoupdate, translationgroup, translationpermission, official_rosetta, official_malone, bug_supervisor, security_contact, driver, bugtracker, development_focus, homepage_content, icon, mugshot, logo, official_answers, private_bugs, private_specs, license_info, official_blueprints, enable_bug_expiration, bug_reporting_guidelines, reviewer_whiteboard, license_approved, registrant, remote_product, translation_focus, max_bug_heat, date_next_suggest_packaging, bug_reported_acknowledgement, answers_usage, blueprints_usage, translations_usage, enable_bugfiling_duplicate_search) VALUES (6, 5, 12, 'gnome-terminal', 'GNOME Terminal', 'The GNOME Terminal Emulator', 'Gnome Terminal is a simple terminal application for your Gnome desktop. It allows quick access to console applications, supports all console types, and has many useful features such as tabbed consoles (many consoles in a single window with quick switching between them).', 'The Gnome Terminal application fully supports Gnome 2 and is a standard part of the Gnome Desktop.', '2004-09-24 20:58:02.256678', 'http://www.gnome.org/', NULL, NULL, NULL, NULL, NULL, NULL, NULL, NULL, false, true, NULL, false, NULL, 1, false, false, NULL, NULL, NULL, 2, 14, NULL, NULL, NULL, NULL, false, false, false, NULL, false, false, NULL, NULL, false, 12, 'gnome-terminal', NULL, NULL, NULL, NULL, 10, 10, 10, true);
INSERT INTO product (id, project, owner, name, displayname, title, summary, description, datecreated, homepageurl, screenshotsurl, wikiurl, listurl, programminglang, downloadurl, lastdoap, sourceforgeproject, freshmeatproject, reviewed, active, fti, autoupdate, translationgroup, translationpermission, official_rosetta, official_malone, bug_supervisor, security_contact, driver, bugtracker, development_focus, homepage_content, icon, mugshot, logo, official_answers, private_bugs, private_specs, license_info, official_blueprints, enable_bug_expiration, bug_reporting_guidelines, reviewer_whiteboard, license_approved, registrant, remote_product, translation_focus, max_bug_heat, date_next_suggest_packaging, bug_reported_acknowledgement, answers_usage, blueprints_usage, translations_usage, enable_bugfiling_duplicate_search) VALUES (7, 6, 12, 'iso-codes', 'iso-codes', 'The iso-codes', 'foo', 'bar', '2004-09-24 20:58:02.258743', 'http://www.novell.com/', NULL, NULL, NULL, NULL, NULL, NULL, NULL, NULL, false, true, NULL, false, NULL, 1, false, false, NULL, NULL, NULL, NULL, 13, NULL, NULL, NULL, NULL, false, false, false, NULL, false, false, NULL, NULL, false, 12, NULL, NULL, NULL, NULL, NULL, 10, 10, 10, true);
INSERT INTO product (id, project, owner, name, displayname, title, summary, description, datecreated, homepageurl, screenshotsurl, wikiurl, listurl, programminglang, downloadurl, lastdoap, sourceforgeproject, freshmeatproject, reviewed, active, fti, autoupdate, translationgroup, translationpermission, official_rosetta, official_malone, bug_supervisor, security_contact, driver, bugtracker, development_focus, homepage_content, icon, mugshot, logo, official_answers, private_bugs, private_specs, license_info, official_blueprints, enable_bug_expiration, bug_reporting_guidelines, reviewer_whiteboard, license_approved, registrant, remote_product, translation_focus, max_bug_heat, date_next_suggest_packaging, bug_reported_acknowledgement, answers_usage, blueprints_usage, translations_usage, enable_bugfiling_duplicate_search) VALUES (8, 4, 12, 'thunderbird', 'Mozilla Thunderbird', 'Mozilla Thunderbird', 'The Mozilla Thunderbird email client', 'The Mozilla Thunderbird email client', '2004-09-24 20:58:04.478988', NULL, NULL, NULL, NULL, NULL, NULL, NULL, NULL, NULL, false, true, NULL, false, NULL, 1, false, false, NULL, NULL, NULL, NULL, 4, NULL, NULL, NULL, NULL, false, false, false, NULL, false, false, NULL, NULL, false, 12, NULL, NULL, NULL, NULL, NULL, 10, 10, 10, true);
INSERT INTO product (id, project, owner, name, displayname, title, summary, description, datecreated, homepageurl, screenshotsurl, wikiurl, listurl, programminglang, downloadurl, lastdoap, sourceforgeproject, freshmeatproject, reviewed, active, fti, autoupdate, translationgroup, translationpermission, official_rosetta, official_malone, bug_supervisor, security_contact, driver, bugtracker, development_focus, homepage_content, icon, mugshot, logo, official_answers, private_bugs, private_specs, license_info, official_blueprints, enable_bug_expiration, bug_reporting_guidelines, reviewer_whiteboard, license_approved, registrant, remote_product, translation_focus, max_bug_heat, date_next_suggest_packaging, bug_reported_acknowledgement, answers_usage, blueprints_usage, translations_usage, enable_bugfiling_duplicate_search) VALUES (9, 5, 16, 'applets', 'Gnome Applets', 'The Gnome Panel Applets', 'The Gnome Panel Applets are a collection of standard widgets that can be installed on your desktop Panel. These icons act as launchers for applications, or indicators of the status of your machine. For example, panel applets exist to show you your battery status or wifi network signal strength.', 'This is the collection of Panel Applets that is part of the default Gnome release. Additional Panel Applets are available from third parties. A complete set of Panel Applets is included in the Ubuntu OS, for example.

The Gnome Panel team includes Abel Kascinsky, Frederick Wurst and Andreas Andropovitch Axelsson.', '2004-10-03 16:46:09.113721', 'http://www.gnome.org/panel/', NULL, NULL, NULL, NULL, NULL, NULL, NULL, NULL, false, true, NULL, false, NULL, 1, false, false, NULL, NULL, NULL, NULL, 12, NULL, NULL, NULL, NULL, false, false, false, NULL, false, false, NULL, NULL, false, 16, NULL, NULL, NULL, NULL, NULL, 10, 10, 10, true);
INSERT INTO product (id, project, owner, name, displayname, title, summary, description, datecreated, homepageurl, screenshotsurl, wikiurl, listurl, programminglang, downloadurl, lastdoap, sourceforgeproject, freshmeatproject, reviewed, active, fti, autoupdate, translationgroup, translationpermission, official_rosetta, official_malone, bug_supervisor, security_contact, driver, bugtracker, development_focus, homepage_content, icon, mugshot, logo, official_answers, private_bugs, private_specs, license_info, official_blueprints, enable_bug_expiration, bug_reporting_guidelines, reviewer_whiteboard, license_approved, registrant, remote_product, translation_focus, max_bug_heat, date_next_suggest_packaging, bug_reported_acknowledgement, answers_usage, blueprints_usage, translations_usage, enable_bugfiling_duplicate_search) VALUES (10, NULL, 2, 'python-gnome2-dev', 'python gnome2 dev', 'python gnome2 dev', 'Python bindings for the GNOME desktop environment', 'Python bindings for the GNOME desktop environment', '2004-09-24 20:58:00.674409', 'http://www.daa.com.au/~james/software/pygtk/', NULL, NULL, NULL, NULL, NULL, NULL, NULL, NULL, true, false, NULL, false, NULL, 1, false, false, NULL, NULL, NULL, NULL, 18, NULL, NULL, NULL, NULL, false, false, false, NULL, false, false, NULL, NULL, false, 2, NULL, NULL, NULL, NULL, NULL, 10, 10, 10, true);
INSERT INTO product (id, project, owner, name, displayname, title, summary, description, datecreated, homepageurl, screenshotsurl, wikiurl, listurl, programminglang, downloadurl, lastdoap, sourceforgeproject, freshmeatproject, reviewed, active, fti, autoupdate, translationgroup, translationpermission, official_rosetta, official_malone, bug_supervisor, security_contact, driver, bugtracker, development_focus, homepage_content, icon, mugshot, logo, official_answers, private_bugs, private_specs, license_info, official_blueprints, enable_bug_expiration, bug_reporting_guidelines, reviewer_whiteboard, license_approved, registrant, remote_product, translation_focus, max_bug_heat, date_next_suggest_packaging, bug_reported_acknowledgement, answers_usage, blueprints_usage, translations_usage, enable_bugfiling_duplicate_search) VALUES (11, 5, 12, 'netapplet', 'NetApplet', 'Network Applet', 'The Novell Network Applet', 'Displays current network status and allows network switching', '2005-03-10 16:00:00', NULL, NULL, NULL, NULL, NULL, NULL, NULL, NULL, NULL, false, true, NULL, false, NULL, 1, false, false, NULL, NULL, NULL, NULL, 5, NULL, NULL, NULL, NULL, false, false, false, NULL, false, false, NULL, NULL, false, 12, NULL, NULL, NULL, NULL, NULL, 10, 10, 10, true);
INSERT INTO product (id, project, owner, name, displayname, title, summary, description, datecreated, homepageurl, screenshotsurl, wikiurl, listurl, programminglang, downloadurl, lastdoap, sourceforgeproject, freshmeatproject, reviewed, active, fti, autoupdate, translationgroup, translationpermission, official_rosetta, official_malone, bug_supervisor, security_contact, driver, bugtracker, development_focus, homepage_content, icon, mugshot, logo, official_answers, private_bugs, private_specs, license_info, official_blueprints, enable_bug_expiration, bug_reporting_guidelines, reviewer_whiteboard, license_approved, registrant, remote_product, translation_focus, max_bug_heat, date_next_suggest_packaging, bug_reported_acknowledgement, answers_usage, blueprints_usage, translations_usage, enable_bugfiling_duplicate_search) VALUES (12, NULL, 16, 'a52dec', 'a52dec', 'Liba52 Test Decoder', 'a52dec is a test program for liba52.', 'This tool decodes ATSC A/52 streams, and also includes a demultiplexer for mpeg-1 and mpeg-2 program streams. The liba52 source code is always distributed in the a52dec package, to make sure it easier for people to test it.', '2005-04-14 00:00:00', NULL, NULL, NULL, NULL, NULL, NULL, NULL, NULL, NULL, false, true, NULL, false, NULL, 1, false, false, NULL, NULL, NULL, NULL, 6, NULL, NULL, NULL, NULL, false, false, false, NULL, false, false, NULL, NULL, false, 16, NULL, NULL, NULL, NULL, NULL, 10, 10, 10, true);
INSERT INTO product (id, project, owner, name, displayname, title, summary, description, datecreated, homepageurl, screenshotsurl, wikiurl, listurl, programminglang, downloadurl, lastdoap, sourceforgeproject, freshmeatproject, reviewed, active, fti, autoupdate, translationgroup, translationpermission, official_rosetta, official_malone, bug_supervisor, security_contact, driver, bugtracker, development_focus, homepage_content, icon, mugshot, logo, official_answers, private_bugs, private_specs, license_info, official_blueprints, enable_bug_expiration, bug_reporting_guidelines, reviewer_whiteboard, license_approved, registrant, remote_product, translation_focus, max_bug_heat, date_next_suggest_packaging, bug_reported_acknowledgement, answers_usage, blueprints_usage, translations_usage, enable_bugfiling_duplicate_search) VALUES (13, 5, 16, 'gnomebaker', 'gnomebaker', 'Gnome Baker', 'Gnome Baker is a CD burning application', 'Gnome Baker burns CDs like there''s no tomorrow', '2005-08-26 00:00:00', NULL, NULL, NULL, NULL, NULL, NULL, NULL, NULL, NULL, false, true, NULL, false, NULL, 1, false, false, NULL, NULL, NULL, NULL, 11, NULL, NULL, NULL, NULL, false, false, false, NULL, false, false, NULL, NULL, false, 16, NULL, NULL, NULL, NULL, NULL, 10, 10, 10, true);
INSERT INTO product (id, project, owner, name, displayname, title, summary, description, datecreated, homepageurl, screenshotsurl, wikiurl, listurl, programminglang, downloadurl, lastdoap, sourceforgeproject, freshmeatproject, reviewed, active, fti, autoupdate, translationgroup, translationpermission, official_rosetta, official_malone, bug_supervisor, security_contact, driver, bugtracker, development_focus, homepage_content, icon, mugshot, logo, official_answers, private_bugs, private_specs, license_info, official_blueprints, enable_bug_expiration, bug_reporting_guidelines, reviewer_whiteboard, license_approved, registrant, remote_product, translation_focus, max_bug_heat, date_next_suggest_packaging, bug_reported_acknowledgement, answers_usage, blueprints_usage, translations_usage, enable_bugfiling_duplicate_search) VALUES (14, NULL, 12, 'bazaar', 'Bazaar', 'Bazaar', 'Bazaar is a distributed revision control system', 'Bazaar is all about source control and double-dashes.', '2005-08-26 00:00:00', NULL, NULL, NULL, NULL, NULL, NULL, NULL, NULL, NULL, false, true, NULL, false, NULL, 1, false, false, NULL, NULL, NULL, NULL, 10, NULL, NULL, NULL, NULL, false, false, false, NULL, false, false, NULL, NULL, false, 12, NULL, NULL, NULL, NULL, NULL, 10, 10, 10, true);
INSERT INTO product (id, project, owner, name, displayname, title, summary, description, datecreated, homepageurl, screenshotsurl, wikiurl, listurl, programminglang, downloadurl, lastdoap, sourceforgeproject, freshmeatproject, reviewed, active, fti, autoupdate, translationgroup, translationpermission, official_rosetta, official_malone, bug_supervisor, security_contact, driver, bugtracker, development_focus, homepage_content, icon, mugshot, logo, official_answers, private_bugs, private_specs, license_info, official_blueprints, enable_bug_expiration, bug_reporting_guidelines, reviewer_whiteboard, license_approved, registrant, remote_product, translation_focus, max_bug_heat, date_next_suggest_packaging, bug_reported_acknowledgement, answers_usage, blueprints_usage, translations_usage, enable_bugfiling_duplicate_search) VALUES (15, NULL, 1, 'alsa-utils', 'alsa-utils', 'ALSA utilities', 'Utilities for configurating and using the Advanced Linux Sound Architecture', '', '2005-09-15 09:05:11.472752', NULL, NULL, NULL, NULL, NULL, NULL, NULL, NULL, NULL, true, true, NULL, false, NULL, 1, true, false, NULL, NULL, NULL, NULL, 8, NULL, NULL, NULL, NULL, false, false, false, NULL, false, false, NULL, NULL, false, 1, NULL, NULL, NULL, NULL, NULL, 10, 10, 20, true);
INSERT INTO product (id, project, owner, name, displayname, title, summary, description, datecreated, homepageurl, screenshotsurl, wikiurl, listurl, programminglang, downloadurl, lastdoap, sourceforgeproject, freshmeatproject, reviewed, active, fti, autoupdate, translationgroup, translationpermission, official_rosetta, official_malone, bug_supervisor, security_contact, driver, bugtracker, development_focus, homepage_content, icon, mugshot, logo, official_answers, private_bugs, private_specs, license_info, official_blueprints, enable_bug_expiration, bug_reporting_guidelines, reviewer_whiteboard, license_approved, registrant, remote_product, translation_focus, max_bug_heat, date_next_suggest_packaging, bug_reported_acknowledgement, answers_usage, blueprints_usage, translations_usage, enable_bugfiling_duplicate_search) VALUES (16, NULL, 12, 'landscape', 'The Landscape Project', 'The Landscape Project', 'Landscape is a system being developed by Canonical to allow remote management of systems using a web interface.', 'Landscape is a system being developed by Canonical to allow remote management of systems using a web interface. The scope of the project isn''t limited, and will grow up as new features are planned.

The Landscape system consists of two major parts: a client daemon which delivers information to the server and acts on server-provided requests; and a web server responsible for handling communication with clients and the user interface itself.', '2006-07-11 19:59:17.311451', NULL, NULL, NULL, NULL, NULL, NULL, NULL, NULL, NULL, false, true, NULL, false, NULL, 1, false, true, 64, NULL, NULL, NULL, 9, NULL, NULL, NULL, NULL, false, true, false, NULL, false, false, NULL, NULL, false, 12, NULL, NULL, NULL, NULL, NULL, 10, 10, 10, true);
INSERT INTO product (id, project, owner, name, displayname, title, summary, description, datecreated, homepageurl, screenshotsurl, wikiurl, listurl, programminglang, downloadurl, lastdoap, sourceforgeproject, freshmeatproject, reviewed, active, fti, autoupdate, translationgroup, translationpermission, official_rosetta, official_malone, bug_supervisor, security_contact, driver, bugtracker, development_focus, homepage_content, icon, mugshot, logo, official_answers, private_bugs, private_specs, license_info, official_blueprints, enable_bug_expiration, bug_reporting_guidelines, reviewer_whiteboard, license_approved, registrant, remote_product, translation_focus, max_bug_heat, date_next_suggest_packaging, bug_reported_acknowledgement, answers_usage, blueprints_usage, translations_usage, enable_bugfiling_duplicate_search) VALUES (17, NULL, 12, 'launchpad', 'Launchpad', 'Launchpad', 'Launchpad is a catalogue of libre software projects and products. Projects registered in the Launchpad are linked to their translations in Rosetta, their bugs in Malone, their RCS imports in Bazaar, and their packages in Soyuz.', 'Launchpad''s design is inspired by the Description of a Project (DOAP) framework by Edd Dumbill, with extensions for actual releases of products.', '2006-11-24 12:48:19.178553', NULL, NULL, NULL, NULL, NULL, NULL, NULL, NULL, NULL, false, true, NULL, false, NULL, 1, false, true, NULL, NULL, NULL, NULL, 19, NULL, NULL, NULL, NULL, true, false, false, NULL, false, false, NULL, NULL, false, 12, NULL, NULL, NULL, NULL, NULL, 20, 10, 10, true);
INSERT INTO product (id, project, owner, name, displayname, title, summary, description, datecreated, homepageurl, screenshotsurl, wikiurl, listurl, programminglang, downloadurl, lastdoap, sourceforgeproject, freshmeatproject, reviewed, active, fti, autoupdate, translationgroup, translationpermission, official_rosetta, official_malone, bug_supervisor, security_contact, driver, bugtracker, development_focus, homepage_content, icon, mugshot, logo, official_answers, private_bugs, private_specs, license_info, official_blueprints, enable_bug_expiration, bug_reporting_guidelines, reviewer_whiteboard, license_approved, registrant, remote_product, translation_focus, max_bug_heat, date_next_suggest_packaging, bug_reported_acknowledgement, answers_usage, blueprints_usage, translations_usage, enable_bugfiling_duplicate_search) VALUES (18, NULL, 37, 'upstart', 'Upstart', 'The Upstart System Initialization Process', 'Event-based init daemon.', 'upstart is a replacement for the /sbin/init daemon which handles starting of tasks and services during boot, stopping them during shutdown and supervising them while the system is running.', '2007-03-14 18:47:04.891546', 'http://upstart.ubuntu.com/', NULL, NULL, NULL, NULL, NULL, NULL, NULL, NULL, false, true, NULL, false, NULL, 1, false, false, NULL, NULL, NULL, NULL, 20, NULL, NULL, NULL, NULL, false, false, false, NULL, false, false, NULL, NULL, false, 37, NULL, NULL, NULL, NULL, NULL, 10, 10, 10, true);
INSERT INTO product (id, project, owner, name, displayname, title, summary, description, datecreated, homepageurl, screenshotsurl, wikiurl, listurl, programminglang, downloadurl, lastdoap, sourceforgeproject, freshmeatproject, reviewed, active, fti, autoupdate, translationgroup, translationpermission, official_rosetta, official_malone, bug_supervisor, security_contact, driver, bugtracker, development_focus, homepage_content, icon, mugshot, logo, official_answers, private_bugs, private_specs, license_info, official_blueprints, enable_bug_expiration, bug_reporting_guidelines, reviewer_whiteboard, license_approved, registrant, remote_product, translation_focus, max_bug_heat, date_next_suggest_packaging, bug_reported_acknowledgement, answers_usage, blueprints_usage, translations_usage, enable_bugfiling_duplicate_search) VALUES (19, NULL, 28, 'aptoncd', 'APTonCD', 'APTonCD, Get APT Anywhere', 'A simple yet powerful tool which allows you to create one (or more) CD/DVD-Repository containing all of the packages downloaded via apt-get or aptitude.', 'A GUI-based tool that allows you to create a CD/DVD with all downloaded packages with APT-GET, creating a removable-repository.

With aptoncd you can:
* Create a CD/DVD with all downloaded packages
* Backup/restore all packages installeds with APT
* Install the same packages in a lot of machines
* Upgrade a lot of computers with same DVD
* And more is expected...

In the "Create APTonCD" feature we have the possibility to make a CD/DVD with all previously downloaded packages with apt-get or aptitude. It uses apt-cache (/var/cache/apt/archives) and scans for packages and makes a repository in one (or more) CD/DVD, exactly as the previous option.', '2007-03-14 18:53:13.112116', 'http://aptoncd.sourceforge.net/', NULL, NULL, NULL, NULL, NULL, NULL, NULL, NULL, false, true, NULL, false, NULL, 1, false, false, NULL, NULL, NULL, NULL, 21, NULL, NULL, NULL, NULL, false, false, false, NULL, false, false, NULL, NULL, false, 28, NULL, NULL, NULL, NULL, NULL, 10, 10, 10, true);
INSERT INTO product (id, project, owner, name, displayname, title, summary, description, datecreated, homepageurl, screenshotsurl, wikiurl, listurl, programminglang, downloadurl, lastdoap, sourceforgeproject, freshmeatproject, reviewed, active, fti, autoupdate, translationgroup, translationpermission, official_rosetta, official_malone, bug_supervisor, security_contact, driver, bugtracker, development_focus, homepage_content, icon, mugshot, logo, official_answers, private_bugs, private_specs, license_info, official_blueprints, enable_bug_expiration, bug_reporting_guidelines, reviewer_whiteboard, license_approved, registrant, remote_product, translation_focus, max_bug_heat, date_next_suggest_packaging, bug_reported_acknowledgement, answers_usage, blueprints_usage, translations_usage, enable_bugfiling_duplicate_search) VALUES (20, NULL, 14, 'jokosher', 'Jokosher', 'Jokosher Audio Editor', 'Jokosher is a simple yet powerful multi-track studio. With it you can create and record music, podcasts and more, all from an integrated simple environment.', 'Jokosher brings together many sources of audio into a seamless environment where you can record, mix and publish your audio content.', '2007-03-15 20:11:49.501871', 'http://www.jokosher.org/', NULL, NULL, NULL, NULL, NULL, NULL, NULL, NULL, false, true, NULL, false, NULL, 1, false, true, NULL, NULL, NULL, NULL, 22, NULL, NULL, NULL, NULL, false, false, false, NULL, false, true, NULL, NULL, false, 14, NULL, NULL, NULL, NULL, NULL, 10, 10, 10, true);
INSERT INTO product (id, project, owner, name, displayname, title, summary, description, datecreated, homepageurl, screenshotsurl, wikiurl, listurl, programminglang, downloadurl, lastdoap, sourceforgeproject, freshmeatproject, reviewed, active, fti, autoupdate, translationgroup, translationpermission, official_rosetta, official_malone, bug_supervisor, security_contact, driver, bugtracker, development_focus, homepage_content, icon, mugshot, logo, official_answers, private_bugs, private_specs, license_info, official_blueprints, enable_bug_expiration, bug_reporting_guidelines, reviewer_whiteboard, license_approved, registrant, remote_product, translation_focus, max_bug_heat, date_next_suggest_packaging, bug_reported_acknowledgement, answers_usage, blueprints_usage, translations_usage, enable_bugfiling_duplicate_search) VALUES (21, NULL, 12, 'bzr', 'Bazaar', 'Bazaar Version Control System', 'Bazaar is a distributed revision control system. It allows team members to branch and merge upstream code very easily. Most importantly, it is very robust in handling renames so that merges across radical restructurings of the tree are efficient and correct.', 'Bazaar aims to be a distributed RCS system that the open source community loves to use.

Distributed revision control systems allow multiple people to have their own branch of a project, and merge code efficiently between them. This enables new contributors to immediately have access to the full tools that previously have been limited to just the committers to a project.', '2007-03-27 16:28:27.763632', 'http://bazaar-vcs.org/', NULL, NULL, NULL, NULL, NULL, NULL, NULL, NULL, false, true, NULL, false, NULL, 1, false, false, NULL, NULL, NULL, NULL, 23, NULL, NULL, NULL, NULL, false, false, false, NULL, false, false, NULL, NULL, false, 12, NULL, NULL, NULL, NULL, NULL, 10, 10, 10, true);
INSERT INTO product (id, project, owner, name, displayname, title, summary, description, datecreated, homepageurl, screenshotsurl, wikiurl, listurl, programminglang, downloadurl, lastdoap, sourceforgeproject, freshmeatproject, reviewed, active, fti, autoupdate, translationgroup, translationpermission, official_rosetta, official_malone, bug_supervisor, security_contact, driver, bugtracker, development_focus, homepage_content, icon, mugshot, logo, official_answers, private_bugs, private_specs, license_info, official_blueprints, enable_bug_expiration, bug_reporting_guidelines, reviewer_whiteboard, license_approved, registrant, remote_product, translation_focus, max_bug_heat, date_next_suggest_packaging, bug_reported_acknowledgement, answers_usage, blueprints_usage, translations_usage, enable_bugfiling_duplicate_search) VALUES (22, NULL, 12, 'redfish', 'Redfish', 'Redfish', 'The redfish project.', 'The redfish project.', '2007-04-18 20:58:56.846607', NULL, NULL, NULL, NULL, NULL, NULL, NULL, NULL, NULL, false, true, NULL, false, NULL, 1, false, true, 64, NULL, NULL, NULL, 24, NULL, NULL, NULL, NULL, false, false, false, NULL, false, false, NULL, NULL, false, 12, NULL, NULL, NULL, NULL, NULL, 10, 10, 10, true);
INSERT INTO product (id, project, owner, name, displayname, title, summary, description, datecreated, homepageurl, screenshotsurl, wikiurl, listurl, programminglang, downloadurl, lastdoap, sourceforgeproject, freshmeatproject, reviewed, active, fti, autoupdate, translationgroup, translationpermission, official_rosetta, official_malone, bug_supervisor, security_contact, driver, bugtracker, development_focus, homepage_content, icon, mugshot, logo, official_answers, private_bugs, private_specs, license_info, official_blueprints, enable_bug_expiration, bug_reporting_guidelines, reviewer_whiteboard, license_approved, registrant, remote_product, translation_focus, max_bug_heat, date_next_suggest_packaging, bug_reported_acknowledgement, answers_usage, blueprints_usage, translations_usage, enable_bugfiling_duplicate_search) VALUES (23, 1, 1, 'derby', 'Derby', 'Derby - Java Database', 'Apache Derby, an Apache DB subproject, is an open source relational database implemented entirely in Java and available under the Apache License, Version 2.0.', 'Some key advantages include:

    * Derby has a small footprint -- about 2 megabytes for the base engine and embedded JDBC driver.
    * Derby is based on the Java, JDBC, and SQL standards.
    * Derby provides an embedded JDBC driver that lets you embed Derby in any Java-based solution.
    * Derby also supports the more familiar client/server mode with the Derby Network Client JDBC driver and Derby Network Server.
    * Derby is easy to install, deploy, and use.
', '2007-11-19 12:44:30.603892', 'http://db.apache.org/derby/', NULL, NULL, NULL, NULL, NULL, NULL, NULL, NULL, false, true, NULL, false, NULL, 1, false, false, NULL, NULL, NULL, NULL, 25, NULL, NULL, NULL, NULL, false, false, false, NULL, false, false, NULL, NULL, false, 1, NULL, NULL, NULL, NULL, NULL, 10, 10, 10, true);
INSERT INTO product (id, project, owner, name, displayname, title, summary, description, datecreated, homepageurl, screenshotsurl, wikiurl, listurl, programminglang, downloadurl, lastdoap, sourceforgeproject, freshmeatproject, reviewed, active, fti, autoupdate, translationgroup, translationpermission, official_rosetta, official_malone, bug_supervisor, security_contact, driver, bugtracker, development_focus, homepage_content, icon, mugshot, logo, official_answers, private_bugs, private_specs, license_info, official_blueprints, enable_bug_expiration, bug_reporting_guidelines, reviewer_whiteboard, license_approved, registrant, remote_product, translation_focus, max_bug_heat, date_next_suggest_packaging, bug_reported_acknowledgement, answers_usage, blueprints_usage, translations_usage, enable_bugfiling_duplicate_search) VALUES (24, NULL, 243623, 'mega-money-maker', 'Mega Money Maker', 'Sample Commercial Project', 'Proprietary project', NULL, '2008-06-27 14:51:47.366199', NULL, NULL, NULL, NULL, NULL, NULL, NULL, NULL, NULL, false, true, NULL, false, NULL, 1, false, false, NULL, NULL, NULL, NULL, 26, NULL, NULL, NULL, NULL, false, false, false, 'All rights reserved.  Not free.', false, false, NULL, NULL, false, 243623, NULL, NULL, NULL, NULL, NULL, 10, 10, 10, true);
INSERT INTO product (id, project, owner, name, displayname, title, summary, description, datecreated, homepageurl, screenshotsurl, wikiurl, listurl, programminglang, downloadurl, lastdoap, sourceforgeproject, freshmeatproject, reviewed, active, fti, autoupdate, translationgroup, translationpermission, official_rosetta, official_malone, bug_supervisor, security_contact, driver, bugtracker, development_focus, homepage_content, icon, mugshot, logo, official_answers, private_bugs, private_specs, license_info, official_blueprints, enable_bug_expiration, bug_reporting_guidelines, reviewer_whiteboard, license_approved, registrant, remote_product, translation_focus, max_bug_heat, date_next_suggest_packaging, bug_reported_acknowledgement, answers_usage, blueprints_usage, translations_usage, enable_bugfiling_duplicate_search) VALUES (25, NULL, 16, 'rosetta', 'Launchpad Translations', 'The translations part of Launchpad', 'Here you can translate your project into other spoken languages.', NULL, '2008-10-02 10:12:40.909504', NULL, NULL, NULL, NULL, NULL, NULL, NULL, NULL, NULL, true, true, NULL, false, NULL, 1, false, false, NULL, NULL, NULL, NULL, 27, NULL, NULL, NULL, NULL, false, false, false, NULL, false, false, NULL, NULL, false, 16, NULL, NULL, NULL, NULL, NULL, 10, 10, 10, true);
INSERT INTO product (id, project, owner, name, displayname, title, summary, description, datecreated, homepageurl, screenshotsurl, wikiurl, listurl, programminglang, downloadurl, lastdoap, sourceforgeproject, freshmeatproject, reviewed, active, fti, autoupdate, translationgroup, translationpermission, official_rosetta, official_malone, bug_supervisor, security_contact, driver, bugtracker, development_focus, homepage_content, icon, mugshot, logo, official_answers, private_bugs, private_specs, license_info, official_blueprints, enable_bug_expiration, bug_reporting_guidelines, reviewer_whiteboard, license_approved, registrant, remote_product, translation_focus, max_bug_heat, date_next_suggest_packaging, bug_reported_acknowledgement, answers_usage, blueprints_usage, translations_usage, enable_bugfiling_duplicate_search) VALUES (26, NULL, 16, 'obsolete-junk', 'Obsolete Junk', 'The Great Mass of Obsolete Junk', 'If you have junk that you don''t want clogging up your product, dump it here.', NULL, '2009-05-02 21:33:15.310312', NULL, NULL, NULL, NULL, NULL, NULL, NULL, NULL, NULL, true, true, NULL, false, NULL, 1, false, false, NULL, NULL, NULL, NULL, 28, NULL, NULL, NULL, NULL, false, false, false, '(We have them all because we are junk. Junk. Junk I tell you.)', false, false, NULL, NULL, true, 16, NULL, NULL, NULL, NULL, NULL, 10, 10, 10, true);


ALTER TABLE product ENABLE TRIGGER ALL;


ALTER TABLE announcement DISABLE TRIGGER ALL;

INSERT INTO announcement (id, date_created, date_announced, registrant, product, distribution, project, title, summary, url, active, date_updated) VALUES (1, '2007-11-25 00:44:32.186178', '2007-11-20 03:00:00', 1, NULL, 1, NULL, 'Every Macedonian Student to Use Ubuntu-Powered Computer Workstations', 'The Macedonia Ministry of Education and Science will deploy more than 180,000 workstations running Canonical’s Edubuntu 7.04 as part of its "Computer for Every Child" project.', 'http://www.ubuntu.com/news/macedonia-school-computers', true, NULL);
INSERT INTO announcement (id, date_created, date_announced, registrant, product, distribution, project, title, summary, url, active, date_updated) VALUES (2, '2007-11-25 00:48:53.347225', '2007-10-15 07:00:00', 1, NULL, 1, NULL, 'Ubuntu 7.10 Released, Delivering the Best of Open Source Software', 'Canonical Ltd. announced today the upcoming availability of version 7.10 of the Ubuntu Server, Desktop, Kubuntu and Edubuntu Editions. All will be available for free download on Thursday 18 October. Canonical is the commercial sponsor of Ubuntu.

', 'http://www.ubuntu.com/news/ubuntu710', true, NULL);
INSERT INTO announcement (id, date_created, date_announced, registrant, product, distribution, project, title, summary, url, active, date_updated) VALUES (3, '2007-11-25 00:50:56.337934', '2007-09-11 04:00:00', 1, NULL, 1, NULL, 'Canonical to Provide Optimized Ubuntu OS Layer for VMware Virtual Appliances', 'Canonical Ltd., the commercial sponsor of Ubuntu, today announced the availability of its Ubuntu JeOS (Just Enough Operating System) edition. Ubuntu JeOS (pronounced "Juice") is an efficient variant of the popular desktop and server operating system, configured specifically for virtual appliances.', 'http://www.ubuntu.com/news/ubuntu-jeos', true, NULL);
INSERT INTO announcement (id, date_created, date_announced, registrant, product, distribution, project, title, summary, url, active, date_updated) VALUES (4, '2007-11-25 00:52:09.015964', '2007-08-07 04:29:00', 1, NULL, 1, NULL, 'Dell Answers Customer Calls for Linux in Europe', 'Dell today unveiled two consumer PCs in Europe – the Inspiron 6400n and the Inspiron 530n – with the Ubuntu 7.04 Linux operating system factory installed. Available now in the United Kingdom, Germany and France, the systems are Dell’s first steps to meet the needs of the Linux enthusiast community outside of the United States.

', 'http://www.ubuntu.com/news/dell-available-in-europe', true, NULL);
INSERT INTO announcement (id, date_created, date_announced, registrant, product, distribution, project, title, summary, url, active, date_updated) VALUES (5, '2007-11-25 00:53:11.94385', '2007-08-03 10:56:00', 1, NULL, 1, NULL, 'Canonical and Altkom Akademia partner to deliver Ubuntu Certified Professional training in Poland', 'Canonical Ltd, the commercial sponsor of Ubuntu, today announced it has signed an agreement with Altkom Akademia to deliver ''Ubuntu Certified Professional'' (UCP) training in Poland. Altkom will deliver official courses in Warsaw starting in September 2007.

Two five day courses, Ubuntu Professional Courses 1 & 2, will assist system administrators in passing the required LPI 101, LPI 102 and the Ubuntu 199 exams, and achieve the Ubuntu Certified Professional certification. These courses are part of a series of classroom and e-learning courses scheduled for launch throughout 2007.', 'http://www.ubuntu.com/news/canonical-altkom-akademia-deliver-training-in-poland', true, NULL);
INSERT INTO announcement (id, date_created, date_announced, registrant, product, distribution, project, title, summary, url, active, date_updated) VALUES (6, '2007-11-25 00:54:20.800516', '2007-07-22 14:43:00', 1, NULL, 1, NULL, 'Canonical Launches Web-Based Systems Management Tool For Ubuntu Deployments', 'Canonical announced today the availability of Landscape, its web-based systems management tool for Ubuntu servers and desktops.

Available to Canonical''s support subscribers, Landscape provides a key tool for the growing number of businesses that want to take advantage of the ease of use of Ubuntu and have previously seen system administration or support as a hurdle.', 'http://www.ubuntu.com/news/landscape-system-management-tool', true, NULL);
INSERT INTO announcement (id, date_created, date_announced, registrant, product, distribution, project, title, summary, url, active, date_updated) VALUES (7, '2007-11-25 00:55:21.295487', '2007-06-29 17:28:00', 1, NULL, 1, NULL, 'Ubuntu Receives Readers'' Choice Award for ''Best Linux Distribution''', 'Canonical, Ltd., the commercial sponsor of Ubuntu, today announced that it won Enterprise Open Source Magazine’s Readers’ Choice Award for the “Best Linux Distribution,” voted on by members of the open source community.

The winners of the Readers’ Choice Awards were revealed by SYS-CON, the parent publishing company for Enterprise Open Source Magazine, at the second annual Enterprise Open Source Conference in New York last week. This year the Enterprise Open Source Conference has been co-located with the SOA World Conference & Expo 2007.

', 'http://www.ubuntu.com/news/enterprise-open-source-best-distribution-award', true, NULL);
INSERT INTO announcement (id, date_created, date_announced, registrant, product, distribution, project, title, summary, url, active, date_updated) VALUES (8, '2007-11-25 00:59:12.513928', '2007-11-25 00:59:12.513928', 1, NULL, 1, NULL, 'Ubuntu takes majority market share in Bapetikosweti', 'In a stunning turnaround, the independent republic of Bapetikosweti has declared that all computers sold within its borders should have Ubuntu preinstalled, fully translated into the local dialect, Uysh. A government spokesman said "we wanted to show that this could be nation of change".', NULL, false, '2007-11-25 00:59:23.363818');
INSERT INTO announcement (id, date_created, date_announced, registrant, product, distribution, project, title, summary, url, active, date_updated) VALUES (9, '2007-11-25 01:00:57.90496', NULL, 1, NULL, 1, NULL, 'Ubuntu 8.04 Wins a "100 Best Products of 2008 Award" from PC World', 'Ubuntu 7.08, commercially sponsored by Canonical Ltd., was honored by PC World with a 100 Best Products of 2008 Award. The article is available now on PCWorld.com, and will also be featured in the July 2008 issue of PC World, which hits newsstands June 12.

Ubuntu is the award-winning Linux distribution for the desktop, laptop, thin client and server which brings together the best of open source software every 6 months. Version 8.04 launched in April as a secure, feature-rich alternative to Microsoft Windows. Recently, Canonical has announced partnerships with leading technology companies including Dell, VMware and Zimbra to expand the distribution''s reach.', NULL, true, NULL);
INSERT INTO announcement (id, date_created, date_announced, registrant, product, distribution, project, title, summary, url, active, date_updated) VALUES (10, '2007-11-25 01:13:31.234806', '2007-11-19 20:00:00', 1, 4, NULL, NULL, 'Firefox 3 Beta 1 Ready for Testing', 'Mozilla announced Firefox 3 Beta 1 today. Mike Betlzner has a comprehensive post on DevNews, crossposted below. Reminder that the Firefox 3 Beta 1 milestone release is intended for testing purposes only and is not for casual users.', 'http://blog.mozilla.com/blog/2007/11/20/firefox-3-beta-1-ready-for-testing/', true, NULL);
INSERT INTO announcement (id, date_created, date_announced, registrant, product, distribution, project, title, summary, url, active, date_updated) VALUES (11, '2007-11-25 01:14:42.885968', '2007-10-25 08:02:00', 1, 4, NULL, NULL, 'Extend Firefox 2 is Here!', 'Will you be the brain behind the next great web innovation? Get ready to show the world what you’re made of… Extend Firefox 2 is here! Extend Firefox 2 is a developer contest with prizes awarded for creating new Firefox Add-ons. All entries will be judged by a panel of experts.', 'http://blog.mozilla.com/blog/2007/10/25/extend-firefox-2-is-here/', true, NULL);
INSERT INTO announcement (id, date_created, date_announced, registrant, product, distribution, project, title, summary, url, active, date_updated) VALUES (12, '2007-11-25 01:16:01.858804', '2007-07-09 12:00:00', 1, 4, NULL, NULL, 'Four Hundred Million Firefox Downloads', 'On November 9th, 2004, you all started a movement. Spread Firefox, supported by tens of thousands of contributors, took just 99 days to deliver 25 million downloads of Firefox to a world of people desperate for a better Web — a Web that didn’t overwhelm them with pop-ups, a Web that didn’t infect their systems with viruses and spyware, a Web that was fun again, simply put, a Web that worked.', 'http://blog.mozilla.com/blog/2007/09/07/four-hundred-million-firefox-downloads/', true, NULL);
INSERT INTO announcement (id, date_created, date_announced, registrant, product, distribution, project, title, summary, url, active, date_updated) VALUES (13, '2007-11-25 01:17:47.035452', '2007-08-06 09:45:00', 1, 4, NULL, NULL, 'Rock Your Firefox!', ' We’re excited to announce the launch of another tool that will allow you to surf your web, your way: Rock Your Firefox! Rock Your Firefox is an application built on the Facebook® Platform allowing you to personalize, customize, and essentially rock out your browser, and share it with your friends. Browse through more than 2000 add-ons and recommend those you like to your friends - and see what they recommend for you.', 'http://blog.mozilla.com/blog/2007/08/06/rock-your-firefox/', true, NULL);
INSERT INTO announcement (id, date_created, date_announced, registrant, product, distribution, project, title, summary, url, active, date_updated) VALUES (14, '2007-11-25 01:19:22.075917', '2007-06-19 22:23:00', 1, 4, NULL, NULL, 'Firefox support options', 'We often get letters, voicemails and emails asking, “How do I get help for Firefox?” That’s a good question, so I thought I would share the available and very helpful resources.', 'http://blog.mozilla.com/blog/2007/06/20/firefox-support-options/', true, NULL);
INSERT INTO announcement (id, date_created, date_announced, registrant, product, distribution, project, title, summary, url, active, date_updated) VALUES (15, '2007-11-25 01:20:14.590274', '2007-06-15 02:13:00', 1, 4, NULL, NULL, 'A few foxy tips', 'A great deal of Firefox’s popularity is due to the ability to personalize it and add all sorts of functionality via add-ons. But there are some nifty shortcuts and features right in Firefox. I asked around here at Mozilla for favorite Firefox features and time savers.', 'http://blog.mozilla.com/blog/2007/06/15/a-few-foxy-tips/', true, NULL);
INSERT INTO announcement (id, date_created, date_announced, registrant, product, distribution, project, title, summary, url, active, date_updated) VALUES (16, '2007-11-25 01:21:54.413156', '2007-09-18 02:24:00', 1, 8, NULL, NULL, 'Mozilla’s New Focus on Thunderbird and Internet Communications', 'Mozilla has been investing in email since the Foundation was created. We have a good, solid client in Thunderbird, and we have aspirations to do more. We’ve spent the last few months working on how to meet those aspirations. Many thanks to everyone who participated in the discussions.

The result is that Mozilla is launching a new effort to improve email and internet communications. We will increase our investment and focus on our current email client — Thunderbird — and on innovations in the email and communications areas.', 'http://blog.mozilla.com/blog/2007/09/18/mozillas-new-focus-on-thunderbird-and-internet-communications/', true, NULL);
INSERT INTO announcement (id, date_created, date_announced, registrant, product, distribution, project, title, summary, url, active, date_updated) VALUES (17, '2007-11-25 01:25:18.801758', '2007-09-10 10:28:00', 1, NULL, NULL, 4, 'Air Mozilla Live this Wednesday - Window Snyder, Mozilla Security', 'Air Mozilla is the live “call in” show featuring influential Mozilla contributors from all over the world. This week’s show will feature Window Snyder, Chief Security Something or Other, talking about Mozilla and Web security. So join us this Wednesday at air.mozilla.com and on IRC or IM to be a part of the fun.', 'http://blog.mozilla.com/blog/2007/10/09/air-mozilla-live-this-wednesday-window-snyder-mozilla-security/', true, NULL);
INSERT INTO announcement (id, date_created, date_announced, registrant, product, distribution, project, title, summary, url, active, date_updated) VALUES (18, '2007-11-25 01:26:23.455036', '2007-09-18 12:28:00', 1, NULL, NULL, 4, 'Special Edition of Air Mozilla: Mitchell Baker and David Ascher', 'Tomorrow’s Air Mozilla Live will be focused on the recent announcements around Mozilla’s increasing investment in email and messaging. We’ll have both Mitchell Baker, Chairman of the Board, and David Ascher, the leader of Mozilla’s new messaging company taking your questions, live just after 2PM Pacific. So join us this Wednesday at air.mozilla.com and on IRC or IM to be a part of the fun.', 'http://blog.mozilla.com/blog/2007/09/18/special-edition-of-air-mozilla-mitchell-baker-and-david-ascher/', true, NULL);
INSERT INTO announcement (id, date_created, date_announced, registrant, product, distribution, project, title, summary, url, active, date_updated) VALUES (19, '2007-11-25 01:27:29.708004', '2007-09-15 07:03:00', 1, NULL, NULL, 4, 'Mozilla 24 is LIVE!', 'Our colleagues in Japan kicked off Mozilla 24 in Tokyo this evening. If you weren’t able to make it there like me, you don’t have to miss out on all the action. You can watch live from the Mozilla 24 site now.', 'http://blog.mozilla.com/blog/2007/09/15/mozilla-24-is-live/', true, NULL);
INSERT INTO announcement (id, date_created, date_announced, registrant, product, distribution, project, title, summary, url, active, date_updated) VALUES (20, '2007-11-25 01:28:31.840429', '2007-09-10 07:26:00', 1, NULL, NULL, 4, 'Count down to Mozilla 24!', 'We’re just a few days away from Mozilla 24, our global community event that will be taking place in Paris, Tokyo, the S.F. Bay Area (Stanford University) and now Thailand! Here is a recap of the Mozilla 24 events near you.', 'http://blog.mozilla.com/blog/2007/09/10/count-down-to-mozilla-24/', true, NULL);
INSERT INTO announcement (id, date_created, date_announced, registrant, product, distribution, project, title, summary, url, active, date_updated) VALUES (21, '2007-11-25 01:30:55.41149', '2007-08-07 12:22:00', 1, NULL, NULL, 4, 'Announcing the Grand Re-Opening of the Mozilla Store', 'Hi all. I’m excited to announce that the revamped Mozilla Store is now live!
Here are a few quick high points of what’s new:
- new site design, featuring Mozilla employees as models.
- 12 new items (plus many old favorites) including t-shirts, stickers and more.
- interactive features including a Store Blog, Community Spotlight', 'http://blog.mozilla.com/blog/2007/08/17/announcing-the-grand-re-opening-of-the-mozilla-store/', true, NULL);
INSERT INTO announcement (id, date_created, date_announced, registrant, product, distribution, project, title, summary, url, active, date_updated) VALUES (22, '2007-11-25 01:32:06.722004', NULL, 1, NULL, NULL, 4, 'Google become Platinum Sponsor of Mozilla', 'In a landmark deal for an open source project, Mozilla and Google have agreed that Google will provide free food to all Mozilla contributors, regardless of their domicile.', NULL, true, NULL);
INSERT INTO announcement (id, date_created, date_announced, registrant, product, distribution, project, title, summary, url, active, date_updated) VALUES (23, '2007-11-23 01:32:06.722004', '2007-11-23 01:32:06.722004', 1, NULL, 1, NULL, 'Ampersand="&" LessThan="<" GreaterThan=">"', 'This is to test that special characters get escaped and displayed correctly.
Ampersand="&"
LessThan="<"
GreaterThan=">"
Newline="
"
url="http://www.ubuntu.com" (The text-to-html formatter should make this an <a> tag)
', NULL, true, NULL);


ALTER TABLE announcement ENABLE TRIGGER ALL;


ALTER TABLE sourcepackagename DISABLE TRIGGER ALL;

INSERT INTO sourcepackagename (id, name) VALUES (1, 'mozilla-firefox');
INSERT INTO sourcepackagename (id, name) VALUES (9, 'evolution');
INSERT INTO sourcepackagename (id, name) VALUES (10, 'netapplet');
INSERT INTO sourcepackagename (id, name) VALUES (14, 'pmount');
INSERT INTO sourcepackagename (id, name) VALUES (15, 'a52dec');
INSERT INTO sourcepackagename (id, name) VALUES (16, 'mozilla');
INSERT INTO sourcepackagename (id, name) VALUES (17, 'at');
INSERT INTO sourcepackagename (id, name) VALUES (18, 'thunderbird');
INSERT INTO sourcepackagename (id, name) VALUES (19, 'alsa-utils');
INSERT INTO sourcepackagename (id, name) VALUES (20, 'cnews');
INSERT INTO sourcepackagename (id, name) VALUES (21, 'libstdc++');
INSERT INTO sourcepackagename (id, name) VALUES (22, 'linux-source-2.6.15');
INSERT INTO sourcepackagename (id, name) VALUES (23, 'foobar');
INSERT INTO sourcepackagename (id, name) VALUES (24, 'cdrkit');
INSERT INTO sourcepackagename (id, name) VALUES (25, 'language-pack-de');
INSERT INTO sourcepackagename (id, name) VALUES (26, 'iceweasel');
INSERT INTO sourcepackagename (id, name) VALUES (27, 'commercialpackage');


ALTER TABLE sourcepackagename ENABLE TRIGGER ALL;


ALTER TABLE answercontact DISABLE TRIGGER ALL;

INSERT INTO answercontact (id, product, distribution, sourcepackagename, person, date_created) VALUES (1, NULL, 1, 1, 16, '2007-03-14 20:07:25.233772');
INSERT INTO answercontact (id, product, distribution, sourcepackagename, person, date_created) VALUES (2, 13, NULL, NULL, 16, '2007-03-14 20:11:44.591006');
INSERT INTO answercontact (id, product, distribution, sourcepackagename, person, date_created) VALUES (3, 13, NULL, NULL, 18, '2007-03-14 20:11:44.591006');
INSERT INTO answercontact (id, product, distribution, sourcepackagename, person, date_created) VALUES (4, 9, NULL, NULL, 18, '2007-03-14 20:12:07.145528');


ALTER TABLE answercontact ENABLE TRIGGER ALL;


ALTER TABLE job DISABLE TRIGGER ALL;

INSERT INTO job (id, requester, reason, status, progress, last_report_seen, next_report_due, attempt_count, max_retries, log, scheduled_start, lease_expires, date_created, date_started, date_finished) VALUES (1, NULL, NULL, 1, NULL, NULL, NULL, 0, 0, NULL, NULL, NULL, '2005-06-15 09:14:12.820778', '2005-06-15 09:20:12.820778', NULL);
INSERT INTO job (id, requester, reason, status, progress, last_report_seen, next_report_due, attempt_count, max_retries, log, scheduled_start, lease_expires, date_created, date_started, date_finished) VALUES (2, NULL, NULL, 0, NULL, NULL, NULL, 0, 0, NULL, NULL, NULL, '2005-06-15 10:14:12.820778', NULL, NULL);


ALTER TABLE job ENABLE TRIGGER ALL;


ALTER TABLE temporaryblobstorage DISABLE TRIGGER ALL;



ALTER TABLE temporaryblobstorage ENABLE TRIGGER ALL;


ALTER TABLE apportjob DISABLE TRIGGER ALL;



ALTER TABLE apportjob ENABLE TRIGGER ALL;


ALTER TABLE gpgkey DISABLE TRIGGER ALL;

INSERT INTO gpgkey (id, owner, keyid, fingerprint, active, algorithm, keysize, can_encrypt, date_created) VALUES (1, 16, '12345678', 'ABCDEF0123456789ABCDDCBA0000111112345678', true, 17, 1024, true, '2006-10-16 18:31:43.631499');


ALTER TABLE gpgkey ENABLE TRIGGER ALL;


ALTER TABLE archive DISABLE TRIGGER ALL;

INSERT INTO archive (id, owner, description, enabled, authorized_size, distribution, purpose, private, sources_cached, binaries_cached, package_description_cache, fti, buildd_secret, require_virtualized, name, publish, date_updated, total_count, pending_count, succeeded_count, failed_count, building_count, date_created, signing_key, removed_binary_retention_days, num_old_versions_published, displayname, relative_build_score, external_dependencies, status, commercial, build_debug_symbols) VALUES (1, 17, NULL, true, NULL, 1, 1, false, NULL, NULL, NULL, NULL, NULL, false, 'primary', true, '2008-05-27 18:15:12.241774', 15, 1, 8, 5, 1, '2008-09-23 17:29:03.442606', NULL, NULL, NULL, 'Primary Archive for Ubuntu Linux', 0, NULL, 0, false, false);
INSERT INTO archive (id, owner, description, enabled, authorized_size, distribution, purpose, private, sources_cached, binaries_cached, package_description_cache, fti, buildd_secret, require_virtualized, name, publish, date_updated, total_count, pending_count, succeeded_count, failed_count, building_count, date_created, signing_key, removed_binary_retention_days, num_old_versions_published, displayname, relative_build_score, external_dependencies, status, commercial, build_debug_symbols) VALUES (2, 1, NULL, true, NULL, 2, 1, false, NULL, NULL, NULL, NULL, NULL, false, 'primary', true, '2008-05-27 18:15:15.863812', 0, 0, 0, 0, 0, '2008-09-23 17:29:03.445921', NULL, NULL, NULL, 'Primary Archive for Redhat Advanced Server', 0, NULL, 0, false, false);
INSERT INTO archive (id, owner, description, enabled, authorized_size, distribution, purpose, private, sources_cached, binaries_cached, package_description_cache, fti, buildd_secret, require_virtualized, name, publish, date_updated, total_count, pending_count, succeeded_count, failed_count, building_count, date_created, signing_key, removed_binary_retention_days, num_old_versions_published, displayname, relative_build_score, external_dependencies, status, commercial, build_debug_symbols) VALUES (3, 1, NULL, true, NULL, 3, 1, false, NULL, NULL, NULL, NULL, NULL, false, 'primary', true, '2008-05-27 18:15:15.864941', 0, 0, 0, 0, 0, '2008-09-23 17:29:03.446557', NULL, NULL, NULL, 'Primary Archive for Debian GNU/Linux', 0, NULL, 0, false, false);
INSERT INTO archive (id, owner, description, enabled, authorized_size, distribution, purpose, private, sources_cached, binaries_cached, package_description_cache, fti, buildd_secret, require_virtualized, name, publish, date_updated, total_count, pending_count, succeeded_count, failed_count, building_count, date_created, signing_key, removed_binary_retention_days, num_old_versions_published, displayname, relative_build_score, external_dependencies, status, commercial, build_debug_symbols) VALUES (4, 1, NULL, true, NULL, 4, 1, false, NULL, NULL, NULL, NULL, NULL, false, 'primary', true, '2008-05-27 18:15:15.865502', 0, 0, 0, 0, 0, '2008-09-23 17:29:03.44689', NULL, NULL, NULL, 'Primary Archive for The Gentoo Linux', 0, NULL, 0, false, false);
INSERT INTO archive (id, owner, description, enabled, authorized_size, distribution, purpose, private, sources_cached, binaries_cached, package_description_cache, fti, buildd_secret, require_virtualized, name, publish, date_updated, total_count, pending_count, succeeded_count, failed_count, building_count, date_created, signing_key, removed_binary_retention_days, num_old_versions_published, displayname, relative_build_score, external_dependencies, status, commercial, build_debug_symbols) VALUES (5, 1, NULL, true, NULL, 5, 1, false, NULL, NULL, NULL, NULL, NULL, false, 'primary', true, '2008-05-27 18:15:15.866015', 0, 0, 0, 0, 0, '2008-09-23 17:29:03.447202', NULL, NULL, NULL, 'Primary Archive for Kubuntu - Free KDE-based Linux', 0, NULL, 0, false, false);
INSERT INTO archive (id, owner, description, enabled, authorized_size, distribution, purpose, private, sources_cached, binaries_cached, package_description_cache, fti, buildd_secret, require_virtualized, name, publish, date_updated, total_count, pending_count, succeeded_count, failed_count, building_count, date_created, signing_key, removed_binary_retention_days, num_old_versions_published, displayname, relative_build_score, external_dependencies, status, commercial, build_debug_symbols) VALUES (7, 4, NULL, true, NULL, 7, 1, false, NULL, NULL, NULL, NULL, NULL, false, 'primary', true, '2008-05-27 18:15:15.866529', 0, 0, 0, 0, 0, '2008-09-23 17:29:03.447515', NULL, NULL, NULL, 'Primary Archive for GuadaLinex: Linux for Andalucia', 0, NULL, 0, false, false);
INSERT INTO archive (id, owner, description, enabled, authorized_size, distribution, purpose, private, sources_cached, binaries_cached, package_description_cache, fti, buildd_secret, require_virtualized, name, publish, date_updated, total_count, pending_count, succeeded_count, failed_count, building_count, date_created, signing_key, removed_binary_retention_days, num_old_versions_published, displayname, relative_build_score, external_dependencies, status, commercial, build_debug_symbols) VALUES (8, 17, NULL, true, NULL, 8, 1, false, NULL, NULL, NULL, NULL, NULL, false, 'primary', true, '2008-05-27 18:15:15.867154', 0, 0, 0, 0, 0, '2008-09-23 17:29:03.447851', NULL, NULL, NULL, 'Primary Archive for Ubuntu Test', 0, NULL, 0, false, false);
INSERT INTO archive (id, owner, description, enabled, authorized_size, distribution, purpose, private, sources_cached, binaries_cached, package_description_cache, fti, buildd_secret, require_virtualized, name, publish, date_updated, total_count, pending_count, succeeded_count, failed_count, building_count, date_created, signing_key, removed_binary_retention_days, num_old_versions_published, displayname, relative_build_score, external_dependencies, status, commercial, build_debug_symbols) VALUES (9, 28, 'packages to help my friends.', true, 1024, 1, 2, false, 3, 3, NULL, NULL, NULL, true, 'ppa', true, '2008-05-27 18:15:15.867684', 4, 0, 3, 1, 0, '2008-09-23 17:29:03.448178', NULL, NULL, NULL, 'PPA for Celso Providelo', 0, NULL, 0, false, false);
INSERT INTO archive (id, owner, description, enabled, authorized_size, distribution, purpose, private, sources_cached, binaries_cached, package_description_cache, fti, buildd_secret, require_virtualized, name, publish, date_updated, total_count, pending_count, succeeded_count, failed_count, building_count, date_created, signing_key, removed_binary_retention_days, num_old_versions_published, displayname, relative_build_score, external_dependencies, status, commercial, build_debug_symbols) VALUES (10, 1, 'packages to help the humanity (you know, ubuntu)', true, 1024, 1, 2, false, 1, 1, NULL, NULL, NULL, true, 'ppa', true, '2008-05-27 18:15:15.868202', 0, 0, 0, 0, 0, '2008-09-23 17:29:03.448488', NULL, NULL, NULL, 'PPA for Mark Shuttleworth', 0, NULL, 0, false, false);
INSERT INTO archive (id, owner, description, enabled, authorized_size, distribution, purpose, private, sources_cached, binaries_cached, package_description_cache, fti, buildd_secret, require_virtualized, name, publish, date_updated, total_count, pending_count, succeeded_count, failed_count, building_count, date_created, signing_key, removed_binary_retention_days, num_old_versions_published, displayname, relative_build_score, external_dependencies, status, commercial, build_debug_symbols) VALUES (11, 52, 'I am not allowed to say, I have no privs.', true, 1024, 1, 2, false, 0, 0, NULL, NULL, NULL, true, 'ppa', true, '2008-05-27 18:15:15.868709', 1, 0, 0, 1, 0, '2008-09-23 17:29:03.448797', NULL, NULL, NULL, 'PPA for No Privileges Person', 0, NULL, 0, false, false);
INSERT INTO archive (id, owner, description, enabled, authorized_size, distribution, purpose, private, sources_cached, binaries_cached, package_description_cache, fti, buildd_secret, require_virtualized, name, publish, date_updated, total_count, pending_count, succeeded_count, failed_count, building_count, date_created, signing_key, removed_binary_retention_days, num_old_versions_published, displayname, relative_build_score, external_dependencies, status, commercial, build_debug_symbols) VALUES (12, 17, 'Partner archive', true, NULL, 1, 4, false, NULL, NULL, NULL, NULL, NULL, false, 'partner', true, '2008-05-27 18:15:15.869209', 1, 0, 1, 0, 0, '2008-09-23 17:29:03.449157', NULL, NULL, NULL, 'Partner Archive for Ubuntu Linux', 0, NULL, 0, false, false);
INSERT INTO archive (id, owner, description, enabled, authorized_size, distribution, purpose, private, sources_cached, binaries_cached, package_description_cache, fti, buildd_secret, require_virtualized, name, publish, date_updated, total_count, pending_count, succeeded_count, failed_count, building_count, date_created, signing_key, removed_binary_retention_days, num_old_versions_published, displayname, relative_build_score, external_dependencies, status, commercial, build_debug_symbols) VALUES (13, 17, 'Partner archive', true, NULL, 8, 4, false, NULL, NULL, NULL, NULL, NULL, false, 'partner', true, '2008-05-27 18:15:15.869732', 0, 0, 0, 0, 0, '2008-09-23 17:29:03.449471', NULL, NULL, NULL, 'Partner Archive for Ubuntu Test', 0, NULL, 0, false, false);
INSERT INTO archive (id, owner, description, enabled, authorized_size, distribution, purpose, private, sources_cached, binaries_cached, package_description_cache, fti, buildd_secret, require_virtualized, name, publish, date_updated, total_count, pending_count, succeeded_count, failed_count, building_count, date_created, signing_key, removed_binary_retention_days, num_old_versions_published, displayname, relative_build_score, external_dependencies, status, commercial, build_debug_symbols) VALUES (14, 17, 'Sample copy archive', true, NULL, 8, 6, false, NULL, NULL, NULL, NULL, NULL, false, 'samplecopyarchive', false, '2008-11-19 18:15:15.869732', 0, 0, 0, 0, 0, '2008-11-18 17:29:03.449471', NULL, NULL, NULL, 'Copy archive samplecopyarchive for Ubuntu Team', 0, NULL, 0, false, false);
INSERT INTO archive (id, owner, description, enabled, authorized_size, distribution, purpose, private, sources_cached, binaries_cached, package_description_cache, fti, buildd_secret, require_virtualized, name, publish, date_updated, total_count, pending_count, succeeded_count, failed_count, building_count, date_created, signing_key, removed_binary_retention_days, num_old_versions_published, displayname, relative_build_score, external_dependencies, status, commercial, build_debug_symbols) VALUES (15, 17, 'Debug archive', true, NULL, 1, 7, false, NULL, NULL, NULL, NULL, NULL, false, 'debug', true, '2009-04-17 10:09:10.859746', 0, 0, 0, 0, 0, '2009-04-17 10:01:03.449876', NULL, NULL, NULL, 'Ubuntu DEBUG archive', 0, NULL, 0, false, false);
INSERT INTO archive (id, owner, description, enabled, authorized_size, distribution, purpose, private, sources_cached, binaries_cached, package_description_cache, fti, buildd_secret, require_virtualized, name, publish, date_updated, total_count, pending_count, succeeded_count, failed_count, building_count, date_created, signing_key, removed_binary_retention_days, num_old_versions_published, displayname, relative_build_score, external_dependencies, status, commercial, build_debug_symbols) VALUES (16, 16, NULL, true, 2048, 9, 1, false, 0, 0, NULL, NULL, NULL, true, 'primary', true, '2011-03-17 14:28:54.354337', 0, 0, 0, 0, 0, '2011-03-17 14:28:54.354337', NULL, NULL, NULL, 'Primary Archive for Deribuntu', 0, NULL, 0, false, false);


ALTER TABLE archive ENABLE TRIGGER ALL;


ALTER TABLE archivearch DISABLE TRIGGER ALL;



ALTER TABLE archivearch ENABLE TRIGGER ALL;


ALTER TABLE archiveauthtoken DISABLE TRIGGER ALL;



ALTER TABLE archiveauthtoken ENABLE TRIGGER ALL;


ALTER TABLE component DISABLE TRIGGER ALL;

INSERT INTO component (id, name, description) VALUES (1, 'main', NULL);
INSERT INTO component (id, name, description) VALUES (2, 'restricted', NULL);
INSERT INTO component (id, name, description) VALUES (3, 'universe', NULL);
INSERT INTO component (id, name, description) VALUES (4, 'multiverse', NULL);
INSERT INTO component (id, name, description) VALUES (5, 'partner', 'This component contains partner packages only, which are not in the main Ubuntu archive.');


ALTER TABLE component ENABLE TRIGGER ALL;


ALTER TABLE archivedependency DISABLE TRIGGER ALL;



ALTER TABLE archivedependency ENABLE TRIGGER ALL;


ALTER TABLE archivejob DISABLE TRIGGER ALL;



ALTER TABLE archivejob ENABLE TRIGGER ALL;


ALTER TABLE packagesetgroup DISABLE TRIGGER ALL;



ALTER TABLE packagesetgroup ENABLE TRIGGER ALL;


ALTER TABLE packageset DISABLE TRIGGER ALL;



ALTER TABLE packageset ENABLE TRIGGER ALL;


ALTER TABLE archivepermission DISABLE TRIGGER ALL;

INSERT INTO archivepermission (id, date_created, person, permission, archive, component, sourcepackagename, packageset, explicit) VALUES (1, '2006-10-16 18:31:43.464753', 17, 1, 1, 3, NULL, NULL, false);
INSERT INTO archivepermission (id, date_created, person, permission, archive, component, sourcepackagename, packageset, explicit) VALUES (2, '2006-10-16 18:31:43.46438', 17, 1, 1, 2, NULL, NULL, false);
INSERT INTO archivepermission (id, date_created, person, permission, archive, component, sourcepackagename, packageset, explicit) VALUES (3, '2006-10-16 18:31:43.463125', 17, 1, 1, 1, NULL, NULL, false);
INSERT INTO archivepermission (id, date_created, person, permission, archive, component, sourcepackagename, packageset, explicit) VALUES (4, '2006-10-16 18:31:43.464753', 17, 1, 8, 3, NULL, NULL, false);
INSERT INTO archivepermission (id, date_created, person, permission, archive, component, sourcepackagename, packageset, explicit) VALUES (5, '2006-10-16 18:31:43.465111', 17, 1, 8, 1, NULL, NULL, false);
INSERT INTO archivepermission (id, date_created, person, permission, archive, component, sourcepackagename, packageset, explicit) VALUES (6, '2006-10-16 18:31:43.465111', 17, 2, 1, 1, NULL, NULL, false);
INSERT INTO archivepermission (id, date_created, person, permission, archive, component, sourcepackagename, packageset, explicit) VALUES (7, '2006-10-16 18:31:43.465111', 17, 2, 1, 2, NULL, NULL, false);
INSERT INTO archivepermission (id, date_created, person, permission, archive, component, sourcepackagename, packageset, explicit) VALUES (8, '2006-10-16 18:31:43.465111', 17, 2, 1, 3, NULL, NULL, false);
INSERT INTO archivepermission (id, date_created, person, permission, archive, component, sourcepackagename, packageset, explicit) VALUES (9, '2006-10-16 18:31:43.465111', 17, 2, 1, 5, NULL, NULL, false);
INSERT INTO archivepermission (id, date_created, person, permission, archive, component, sourcepackagename, packageset, explicit) VALUES (10, '2006-10-16 18:31:43.465111', 17, 2, 1, 5, NULL, NULL, false);
INSERT INTO archivepermission (id, date_created, person, permission, archive, component, sourcepackagename, packageset, explicit) VALUES (11, '2006-10-16 18:31:43.465111', 13, 1, 1, NULL, 1, NULL, false);
INSERT INTO archivepermission (id, date_created, person, permission, archive, component, sourcepackagename, packageset, explicit) VALUES (12, '2006-10-16 18:31:43.465111', 243620, 1, 12, 5, NULL, NULL, false);
INSERT INTO archivepermission (id, date_created, person, permission, archive, component, sourcepackagename, packageset, explicit) VALUES (13, '2006-10-16 18:31:43.465111', 12, 2, 1, 1, NULL, NULL, false);
INSERT INTO archivepermission (id, date_created, person, permission, archive, component, sourcepackagename, packageset, explicit) VALUES (14, '2006-10-16 18:31:43.465111', 12, 2, 1, 2, NULL, NULL, false);
INSERT INTO archivepermission (id, date_created, person, permission, archive, component, sourcepackagename, packageset, explicit) VALUES (15, '2006-10-16 18:31:43.465111', 12, 2, 1, 3, NULL, NULL, false);
INSERT INTO archivepermission (id, date_created, person, permission, archive, component, sourcepackagename, packageset, explicit) VALUES (16, '2006-10-16 18:31:43.465111', 12, 2, 1, 4, NULL, NULL, false);
INSERT INTO archivepermission (id, date_created, person, permission, archive, component, sourcepackagename, packageset, explicit) VALUES (17, '2006-10-16 18:31:43.465111', 243602, 2, 1, 3, NULL, NULL, false);
INSERT INTO archivepermission (id, date_created, person, permission, archive, component, sourcepackagename, packageset, explicit) VALUES (18, '2006-10-16 18:31:43.465111', 243602, 2, 1, 4, NULL, NULL, false);


ALTER TABLE archivepermission ENABLE TRIGGER ALL;


ALTER TABLE archivesubscriber DISABLE TRIGGER ALL;



ALTER TABLE archivesubscriber ENABLE TRIGGER ALL;


ALTER TABLE authtoken DISABLE TRIGGER ALL;



ALTER TABLE authtoken ENABLE TRIGGER ALL;


ALTER TABLE processor DISABLE TRIGGER ALL;

INSERT INTO processor (id, family, name, title, description) VALUES (1, 1, '386', 'Intel 386', 'Intel 386 and its many derivatives and clones, the basic 32-bit chip in the x86 family');
INSERT INTO processor (id, family, name, title, description) VALUES (2, 3, 'amd64', 'AMD 64bit', 'AMD 64bit');
INSERT INTO processor (id, family, name, title, description) VALUES (3, 4, 'hppa', 'HPPA Processor', 'HPPA Processor');


ALTER TABLE processor ENABLE TRIGGER ALL;


ALTER TABLE builder DISABLE TRIGGER ALL;

INSERT INTO builder (id, processor, name, title, description, owner, speedindex, builderok, failnotes, virtualized, url, manual, date_created, vm_host, active, failure_count) VALUES (1, 1, 'bob', 'Bob The Builder', 'The default build-slave', 61, NULL, true, NULL, false, 'http://localhost:8221/', false, '2006-10-16 18:31:43.226724', NULL, true, 0);
INSERT INTO builder (id, processor, name, title, description, owner, speedindex, builderok, failnotes, virtualized, url, manual, date_created, vm_host, active, failure_count) VALUES (2, 1, 'frog', 'The frog builder', 'The untrusted build-slave', 61, NULL, false, NULL, true, 'http://localhost:9221/', false, '2006-10-31 18:31:43.226724', 'localhost-host.ppa', true, 0);


ALTER TABLE builder ENABLE TRIGGER ALL;


ALTER TABLE buildfarmjob DISABLE TRIGGER ALL;

INSERT INTO buildfarmjob (id, processor, virtualized, date_created, date_started, date_finished, date_first_dispatched, builder, status, log, job_type, failure_count) VALUES (2, 1, false, '2004-09-27 11:57:13', '2004-09-27 11:55:13', '2004-09-27 11:57:14', NULL, 1, 1, 1, 1, 0);
INSERT INTO buildfarmjob (id, processor, virtualized, date_created, date_started, date_finished, date_first_dispatched, builder, status, log, job_type, failure_count) VALUES (6, 1, false, '2006-12-01 00:00:00', '2006-12-01 00:00:00', '2006-12-01 00:00:01', NULL, 1, 2, 1, 1, 0);
INSERT INTO buildfarmjob (id, processor, virtualized, date_created, date_started, date_finished, date_first_dispatched, builder, status, log, job_type, failure_count) VALUES (7, 1, false, '2005-03-24 00:00:00', '2005-03-24 23:58:43', '2005-03-25 00:00:03', NULL, 1, 1, 1, 1, 0);
INSERT INTO buildfarmjob (id, processor, virtualized, date_created, date_started, date_finished, date_first_dispatched, builder, status, log, job_type, failure_count) VALUES (8, 1, false, '2005-09-30 00:00:00', NULL, NULL, NULL, NULL, 6, NULL, 1, 0);
INSERT INTO buildfarmjob (id, processor, virtualized, date_created, date_started, date_finished, date_first_dispatched, builder, status, log, job_type, failure_count) VALUES (9, 1, false, '2005-10-01 00:00:00', '2005-10-01 23:56:41', '2005-10-02 00:00:01', NULL, 1, 2, 1, 1, 0);
INSERT INTO buildfarmjob (id, processor, virtualized, date_created, date_started, date_finished, date_first_dispatched, builder, status, log, job_type, failure_count) VALUES (10, 1, false, '2006-01-27 00:00:00', NULL, NULL, NULL, NULL, 1, NULL, 1, 0);
INSERT INTO buildfarmjob (id, processor, virtualized, date_created, date_started, date_finished, date_first_dispatched, builder, status, log, job_type, failure_count) VALUES (11, 1, false, '2006-02-14 00:00:00', NULL, NULL, NULL, NULL, 0, NULL, 1, 0);
INSERT INTO buildfarmjob (id, processor, virtualized, date_created, date_started, date_finished, date_first_dispatched, builder, status, log, job_type, failure_count) VALUES (12, 1, false, '2006-02-28 00:00:00', '2006-02-27 23:53:59', '2006-02-28 00:00:01', NULL, 1, 3, 1, 1, 0);
INSERT INTO buildfarmjob (id, processor, virtualized, date_created, date_started, date_finished, date_first_dispatched, builder, status, log, job_type, failure_count) VALUES (13, 1, false, '2006-03-21 00:00:00', '2006-03-21 00:58:33', '2006-03-21 01:00:03', NULL, 1, 5, 1, 1, 0);
INSERT INTO buildfarmjob (id, processor, virtualized, date_created, date_started, date_finished, date_first_dispatched, builder, status, log, job_type, failure_count) VALUES (14, 1, false, '2006-03-22 00:00:00', '2006-03-21 00:58:32', '2006-03-21 01:00:02', NULL, 1, 5, 1, 1, 0);
INSERT INTO buildfarmjob (id, processor, virtualized, date_created, date_started, date_finished, date_first_dispatched, builder, status, log, job_type, failure_count) VALUES (15, 1, false, '2006-03-22 00:00:01', '2006-03-21 00:58:30', '2006-03-21 01:00:00', NULL, 1, 5, 1, 1, 0);
INSERT INTO buildfarmjob (id, processor, virtualized, date_created, date_started, date_finished, date_first_dispatched, builder, status, log, job_type, failure_count) VALUES (16, 1, false, '2005-03-24 00:00:01', '2005-03-24 23:58:42', '2005-03-25 00:00:02', NULL, 1, 1, 1, 1, 0);
INSERT INTO buildfarmjob (id, processor, virtualized, date_created, date_started, date_finished, date_first_dispatched, builder, status, log, job_type, failure_count) VALUES (18, 1, false, '2004-09-27 11:57:14', '2004-09-27 11:55:12', '2004-09-27 11:57:13', NULL, 1, 1, 1, 1, 0);
INSERT INTO buildfarmjob (id, processor, virtualized, date_created, date_started, date_finished, date_first_dispatched, builder, status, log, job_type, failure_count) VALUES (19, 1, false, '2005-03-24 00:00:02', '2005-03-24 23:58:41', '2005-03-25 00:00:01', NULL, 1, 1, 1, 1, 0);
INSERT INTO buildfarmjob (id, processor, virtualized, date_created, date_started, date_finished, date_first_dispatched, builder, status, log, job_type, failure_count) VALUES (21, 1, false, '2006-12-01 00:00:01', NULL, NULL, NULL, NULL, 2, NULL, 1, 0);
INSERT INTO buildfarmjob (id, processor, virtualized, date_created, date_started, date_finished, date_first_dispatched, builder, status, log, job_type, failure_count) VALUES (22, 1, false, '2007-04-20 00:00:00', '2007-04-19 23:58:41', '2007-04-20 00:00:01', NULL, 1, 7, 1, 1, 0);
INSERT INTO buildfarmjob (id, processor, virtualized, date_created, date_started, date_finished, date_first_dispatched, builder, status, log, job_type, failure_count) VALUES (23, 1, false, '2006-04-11 12:00:00', NULL, NULL, NULL, NULL, 1, NULL, 1, 0);
INSERT INTO buildfarmjob (id, processor, virtualized, date_created, date_started, date_finished, date_first_dispatched, builder, status, log, job_type, failure_count) VALUES (24, 1, true, '2007-05-30 00:00:00', '2007-05-29 23:58:41', '2007-05-30 00:00:01', NULL, 1, 2, 1, 1, 0);
INSERT INTO buildfarmjob (id, processor, virtualized, date_created, date_started, date_finished, date_first_dispatched, builder, status, log, job_type, failure_count) VALUES (25, 1, true, '2007-07-08 12:00:00', NULL, NULL, NULL, NULL, 1, NULL, 1, 0);
INSERT INTO buildfarmjob (id, processor, virtualized, date_created, date_started, date_finished, date_first_dispatched, builder, status, log, job_type, failure_count) VALUES (26, 1, true, '2007-07-08 00:00:00', '2007-07-07 23:58:41', '2007-07-08 00:00:01', NULL, 1, 2, 1, 1, 0);
INSERT INTO buildfarmjob (id, processor, virtualized, date_created, date_started, date_finished, date_first_dispatched, builder, status, log, job_type, failure_count) VALUES (27, 1, true, '2007-07-24 00:00:00', '2007-07-23 23:58:41', '2007-07-24 00:00:01', NULL, 1, 1, 1, 1, 0);
INSERT INTO buildfarmjob (id, processor, virtualized, date_created, date_started, date_finished, date_first_dispatched, builder, status, log, job_type, failure_count) VALUES (28, 3, true, '2007-08-10 00:00:00', '2007-08-10 00:00:00', '2007-08-10 00:00:13', NULL, 1, 1, 1, 1, 0);
INSERT INTO buildfarmjob (id, processor, virtualized, date_created, date_started, date_finished, date_first_dispatched, builder, status, log, job_type, failure_count) VALUES (29, 1, false, '2007-08-09 21:54:18.553132', '2007-08-09 23:49:59', '2007-08-09 23:59:59', NULL, NULL, 1, NULL, 1, 0);
INSERT INTO buildfarmjob (id, processor, virtualized, date_created, date_started, date_finished, date_first_dispatched, builder, status, log, job_type, failure_count) VALUES (30, 3, false, '2007-08-10 00:00:01', '2007-08-10 00:00:01', '2007-08-10 00:00:14', NULL, 1, 1, 1, 1, 0);


ALTER TABLE buildfarmjob ENABLE TRIGGER ALL;


ALTER TABLE packagebuild DISABLE TRIGGER ALL;

INSERT INTO packagebuild (id, build_farm_job, archive, pocket, upload_log, dependencies) VALUES (1, 2, 1, 0, NULL, NULL);
INSERT INTO packagebuild (id, build_farm_job, archive, pocket, upload_log, dependencies) VALUES (2, 6, 1, 0, NULL, NULL);
INSERT INTO packagebuild (id, build_farm_job, archive, pocket, upload_log, dependencies) VALUES (3, 7, 1, 0, NULL, NULL);
INSERT INTO packagebuild (id, build_farm_job, archive, pocket, upload_log, dependencies) VALUES (4, 8, 1, 0, NULL, NULL);
INSERT INTO packagebuild (id, build_farm_job, archive, pocket, upload_log, dependencies) VALUES (5, 9, 1, 0, NULL, NULL);
INSERT INTO packagebuild (id, build_farm_job, archive, pocket, upload_log, dependencies) VALUES (6, 10, 1, 0, NULL, NULL);
INSERT INTO packagebuild (id, build_farm_job, archive, pocket, upload_log, dependencies) VALUES (7, 11, 1, 0, NULL, NULL);
INSERT INTO packagebuild (id, build_farm_job, archive, pocket, upload_log, dependencies) VALUES (8, 12, 1, 0, NULL, 'cpp (>= 4:4.0.1-3), gcc-4.0 (>= 4.0.1-2)');
INSERT INTO packagebuild (id, build_farm_job, archive, pocket, upload_log, dependencies) VALUES (9, 13, 1, 0, NULL, NULL);
INSERT INTO packagebuild (id, build_farm_job, archive, pocket, upload_log, dependencies) VALUES (10, 14, 1, 0, NULL, NULL);
INSERT INTO packagebuild (id, build_farm_job, archive, pocket, upload_log, dependencies) VALUES (11, 15, 1, 0, NULL, NULL);
INSERT INTO packagebuild (id, build_farm_job, archive, pocket, upload_log, dependencies) VALUES (12, 16, 1, 0, NULL, NULL);
INSERT INTO packagebuild (id, build_farm_job, archive, pocket, upload_log, dependencies) VALUES (13, 18, 1, 0, NULL, NULL);
INSERT INTO packagebuild (id, build_farm_job, archive, pocket, upload_log, dependencies) VALUES (14, 19, 1, 0, NULL, NULL);
INSERT INTO packagebuild (id, build_farm_job, archive, pocket, upload_log, dependencies) VALUES (15, 21, 1, 0, NULL, NULL);
INSERT INTO packagebuild (id, build_farm_job, archive, pocket, upload_log, dependencies) VALUES (16, 22, 1, 0, 91, NULL);
INSERT INTO packagebuild (id, build_farm_job, archive, pocket, upload_log, dependencies) VALUES (17, 23, 1, 0, NULL, NULL);
INSERT INTO packagebuild (id, build_farm_job, archive, pocket, upload_log, dependencies) VALUES (18, 24, 11, 0, NULL, NULL);
INSERT INTO packagebuild (id, build_farm_job, archive, pocket, upload_log, dependencies) VALUES (19, 25, 9, 0, NULL, NULL);
INSERT INTO packagebuild (id, build_farm_job, archive, pocket, upload_log, dependencies) VALUES (20, 26, 9, 0, NULL, NULL);
INSERT INTO packagebuild (id, build_farm_job, archive, pocket, upload_log, dependencies) VALUES (21, 27, 9, 0, NULL, NULL);
INSERT INTO packagebuild (id, build_farm_job, archive, pocket, upload_log, dependencies) VALUES (22, 28, 9, 0, NULL, NULL);
INSERT INTO packagebuild (id, build_farm_job, archive, pocket, upload_log, dependencies) VALUES (23, 29, 12, 0, NULL, NULL);
INSERT INTO packagebuild (id, build_farm_job, archive, pocket, upload_log, dependencies) VALUES (24, 30, 1, 0, NULL, NULL);


ALTER TABLE packagebuild ENABLE TRIGGER ALL;


ALTER TABLE section DISABLE TRIGGER ALL;

INSERT INTO section (id, name) VALUES (1, 'base');
INSERT INTO section (id, name) VALUES (2, 'web');
INSERT INTO section (id, name) VALUES (3, 'editors');
INSERT INTO section (id, name) VALUES (4, 'admin');
INSERT INTO section (id, name) VALUES (5, 'comm');
INSERT INTO section (id, name) VALUES (6, 'debian-installer');
INSERT INTO section (id, name) VALUES (7, 'devel');
INSERT INTO section (id, name) VALUES (8, 'doc');
INSERT INTO section (id, name) VALUES (9, 'games');
INSERT INTO section (id, name) VALUES (10, 'gnome');
INSERT INTO section (id, name) VALUES (11, 'graphics');
INSERT INTO section (id, name) VALUES (12, 'interpreters');
INSERT INTO section (id, name) VALUES (13, 'kde');
INSERT INTO section (id, name) VALUES (14, 'libdevel');
INSERT INTO section (id, name) VALUES (15, 'libs');
INSERT INTO section (id, name) VALUES (16, 'mail');
INSERT INTO section (id, name) VALUES (17, 'math');
INSERT INTO section (id, name) VALUES (18, 'misc');
INSERT INTO section (id, name) VALUES (19, 'net');
INSERT INTO section (id, name) VALUES (20, 'news');
INSERT INTO section (id, name) VALUES (21, 'oldlibs');
INSERT INTO section (id, name) VALUES (22, 'otherosfs');
INSERT INTO section (id, name) VALUES (23, 'perl');
INSERT INTO section (id, name) VALUES (24, 'python');
INSERT INTO section (id, name) VALUES (25, 'shells');
INSERT INTO section (id, name) VALUES (26, 'sound');
INSERT INTO section (id, name) VALUES (27, 'tex');
INSERT INTO section (id, name) VALUES (28, 'text');
INSERT INTO section (id, name) VALUES (29, 'translations');
INSERT INTO section (id, name) VALUES (30, 'utils');
INSERT INTO section (id, name) VALUES (31, 'x11');
INSERT INTO section (id, name) VALUES (32, 'electronics');
INSERT INTO section (id, name) VALUES (33, 'embedded');
INSERT INTO section (id, name) VALUES (34, 'hamradio');
INSERT INTO section (id, name) VALUES (35, 'science');


ALTER TABLE section ENABLE TRIGGER ALL;


ALTER TABLE sourcepackagerecipe DISABLE TRIGGER ALL;



ALTER TABLE sourcepackagerecipe ENABLE TRIGGER ALL;


ALTER TABLE sourcepackagerecipebuild DISABLE TRIGGER ALL;



ALTER TABLE sourcepackagerecipebuild ENABLE TRIGGER ALL;


ALTER TABLE sourcepackagerelease DISABLE TRIGGER ALL;

INSERT INTO sourcepackagerelease (id, creator, version, dateuploaded, urgency, dscsigningkey, component, changelog_entry, builddepends, builddependsindep, architecturehintlist, dsc, section, maintainer, sourcepackagename, upload_distroseries, format, dsc_maintainer_rfc822, dsc_standards_version, dsc_format, dsc_binaries, upload_archive, copyright, build_conflicts, build_conflicts_indep, sourcepackage_recipe_build, changelog, user_defined_fields, homepage) VALUES (14, 1, '0.9', '2004-09-27 11:57:13', 1, NULL, 1, 'Mozilla dummy Changelog......', 'gcc-3.4-base, libc6 (>= 2.3.2.ds1-4), gcc-3.4 (>= 3.4.1-4sarge1), gcc-3.4 (<< 3.4.2), libstdc++6-dev (>= 3.4.1-4sarge1), pmount', 'bacula-common (= 1.34.6-2), bacula-director-common (= 1.34.6-2), postgresql-client (>= 7.4), pmount', 'any', NULL, 1, 1, 1, 1, 1, 'Mark Shuttleworth <mark@canonical.com>', '3.6.2', '1.0', 'mozilla-firefox', 1, NULL, 'gcc-4.0, pmount', 'gcc-4.0-base, pmount', NULL, NULL, NULL, NULL);
INSERT INTO sourcepackagerelease (id, creator, version, dateuploaded, urgency, dscsigningkey, component, changelog_entry, builddepends, builddependsindep, architecturehintlist, dsc, section, maintainer, sourcepackagename, upload_distroseries, format, dsc_maintainer_rfc822, dsc_standards_version, dsc_format, dsc_binaries, upload_archive, copyright, build_conflicts, build_conflicts_indep, sourcepackage_recipe_build, changelog, user_defined_fields, homepage) VALUES (15, 1, '1.0', '2004-09-27 11:57:13', 1, NULL, 1, NULL, NULL, NULL, 'all', NULL, 2, 1, 9, 3, 1, NULL, NULL, '1.0', NULL, 1, NULL, NULL, NULL, NULL, NULL, NULL, NULL);
INSERT INTO sourcepackagerelease (id, creator, version, dateuploaded, urgency, dscsigningkey, component, changelog_entry, builddepends, builddependsindep, architecturehintlist, dsc, section, maintainer, sourcepackagename, upload_distroseries, format, dsc_maintainer_rfc822, dsc_standards_version, dsc_format, dsc_binaries, upload_archive, copyright, build_conflicts, build_conflicts_indep, sourcepackage_recipe_build, changelog, user_defined_fields, homepage) VALUES (16, 1, '1.0-1', '2005-03-10 16:30:00', 1, NULL, 1, NULL, NULL, NULL, 'any', NULL, 3, 1, 10, 3, 1, NULL, NULL, '1.0', NULL, 1, NULL, NULL, NULL, NULL, NULL, NULL, NULL);
INSERT INTO sourcepackagerelease (id, creator, version, dateuploaded, urgency, dscsigningkey, component, changelog_entry, builddepends, builddependsindep, architecturehintlist, dsc, section, maintainer, sourcepackagename, upload_distroseries, format, dsc_maintainer_rfc822, dsc_standards_version, dsc_format, dsc_binaries, upload_archive, copyright, build_conflicts, build_conflicts_indep, sourcepackage_recipe_build, changelog, user_defined_fields, homepage) VALUES (17, 1, '0.99.6-1', '2005-03-14 18:00:00', 1, NULL, 1, NULL, NULL, NULL, 'i386', NULL, 2, 1, 10, 1, 1, NULL, NULL, '1.0', NULL, 1, NULL, NULL, NULL, NULL, NULL, NULL, NULL);
INSERT INTO sourcepackagerelease (id, creator, version, dateuploaded, urgency, dscsigningkey, component, changelog_entry, builddepends, builddependsindep, architecturehintlist, dsc, section, maintainer, sourcepackagename, upload_distroseries, format, dsc_maintainer_rfc822, dsc_standards_version, dsc_format, dsc_binaries, upload_archive, copyright, build_conflicts, build_conflicts_indep, sourcepackage_recipe_build, changelog, user_defined_fields, homepage) VALUES (20, 1, '0.1-1', '2005-03-24 20:59:31.439579', 1, NULL, 1, 'pmount (0.1-1) hoary; urgency=low

 * Fix description (Malone #1)
 * Fix debian (Debian #2000)
 * Fix warty (Warty Ubuntu #1)

 -- Sample Person <test@canonical.com> Tue, 7 Feb 2006 12:10:08 +0300', NULL, NULL, 'all', NULL, 2, 1, 14, 3, 1, NULL, NULL, '1.0', NULL, 1, NULL, NULL, NULL, NULL, NULL, NULL, NULL);
INSERT INTO sourcepackagerelease (id, creator, version, dateuploaded, urgency, dscsigningkey, component, changelog_entry, builddepends, builddependsindep, architecturehintlist, dsc, section, maintainer, sourcepackagename, upload_distroseries, format, dsc_maintainer_rfc822, dsc_standards_version, dsc_format, dsc_binaries, upload_archive, copyright, build_conflicts, build_conflicts_indep, sourcepackage_recipe_build, changelog, user_defined_fields, homepage) VALUES (21, 1, '0.1-2', '2005-06-24 20:59:31.439579', 1, NULL, 1, 'This is a placeholder changelog for pmount 0.1-2', NULL, NULL, 'powerpc', NULL, 1, 1, 14, 3, 1, NULL, NULL, '1.0', NULL, 1, NULL, NULL, NULL, NULL, NULL, NULL, NULL);
INSERT INTO sourcepackagerelease (id, creator, version, dateuploaded, urgency, dscsigningkey, component, changelog_entry, builddepends, builddependsindep, architecturehintlist, dsc, section, maintainer, sourcepackagename, upload_distroseries, format, dsc_maintainer_rfc822, dsc_standards_version, dsc_format, dsc_binaries, upload_archive, copyright, build_conflicts, build_conflicts_indep, sourcepackage_recipe_build, changelog, user_defined_fields, homepage) VALUES (23, 1, '1.0.8-1ubuntu1', '2005-02-03 08:50:00', 1, NULL, 1, 'alsa-utils (1.0.8-1ubuntu1) warty; urgency=low

 * Placeholder

     -- Sample Person <test@canonical.com> Tue, 7 Feb 2006 12:10:08 +0300', NULL, NULL, 'all', NULL, 1, 1, 19, 1, 1, 'Mark Shuttleworth <mark@example.com>', '3.6.2', '1.0', 'alsa-mixer', 1, NULL, NULL, NULL, NULL, NULL, NULL, NULL);
INSERT INTO sourcepackagerelease (id, creator, version, dateuploaded, urgency, dscsigningkey, component, changelog_entry, builddepends, builddependsindep, architecturehintlist, dsc, section, maintainer, sourcepackagename, upload_distroseries, format, dsc_maintainer_rfc822, dsc_standards_version, dsc_format, dsc_binaries, upload_archive, copyright, build_conflicts, build_conflicts_indep, sourcepackage_recipe_build, changelog, user_defined_fields, homepage) VALUES (24, 1, '1.0.9a-4', '2005-07-01 22:47:00', 1, NULL, 1, 'alsa-utils (1.0.9a-4) warty; urgency=low

 * Placeholder

     -- Sample Person <test@canonical.com> Tue, 7 Feb 2006 12:10:08 +0300', NULL, NULL, 'any', NULL, 2, 1, 19, 8, 1, NULL, NULL, '1.0', NULL, 1, NULL, NULL, NULL, NULL, NULL, NULL, NULL);
INSERT INTO sourcepackagerelease (id, creator, version, dateuploaded, urgency, dscsigningkey, component, changelog_entry, builddepends, builddependsindep, architecturehintlist, dsc, section, maintainer, sourcepackagename, upload_distroseries, format, dsc_maintainer_rfc822, dsc_standards_version, dsc_format, dsc_binaries, upload_archive, copyright, build_conflicts, build_conflicts_indep, sourcepackage_recipe_build, changelog, user_defined_fields, homepage) VALUES (25, 1, '1.0.9a-4ubuntu1', '2005-08-01 14:10:00', 1, NULL, 1, 'alsa-utils (1.0.9a-4ubuntu1) hoary; urgency=low

 * Placeholder
 LP: #10
 LP: #999
 LP: #badid
 LP: #7, #8,
   #11

     -- Sample Person <test@canonical.com> Tue, 7 Feb 2006 12:10:08 +0300', NULL, NULL, 'all', NULL, 1, 16, 19, 3, 1, NULL, NULL, '1.0', NULL, 1, NULL, NULL, NULL, NULL, NULL, NULL, NULL);
INSERT INTO sourcepackagerelease (id, creator, version, dateuploaded, urgency, dscsigningkey, component, changelog_entry, builddepends, builddependsindep, architecturehintlist, dsc, section, maintainer, sourcepackagename, upload_distroseries, format, dsc_maintainer_rfc822, dsc_standards_version, dsc_format, dsc_binaries, upload_archive, copyright, build_conflicts, build_conflicts_indep, sourcepackage_recipe_build, changelog, user_defined_fields, homepage) VALUES (26, 1, 'cr.g7-37', '2005-12-22 18:19:00', 1, NULL, 1, NULL, NULL, NULL, 'i386', NULL, 1, 16, 20, 3, 1, NULL, NULL, '1.0', NULL, 1, NULL, NULL, NULL, NULL, NULL, NULL, NULL);
INSERT INTO sourcepackagerelease (id, creator, version, dateuploaded, urgency, dscsigningkey, component, changelog_entry, builddepends, builddependsindep, architecturehintlist, dsc, section, maintainer, sourcepackagename, upload_distroseries, format, dsc_maintainer_rfc822, dsc_standards_version, dsc_format, dsc_binaries, upload_archive, copyright, build_conflicts, build_conflicts_indep, sourcepackage_recipe_build, changelog, user_defined_fields, homepage) VALUES (27, 1, 'b8p', '2006-02-10 11:19:00', 1, NULL, 1, 'libstdc++ (9.9-1) hoary; urgency=high

 * Placeholder

 -- Sample Person <test@canonical.com> Tue, 10 Feb 2006 10:10:08 +0300', NULL, NULL, 'powerpc i386', NULL, 1, 16, 21, 3, 1, NULL, NULL, '1.0', NULL, 1, NULL, NULL, NULL, NULL, NULL, NULL, NULL);
INSERT INTO sourcepackagerelease (id, creator, version, dateuploaded, urgency, dscsigningkey, component, changelog_entry, builddepends, builddependsindep, architecturehintlist, dsc, section, maintainer, sourcepackagename, upload_distroseries, format, dsc_maintainer_rfc822, dsc_standards_version, dsc_format, dsc_binaries, upload_archive, copyright, build_conflicts, build_conflicts_indep, sourcepackage_recipe_build, changelog, user_defined_fields, homepage) VALUES (28, 1, '2.6.15.3', '2005-12-22 18:19:00', 1, NULL, 1, NULL, NULL, NULL, 'any', NULL, 1, 16, 22, 3, 1, NULL, NULL, '1.0', NULL, 1, NULL, NULL, NULL, NULL, NULL, NULL, NULL);
INSERT INTO sourcepackagerelease (id, creator, version, dateuploaded, urgency, dscsigningkey, component, changelog_entry, builddepends, builddependsindep, architecturehintlist, dsc, section, maintainer, sourcepackagename, upload_distroseries, format, dsc_maintainer_rfc822, dsc_standards_version, dsc_format, dsc_binaries, upload_archive, copyright, build_conflicts, build_conflicts_indep, sourcepackage_recipe_build, changelog, user_defined_fields, homepage) VALUES (29, 1, '0.00', '2005-12-22 18:19:00', 1, NULL, 1, NULL, NULL, NULL, 'all', NULL, 1, 16, 17, 3, 1, NULL, NULL, '1.0', NULL, 1, NULL, NULL, NULL, NULL, NULL, NULL, NULL);
INSERT INTO sourcepackagerelease (id, creator, version, dateuploaded, urgency, dscsigningkey, component, changelog_entry, builddepends, builddependsindep, architecturehintlist, dsc, section, maintainer, sourcepackagename, upload_distroseries, format, dsc_maintainer_rfc822, dsc_standards_version, dsc_format, dsc_binaries, upload_archive, copyright, build_conflicts, build_conflicts_indep, sourcepackage_recipe_build, changelog, user_defined_fields, homepage) VALUES (30, 1, '1.0', '2006-09-28 18:19:00', 1, NULL, 1, NULL, NULL, NULL, 'all', NULL, 1, 16, 20, 10, 1, NULL, NULL, '1.0', NULL, 1, NULL, NULL, NULL, NULL, NULL, NULL, NULL);
INSERT INTO sourcepackagerelease (id, creator, version, dateuploaded, urgency, dscsigningkey, component, changelog_entry, builddepends, builddependsindep, architecturehintlist, dsc, section, maintainer, sourcepackagename, upload_distroseries, format, dsc_maintainer_rfc822, dsc_standards_version, dsc_format, dsc_binaries, upload_archive, copyright, build_conflicts, build_conflicts_indep, sourcepackage_recipe_build, changelog, user_defined_fields, homepage) VALUES (31, 1, '1.0', '2006-09-28 18:19:01', 1, NULL, 1, NULL, NULL, NULL, 'all', NULL, 1, 16, 20, 10, 1, NULL, NULL, '1.0', NULL, 1, NULL, NULL, NULL, NULL, NULL, NULL, NULL);
INSERT INTO sourcepackagerelease (id, creator, version, dateuploaded, urgency, dscsigningkey, component, changelog_entry, builddepends, builddependsindep, architecturehintlist, dsc, section, maintainer, sourcepackagename, upload_distroseries, format, dsc_maintainer_rfc822, dsc_standards_version, dsc_format, dsc_binaries, upload_archive, copyright, build_conflicts, build_conflicts_indep, sourcepackage_recipe_build, changelog, user_defined_fields, homepage) VALUES (32, 1, '1.0', '2006-12-01 13:19:01', 1, NULL, 1, NULL, NULL, NULL, 'all', NULL, 1, 16, 23, 10, 1, NULL, NULL, '1.0', NULL, 1, NULL, NULL, NULL, NULL, NULL, NULL, NULL);
INSERT INTO sourcepackagerelease (id, creator, version, dateuploaded, urgency, dscsigningkey, component, changelog_entry, builddepends, builddependsindep, architecturehintlist, dsc, section, maintainer, sourcepackagename, upload_distroseries, format, dsc_maintainer_rfc822, dsc_standards_version, dsc_format, dsc_binaries, upload_archive, copyright, build_conflicts, build_conflicts_indep, sourcepackage_recipe_build, changelog, user_defined_fields, homepage) VALUES (33, 1, '1.0', '2006-12-01 13:19:01', 1, NULL, 1, NULL, NULL, NULL, 'all', NULL, 1, 16, 24, 10, 1, NULL, NULL, '1.0', NULL, 1, NULL, NULL, NULL, NULL, NULL, NULL, NULL);
INSERT INTO sourcepackagerelease (id, creator, version, dateuploaded, urgency, dscsigningkey, component, changelog_entry, builddepends, builddependsindep, architecturehintlist, dsc, section, maintainer, sourcepackagename, upload_distroseries, format, dsc_maintainer_rfc822, dsc_standards_version, dsc_format, dsc_binaries, upload_archive, copyright, build_conflicts, build_conflicts_indep, sourcepackage_recipe_build, changelog, user_defined_fields, homepage) VALUES (34, 1, '1.0', '2007-02-15 14:19:01', 1, NULL, 1, NULL, NULL, NULL, 'i386', NULL, 29, 16, 25, 10, 1, NULL, NULL, '1.0', NULL, 1, NULL, NULL, NULL, NULL, NULL, NULL, NULL);
INSERT INTO sourcepackagerelease (id, creator, version, dateuploaded, urgency, dscsigningkey, component, changelog_entry, builddepends, builddependsindep, architecturehintlist, dsc, section, maintainer, sourcepackagename, upload_distroseries, format, dsc_maintainer_rfc822, dsc_standards_version, dsc_format, dsc_binaries, upload_archive, copyright, build_conflicts, build_conflicts_indep, sourcepackage_recipe_build, changelog, user_defined_fields, homepage) VALUES (35, 1, '1.0', '2006-04-11 11:19:01', 1, NULL, 1, NULL, NULL, NULL, 'any', NULL, 1, 16, 26, 1, 1, NULL, NULL, '1.0', NULL, 10, NULL, NULL, NULL, NULL, NULL, NULL, NULL);
INSERT INTO sourcepackagerelease (id, creator, version, dateuploaded, urgency, dscsigningkey, component, changelog_entry, builddepends, builddependsindep, architecturehintlist, dsc, section, maintainer, sourcepackagename, upload_distroseries, format, dsc_maintainer_rfc822, dsc_standards_version, dsc_format, dsc_binaries, upload_archive, copyright, build_conflicts, build_conflicts_indep, sourcepackage_recipe_build, changelog, user_defined_fields, homepage) VALUES (36, 243606, '1.0-1', '2007-08-09 21:25:37.832976', 1, NULL, 5, 'commercialpackage (1.0-1) breezy; urgency=low

  * Initial version
      Address for testing linkification: Foo Bar <foo.bar@canonical.com>

 -- Julian Edwards <launchpad@julian-edwards.com>   Thu, 16 Feb 2006 15:34:09 +0000', '', '', 'any', '-----BEGIN PGP SIGNED MESSAGE-----
Hash: SHA1

Format: 1.0
Source: commercialpackage
Version: 1.0-1
Binary: commercialpackage
Maintainer: Julian Edwards <launchpad@julian-edwards.com>
Architecture: any
Standards-Version: 3.6.2
Files:
 f27fb7494c5afbb0fb10b78d16f7da37 179 commercialpackage_1.0.orig.tar.gz
 7d6fa416334c6da3b954bf9ebff6e9ae 610 commercialpackage_1.0-1.diff.gz

Version: GnuPG v1.4.6 (GNU/Linux)

iD8DBQFGtzTjWhGlTF8G/HcRAtFsAJ4hHyKhOnsUOQDI+SAk000DmFAnUgCcC84J
3F4bEPeRcnUjCFI/hjR0kxg=
=Tjln
', 7, 243606, 27, 10, 1, 'Julian Edwards <launchpad@julian-edwards.com>', '3.6.2', '1.0', 'commercialpackage', 12, NULL, NULL, NULL, NULL, NULL, NULL, NULL);
INSERT INTO sourcepackagerelease (id, creator, version, dateuploaded, urgency, dscsigningkey, component, changelog_entry, builddepends, builddependsindep, architecturehintlist, dsc, section, maintainer, sourcepackagename, upload_distroseries, format, dsc_maintainer_rfc822, dsc_standards_version, dsc_format, dsc_binaries, upload_archive, copyright, build_conflicts, build_conflicts_indep, sourcepackage_recipe_build, changelog, user_defined_fields, homepage) VALUES (37, 1, '1.0', '2006-04-11 11:19:01', 1, NULL, 1, NULL, NULL, NULL, 'i386', NULL, 1, 16, 26, 1, 1, NULL, NULL, '1.0', NULL, 11, NULL, NULL, NULL, NULL, NULL, NULL, NULL);
INSERT INTO sourcepackagerelease (id, creator, version, dateuploaded, urgency, dscsigningkey, component, changelog_entry, builddepends, builddependsindep, architecturehintlist, dsc, section, maintainer, sourcepackagename, upload_distroseries, format, dsc_maintainer_rfc822, dsc_standards_version, dsc_format, dsc_binaries, upload_archive, copyright, build_conflicts, build_conflicts_indep, sourcepackage_recipe_build, changelog, user_defined_fields, homepage) VALUES (38, 1, '1.0.10-4deribuntu1', '2007-08-01 14:10:00', 1, NULL, 1, 'alsa-utils (1.0.10-4deribuntu1) deriwarty; urgency=low

 * Placeholder
 LP: #10
 LP: #999
 LP: #badid
 LP: #7, #8,
   #11

     -- Sample Person <test@canonical.com> Tue, 7 Feb 2006 12:10:08 +0300', NULL, NULL, 'all', NULL, 1, 16, 19, 3, 1, NULL, NULL, '1.0', NULL, 1, NULL, NULL, NULL, NULL, NULL, NULL, NULL);
INSERT INTO sourcepackagerelease (id, creator, version, dateuploaded, urgency, dscsigningkey, component, changelog_entry, builddepends, builddependsindep, architecturehintlist, dsc, section, maintainer, sourcepackagename, upload_distroseries, format, dsc_maintainer_rfc822, dsc_standards_version, dsc_format, dsc_binaries, upload_archive, copyright, build_conflicts, build_conflicts_indep, sourcepackage_recipe_build, changelog, user_defined_fields, homepage) VALUES (39, 1, '2.0.9-1ubuntu2', '2005-08-01 14:10:00', 1, NULL, 1, 'evolution (2.0.9-1ubuntu2) warty; urgency=low

 * Placeholder
 LP: #10
 LP: #999
 LP: #badid
 LP: #7, #8,
   #11

     -- Sample Person <test@canonical.com> Tue, 7 Feb 2006 12:10:08 +0300', NULL, NULL, 'all', NULL, 1, 16, 9, 3, 1, NULL, NULL, '1.0', NULL, 1, NULL, NULL, NULL, NULL, NULL, NULL, NULL);
INSERT INTO sourcepackagerelease (id, creator, version, dateuploaded, urgency, dscsigningkey, component, changelog_entry, builddepends, builddependsindep, architecturehintlist, dsc, section, maintainer, sourcepackagename, upload_distroseries, format, dsc_maintainer_rfc822, dsc_standards_version, dsc_format, dsc_binaries, upload_archive, copyright, build_conflicts, build_conflicts_indep, sourcepackage_recipe_build, changelog, user_defined_fields, homepage) VALUES (40, 1, '2.0.8-4deribuntu1', '2007-08-01 14:10:00', 1, NULL, 1, 'evolution (2.0.8-4deribuntu1) deriwarty; urgency=low

 * Placeholder
 LP: #10
 LP: #999
 LP: #badid
 LP: #7, #8,
   #11

     -- Sample Person <test@canonical.com> Tue, 7 Feb 2006 12:10:08 +0300', NULL, NULL, 'all', NULL, 1, 16, 9, 3, 1, NULL, NULL, '1.0', NULL, 1, NULL, NULL, NULL, NULL, NULL, NULL, NULL);
INSERT INTO sourcepackagerelease (id, creator, version, dateuploaded, urgency, dscsigningkey, component, changelog_entry, builddepends, builddependsindep, architecturehintlist, dsc, section, maintainer, sourcepackagename, upload_distroseries, format, dsc_maintainer_rfc822, dsc_standards_version, dsc_format, dsc_binaries, upload_archive, copyright, build_conflicts, build_conflicts_indep, sourcepackage_recipe_build, changelog, user_defined_fields, homepage) VALUES (41, 1, '4.1.2-1ubuntu1', '2006-07-05 14:10:00', 1, NULL, 1, 'mozilla-firefox (4.1.2-1ubuntu1) warty; urgency=low

 * Placeholder
 LP: #10
 LP: #999
 LP: #badid
 LP: #7, #8,
   #11

     -- Sample Person <test@canonical.com> Tue, 7 Feb 2006 12:10:08 +0300', NULL, NULL, 'all', NULL, 1, 16, 1, 3, 1, NULL, NULL, '1.0', NULL, 1, NULL, NULL, NULL, NULL, NULL, NULL, NULL);
INSERT INTO sourcepackagerelease (id, creator, version, dateuploaded, urgency, dscsigningkey, component, changelog_entry, builddepends, builddependsindep, architecturehintlist, dsc, section, maintainer, sourcepackagename, upload_distroseries, format, dsc_maintainer_rfc822, dsc_standards_version, dsc_format, dsc_binaries, upload_archive, copyright, build_conflicts, build_conflicts_indep, sourcepackage_recipe_build, changelog, user_defined_fields, homepage) VALUES (42, 1, '4.1.1-1deribuntu1', '2007-08-01 14:10:00', 1, NULL, 1, 'mozilla-firefox (4.1.1-1deribuntu1) deriwarty; urgency=low

 * Placeholder
 LP: #10
 LP: #999
 LP: #badid
 LP: #7, #8,
   #11

     -- Sample Person <test@canonical.com> Tue, 7 Feb 2006 12:10:08 +0300', NULL, NULL, 'all', NULL, 1, 16, 1, 3, 1, NULL, NULL, '1.0', NULL, 1, NULL, NULL, NULL, NULL, NULL, NULL, NULL);
INSERT INTO sourcepackagerelease (id, creator, version, dateuploaded, urgency, dscsigningkey, component, changelog_entry, builddepends, builddependsindep, architecturehintlist, dsc, section, maintainer, sourcepackagename, upload_distroseries, format, dsc_maintainer_rfc822, dsc_standards_version, dsc_format, dsc_binaries, upload_archive, copyright, build_conflicts, build_conflicts_indep, sourcepackage_recipe_build, changelog, user_defined_fields, homepage) VALUES (43, 1, '2.0.7-1ubuntu1', '2005-08-01 14:10:00', 1, NULL, 1, 'evolution (2.0.7-1ubuntu1) deriwarty; urgency=low
 * Placeholder
 LP: #10
 LP: #999
 LP: #badid
 LP: #7, #8,
   #11
     -- Sample Person <test@canonical.com> Tue, 7 Feb 2006 12:10:08 +0300', NULL, NULL, 'all', NULL, 1, 16, 9, 3, 1, NULL, NULL, '1.0', NULL, 1, NULL, NULL, NULL, NULL, NULL, NULL, NULL);


ALTER TABLE sourcepackagerelease ENABLE TRIGGER ALL;


ALTER TABLE binarypackagebuild DISABLE TRIGGER ALL;

INSERT INTO binarypackagebuild (id, package_build, distro_arch_series, source_package_release) VALUES (2, 1, 1, 14);
INSERT INTO binarypackagebuild (id, package_build, distro_arch_series, source_package_release) VALUES (6, 2, 1, 32);
INSERT INTO binarypackagebuild (id, package_build, distro_arch_series, source_package_release) VALUES (7, 3, 6, 20);
INSERT INTO binarypackagebuild (id, package_build, distro_arch_series, source_package_release) VALUES (8, 4, 6, 14);
INSERT INTO binarypackagebuild (id, package_build, distro_arch_series, source_package_release) VALUES (9, 5, 1, 20);
INSERT INTO binarypackagebuild (id, package_build, distro_arch_series, source_package_release) VALUES (10, 6, 1, 26);
INSERT INTO binarypackagebuild (id, package_build, distro_arch_series, source_package_release) VALUES (11, 7, 6, 25);
INSERT INTO binarypackagebuild (id, package_build, distro_arch_series, source_package_release) VALUES (12, 8, 6, 27);
INSERT INTO binarypackagebuild (id, package_build, distro_arch_series, source_package_release) VALUES (13, 9, 1, 17);
INSERT INTO binarypackagebuild (id, package_build, distro_arch_series, source_package_release) VALUES (14, 10, 1, 28);
INSERT INTO binarypackagebuild (id, package_build, distro_arch_series, source_package_release) VALUES (15, 11, 1, 29);
INSERT INTO binarypackagebuild (id, package_build, distro_arch_series, source_package_release) VALUES (16, 12, 11, 20);
INSERT INTO binarypackagebuild (id, package_build, distro_arch_series, source_package_release) VALUES (18, 13, 8, 14);
INSERT INTO binarypackagebuild (id, package_build, distro_arch_series, source_package_release) VALUES (19, 14, 8, 20);
INSERT INTO binarypackagebuild (id, package_build, distro_arch_series, source_package_release) VALUES (21, 15, 1, 33);
INSERT INTO binarypackagebuild (id, package_build, distro_arch_series, source_package_release) VALUES (22, 16, 8, 33);
INSERT INTO binarypackagebuild (id, package_build, distro_arch_series, source_package_release) VALUES (23, 17, 1, 35);
INSERT INTO binarypackagebuild (id, package_build, distro_arch_series, source_package_release) VALUES (24, 18, 1, 33);
INSERT INTO binarypackagebuild (id, package_build, distro_arch_series, source_package_release) VALUES (25, 19, 1, 35);
INSERT INTO binarypackagebuild (id, package_build, distro_arch_series, source_package_release) VALUES (26, 20, 8, 33);
INSERT INTO binarypackagebuild (id, package_build, distro_arch_series, source_package_release) VALUES (27, 21, 1, 20);
INSERT INTO binarypackagebuild (id, package_build, distro_arch_series, source_package_release) VALUES (28, 22, 12, 14);
INSERT INTO binarypackagebuild (id, package_build, distro_arch_series, source_package_release) VALUES (29, 23, 8, 36);
INSERT INTO binarypackagebuild (id, package_build, distro_arch_series, source_package_release) VALUES (30, 24, 12, 14);


ALTER TABLE binarypackagebuild ENABLE TRIGGER ALL;


ALTER TABLE binarypackagename DISABLE TRIGGER ALL;

INSERT INTO binarypackagename (id, name) VALUES (6, 'foobar');
INSERT INTO binarypackagename (id, name) VALUES (8, 'mozilla-firefox');
INSERT INTO binarypackagename (id, name) VALUES (13, 'pmount');
INSERT INTO binarypackagename (id, name) VALUES (14, 'linux-2.6.12');
INSERT INTO binarypackagename (id, name) VALUES (15, 'at');
INSERT INTO binarypackagename (id, name) VALUES (16, 'cdrkit');
INSERT INTO binarypackagename (id, name) VALUES (17, 'commercialpackage');
INSERT INTO binarypackagename (id, name) VALUES (18, 'mozilla-firefox-data');


ALTER TABLE binarypackagename ENABLE TRIGGER ALL;


ALTER TABLE binarypackagerelease DISABLE TRIGGER ALL;

INSERT INTO binarypackagerelease (id, binarypackagename, version, summary, description, build, binpackageformat, component, section, priority, shlibdeps, depends, recommends, suggests, conflicts, replaces, provides, essential, installedsize, architecturespecific, fti, datecreated, pre_depends, enhances, breaks, debug_package, user_defined_fields, homepage) VALUES (6, 6, '1.0', 'foobar is bad', 'foobar should be removed', 6, 1, 1, 1, 40, NULL, NULL, NULL, NULL, NULL, NULL, NULL, false, NULL, false, NULL, '2006-12-01 17:50:10.878712', NULL, NULL, NULL, NULL, NULL, NULL);
INSERT INTO binarypackagerelease (id, binarypackagename, version, summary, description, build, binpackageformat, component, section, priority, shlibdeps, depends, recommends, suggests, conflicts, replaces, provides, essential, installedsize, architecturespecific, fti, datecreated, pre_depends, enhances, breaks, debug_package, user_defined_fields, homepage) VALUES (12, 8, '0.9', 'Mozilla Firefox Web Browser', 'Mozilla Firefox Web Browser is .....', 2, 1, 1, 1, 10, NULL, 'gcc-3.4-base, libc6 (>= 2.3.2.ds1-4), gcc-3.4 (>= 3.4.1-4sarge1), gcc-3.4 (<< 3.4.2), libstdc++6-dev (>= 3.4.1-4sarge1)', 'gcc-3.4-base, libc6 (>= 2.3.2.ds1-4), gcc-3.4 (>= 3.4.1-4sarge1), gcc-3.4 (<< 3.4.2), libstdc++6-dev (>= 3.4.1-4sarge1)', 'firefox-gnome-support (= 1.0.7-0ubuntu20), latex-xft-fonts, xprint', 'firefox, mozilla-web-browser', 'gnome-mozilla-browser', 'mozilla-firefox', false, NULL, true, NULL, '2005-10-19 17:50:10.874189', 'pmount, foo', 'pmount, bar', 'pmount, baz', NULL, NULL, NULL);
INSERT INTO binarypackagerelease (id, binarypackagename, version, summary, description, build, binpackageformat, component, section, priority, shlibdeps, depends, recommends, suggests, conflicts, replaces, provides, essential, installedsize, architecturespecific, fti, datecreated, pre_depends, enhances, breaks, debug_package, user_defined_fields, homepage) VALUES (15, 13, '0.1-1', 'pmount shortdesc', 'pmount description', 7, 1, 1, 1, 40, NULL, 'at (>= 3.14156), linux-2.6.12, tramp-package', NULL, NULL, NULL, NULL, NULL, false, NULL, false, NULL, '2005-10-19 17:50:10.878712', NULL, NULL, NULL, NULL, NULL, NULL);
INSERT INTO binarypackagerelease (id, binarypackagename, version, summary, description, build, binpackageformat, component, section, priority, shlibdeps, depends, recommends, suggests, conflicts, replaces, provides, essential, installedsize, architecturespecific, fti, datecreated, pre_depends, enhances, breaks, debug_package, user_defined_fields, homepage) VALUES (16, 14, '2.6.12.20', 'the kernel of boom', 'this kernel is like the crystal method: a temple of boom', 14, 1, 1, 1, 40, NULL, NULL, NULL, NULL, NULL, NULL, NULL, false, NULL, false, NULL, '2005-10-19 17:50:10.878712', NULL, NULL, NULL, NULL, NULL, NULL);
INSERT INTO binarypackagerelease (id, binarypackagename, version, summary, description, build, binpackageformat, component, section, priority, shlibdeps, depends, recommends, suggests, conflicts, replaces, provides, essential, installedsize, architecturespecific, fti, datecreated, pre_depends, enhances, breaks, debug_package, user_defined_fields, homepage) VALUES (17, 15, '3.14156', 'at the mountains of madness', 'lovecraft long before enunciated that the mountains were not safe, but you did not believe him', 15, 1, 1, 1, 40, NULL, NULL, NULL, NULL, NULL, NULL, NULL, false, NULL, false, NULL, '2005-10-19 17:50:10.878712', NULL, NULL, NULL, NULL, NULL, NULL);
INSERT INTO binarypackagerelease (id, binarypackagename, version, summary, description, build, binpackageformat, component, section, priority, shlibdeps, depends, recommends, suggests, conflicts, replaces, provides, essential, installedsize, architecturespecific, fti, datecreated, pre_depends, enhances, breaks, debug_package, user_defined_fields, homepage) VALUES (18, 13, '2:1.9-1', 'pmount shortdesc', 'pmount description', 16, 1, 1, 1, 40, NULL, NULL, NULL, NULL, NULL, NULL, NULL, false, NULL, true, NULL, '2005-10-19 17:50:10.878712', NULL, NULL, NULL, NULL, NULL, NULL);
INSERT INTO binarypackagerelease (id, binarypackagename, version, summary, description, build, binpackageformat, component, section, priority, shlibdeps, depends, recommends, suggests, conflicts, replaces, provides, essential, installedsize, architecturespecific, fti, datecreated, pre_depends, enhances, breaks, debug_package, user_defined_fields, homepage) VALUES (19, 8, '0.9', 'Mozilla Firefox Web Browser', 'Mozilla Firefox Web Browser is .....', 18, 1, 1, 1, 10, NULL, 'gcc-3.4-base, libc6 (>= 2.3.2.ds1-4), gcc-3.4 (>= 3.4.1-4sarge1), gcc-3.4 (<< 3.4.2), libstdc++6-dev (>= 3.4.1-4sarge1)', 'gcc-3.4-base, libc6 (>= 2.3.2.ds1-4), gcc-3.4 (>= 3.4.1-4sarge1), gcc-3.4 (<< 3.4.2), libstdc++6-dev (>= 3.4.1-4sarge1)', 'firefox-gnome-support (= 1.0.7-0ubuntu20), latex-xft-fonts, xprint', 'firefox, mozilla-web-browser', 'gnome-mozilla-browser', 'mozilla-firefox', false, NULL, true, NULL, '2005-10-19 17:50:10.874189', NULL, NULL, NULL, NULL, NULL, NULL);
INSERT INTO binarypackagerelease (id, binarypackagename, version, summary, description, build, binpackageformat, component, section, priority, shlibdeps, depends, recommends, suggests, conflicts, replaces, provides, essential, installedsize, architecturespecific, fti, datecreated, pre_depends, enhances, breaks, debug_package, user_defined_fields, homepage) VALUES (20, 13, '0.1-1', 'pmount shortdesc', 'pmount description', 19, 1, 1, 1, 40, NULL, NULL, NULL, NULL, NULL, NULL, NULL, false, NULL, false, NULL, '2005-10-19 17:50:10.878712', NULL, NULL, NULL, NULL, NULL, NULL);
INSERT INTO binarypackagerelease (id, binarypackagename, version, summary, description, build, binpackageformat, component, section, priority, shlibdeps, depends, recommends, suggests, conflicts, replaces, provides, essential, installedsize, architecturespecific, fti, datecreated, pre_depends, enhances, breaks, debug_package, user_defined_fields, homepage) VALUES (21, 16, '1.0', 'cdrkit is nice', 'cdrkit should be kept', 21, 1, 1, 1, 40, NULL, NULL, NULL, NULL, NULL, NULL, NULL, false, NULL, false, NULL, '2006-12-01 17:50:10.878712', NULL, NULL, NULL, NULL, NULL, NULL);
INSERT INTO binarypackagerelease (id, binarypackagename, version, summary, description, build, binpackageformat, component, section, priority, shlibdeps, depends, recommends, suggests, conflicts, replaces, provides, essential, installedsize, architecturespecific, fti, datecreated, pre_depends, enhances, breaks, debug_package, user_defined_fields, homepage) VALUES (22, 8, '1.0', 'ff from iceweasel', 'iceweasel huh ?', 23, 1, 1, 1, 40, NULL, NULL, NULL, NULL, NULL, NULL, NULL, false, NULL, true, NULL, '2006-04-11 12:50:10.878712', NULL, NULL, NULL, NULL, NULL, NULL);
INSERT INTO binarypackagerelease (id, binarypackagename, version, summary, description, build, binpackageformat, component, section, priority, shlibdeps, depends, recommends, suggests, conflicts, replaces, provides, essential, installedsize, architecturespecific, fti, datecreated, pre_depends, enhances, breaks, debug_package, user_defined_fields, homepage) VALUES (23, 13, '0.1-1', 'pmount shortdesc', 'pmount description', 27, 1, 1, 1, 40, NULL, NULL, NULL, NULL, NULL, NULL, NULL, false, NULL, false, NULL, '2007-07-24 17:50:10.878712', NULL, NULL, NULL, NULL, NULL, NULL);
INSERT INTO binarypackagerelease (id, binarypackagename, version, summary, description, build, binpackageformat, component, section, priority, shlibdeps, depends, recommends, suggests, conflicts, replaces, provides, essential, installedsize, architecturespecific, fti, datecreated, pre_depends, enhances, breaks, debug_package, user_defined_fields, homepage) VALUES (24, 8, '1.0', 'ff from iceweasel', 'iceweasel huh ?', 28, 1, 1, 1, 40, NULL, NULL, NULL, NULL, NULL, NULL, NULL, false, NULL, true, NULL, '2006-08-10 12:50:10.878712', NULL, NULL, NULL, NULL, NULL, NULL);
INSERT INTO binarypackagerelease (id, binarypackagename, version, summary, description, build, binpackageformat, component, section, priority, shlibdeps, depends, recommends, suggests, conflicts, replaces, provides, essential, installedsize, architecturespecific, fti, datecreated, pre_depends, enhances, breaks, debug_package, user_defined_fields, homepage) VALUES (25, 17, '1.0-1', 'Stuff for testing', ' This package is simply used for testing soyuz', 29, 1, 5, 7, 20, '', '', '', '', '', '', '', false, 8, true, NULL, '2007-08-09 21:54:18.456616', NULL, NULL, NULL, NULL, NULL, NULL);
