INSERT INTO pofile (id, potemplate, language, description, topcomment, header, fuzzyheader, lasttranslator, currentcount, updatescount, rosettacount, lastparsed, owner, variant, path, datecreated, from_sourcepackagename, unreviewed_count, date_changed) VALUES (6, 2, 132, NULL, ' French translation for mount removable devices as normal user
 Copyright (c) (c) 2005 Canonical Ltd, and Rosetta Contributors 2005
 This file is distributed under the same license as the mount removable devices as normal user package.
 FIRST AUTHOR <EMAIL@ADDRESS>, 2005.

', 'Project-Id-Version: mount removable devices as normal user
Report-Msgid-Bugs-To: martin.pitt@canonical.com
POT-Creation-Date: 2005-04-04 17:31+0200
PO-Revision-Date: 2005-04-02 22:34+0000
Last-Translator: Nicolas Velin <nsv@fr.st>
Language-Team: French <fr@li.org>
MIME-Version: 1.0
Content-Type: text/plain; charset=UTF-8
Content-Transfer-Encoding: 8bit
Plural-Forms: nplurals=2; plural=n > 1
', true, 39, 57, 0, 0, NULL, 31, NULL, 'fr.po', '2005-06-06 08:59:54.256914', NULL, 0, '2005-05-06 20:12:08.283113');
INSERT INTO pofile (id, potemplate, language, description, topcomment, header, fuzzyheader, lasttranslator, currentcount, updatescount, rosettacount, lastparsed, owner, variant, path, datecreated, from_sourcepackagename, unreviewed_count, date_changed) VALUES (7, 2, 360, NULL, ' Croatian translation for pmount
 Copyright (c) (c) 2005 Canonical Ltd, and Rosetta Contributors 2005
 This file is distributed under the same license as the pmount package.
 FIRST AUTHOR <EMAIL@ADDRESS>, 2005.

', 'Project-Id-Version: pmount
Report-Msgid-Bugs-To: martin.pitt@canonical.com
POT-Creation-Date: 2005-04-04 17:31+0200
PO-Revision-Date: 2005-03-16 14:51+0000
Last-Translator: Edgar Bursic <edgar@monteparadiso.hr>
Language-Team: Croatian <hr@li.org>
MIME-Version: 1.0
Content-Type: text/plain; charset=UTF-8
Content-Transfer-Encoding: 8bit
Plural-Forms: nplurals=3; plural=n%10==1 && n%100!=11 ? 0 : n%10>=2 && n%10<=4 && (n%100<10 || n%100>=20) ? 1 : 2
', true, 33, 63, 0, 0, NULL, 31, NULL, 'hr.po', '2005-06-06 08:59:54.255734', NULL, 0, '2005-05-06 20:09:31.825695');
INSERT INTO pofile (id, potemplate, language, description, topcomment, header, fuzzyheader, lasttranslator, currentcount, updatescount, rosettacount, lastparsed, owner, variant, path, datecreated, from_sourcepackagename, unreviewed_count, date_changed) VALUES (8, 2, 527, NULL, ' Italian (Italy) translation for pmount
 Copyright (c) (c) 2005 Canonical Ltd, and Rosetta Contributors 2005
 This file is distributed under the same license as the pmount package.
 FIRST AUTHOR <EMAIL@ADDRESS>, 2005.

', 'Project-Id-Version: pmount
Report-Msgid-Bugs-To: martin.pitt@canonical.com
POT-Creation-Date: 2005-04-04 17:31+0200
PO-Revision-Date: 2005-03-16 23:54+0000
Last-Translator: Francesco Accattapà <callipeo@libero.it>
Language-Team: Italian (Italy) <it_IT@li.org>
MIME-Version: 1.0
Content-Type: text/plain; charset=UTF-8
Content-Transfer-Encoding: 8bit
Plural-Forms: nplurals=2; plural=n != 1
', true, 40, 49, 0, 0, NULL, 31, NULL, 'it_IT.po', '2005-06-06 08:59:54.259358', NULL, 0, '2005-05-06 20:12:35.976807');
INSERT INTO pofile (id, potemplate, language, description, topcomment, header, fuzzyheader, lasttranslator, currentcount, updatescount, rosettacount, lastparsed, owner, variant, path, datecreated, from_sourcepackagename, unreviewed_count, date_changed) VALUES (9, 2, 98, NULL, ' Czech translation for mount removable devices as normal user
 Copyright (c) (c) 2005 Canonical Ltd, and Rosetta Contributors 2005
 This file is distributed under the same license as the mount removable devices as normal user package.
 FIRST AUTHOR <EMAIL@ADDRESS>, 2005.

', 'Project-Id-Version: mount removable devices as normal user
Report-Msgid-Bugs-To: martin.pitt@canonical.com
POT-Creation-Date: 2005-04-04 17:31+0200
PO-Revision-Date: 2005-02-10 15:15+0000
Last-Translator: Vlastimil Skacel <skacel@svtech.cz>
Language-Team: Czech <cs@li.org>
MIME-Version: 1.0
Content-Type: text/plain; charset=UTF-8
Content-Transfer-Encoding: 8bit
Plural-Forms: nplurals=3; plural=n%10==1 && n%100!=11 ? 0 : n%10>=2 && n%10<=4 && (n%100<10 || n%100>=20) ? 1 : 2
', true, 36, 35, 0, 0, NULL, 31, NULL, 'cs.po', '2005-06-06 08:59:54.249601', NULL, 0, '2005-05-06 20:10:41.732277');
INSERT INTO pofile (id, potemplate, language, description, topcomment, header, fuzzyheader, lasttranslator, currentcount, updatescount, rosettacount, lastparsed, owner, variant, path, datecreated, from_sourcepackagename, unreviewed_count, date_changed) VALUES (10, 2, 302, NULL, ' Bokmål, Norwegian translation for pmount
 Copyright (c) (c) 2005 Canonical Ltd, and Rosetta Contributors 2005
 This file is distributed under the same license as the pmount package.
 FIRST AUTHOR <EMAIL@ADDRESS>, 2005.

', 'Project-Id-Version: pmount
Report-Msgid-Bugs-To: martin.pitt@canonical.com
POT-Creation-Date: 2005-04-04 17:31+0200
PO-Revision-Date: 2005-03-31 10:35+0000
Last-Translator: Sigurd Gartmann <sigurd-ubuntu@brogar.org>
Language-Team: Bokmål, Norwegian <nb@li.org>
MIME-Version: 1.0
Content-Type: text/plain; charset=UTF-8
Content-Transfer-Encoding: 8bit
Plural-Forms: nplurals=2; plural=n != 1
', true, 35, 63, 0, 0, NULL, 31, NULL, 'nb.po', '2005-06-06 08:59:54.248418', NULL, 0, '2005-05-06 20:10:18.431259');
INSERT INTO pofile (id, potemplate, language, description, topcomment, header, fuzzyheader, lasttranslator, currentcount, updatescount, rosettacount, lastparsed, owner, variant, path, datecreated, from_sourcepackagename, unreviewed_count, date_changed) VALUES (11, 2, 387, NULL, ' Spanish translation for mount removable devices as normal user
 Copyright (c) (c) 2005 Canonical Ltd, and Rosetta Contributors 2005
 This file is distributed under the same license as the mount removable devices as normal user package.
 FIRST AUTHOR <EMAIL@ADDRESS>, 2005.

', 'Project-Id-Version: mount removable devices as normal user
Report-Msgid-Bugs-To: martin.pitt@canonical.com
POT-Creation-Date: 2005-04-04 17:31+0200
PO-Revision-Date: 2005-02-21 17:57+0000
Last-Translator: Aloriel <jorge.gonzalez.gonzalez@hispalinux.es>
Language-Team: Spanish <es@li.org>
MIME-Version: 1.0
Content-Type: text/plain; charset=UTF-8
Content-Transfer-Encoding: 8bit
Plural-Forms: nplurals=2; plural=n != 1
', true, 41, 54, 0, 0, NULL, 31, NULL, 'po/es.po', '2005-06-06 08:59:54.229882', NULL, 0, '2005-05-06 20:13:10.405056');
INSERT INTO pofile (id, potemplate, language, description, topcomment, header, fuzzyheader, lasttranslator, currentcount, updatescount, rosettacount, lastparsed, owner, variant, path, datecreated, from_sourcepackagename, unreviewed_count, date_changed) VALUES (12, 4, 387, NULL, ' traducción de es.po al Spanish
 translation of es.po to Spanish
 translation of evolution.HEAD to Spanish
 Copyright © 2000-2002 Free Software Foundation, Inc.
 This file is distributed under the same license as the evolution package.
 Carlos Perelló Marín <carlos@gnome-db.org>, 2000-2001.
 Héctor García Álvarez <hector@scouts-es.org>, 2000-2002.
 Ismael Olea <Ismael@olea.org>, 2001, (revisiones) 2003.
 Eneko Lacunza <enlar@iname.com>, 2001-2002.
 Héctor García Álvarez <hector@scouts-es.org>, 2002.
 Pablo Gonzalo del Campo <pablodc@bigfoot.com>,2003 (revisión).
 Francisco Javier F. Serrador <serrador@cvs.gnome.org>, 2003, 2004.


', 'Project-Id-Version: es
POT-Creation-Date: 2004-08-17 11:10+0200
PO-Revision-Date: 2005-04-07 13:22+0000
Last-Translator: Carlos Perelló Marín <carlos@canonical.com>
Language-Team: Spanish <traductores@es.gnome.org>
MIME-Version: 1.0
Content-Type: text/plain; charset=UTF-8
Content-Transfer-Encoding: 8bit
Report-Msgid-Bugs-To: serrador@hispalinux.es
Plural-Forms: nplurals=2; plural=(n != 1);
', true, 50, 6, 1, 1, NULL, 31, NULL, 'es.po', '2005-06-06 08:59:54.235169', NULL, 1, '2005-06-06 20:05:03.244905');
INSERT INTO pofile (id, potemplate, language, description, topcomment, header, fuzzyheader, lasttranslator, currentcount, updatescount, rosettacount, lastparsed, owner, variant, path, datecreated, from_sourcepackagename, unreviewed_count, date_changed) VALUES (13, 5, 132, NULL, '
    Translators, if you are not familiar with the PO format, gettext
    documentation is worth reading, especially sections dedicated to
    this format, e.g. by running:
         info -n ''(gettext)PO Files''
         info -n ''(gettext)Header Entry''

    Some information specific to po-debconf are available at
            /usr/share/doc/po-debconf/README-trans
         or http://www.debian.org/intl/l10n/po-debconf/README-trans

    Developers do not need to manually edit POT or PO files.

', 'Project-Id-Version: mozilla 2:1.7.4-1
Report-Msgid-Bugs-To: 
POT-Creation-Date: 2004-07-11 16:16+0900
PO-Revision-Date: 2004-08-02 00:08+0200
Last-Translator: Denis Barbier <barbier@linuxfr.org>
Language-Team: French <debian-l10n-french@lists.debian.org>
MIME-Version: 1.0
Content-Type: text/plain; charset=ISO-8859-15
Content-Transfer-Encoding: 8bit
Plural-Forms: nplurals=2; plural=n > 1
', true, 42, 9, 0, 0, NULL, 31, NULL, 'fr.po', '2005-06-06 08:59:54.243358', NULL, 0, '2005-05-06 21:12:18.833057');
INSERT INTO pofile (id, potemplate, language, description, topcomment, header, fuzzyheader, lasttranslator, currentcount, updatescount, rosettacount, lastparsed, owner, variant, path, datecreated, from_sourcepackagename, unreviewed_count, date_changed) VALUES (14, 5, 112, NULL, '
    Translators, if you are not familiar with the PO format, gettext
    documentation is worth reading, especially sections dedicated to
    this format, e.g. by running:
         info -n ''(gettext)PO Files''
         info -n ''(gettext)Header Entry''

    Some information specific to po-debconf are available at
            /usr/share/doc/po-debconf/README-trans
         or http://www.debian.org/intl/l10n/po-debconf/README-trans

    Developers do not need to manually edit POT or PO files.

', 'Project-Id-Version: mozilla 2:1.6-3
POT-Creation-Date: 2004-07-11 16:16+0900
PO-Revision-Date: 2004-09-09 11:37+0100
Last-Translator: Luk Claes <luk.claes@ugent.be>
Language-Team: Debian l10n Dutch <debian-l10n-dutch@lists.debian.org>
MIME-Version: 1.0
Content-Type: text/plain; charset=iso-8859-1
Content-Transfer-Encoding: 8bit
Plural-Forms: nplurals=2; plural=n != 1
', true, 45, 9, 0, 0, NULL, 31, NULL, 'nl.po', '2005-06-06 08:59:54.260522', NULL, 0, '2005-05-06 21:12:27.602384');
INSERT INTO pofile (id, potemplate, language, description, topcomment, header, fuzzyheader, lasttranslator, currentcount, updatescount, rosettacount, lastparsed, owner, variant, path, datecreated, from_sourcepackagename, unreviewed_count, date_changed) VALUES (15, 5, 521, NULL, '
    Translators, if you are not familiar with the PO format, gettext
    documentation is worth reading, especially sections dedicated to
    this format, e.g. by running:
         info -n ''(gettext)PO Files''
         info -n ''(gettext)Header Entry''

    Some information specific to po-debconf are available at
            /usr/share/doc/po-debconf/README-trans
         or http://www.debian.org/intl/l10n/po-debconf/README-trans

    Developers do not need to manually edit POT or PO files.

', 'Project-Id-Version: mozilla
Report-Msgid-Bugs-To: 
POT-Creation-Date: 2004-07-11 16:16+0900
PO-Revision-Date: 2004-07-25 16:17-0300
Last-Translator: André Luís Lopes <andrelop@debian.org>
Language-Team: Debian-BR Porject <debian-l10n-portuguese@lists.debian.org>
MIME-Version: 1.0
Content-Type: text/plain; charset=ISO-8859-1
Content-Transfer-Encoding: 8bit
Plural-Forms: nplurals=2; plural=n > 1
', true, 43, 9, 0, 0, NULL, 31, NULL, 'pt_BR.po', '2005-06-06 08:59:54.24721', NULL, 0, '2005-05-06 21:12:20.874654');
INSERT INTO pofile (id, potemplate, language, description, topcomment, header, fuzzyheader, lasttranslator, currentcount, updatescount, rosettacount, lastparsed, owner, variant, path, datecreated, from_sourcepackagename, unreviewed_count, date_changed) VALUES (16, 5, 143, NULL, '
    Translators, if you are not familiar with the PO format, gettext
    documentation is worth reading, especially sections dedicated to
    this format, e.g. by running:
         info -n ''(gettext)PO Files''
         info -n ''(gettext)Header Entry''

    Some information specific to po-debconf are available at
            /usr/share/doc/po-debconf/README-trans
         or http://www.debian.org/intl/l10n/po-debconf/README-trans

    Developers do not need to manually edit POT or PO files.

', 'Project-Id-Version: PACKAGE VERSION
Report-Msgid-Bugs-To: 
POT-Creation-Date: 2004-07-11 16:16+0900
PO-Revision-Date: 2004-07-24 15:24+0200
Last-Translator: Helge Kreutzmann <kreutzm@itp.uni-hannover.de>
Language-Team: de <debian-l10n-german@lists.debian.org>
MIME-Version: 1.0
Content-Type: text/plain; charset=ISO-8859-15
Content-Transfer-Encoding: 8bit
Plural-Forms: nplurals=2; plural=n != 1
', true, 51, 9, 0, 0, NULL, 31, NULL, 'de.po', '2005-06-06 08:59:54.253299', NULL, 0, '2005-05-06 21:12:42.747648');
INSERT INTO pofile (id, potemplate, language, description, topcomment, header, fuzzyheader, lasttranslator, currentcount, updatescount, rosettacount, lastparsed, owner, variant, path, datecreated, from_sourcepackagename, unreviewed_count, date_changed) VALUES (17, 5, 427, NULL, ' Turkish translation of mozilla.
 This file is distributed under the same license as the mozilla package.
 Mehmet Türker <mturker@innova.com.tr>, 2004.

', 'Project-Id-Version: mozilla
Report-Msgid-Bugs-To: 
POT-Creation-Date: 2004-07-11 16:16+0900
PO-Revision-Date: 2004-04-25 14:47+0300
Last-Translator: Mehmet Türker <EMAIL>
Language-Team: Turkish <debian-l10n-turkish@lists.debian.org>
MIME-Version: 1.0
Content-Type: text/plain; charset=UTF-8
Content-Transfer-Encoding: 8bit
Plural-Forms:  nplurals=1; plural=0;
', true, 30, 6, 0, 0, NULL, 31, NULL, 'tr.po', '2005-06-06 08:59:54.250735', NULL, 0, '2005-05-06 21:12:40.937835');
INSERT INTO pofile (id, potemplate, language, description, topcomment, header, fuzzyheader, lasttranslator, currentcount, updatescount, rosettacount, lastparsed, owner, variant, path, datecreated, from_sourcepackagename, unreviewed_count, date_changed) VALUES (18, 5, 193, NULL, ' Italian translation of debconf for mozilla.
 This file is distributed under the same license as the mozilla package.
 Copyright 2004 by Valentina Commissari <ayor@quaqua.net>.
', 'Project-Id-Version: mozilla 1.7.3-5
POT-Creation-Date: 2004-07-11 16:16+0900
PO-Revision-Date: 2004-11-01 13:30+0100
Last-Translator: Valentina Commissari <tsukimi@quaqua.net>
Language-Team: Italian <debian-l10n-italian@lists.debian.org>
MIME-Version: 1.0
Content-Type: text/plain; charset=iso-8859-1
Content-Transfer-Encoding: 8bit
X-Poedit-Language: Italian
X-Poedit-Country: ITALY
Plural-Forms: nplurals=2; plural=n != 1
', true, 50, 9, 0, 0, NULL, 31, NULL, 'it.po', '2005-06-06 08:59:54.246003', NULL, 0, '2005-05-06 21:12:39.082421');
INSERT INTO pofile (id, potemplate, language, description, topcomment, header, fuzzyheader, lasttranslator, currentcount, updatescount, rosettacount, lastparsed, owner, variant, path, datecreated, from_sourcepackagename, unreviewed_count, date_changed) VALUES (19, 5, 100, NULL, '
    Translators, if you are not familiar with the PO format, gettext
    documentation is worth reading, especially sections dedicated to
    this format, e.g. by running:
         info -n ''(gettext)PO Files''
         info -n ''(gettext)Header Entry''

    Some information specific to po-debconf are available at
            /usr/share/doc/po-debconf/README-trans
         or http://www.debian.org/intl/l10n/po-debconf/README-trans

    Developers do not need to manually edit POT or PO files.

', 'Project-Id-Version: mozilla 2:1.7.1-4
Report-Msgid-Bugs-To: 
POT-Creation-Date: 2004-07-11 16:16+0900
PO-Revision-Date: 2004-07-31 22:49+0200
Last-Translator: Morten Brix Pedersen <morten@wtf.dk>
Language-Team: debian-l10n-danish <debian-l10n-danish@lists.debian.org>
MIME-Version: 1.0
Content-Type: text/plain; charset=ISO-8859-1
Content-Transfer-Encoding: 8bit
X-Poedit-Language: Italian
X-Poedit-Country: ITALY
Plural-Forms: nplurals=2; plural=n != 1
', true, 47, 9, 0, 0, NULL, 31, NULL, 'da.po', '2005-06-06 08:59:54.24466', NULL, 0, '2005-05-06 21:12:31.382429');
INSERT INTO pofile (id, potemplate, language, description, topcomment, header, fuzzyheader, lasttranslator, currentcount, updatescount, rosettacount, lastparsed, owner, variant, path, datecreated, from_sourcepackagename, unreviewed_count, date_changed) VALUES (20, 5, 241, NULL, ' Lithuanian translation of mozilla.
 This file is distributed under the same license as the mozilla package.
 Kęstutis Biliūnas <kebil@kaunas.init.lt>, 2004.

', 'Project-Id-Version: mozilla
Report-Msgid-Bugs-To: 
POT-Creation-Date: 2004-07-11 16:16+0900
PO-Revision-Date: 2004-10-24 14:14+0300
Last-Translator: Kęstutis Biliūnas <kebil@kaunas.init.lt>
Language-Team: Lithuanian <komp_lt@konferencijos.lt>
MIME-Version: 1.0
Content-Type: text/plain; charset=UTF-8
Content-Transfer-Encoding: 8bit
X-Generator: KBabel 1.3.1
Plural-Forms: nplurals=3; plural=n%10==1 && n%100!=11 ? 0 : n%10>=2 && (n%100<10 || n%100>=20) ? 1 : 2
', true, 49, 9, 0, 0, NULL, 31, NULL, 'lt.po', '2005-06-06 08:59:54.232379', NULL, 0, '2005-05-06 21:12:37.221421');
INSERT INTO pofile (id, potemplate, language, description, topcomment, header, fuzzyheader, lasttranslator, currentcount, updatescount, rosettacount, lastparsed, owner, variant, path, datecreated, from_sourcepackagename, unreviewed_count, date_changed) VALUES (21, 5, 98, NULL, '
    Translators, if you are not familiar with the PO format, gettext
    documentation is worth reading, especially sections dedicated to
    this format, e.g. by running:
         info -n ''(gettext)PO Files''
         info -n ''(gettext)Header Entry''

    Some information specific to po-debconf are available at
            /usr/share/doc/po-debconf/README-trans
         or http://www.debian.org/intl/l10n/po-debconf/README-trans

    Developers do not need to manually edit POT or PO files.

', 'Project-Id-Version: mozilla
Report-Msgid-Bugs-To: 
POT-Creation-Date: 2004-07-11 16:16+0900
PO-Revision-Date: 2004-07-22 17:49+0200
Last-Translator: Miroslav Kure <kurem@debian.cz>
Language-Team: Czech <provoz@debian.cz>
MIME-Version: 1.0
Content-Type: text/plain; charset=ISO-8859-2
Content-Transfer-Encoding: 8bit
Plural-Forms: nplurals=3; plural=n%10==1 && n%100!=11 ? 0 : n%10>=2 && n%10<=4 && (n%100<10 || n%100>=20) ? 1 : 2
', true, 46, 9, 0, 0, NULL, 31, NULL, 'cs.po', '2005-06-06 08:59:54.2394', NULL, 0, '2005-05-06 21:12:29.45271');
INSERT INTO pofile (id, potemplate, language, description, topcomment, header, fuzzyheader, lasttranslator, currentcount, updatescount, rosettacount, lastparsed, owner, variant, path, datecreated, from_sourcepackagename, unreviewed_count, date_changed) VALUES (22, 5, 129, NULL, '  translation of fi.po to Finnish
  mozilla translation

    Translators, if you are not familiar with the PO format, gettext
    documentation is worth reading, especially sections dedicated to
    this format, e.g. by running:
         info -n ''(gettext)PO Files''
         info -n ''(gettext)Header Entry''

    Some information specific to po-debconf are available at
            /usr/share/doc/po-debconf/README-trans
         or http://www.debian.org/intl/l10n/po-debconf/README-trans

    Developers do not need to manually edit POT or PO files.

 Matti Pöllä <mpo@iki.fi>, 2004.
', 'Project-Id-Version: mozilla
Report-Msgid-Bugs-To: 
POT-Creation-Date: 2004-07-11 16:16+0900
PO-Revision-Date: 2004-08-15 22:41+0300
Last-Translator: Matti Pöllä <mpo@iki.fi>
Language-Team: Finnish <debian-l10n-finnish@lists.debian.org>
MIME-Version: 1.0
Content-Type: text/plain; charset=UTF-8
Content-Transfer-Encoding: 8bit
Plural-Forms: nplurals=2; plural=n != 1
', true, 48, 9, 0, 0, NULL, 31, NULL, 'fi.po', '2005-06-06 08:59:54.242018', NULL, 0, '2005-05-06 21:12:33.238579');
INSERT INTO pofile (id, potemplate, language, description, topcomment, header, fuzzyheader, lasttranslator, currentcount, updatescount, rosettacount, lastparsed, owner, variant, path, datecreated, from_sourcepackagename, unreviewed_count, date_changed) VALUES (23, 5, 148, NULL, '
    Translators, if you are not familiar with the PO format, gettext
    documentation is worth reading, especially sections dedicated to
    this format, e.g. by running:
         info -n ''(gettext)PO Files''
         info -n ''(gettext)Header Entry''

    Some information specific to po-debconf are available at
            /usr/share/doc/po-debconf/README-trans
         or http://www.debian.org/intl/l10n/po-debconf/README-trans

    Developers do not need to manually edit POT or PO files.

', 'Project-Id-Version: PACKAGE VERSION
Report-Msgid-Bugs-To: 
POT-Creation-Date: 2004-07-11 16:16+0900
PO-Revision-Date: YEAR-MO-DA HO:MI+ZONE
Last-Translator: FULL NAME <EMAIL@ADDRESS>
Language-Team: LANGUAGE <LL@li.org>
MIME-Version: 1.0
Content-Type: text/plain; charset=ISO-8859-15
Content-Transfer-Encoding: 8bit
Plural-Forms: nplurals=1; plural=0
', true, 30, 3, 0, 0, NULL, 31, NULL, 'gl.po', '2005-06-06 08:59:54.258136', NULL, 0, '2005-05-06 21:12:35.766036');
INSERT INTO pofile (id, potemplate, language, description, topcomment, header, fuzzyheader, lasttranslator, currentcount, updatescount, rosettacount, lastparsed, owner, variant, path, datecreated, from_sourcepackagename, unreviewed_count, date_changed) VALUES (24, 5, 196, NULL, '
    Translators, if you are not familiar with the PO format, gettext
    documentation is worth reading, especially sections dedicated to
    this format, e.g. by running:
         info -n ''(gettext)PO Files''
         info -n ''(gettext)Header Entry''

    Some information specific to po-debconf are available at
            /usr/share/doc/po-debconf/README-trans
         or http://www.debian.org/intl/l10n/po-debconf/README-trans

    Developers do not need to manually edit POT or PO files.

', 'Project-Id-Version: PACKAGE VERSION
Report-Msgid-Bugs-To: 
POT-Creation-Date: 2004-07-11 16:16+0900
PO-Revision-Date: 2004-07-20 02:46+0900
Last-Translator: FULL NAME <EMAIL@ADDRESS>
Language-Team: LANGUAGE <LL@li.org>
MIME-Version: 1.0
Content-Type: text/plain; charset=EUC-JP
Content-Transfer-Encoding: 8bit
Plural-Forms: nplurals=1; plural=0
', true, 30, 9, 0, 0, NULL, 31, NULL, 'ja.po', '2005-06-06 08:59:54.233769', NULL, 0, '2005-05-06 21:12:23.441015');
INSERT INTO pofile (id, potemplate, language, description, topcomment, header, fuzzyheader, lasttranslator, currentcount, updatescount, rosettacount, lastparsed, owner, variant, path, datecreated, from_sourcepackagename, unreviewed_count, date_changed) VALUES (25, 5, 387, NULL, '
    Translators, if you are not familiar with the PO format, gettext
    documentation is worth reading, especially sections dedicated to
    this format, e.g. by running:
         info -n ''(gettext)PO Files''
         info -n ''(gettext)Header Entry''

    Some information specific to po-debconf are available at
            /usr/share/doc/po-debconf/README-trans
         or http://www.debian.org/intl/l10n/po-debconf/README-trans

    Developers do not need to manually edit POT or PO files.

 Carlos Valdivia Yagüe <valyag@dat.etsit.upm.es>, 2003

', 'Project-Id-Version: mozilla-browser 1.4-4
Report-Msgid-Bugs-To: 
POT-Creation-Date: 2004-07-11 16:16+0900
PO-Revision-Date: 2003-09-20 20:00+0200
Last-Translator: Carlos Valdivia Yagüe <valyag@dat.etsit.upm.es>
Language-Team: Debian L10n Spanish <debian-l10n-spanish@lists.debian.org>
MIME-Version: 1.0
Content-Type: text/plain; charset=ISO-8859-15
Content-Transfer-Encoding: 8bit
Plural-Forms: nplurals=2; plural=n != 1
', true, 44, 6, 0, 0, NULL, 31, NULL, 'es.po', '2005-06-06 08:59:54.251898', NULL, 0, '2005-05-06 21:12:25.930403');
INSERT INTO pofile (id, potemplate, language, description, topcomment, header, fuzzyheader, lasttranslator, currentcount, updatescount, rosettacount, lastparsed, owner, variant, path, datecreated, from_sourcepackagename, unreviewed_count, date_changed) VALUES (28, 4, 454, NULL, ' Xhosa translation for evolution
 Copyright (c) (c) 2005 Canonical Ltd, and Rosetta Contributors 2005
 This file is distributed under the same license as the evolution package.
 FIRST AUTHOR <EMAIL@ADDRESS>, 2005.

', 'Project-Id-Version: evolution
Report-Msgid-Bugs-To: FULL NAME <EMAIL@ADDRESS>
POT-Creation-Date: 2005-05-06 20:39:27+00:00
PO-Revision-Date: YEAR-MO-DA HO:MI+ZONE
Last-Translator: FULL NAME <EMAIL@ADDRESS>
Language-Team: Xhosa <xh@li.org>
MIME-Version: 1.0
Content-Type: text/plain; charset=UTF-8
Content-Transfer-Encoding: 8bit
Plural-Forms: nplurals=2; plural=n != 1
', true, NULL, 0, 0, 0, NULL, 31, NULL, 'xh.po', '2005-06-15 19:26:21.919196', NULL, 0, '2005-06-15 19:26:21.919196');
INSERT INTO pofile (id, potemplate, language, description, topcomment, header, fuzzyheader, lasttranslator, currentcount, updatescount, rosettacount, lastparsed, owner, variant, path, datecreated, from_sourcepackagename, unreviewed_count, date_changed) VALUES (29, 4, 196, NULL, ' Japanese translation for evolution
 Copyright (c) (c) 2005 Canonical Ltd, and Rosetta Contributors 2005
 This file is distributed under the same license as the evolution package.
 FIRST AUTHOR <EMAIL@ADDRESS>, 2005.

', 'Project-Id-Version: evolution
Report-Msgid-Bugs-To: FULL NAME <EMAIL@ADDRESS>
POT-Creation-Date: 2005-05-06 20:39:27.778946+00:00
PO-Revision-Date: YEAR-MO-DA HO:MI+ZONE
Last-Translator: FULL NAME <EMAIL@ADDRESS>
Language-Team: Japanese <ja@li.org>
MIME-Version: 1.0
Content-Type: text/plain; charset=UTF-8
Content-Transfer-Encoding: 8bit
Plural-Forms: nplurals=1; plural=0
', true, 13, 0, 0, 1, NULL, 13, NULL, 'ja.po', '2005-10-11 23:08:01.899322', NULL, 0, '2005-10-11 23:08:01.899322');
INSERT INTO pofile (id, potemplate, language, description, topcomment, header, fuzzyheader, lasttranslator, currentcount, updatescount, rosettacount, lastparsed, owner, variant, path, datecreated, from_sourcepackagename, unreviewed_count, date_changed) VALUES (30, 6, 521, NULL, ' Spanish translation for wammu
 Copyright (c) (c) 2006 Canonical Ltd, and Rosetta Contributors 2006
 This file is distributed under the same license as the wammu package.
 FIRST AUTHOR <EMAIL@ADDRESS>, 2006.

', 'Project-Id-Version: wammu
Report-Msgid-Bugs-To: michal@cihar.com
POT-Creation-Date: 2006-11-10 23:24+0100
PO-Revision-Date: 2006-12-04 19:50+0000
Last-Translator: Diogo Matsubara <matsubara@async.com.br>
Language-Team: Spanish <es@li.org>
MIME-Version: 1.0
Content-Type: text/plain; charset=UTF-8
Content-Transfer-Encoding: 8bit
X-Rosetta-Export-Date: 2006-12-04 19:58+0000
Plural-Forms: nplurals=2; plural=n > 1
', true, 66, 5, 0, 0, NULL, 16, NULL, 'po/pt_BR.po', '2006-12-13 21:18:28.796588', NULL, 0, '2006-12-13 21:19:06.369142');
INSERT INTO pofile (id, potemplate, language, description, topcomment, header, fuzzyheader, lasttranslator, currentcount, updatescount, rosettacount, lastparsed, owner, variant, path, datecreated, from_sourcepackagename, unreviewed_count, date_changed) VALUES (31, 9, 387, NULL, ' Spanish translation for evolution
 Copyright (c) 2007 Rosetta Contributors and Canonical Ltd 2007
 This file is distributed under the same license as the evolution package.
 FIRST AUTHOR <EMAIL@ADDRESS>, 2007.

', 'Project-Id-Version: evolution
Report-Msgid-Bugs-To: FULL NAME <EMAIL@ADDRESS>
POT-Creation-Date: 2007-01-05 10:22:21.410795+00:00
PO-Revision-Date: YEAR-MO-DA HO:MI+ZONE
Last-Translator: FULL NAME <EMAIL@ADDRESS>
Language-Team: Spanish <es@li.org>
MIME-Version: 1.0
Content-Type: text/plain; charset=UTF-8
Content-Transfer-Encoding: 8bit
Plural-Forms: nplurals=2; plural=n != 1
', true, 56, 0, 0, 1, NULL, 56, NULL, 'po-disabled/disabled-template-es.po', '2007-01-05 13:04:20.092506', NULL, 0, '2007-01-05 13:04:20.092506');
INSERT INTO pofile (id, potemplate, language, description, topcomment, header, fuzzyheader, lasttranslator, currentcount, updatescount, rosettacount, lastparsed, owner, variant, path, datecreated, from_sourcepackagename, unreviewed_count, date_changed) VALUES (32, 7, 387, NULL, ' Spanish translation for evolution
 Copyright (c) 2007 Rosetta Contributors and Canonical Ltd 2007
 This file is distributed under the same license as the evolution package.
 FIRST AUTHOR <EMAIL@ADDRESS>, 2007.

', 'Project-Id-Version: evolution
Report-Msgid-Bugs-To: FULL NAME <EMAIL@ADDRESS>
POT-Creation-Date: 2006-08-14 18:41:07.274661+00:00
PO-Revision-Date: YEAR-MO-DA HO:MI+ZONE
Last-Translator: FULL NAME <EMAIL@ADDRESS>
Language-Team: Spanish <es@li.org>
MIME-Version: 1.0
Content-Type: text/plain; charset=UTF-8
Content-Transfer-Encoding: 8bit
Plural-Forms: nplurals=2; plural=n != 1
', true, 12, 0, 0, 1, NULL, 12, NULL, '/man-es.po', '2007-01-19 13:00:41.049464', NULL, 0, '2007-01-24 19:16:06.386519');
INSERT INTO pofile (id, potemplate, language, description, topcomment, header, fuzzyheader, lasttranslator, currentcount, updatescount, rosettacount, lastparsed, owner, variant, path, datecreated, from_sourcepackagename, unreviewed_count, date_changed) VALUES (33, 10, 387, NULL, ' Spanish translation for alsa-utils
 Copyright (c) 2007 Rosetta Contributors and Canonical Ltd 2007
 This file is distributed under the same license as the alsa-utils package.
 FIRST AUTHOR <EMAIL@ADDRESS>, 2007.

', 'Project-Id-Version: alsa-utils
Report-Msgid-Bugs-To: FULL NAME <EMAIL@ADDRESS>
POT-Creation-Date: 2006-08-14 18:41:07.274661+00:00
PO-Revision-Date: YEAR-MO-DA HO:MI+ZONE
Last-Translator: FULL NAME <EMAIL@ADDRESS>
Language-Team: Spanish <es@li.org>
MIME-Version: 1.0
Content-Type: text/plain; charset=UTF-8
Content-Transfer-Encoding: 8bit
Plural-Forms: nplurals=2; plural=n != 1
', true, 13, 0, 0, 0, NULL, 13, NULL, 'po/alsa-utils-es.po', '2007-04-07 10:14:36.267119', NULL, 0, '2007-04-07 10:14:36.267119');
INSERT INTO pofile (id, potemplate, language, description, topcomment, header, fuzzyheader, lasttranslator, currentcount, updatescount, rosettacount, lastparsed, owner, variant, path, datecreated, from_sourcepackagename, unreviewed_count, date_changed) VALUES (34, 5, 119, NULL, ' English translation for mozilla
 Copyright (c) 2007 Rosetta Contributors and Canonical Ltd 2007
 This file is distributed under the same license as the mozilla package.
 FIRST AUTHOR <EMAIL@ADDRESS>, 2007.

', 'Project-Id-Version: mozilla
Report-Msgid-Bugs-To: FULL NAME <EMAIL@ADDRESS>
POT-Creation-Date: 2005-05-06 21:10:17.367605+00:00
PO-Revision-Date: YEAR-MO-DA HO:MI+ZONE
Last-Translator: FULL NAME <EMAIL@ADDRESS>
Language-Team: English <en@li.org>
MIME-Version: 1.0
Content-Type: text/plain; charset=UTF-8
Content-Transfer-Encoding: 8bit
Plural-Forms: nplurals=2; plural=n != 1
', true, 13, 0, 0, 3, NULL, 13, NULL, 'debian/po/pkgconf-mozilla-en.po', '2007-07-12 03:42:48.848044', NULL, 0, '2007-07-12 03:42:48.848044');


ALTER TABLE pofile ENABLE TRIGGER ALL;


ALTER TABLE pofiletranslator DISABLE TRIGGER ALL;

INSERT INTO pofiletranslator (id, person, pofile, latest_message, date_last_touched) VALUES (1, 1, 1, 696, '2005-06-06 20:08:02.521892');
INSERT INTO pofiletranslator (id, person, pofile, latest_message, date_last_touched) VALUES (2, 12, 32, 689, '2007-01-19 13:00:41.049464');
INSERT INTO pofiletranslator (id, person, pofile, latest_message, date_last_touched) VALUES (3, 13, 1, 695, '2006-12-22 11:47:14.827772');
INSERT INTO pofiletranslator (id, person, pofile, latest_message, date_last_touched) VALUES (4, 13, 12, 694, '2005-05-06 21:12:13.908028');
INSERT INTO pofiletranslator (id, person, pofile, latest_message, date_last_touched) VALUES (5, 13, 29, 687, '2005-10-11 23:08:01.899322');
INSERT INTO pofiletranslator (id, person, pofile, latest_message, date_last_touched) VALUES (6, 13, 32, 699, '2007-01-24 19:15:47.546879');
INSERT INTO pofiletranslator (id, person, pofile, latest_message, date_last_touched) VALUES (7, 13, 33, 690, '2007-04-07 10:14:36.267119');
INSERT INTO pofiletranslator (id, person, pofile, latest_message, date_last_touched) VALUES (8, 13, 34, 693, '2007-07-12 03:42:48.848044');
INSERT INTO pofiletranslator (id, person, pofile, latest_message, date_last_touched) VALUES (9, 16, 12, 686, '2005-06-06 19:42:48.236409');
INSERT INTO pofiletranslator (id, person, pofile, latest_message, date_last_touched) VALUES (10, 30, 17, 669, '2005-05-06 21:12:40.937835');
INSERT INTO pofiletranslator (id, person, pofile, latest_message, date_last_touched) VALUES (11, 30, 23, 645, '2005-05-06 21:12:35.766036');
INSERT INTO pofiletranslator (id, person, pofile, latest_message, date_last_touched) VALUES (12, 30, 24, 597, '2005-05-06 21:12:23.441015');
INSERT INTO pofiletranslator (id, person, pofile, latest_message, date_last_touched) VALUES (13, 33, 7, 72, '2005-05-06 20:09:31.825695');
INSERT INTO pofiletranslator (id, person, pofile, latest_message, date_last_touched) VALUES (14, 34, 5, 135, '2005-05-06 20:09:51.386766');
INSERT INTO pofiletranslator (id, person, pofile, latest_message, date_last_touched) VALUES (15, 35, 10, 198, '2005-05-06 20:10:18.431259');
INSERT INTO pofiletranslator (id, person, pofile, latest_message, date_last_touched) VALUES (17, 37, 3, 324, '2005-05-06 20:11:16.591589');
INSERT INTO pofiletranslator (id, person, pofile, latest_message, date_last_touched) VALUES (18, 38, 4, 387, '2005-05-06 20:11:41.773683');
INSERT INTO pofiletranslator (id, person, pofile, latest_message, date_last_touched) VALUES (20, 40, 8, 499, '2005-05-06 20:12:35.976807');
INSERT INTO pofiletranslator (id, person, pofile, latest_message, date_last_touched) VALUES (22, 42, 13, 579, '2005-05-06 21:12:18.833057');
INSERT INTO pofiletranslator (id, person, pofile, latest_message, date_last_touched) VALUES (23, 43, 15, 588, '2005-05-06 21:12:20.874654');
INSERT INTO pofiletranslator (id, person, pofile, latest_message, date_last_touched) VALUES (24, 44, 25, 603, '2005-05-06 21:12:25.930403');
INSERT INTO pofiletranslator (id, person, pofile, latest_message, date_last_touched) VALUES (25, 45, 14, 612, '2005-05-06 21:12:27.602384');
INSERT INTO pofiletranslator (id, person, pofile, latest_message, date_last_touched) VALUES (26, 46, 21, 621, '2005-05-06 21:12:29.45271');
INSERT INTO pofiletranslator (id, person, pofile, latest_message, date_last_touched) VALUES (27, 47, 19, 630, '2005-05-06 21:12:31.382429');
INSERT INTO pofiletranslator (id, person, pofile, latest_message, date_last_touched) VALUES (28, 48, 22, 642, '2005-05-06 21:12:33.238579');
INSERT INTO pofiletranslator (id, person, pofile, latest_message, date_last_touched) VALUES (29, 49, 20, 654, '2005-05-06 21:12:37.221421');
INSERT INTO pofiletranslator (id, person, pofile, latest_message, date_last_touched) VALUES (30, 50, 12, 698, '2005-06-06 20:05:03.244905');
INSERT INTO pofiletranslator (id, person, pofile, latest_message, date_last_touched) VALUES (31, 50, 18, 663, '2005-05-06 21:12:39.082421');
INSERT INTO pofiletranslator (id, person, pofile, latest_message, date_last_touched) VALUES (32, 51, 16, 678, '2005-05-06 21:12:42.747648');
INSERT INTO pofiletranslator (id, person, pofile, latest_message, date_last_touched) VALUES (33, 52, 1, 697, '2005-08-29 16:16:58.010285');
INSERT INTO pofiletranslator (id, person, pofile, latest_message, date_last_touched) VALUES (34, 56, 31, 688, '2007-01-05 13:04:20.092506');
INSERT INTO pofiletranslator (id, person, pofile, latest_message, date_last_touched) VALUES (35, 66, 30, 684, '2006-12-13 21:19:06.369142');
INSERT INTO pofiletranslator (id, person, pofile, latest_message, date_last_touched) VALUES (36, 36, 9, 257, '2005-05-06 20:10:41.732277');
INSERT INTO pofiletranslator (id, person, pofile, latest_message, date_last_touched) VALUES (37, 39, 6, 446, '2005-05-06 20:12:08.283113');
INSERT INTO pofiletranslator (id, person, pofile, latest_message, date_last_touched) VALUES (38, 41, 11, 557, '2005-05-06 20:13:10.405056');


ALTER TABLE pofiletranslator ENABLE TRIGGER ALL;


ALTER TABLE poll DISABLE TRIGGER ALL;

INSERT INTO poll (id, team, name, title, dateopens, datecloses, proposition, type, allowspoilt, secrecy, date_created) VALUES (1, 17, 'director-2004', '2004 Director''s Elections', '2004-01-01 00:00:00', '2004-01-15 00:00:00', 'Who''s going to be the next director?', 2, true, 3, '2006-10-16 18:31:44.605729');
INSERT INTO poll (id, team, name, title, dateopens, datecloses, proposition, type, allowspoilt, secrecy, date_created) VALUES (2, 17, 'leader-2004', '2004 Leader''s Elections', '2004-01-01 00:00:00', '2004-01-15 00:00:00', 'Who''s going to be the next leader?', 1, true, 3, '2006-10-16 18:31:44.614277');
INSERT INTO poll (id, team, name, title, dateopens, datecloses, proposition, type, allowspoilt, secrecy, date_created) VALUES (3, 17, 'never-closes', 'A random poll that never closes', '2004-01-01 00:00:00', '2104-01-15 00:00:00', 'Whatever proposition.', 1, true, 3, '2006-10-16 18:31:44.615511');
INSERT INTO poll (id, team, name, title, dateopens, datecloses, proposition, type, allowspoilt, secrecy, date_created) VALUES (4, 17, 'never-closes2', 'A second random poll that never closes', '2004-01-01 00:00:00', '2104-01-15 00:00:00', 'Whatever proposition.', 2, true, 3, '2006-10-16 18:31:44.616371');
INSERT INTO poll (id, team, name, title, dateopens, datecloses, proposition, type, allowspoilt, secrecy, date_created) VALUES (5, 17, 'never-closes3', 'A third random poll that never closes', '2004-01-01 00:00:00', '2104-01-15 00:00:00', 'Whatever proposition.', 2, true, 1, '2006-10-16 18:31:44.617218');
INSERT INTO poll (id, team, name, title, dateopens, datecloses, proposition, type, allowspoilt, secrecy, date_created) VALUES (6, 17, 'never-closes4', 'A public poll that never closes', '2004-01-01 00:00:00', '2104-01-15 00:00:00', 'Whatever proposition.', 1, true, 1, '2007-01-16 18:31:44.615511');
INSERT INTO poll (id, team, name, title, dateopens, datecloses, proposition, type, allowspoilt, secrecy, date_created) VALUES (7, 17, 'not-yet-opened', 'A public poll that has not opened yet', '2024-01-01 00:00:00', '2104-01-15 00:00:00', 'Whatever proposition.', 1, true, 1, '2007-01-16 18:31:44.615511');


ALTER TABLE poll ENABLE TRIGGER ALL;


ALTER TABLE polloption DISABLE TRIGGER ALL;

INSERT INTO polloption (id, poll, name, title, active, date_created) VALUES (1, 1, 'A', 'A', true, '2006-10-16 18:31:44.620851');
INSERT INTO polloption (id, poll, name, title, active, date_created) VALUES (2, 1, 'B', 'B', true, '2006-10-16 18:31:44.622948');
INSERT INTO polloption (id, poll, name, title, active, date_created) VALUES (3, 1, 'C', 'C', true, '2006-10-16 18:31:44.623427');
INSERT INTO polloption (id, poll, name, title, active, date_created) VALUES (4, 1, 'D', 'D', true, '2006-10-16 18:31:44.623816');
INSERT INTO polloption (id, poll, name, title, active, date_created) VALUES (5, 2, 'William Big-Middle-Name Graham', 'Will Graham', true, '2006-10-16 18:31:44.624204');
INSERT INTO polloption (id, poll, name, title, active, date_created) VALUES (6, 2, 'Jack Crawford', 'Jack Crawford', true, '2006-10-16 18:31:44.624595');
INSERT INTO polloption (id, poll, name, title, active, date_created) VALUES (7, 2, 'Francis Dolarhyde', 'Francis Dolarhyde', true, '2006-10-16 18:31:44.624986');
INSERT INTO polloption (id, poll, name, title, active, date_created) VALUES (8, 3, 'A', 'A', true, '2006-10-16 18:31:44.625374');
INSERT INTO polloption (id, poll, name, title, active, date_created) VALUES (9, 3, 'B', 'B', true, '2006-10-16 18:31:44.62576');
INSERT INTO polloption (id, poll, name, title, active, date_created) VALUES (10, 3, 'C', 'C', true, '2006-10-16 18:31:44.626146');
INSERT INTO polloption (id, poll, name, title, active, date_created) VALUES (11, 3, 'D', 'D', true, '2006-10-16 18:31:44.626573');
INSERT INTO polloption (id, poll, name, title, active, date_created) VALUES (12, 4, 'Option 1', 'Option 1', true, '2006-10-16 18:31:44.626962');
INSERT INTO polloption (id, poll, name, title, active, date_created) VALUES (13, 4, 'Option 2', 'Option 2', true, '2006-10-16 18:31:44.62735');
INSERT INTO polloption (id, poll, name, title, active, date_created) VALUES (14, 4, 'Option 3', 'Option 3', true, '2006-10-16 18:31:44.627738');
INSERT INTO polloption (id, poll, name, title, active, date_created) VALUES (15, 4, 'Option 4', 'Option 4', true, '2006-10-16 18:31:44.628126');
INSERT INTO polloption (id, poll, name, title, active, date_created) VALUES (16, 5, 'Option 1', 'Option 1', true, '2006-10-16 18:31:44.628515');
INSERT INTO polloption (id, poll, name, title, active, date_created) VALUES (17, 5, 'Option 2', 'Option 2', true, '2006-10-16 18:31:44.628904');
INSERT INTO polloption (id, poll, name, title, active, date_created) VALUES (18, 5, 'Option 3', 'Option 3', true, '2006-10-16 18:31:44.629293');
INSERT INTO polloption (id, poll, name, title, active, date_created) VALUES (19, 5, 'Option 4', 'Option 4', true, '2006-10-16 18:31:44.629683');
INSERT INTO polloption (id, poll, name, title, active, date_created) VALUES (20, 6, 'OptionA', 'OptionA', true, '2006-10-16 18:31:44.625374');
INSERT INTO polloption (id, poll, name, title, active, date_created) VALUES (21, 6, 'OptionB', 'OptionB', true, '2006-10-16 18:31:44.62576');
INSERT INTO polloption (id, poll, name, title, active, date_created) VALUES (22, 6, 'OptionC', 'OptionC', true, '2006-10-16 18:31:44.626146');
INSERT INTO polloption (id, poll, name, title, active, date_created) VALUES (23, 6, 'OptionD', 'OptionD', true, '2006-10-16 18:31:44.626573');
INSERT INTO polloption (id, poll, name, title, active, date_created) VALUES (24, 7, 'OptionX', 'OptionX', true, '2006-10-16 18:31:44.625374');


ALTER TABLE polloption ENABLE TRIGGER ALL;


ALTER TABLE pomsgid DISABLE TRIGGER ALL;

INSERT INTO pomsgid (id, msgid) VALUES (1, 'evolution addressbook');
INSERT INTO pomsgid (id, msgid) VALUES (2, 'current addressbook folder');
INSERT INTO pomsgid (id, msgid) VALUES (3, 'have ');
INSERT INTO pomsgid (id, msgid) VALUES (4, 'has ');
INSERT INTO pomsgid (id, msgid) VALUES (5, ' cards');
INSERT INTO pomsgid (id, msgid) VALUES (6, ' card');
INSERT INTO pomsgid (id, msgid) VALUES (7, 'contact''s header: ');
INSERT INTO pomsgid (id, msgid) VALUES (8, 'evolution minicard');
INSERT INTO pomsgid (id, msgid) VALUES (9, 'This addressbook could not be opened.');
INSERT INTO pomsgid (id, msgid) VALUES (10, 'This addressbook server might unreachable or the server name may be misspelled or your network connection could be down.');
INSERT INTO pomsgid (id, msgid) VALUES (11, 'Failed to authenticate with LDAP server.');
INSERT INTO pomsgid (id, msgid) VALUES (12, 'Check to make sure your password is spelled correctly and that you are using a supported login method. Remember that many passwords are case sensitive; your caps lock might be on.');
INSERT INTO pomsgid (id, msgid) VALUES (13, 'Migrating `%s'':');
INSERT INTO pomsgid (id, msgid) VALUES (14, 'The location and hierarchy of the Evolution contact folders has changed since Evolution 1.x.

Please be patient while Evolution migrates your folders...');
INSERT INTO pomsgid (id, msgid) VALUES (15, '%d contact');
INSERT INTO pomsgid (id, msgid) VALUES (16, '%d contacts');
INSERT INTO pomsgid (id, msgid) VALUES (17, 'Opening %d contact will open %d new window as well.
Do you really want to display this contact?');
INSERT INTO pomsgid (id, msgid) VALUES (18, 'Opening %d contacts will open %d new windows as well.
Do you really want to display all of these contacts?');
INSERT INTO pomsgid (id, msgid) VALUES (19, '%d foo');
INSERT INTO pomsgid (id, msgid) VALUES (20, '%d bars');
INSERT INTO pomsgid (id, msgid) VALUES (21, 'EncFS Password: ');
INSERT INTO pomsgid (id, msgid) VALUES (22, 'When specifying daemon mode, you must use absolute paths (beginning with ''/'')');
INSERT INTO pomsgid (id, msgid) VALUES (23, 'Please select a key size in bits.  The cipher you have chosen
supports sizes from %i to %i bits in increments of %i bits.
For example: ');
INSERT INTO pomsgid (id, msgid) VALUES (24, 'Found %i invalid file.');
INSERT INTO pomsgid (id, msgid) VALUES (25, 'Found %i invalid files.');
INSERT INTO pomsgid (id, msgid) VALUES (26, '
      <p>Thousands of sites (particularly news sites and weblogs) publish their latest headlines and/or stories in a machine-readable format so that other sites can easily link to them. This content is usually in the form of an <a href="http://blogs.law.harvard.edu/tech/rss">RSS</a> feed (which is an XML-based syndication standard).</p>
      <p>You can read aggregated content from many sites using RSS feed readers, such as <a href="http://www.disobey.com/amphetadesk/">Amphetadesk</a>.</p>
      <p>Drupal provides the means to aggregate feeds from many sites and display these aggregated feeds to your site''s visitors. To do this, enable the aggregator module in site administration and then go to the aggregator configuration page, where you can subscribe to feeds and set up other options.</p>
      <h3>How do I find RSS feeds to aggregate?</h3>
      <p>Many web sites (especially weblogs) display small XML icons or other obvious links on their home page. You can follow these to obtain the web address for the RSS feed. Common extensions for RSS feeds are .rss, .xml and .rdf. For example: <a href="http://slashdot.org/slashdot.rdf">Slashdot RSS</a>.</p>
      <p>If you can''t find a feed for a site, or you want to find several feeds on a given topic, try an RSS syndication directory such as <a href="http://www.syndic8.com/">Syndic8</a>.</p>
      <p>To learn more about RSS, read Mark Pilgrim''s <a href="http://www.xml.com/pub/a/2002/12/18/dive-into-xml.html">What is RSS</a> and WebReference.com''s <a href="http://www.webreference.com/authoring/languages/xml/rss/1/">The Evolution of RSS</a> articles.</p>
      <p>NOTE: Enable your site''s XML syndication button by turning on the Syndicate block in block management.</p>
      <h3>How do I add a news feed?</h3>
      <p>To subscribe to an RSS feed on another site, use the <a href="% admin-news">aggregation page</a>.</p>
      <p>Once there, click the <a href="%new-feed">new feed</a> tab. Drupal will then ask for the following:</p>
      <ul>
       <li><strong>Title</strong> -- The text entered here will be used in your news aggregator, within the administration configuration section, and as a title for the news feed block. As a general rule, use the web site name from which the feed originates.</li>
       <li><strong>URL</strong> -- Here you''ll enter the fully-qualified web address for the feed you wish to subscribe to.</li>
       <li><strong>Update interval</strong> -- This is how often Drupal will scan the feed for new content. This defaults to every hour. Checking a feed more frequently that this is typically a waste of bandwidth and is considered somewhat impolite. For automatic updates to work, cron.php must be called regularly. If it is not, you''ll have to manually update the feeds one at a time within the news aggregation administration page by using <a href="%update-items">update items</a>.</li>
       <li><strong>Latest items block</strong> -- The number of items selected here will determine how many of the latest items from the feed will appear in a block which may be enabled and placed in the <a href="%block">blocks</a> administration page.</li>
       <li><strong>Automatically file items</strong> -- As items are received from a feed they will be put in any categories you have selected here.</li>
      </ul>
      <p>Once you have submitted the new feed, check to make sure it is working properly by selecting <a href="%update-items">update items</a> on the <a href="%admin-news">aggregation page</a>. If you do not see any items listed for that feed, edit the feed and make sure that the URL was entered correctly.</p>
      <h3>Adding categories</h3>
      <p>News items can be filed into categories. To create a category, start at the <a href="%admin-news">aggregation page</a>.</p>
      <p>Once there, select <a href="%new-category">new category</a> from the menu. Drupal will then ask for the following:</p>
      <ul>
       <li><strong>Title</strong> -- The title will be used in the <em>news by topics</em> listing in your news aggregator and for the block created for the bundle.</li>
       <li><strong>Description</strong> -- A short description of the category to tell users more details about what news items they might find in the category.</li>
       <li><strong>Latest items block</strong> -- The number of items selected here will determine how many of the latest items from the category will appear in a block which may be enabled and placed in the <a href="%block">blocks</a> administration page.</li>
      </ul>
      <h3>Using the news aggregator</h3>
      <p>The news aggregator has a number of ways that it displays your subscribed content:</p>
      <ul>
       <li><strong><a href="%news-aggregator">News aggregator</a></strong> (latest news) -- Displays all incoming items in the order in which they were received.</li>
       <li><strong><a href="%sources">Sources</a></strong> -- Organizes incoming content by feed, displaying feed titles (each of which links to a page with the latest items from that feed) and item titles (which link to that item''s actual story/article).</li>
       <li><strong><a href="%categories">Categories</a></strong> -- Organizes incoming content by category, displaying category titles (each of which links to a page with the latest items from that category) and item titles (which link to that item''s actual story/article).</li>
      </ul>
      <p>Pages that display items (for sources, categories, etc.) display the following for each item:
      <ul>
       <li>The title of the item (its headline).</li>
       <li>The categories that the item belongs to, each of which links to that particular category page as detailed above.</li>
       <li>A description containing the first few paragraphs or a summary of the item (if available).</li>
       <li>The name of the feed, which links to the individual feed''s page, listing information about that feed and items for that feed only. This is not shown on feed pages (they would link to the page you''re currently on).</li>
      </ul>
      <p>Additionally, users with the <em>administer news feeds permission</em> will see a link to categorize the news items. Clicking this will allow them to select which category(s) each news item is in.</p>
      <h3>Technical details</h3>
      <p>Drupal automatically generates an OPML feed file that is available by selecting the XML icon on the News Sources page.</p>
      <p>When fetching feeds Drupal supports conditional GETs, this reduces the bandwidth usage for feeds that have not been updated since the last check.</p>
      <p>If a feed is permanently moved to a new location Drupal will automatically update the feed URL to the new address.</p>');
INSERT INTO pomsgid (id, msgid) VALUES (27, '_Add Group');
INSERT INTO pomsgid (id, msgid) VALUES (28, 'Disconnected');
INSERT INTO pomsgid (id, msgid) VALUES (29, 'Ethernet connection');
INSERT INTO pomsgid (id, msgid) VALUES (30, 'Dial-up connection');
INSERT INTO pomsgid (id, msgid) VALUES (31, 'Wireless connection');
INSERT INTO pomsgid (id, msgid) VALUES (32, 'Wireless connection (secure)');
INSERT INTO pomsgid (id, msgid) VALUES (33, '<span weight="bold" size="larger">Network switching is currently unavailable</span>

The "netdaemon" service is not running');
INSERT INTO pomsgid (id, msgid) VALUES (34, '<span weight="bold" size="larger">Do you want to disconnect all network connections?</span>

Applications which use the network, such as web browsers and email programs, will likely stop working while you are disconnected.');
INSERT INTO pomsgid (id, msgid) VALUES (35, 'Error trying to set default keyring: %d');
INSERT INTO pomsgid (id, msgid) VALUES (36, 'Error trying to create keyring: %d');
INSERT INTO pomsgid (id, msgid) VALUES (37, 'Error trying to get default keyring: %d');
INSERT INTO pomsgid (id, msgid) VALUES (38, 'Unable to save to keyring!  Err: %d');
INSERT INTO pomsgid (id, msgid) VALUES (39, 'Password for network "%s"');
INSERT INTO pomsgid (id, msgid) VALUES (40, '<span weight="bold" size="larger">Error displaying connection information: </span>

No active connection!');
INSERT INTO pomsgid (id, msgid) VALUES (41, '<span weight="bold" size="larger">Error displaying connection information: </span>

Unable to open socket!');
INSERT INTO pomsgid (id, msgid) VALUES (42, '<span weight="bold" size="larger">Error displaying information: </span>

SIOCGIFFLAGS failed on socket!');
INSERT INTO pomsgid (id, msgid) VALUES (43, '<span weight="bold" size="larger">Network configuration could not be run</span>

%s');
INSERT INTO pomsgid (id, msgid) VALUES (44, 'Network Connections');
INSERT INTO pomsgid (id, msgid) VALUES (45, 'No network connections available');
INSERT INTO pomsgid (id, msgid) VALUES (46, '%s: %s (active)');
INSERT INTO pomsgid (id, msgid) VALUES (47, 'Wireless Networks');
INSERT INTO pomsgid (id, msgid) VALUES (48, 'Wireless disabled');
INSERT INTO pomsgid (id, msgid) VALUES (49, 'No wireless networks available');
INSERT INTO pomsgid (id, msgid) VALUES (50, '%s (active)');
INSERT INTO pomsgid (id, msgid) VALUES (51, 'Connection _Information');
INSERT INTO pomsgid (id, msgid) VALUES (52, '_Configure Network Settings');
INSERT INTO pomsgid (id, msgid) VALUES (53, '_Remove from Panel');
INSERT INTO pomsgid (id, msgid) VALUES (54, '<span weight="bold" size="larger">Network switching is currently unavailable</span>

You do not have the permissions to change network settings');
INSERT INTO pomsgid (id, msgid) VALUES (55, '*');
INSERT INTO pomsgid (id, msgid) VALUES (56, '<span weight="bold" size="larger">Active Connection Information</span>');
INSERT INTO pomsgid (id, msgid) VALUES (57, 'Add to Keyring');
INSERT INTO pomsgid (id, msgid) VALUES (58, 'Broadcast Address:');
INSERT INTO pomsgid (id, msgid) VALUES (59, 'Connection Information');
INSERT INTO pomsgid (id, msgid) VALUES (60, 'Destination Address:');
INSERT INTO pomsgid (id, msgid) VALUES (61, 'ESSID:');
INSERT INTO pomsgid (id, msgid) VALUES (62, 'Encryption Key:');
INSERT INTO pomsgid (id, msgid) VALUES (63, 'Hardware Address:');
INSERT INTO pomsgid (id, msgid) VALUES (64, 'IP Address:');
INSERT INTO pomsgid (id, msgid) VALUES (65, 'Interface:');
INSERT INTO pomsgid (id, msgid) VALUES (66, 'Show Encryption Key');
INSERT INTO pomsgid (id, msgid) VALUES (67, 'Specify an ESSID');
INSERT INTO pomsgid (id, msgid) VALUES (68, 'Specify the key');
INSERT INTO pomsgid (id, msgid) VALUES (69, 'Subnet Mask:');
INSERT INTO pomsgid (id, msgid) VALUES (70, 'Type:');
INSERT INTO pomsgid (id, msgid) VALUES (71, 'Usage:

%s [options] <device> [<label>]

  Mount <device> to a directory below %s if policy requirements
  are met (see pmount(1) for details). If <label> is given, the mount point
  will be %s/<label>, otherwise it will be %s<device>.
  If the mount point does not exist, it will be created.

');
INSERT INTO pomsgid (id, msgid) VALUES (72, '%s --lock <device> <pid>
  Prevent further pmounts of <device> until it is unlocked again. <pid>
  specifies the process id the lock holds for. This allows to lock a device
  by several independent processes and avoids indefinite locks of crashed
  processes (nonexistant pids are cleaned before attempting a mount).

');
INSERT INTO pomsgid (id, msgid) VALUES (73, '%s --unlock <device> <pid>
  Remove the lock on <device> for process <pid> again.

');
INSERT INTO pomsgid (id, msgid) VALUES (74, 'Options:
  -a, --async : mount <device> with the ''async'' option (default: ''sync'')
  --noatime   : mount <device> with the ''noatime'' option (default: ''atime'')
  -e, --exec  : mount <device> with the ''exec'' option (default: ''noexec'')
  -t <fs>     : mount as file system type <fs> (default: autodetected)
  -c <charset>: use given I/O character set (default: ''utf8'' if called
                in an UTF-8 locale, otherwise mount default)
  -d, --debug : enable debug output (very verbose)
  -h, --help  : print help message and exit successfuly');
INSERT INTO pomsgid (id, msgid) VALUES (75, 'Error: make_mountpoint_name: invalid device %s (must be in /dev/)
');
INSERT INTO pomsgid (id, msgid) VALUES (76, 'Error: label must not be empty
');
INSERT INTO pomsgid (id, msgid) VALUES (77, 'Error: label too long
');
INSERT INTO pomsgid (id, msgid) VALUES (78, 'Error: ''/'' must not occur in label name
');
INSERT INTO pomsgid (id, msgid) VALUES (79, 'Error: device name too long
');
INSERT INTO pomsgid (id, msgid) VALUES (80, 'Error: could not drop all uid privileges');
INSERT INTO pomsgid (id, msgid) VALUES (81, 'Error: could not execute mount');
INSERT INTO pomsgid (id, msgid) VALUES (82, 'Internal error: mount_attempt: given file system name is NULL
');
INSERT INTO pomsgid (id, msgid) VALUES (83, 'Error: invalid file system name ''%s''
');
INSERT INTO pomsgid (id, msgid) VALUES (84, 'Error: invalid charset name ''%s''
');
INSERT INTO pomsgid (id, msgid) VALUES (85, 'Error: could not raise to full root uid privileges');
INSERT INTO pomsgid (id, msgid) VALUES (86, 'Error: could not wait for executed mount process');
INSERT INTO pomsgid (id, msgid) VALUES (87, 'Error: cannot lock for pid %u, this process does not exist
');
INSERT INTO pomsgid (id, msgid) VALUES (88, 'Error: could not create pid lock file %s: %s
');
INSERT INTO pomsgid (id, msgid) VALUES (89, 'Error: could not remove pid lock file %s: %s
');
INSERT INTO pomsgid (id, msgid) VALUES (90, 'Error: do_unlock: could not remove lock directory');
INSERT INTO pomsgid (id, msgid) VALUES (91, 'Error: this program needs to be installed suid root
');
INSERT INTO pomsgid (id, msgid) VALUES (92, 'Internal error: getopt_long() returned unknown value
');
INSERT INTO pomsgid (id, msgid) VALUES (93, 'Warning: device %s is already handled by /etc/fstab, supplied label is ignored
');
INSERT INTO pomsgid (id, msgid) VALUES (94, 'Error: could not determine real path of the device');
INSERT INTO pomsgid (id, msgid) VALUES (95, 'Error: invalid device %s (must be in /dev/)
');
INSERT INTO pomsgid (id, msgid) VALUES (96, 'Error: could not delete mount point');
INSERT INTO pomsgid (id, msgid) VALUES (97, 'Internal error: mode %i not handled.
');
INSERT INTO pomsgid (id, msgid) VALUES (98, 'pmount-hal - execute pmount with additional information from hal

Usage: pmount-hal <hal UDI> [pmount options]

This command mounts the device described by the given UDI using pmount. The
file system type, the volume storage policy and the desired label will be
read out from hal and passed to pmount.');
INSERT INTO pomsgid (id, msgid) VALUES (99, 'Error: could not execute pmount
');
INSERT INTO pomsgid (id, msgid) VALUES (100, 'Error: could not connect to hal
');
INSERT INTO pomsgid (id, msgid) VALUES (101, 'Error: given UDI does not exist
');
INSERT INTO pomsgid (id, msgid) VALUES (102, 'Error: given UDI is not a mountable volume
');
INSERT INTO pomsgid (id, msgid) VALUES (103, 'Error: could not get status of device');
INSERT INTO pomsgid (id, msgid) VALUES (104, 'Error: could not get sysfs directory
');
INSERT INTO pomsgid (id, msgid) VALUES (105, 'Error: could not open <sysfs dir>/block/');
INSERT INTO pomsgid (id, msgid) VALUES (106, 'Error: could not open <sysfs dir>/block/<device>/');
INSERT INTO pomsgid (id, msgid) VALUES (107, 'Error: device %s does not exist
');
INSERT INTO pomsgid (id, msgid) VALUES (108, 'Error: %s is not a block device
');
INSERT INTO pomsgid (id, msgid) VALUES (109, 'Error: could not open fstab-type file');
INSERT INTO pomsgid (id, msgid) VALUES (110, 'Error: device %s is already mounted to %s
');
INSERT INTO pomsgid (id, msgid) VALUES (111, 'Error: device %s is not mounted
');
INSERT INTO pomsgid (id, msgid) VALUES (112, 'Error: device %s was not mounted by you
');
INSERT INTO pomsgid (id, msgid) VALUES (113, 'Error: device %s is not removable
');
INSERT INTO pomsgid (id, msgid) VALUES (114, 'Error: device %s is locked
');
INSERT INTO pomsgid (id, msgid) VALUES (115, 'Error: directory %s already contains a mounted file system
');
INSERT INTO pomsgid (id, msgid) VALUES (116, 'Error: directory %s does not contain a mounted file system
');
INSERT INTO pomsgid (id, msgid) VALUES (117, 'Usage:

%s [options] <device>
  Umount <device> from a directory below %s if policy requirements
  are met (see pumount(1) for details). The mount point directory is removed
  afterwards.

Options:
  -l, --lazy : umount lazily, see umount(8)
  -d, --debug : enable debug output (very verbose)
  -h, --help  : print help message and exit successfuly
');
INSERT INTO pomsgid (id, msgid) VALUES (118, 'Internal error: could not determine mount point
');
INSERT INTO pomsgid (id, msgid) VALUES (119, 'Error: mount point %s is not below %s
');
INSERT INTO pomsgid (id, msgid) VALUES (120, 'Error: could not execute umount');
INSERT INTO pomsgid (id, msgid) VALUES (121, 'Error: could not wait for executed umount process');
INSERT INTO pomsgid (id, msgid) VALUES (122, 'Error: umount failed
');
INSERT INTO pomsgid (id, msgid) VALUES (123, 'Error: out of memory
');
INSERT INTO pomsgid (id, msgid) VALUES (124, 'Error: could not create directory');
INSERT INTO pomsgid (id, msgid) VALUES (125, 'Error: could not create stamp file in directory');
INSERT INTO pomsgid (id, msgid) VALUES (126, 'Error: %s is not a directory
');
INSERT INTO pomsgid (id, msgid) VALUES (127, 'Error: could not open directory');
INSERT INTO pomsgid (id, msgid) VALUES (128, 'Error: directory %s is not empty
');
INSERT INTO pomsgid (id, msgid) VALUES (129, 'Error: ''%s'' is not a valid number
');
INSERT INTO pomsgid (id, msgid) VALUES (130, 'Internal error: could not change to effective uid root');
INSERT INTO pomsgid (id, msgid) VALUES (131, 'Internal error: could not change effective user uid to real user id');
INSERT INTO pomsgid (id, msgid) VALUES (132, 'Internal error: could not change to effective gid root');
INSERT INTO pomsgid (id, msgid) VALUES (133, 'Internal error: could not change effective group id to real group id');
INSERT INTO pomsgid (id, msgid) VALUES (134, '/etc/mozilla/prefs.js is available for customizing preferences.');
INSERT INTO pomsgid (id, msgid) VALUES (135, 'Debian mozilla will load /etc/mozilla/prefs.js after loading some default preference scripts.');
INSERT INTO pomsgid (id, msgid) VALUES (136, 'You can edit this file for system-wide settings. (i.e.: font settings)');
INSERT INTO pomsgid (id, msgid) VALUES (137, 'auto, esddsp, artsdsp, none');
INSERT INTO pomsgid (id, msgid) VALUES (138, 'Please choose your sound daemon''s dsp wrapper.');
INSERT INTO pomsgid (id, msgid) VALUES (139, 'Sometimes mozilla hangs since plugins (e.g. flashplugin) lock /dev/dsp. You can use dsp wrapper to resolve it. ''auto'' will decide which dsp wrappers should be used according to the sound daemon running. When no sound daemon is detected, mozilla won''t use any wrapper. This setting will be saved into /etc/mozilla/mozillarc and can be overriden with your ~/.mozillarc.');
INSERT INTO pomsgid (id, msgid) VALUES (140, 'Enable automatic Language/Region selection?');
INSERT INTO pomsgid (id, msgid) VALUES (141, 'This setting provides an automatic language/region pack selection in Mozilla using the locale settings. It may help a sysadmin faced with hundreds of non-english-speaking novices.');
INSERT INTO pomsgid (id, msgid) VALUES (142, 'Please set your LC_MESSAGE or LC_ALL variable in order this setting works correctly.');
INSERT INTO pomsgid (id, msgid) VALUES (143, 'xprint seems not to be installed');
INSERT INTO pomsgid (id, msgid) VALUES (144, 'Mozilla has dropped postscript support. This means that Xprint is required for printing. Please install xprt-xprintorg package.');
INSERT INTO pomsgid (id, msgid) VALUES (145, 'This is not a bug, Don''t submit bug reports for this. (wishlist to reenable postscript has been submitted already, Bug#256072)');
INSERT INTO pomsgid (id, msgid) VALUES (146, '%s: option `%s'' is ambiguous
');
INSERT INTO pomsgid (id, msgid) VALUES (147, 'test man page');
INSERT INTO pomsgid (id, msgid) VALUES (148, 'Bat: %(battery_percent)d %% (%(power_source)s), Sig: %(signal_percent)d %%, Time: %(time)s');
INSERT INTO pomsgid (id, msgid) VALUES (149, 'Before submiting please try searching for simmilar bugs on %s');
INSERT INTO pomsgid (id, msgid) VALUES (150, 'Bluetooth device scan completed');
INSERT INTO pomsgid (id, msgid) VALUES (151, 'Bold');
INSERT INTO pomsgid (id, msgid) VALUES (152, 'C&alls');
INSERT INTO pomsgid (id, msgid) VALUES (153, '%(count)d messages exported to "%(path)s (%(type)s)"');
INSERT INTO pomsgid (id, msgid) VALUES (154, '%d messages exported to IMAP server "%s"');
INSERT INTO pomsgid (id, msgid) VALUES (155, '%d messages exported to maildir "%s"');
INSERT INTO pomsgid (id, msgid) VALUES (156, 'translation-credits');
INSERT INTO pomsgid (id, msgid) VALUES (157, '_: EMAIL OF TRANSLATORS
Your emails');
INSERT INTO pomsgid (id, msgid) VALUES (158, '_: NAME OF TRANSLATORS
Your names');


ALTER TABLE pomsgid ENABLE TRIGGER ALL;


ALTER TABLE posubscription DISABLE TRIGGER ALL;



ALTER TABLE posubscription ENABLE TRIGGER ALL;


ALTER TABLE potemplate DISABLE TRIGGER ALL;

INSERT INTO potemplate (id, priority, description, copyright, datecreated, path, iscurrent, messagecount, owner, sourcepackagename, distroseries, sourcepackageversion, header, binarypackagename, languagepack, productseries, from_sourcepackagename, date_last_updated, source_file, source_file_format, name, translation_domain) VALUES (1, 0, 'Template for evolution in hoary', NULL, '2005-03-18 18:20:12.273149', 'po/evolution-2.2.pot', true, 22, 30, NULL, NULL, NULL, 'Project-Id-Version: PACKAGE VERSION
Report-Msgid-Bugs-To: 
POT-Creation-Date: 2005-08-25 14:56+0200
PO-Revision-Date: YEAR-MO-DA HO:MI+ZONE
Last-Translator: FULL NAME <EMAIL@ADDRESS>
Language-Team: LANGUAGE <LL@li.org>
MIME-Version: 1.0
Content-Type: text/plain; charset=CHARSET
Content-Transfer-Encoding: 8bit
Plural-Forms: nplurals=INTEGER; plural=EXPRESSION;
', NULL, false, 3, NULL, '2005-08-25 15:27:55.264235', NULL, 1, 'evolution-2.2', 'evolution-2.2');
INSERT INTO potemplate (id, priority, description, copyright, datecreated, path, iscurrent, messagecount, owner, sourcepackagename, distroseries, sourcepackageversion, header, binarypackagename, languagepack, productseries, from_sourcepackagename, date_last_updated, source_file, source_file_format, name, translation_domain) VALUES (2, 0, NULL, NULL, '2005-03-24 19:59:31.439579', 'po/template.pot', true, 63, 30, 14, 3, '0.7.2-0ubuntu1', 'Project-Id-Version: PACKAGE VERSION
Report-Msgid-Bugs-To: martin.pitt@canonical.com
POT-Creation-Date: 2005-04-04 17:43+0200
PO-Revision-Date: YEAR-MO-DA HO:MI+ZONE
Last-Translator: FULL NAME <EMAIL@ADDRESS>
Language-Team: LANGUAGE <LL@li.org>
MIME-Version: 1.0
Content-Type: text/plain; charset=CHARSET
Content-Transfer-Encoding: 8bit
', 13, true, NULL, NULL, '2005-05-06 20:09:23.775993', NULL, 1, 'pmount', 'pmount');
INSERT INTO potemplate (id, priority, description, copyright, datecreated, path, iscurrent, messagecount, owner, sourcepackagename, distroseries, sourcepackageversion, header, binarypackagename, languagepack, productseries, from_sourcepackagename, date_last_updated, source_file, source_file_format, name, translation_domain) VALUES (3, 0, NULL, NULL, '2005-05-06 20:06:59.867977', 'po/netapplet.pot', true, 43, 12, NULL, NULL, NULL, 'Project-Id-Version: PACKAGE VERSION
Report-Msgid-Bugs-To: 
POT-Creation-Date: 2004-08-24 16:09-0400
PO-Revision-Date: YEAR-MO-DA HO:MI+ZONE
Last-Translator: FULL NAME <EMAIL@ADDRESS>
Language-Team: LANGUAGE <LL@li.org>
MIME-Version: 1.0
Content-Type: text/plain; charset=CHARSET
Content-Transfer-Encoding: 8bit
', NULL, false, 5, NULL, '2005-05-06 20:09:20.041475', NULL, 1, 'netapplet', 'NetApplet');
INSERT INTO potemplate (id, priority, description, copyright, datecreated, path, iscurrent, messagecount, owner, sourcepackagename, distroseries, sourcepackageversion, header, binarypackagename, languagepack, productseries, from_sourcepackagename, date_last_updated, source_file, source_file_format, name, translation_domain) VALUES (4, 100, NULL, NULL, '2005-05-06 20:39:27.778946', 'po/evolution-2.2.pot', true, 22, 30, 9, 3, NULL, 'Project-Id-Version: PACKAGE VERSION
Report-Msgid-Bugs-To: 
POT-Creation-Date: 2005-04-07 14:10+0200
PO-Revision-Date: YEAR-MO-DA HO:MI+ZONE
Last-Translator: FULL NAME <EMAIL@ADDRESS>
Language-Team: LANGUAGE <LL@li.org>
MIME-Version: 1.0
Content-Type: text/plain; charset=ASCII
Content-Transfer-Encoding: 8bit
', NULL, true, NULL, NULL, '2005-05-06 21:12:13.908028', NULL, 1, 'evolution-2.2', 'evolution-2.2');
INSERT INTO potemplate (id, priority, description, copyright, datecreated, path, iscurrent, messagecount, owner, sourcepackagename, distroseries, sourcepackageversion, header, binarypackagename, languagepack, productseries, from_sourcepackagename, date_last_updated, source_file, source_file_format, name, translation_domain) VALUES (5, 0, NULL, NULL, '2005-05-06 21:10:17.367605', 'debian/po/templates.pot', true, 9, 30, 16, 3, '2:1.7.6-1ubuntu2', 'Project-Id-Version: PACKAGE VERSION
Report-Msgid-Bugs-To: 
POT-Creation-Date: 2004-07-11 16:16+0900
PO-Revision-Date: YEAR-MO-DA HO:MI+ZONE
Last-Translator: FULL NAME <EMAIL@ADDRESS>
Language-Team: LANGUAGE <LL@li.org>
MIME-Version: 1.0
Content-Type: text/plain; charset=CHARSET
Content-Transfer-Encoding: 8bit
', NULL, false, NULL, NULL, '2005-05-06 21:12:33.238579', NULL, 1, 'pkgconf-mozilla', 'pkgconf-mozilla');
INSERT INTO potemplate (id, priority, description, copyright, datecreated, path, iscurrent, messagecount, owner, sourcepackagename, distroseries, sourcepackageversion, header, binarypackagename, languagepack, productseries, from_sourcepackagename, date_last_updated, source_file, source_file_format, name, translation_domain) VALUES (6, 0, NULL, NULL, '2005-08-10 09:31:29.606407', 'po/evolution-2.2-test.pot', true, 8, 12, NULL, NULL, NULL, 'Project-Id-Version: wammu
Report-Msgid-Bugs-To: michal@cihar.com
POT-Creation-Date: 2006-11-10 23:24+0100
PO-Revision-Date: 2006-12-04 19:50+0000
Last-Translator: Diogo Matsubara <matsubara@async.com.br>
Language-Team: Spanish <es@li.org>
MIME-Version: 1.0
Content-Type: text/plain; charset=UTF-8
Content-Transfer-Encoding: 8bit
X-Rosetta-Export-Date: 2006-12-04 19:58+0000
', NULL, false, 3, NULL, '2006-12-13 21:19:05.945938', NULL, 1, 'evolution-2.2-test', 'evolution-2.2-test');
INSERT INTO potemplate (id, priority, description, copyright, datecreated, path, iscurrent, messagecount, owner, sourcepackagename, distroseries, sourcepackageversion, header, binarypackagename, languagepack, productseries, from_sourcepackagename, date_last_updated, source_file, source_file_format, name, translation_domain) VALUES (7, 0, NULL, NULL, '2006-08-14 18:41:07.274661', 'man.pot', true, 1, 13, 9, 3, NULL, 'Project-Id-Version: PACKAGE VERSION
POT-Creation-Date: 2006-08-14 15:01+0100
PO-Revision-Date: YEAR-MO-DA HO:MI+ZONE
Last-Translator: FULL NAME <EMAIL@ADDRESS>
Language-Team: LANGUAGE <LL@li.org>
MIME-Version: 1.0
Content-Type: text/plain; charset=UTF-8
Content-Transfer-Encoding: 8bit
', NULL, false, NULL, NULL, '2006-08-14 18:41:39.822123', NULL, 1, 'man', 'man');
INSERT INTO potemplate (id, priority, description, copyright, datecreated, path, iscurrent, messagecount, owner, sourcepackagename, distroseries, sourcepackageversion, header, binarypackagename, languagepack, productseries, from_sourcepackagename, date_last_updated, source_file, source_file_format, name, translation_domain) VALUES (8, 0, NULL, NULL, '2006-08-14 18:43:44.767246', 'man.pot', true, 1, 13, 14, 3, NULL, 'Project-Id-Version: PACKAGE VERSION
POT-Creation-Date: 2006-08-14 15:01+0100
PO-Revision-Date: YEAR-MO-DA HO:MI+ZONE
Last-Translator: FULL NAME <EMAIL@ADDRESS>
Language-Team: LANGUAGE <LL@li.org>
MIME-Version: 1.0
Content-Type: text/plain; charset=UTF-8
Content-Transfer-Encoding: 8bit
', NULL, false, NULL, NULL, '2006-08-14 18:43:56.08176', NULL, 1, 'man', 'man');
INSERT INTO potemplate (id, priority, description, copyright, datecreated, path, iscurrent, messagecount, owner, sourcepackagename, distroseries, sourcepackageversion, header, binarypackagename, languagepack, productseries, from_sourcepackagename, date_last_updated, source_file, source_file_format, name, translation_domain) VALUES (9, 0, NULL, NULL, '2007-01-05 10:22:21.410795', 'po-disabled/disabled-template.pot', false, 22, 13, 9, 3, NULL, 'Project-Id-Version: PACKAGE VERSION
Report-Msgid-Bugs-To: 
POT-Creation-Date: 2005-04-07 14:10+0200
PO-Revision-Date: YEAR-MO-DA HO:MI+ZONE
Last-Translator: FULL NAME <EMAIL@ADDRESS>
Language-Team: LANGUAGE <LL@li.org>
MIME-Version: 1.0
Content-Type: text/plain; charset=ASCII
Content-Transfer-Encoding: 8bit
', NULL, false, NULL, NULL, '2007-01-05 10:29:04.953951', NULL, 1, 'disabled-template', 'disabled-template');
INSERT INTO potemplate (id, priority, description, copyright, datecreated, path, iscurrent, messagecount, owner, sourcepackagename, distroseries, sourcepackageversion, header, binarypackagename, languagepack, productseries, from_sourcepackagename, date_last_updated, source_file, source_file_format, name, translation_domain) VALUES (10, 0, NULL, NULL, '2006-08-14 18:41:07.274661', 'po/alsa-utils.pot', true, 3, 13, NULL, NULL, NULL, 'Project-Id-Version: PACKAGE VERSION
POT-Creation-Date: 2006-08-14 15:01+0100
PO-Revision-Date: YEAR-MO-DA HO:MI+ZONE
Last-Translator: FULL NAME <EMAIL@ADDRESS>
Language-Team: LANGUAGE <LL@li.org>
MIME-Version: 1.0
Content-Type: text/plain; charset=UTF-8
Content-Transfer-Encoding: 8bit
', NULL, false, 8, NULL, '2006-08-14 18:41:39.822123', NULL, 1, 'alsa-utils', 'alsa-utils');


ALTER TABLE potemplate ENABLE TRIGGER ALL;


ALTER TABLE potmsgset DISABLE TRIGGER ALL;

INSERT INTO potmsgset (id, msgid_singular, sequence, potemplate, commenttext, filereferences, sourcecomment, flagscomment, context, msgid_plural) VALUES (1, 1, 1, 1, '', 'a11y/addressbook/ea-addressbook-view.c:94
a11y/addressbook/ea-addressbook-view.c:103
a11y/addressbook/ea-minicard-view.c:119', '', '', NULL, NULL);
INSERT INTO potmsgset (id, msgid_singular, sequence, potemplate, commenttext, filereferences, sourcecomment, flagscomment, context, msgid_plural) VALUES (2, 2, 2, 1, '', 'a11y/addressbook/ea-minicard-view.c:101', '', '', NULL, NULL);
INSERT INTO potmsgset (id, msgid_singular, sequence, potemplate, commenttext, filereferences, sourcecomment, flagscomment, context, msgid_plural) VALUES (3, 3, 3, 1, '', 'a11y/addressbook/ea-minicard-view.c:102', '', '', NULL, NULL);
INSERT INTO potmsgset (id, msgid_singular, sequence, potemplate, commenttext, filereferences, sourcecomment, flagscomment, context, msgid_plural) VALUES (4, 4, 4, 1, '', 'a11y/addressbook/ea-minicard-view.c:102', '', '', NULL, NULL);
INSERT INTO potmsgset (id, msgid_singular, sequence, potemplate, commenttext, filereferences, sourcecomment, flagscomment, context, msgid_plural) VALUES (5, 5, 5, 1, '', 'a11y/addressbook/ea-minicard-view.c:104', '', '', NULL, NULL);
INSERT INTO potmsgset (id, msgid_singular, sequence, potemplate, commenttext, filereferences, sourcecomment, flagscomment, context, msgid_plural) VALUES (6, 6, 6, 1, '', 'a11y/addressbook/ea-minicard-view.c:104', '', '', NULL, NULL);
INSERT INTO potmsgset (id, msgid_singular, sequence, potemplate, commenttext, filereferences, sourcecomment, flagscomment, context, msgid_plural) VALUES (7, 7, 7, 1, '', 'a11y/addressbook/ea-minicard-view.c:105', '', '', NULL, NULL);
INSERT INTO potmsgset (id, msgid_singular, sequence, potemplate, commenttext, filereferences, sourcecomment, flagscomment, context, msgid_plural) VALUES (8, 8, 8, 1, '', 'a11y/addressbook/ea-minicard.c:166', '', '', NULL, NULL);
INSERT INTO potmsgset (id, msgid_singular, sequence, potemplate, commenttext, filereferences, sourcecomment, flagscomment, context, msgid_plural) VALUES (9, 9, 9, 1, '', 'addressbook/addressbook-errors.xml.h:2', 'addressbook:ldap-init primary', '', NULL, NULL);
INSERT INTO potmsgset (id, msgid_singular, sequence, potemplate, commenttext, filereferences, sourcecomment, flagscomment, context, msgid_plural) VALUES (10, 10, 10, 1, '', 'addressbook/addressbook-errors.xml.h:4', 'addressbook:ldap-init secondary', '', NULL, NULL);
INSERT INTO potmsgset (id, msgid_singular, sequence, potemplate, commenttext, filereferences, sourcecomment, flagscomment, context, msgid_plural) VALUES (11, 11, 11, 1, '', 'addressbook/addressbook-errors.xml.h:6', 'addressbook:ldap-auth primary', '', NULL, NULL);
INSERT INTO potmsgset (id, msgid_singular, sequence, potemplate, commenttext, filereferences, sourcecomment, flagscomment, context, msgid_plural) VALUES (12, 12, 12, 1, '', 'addressbook/addressbook-errors.xml.h:8', 'addressbook:ldap-auth secondary', '', NULL, NULL);
INSERT INTO potmsgset (id, msgid_singular, sequence, potemplate, commenttext, filereferences, sourcecomment, flagscomment, context, msgid_plural) VALUES (13, 13, 13, 1, '', 'addressbook/gui/component/addressbook-migrate.c:124
calendar/gui/migration.c:188 mail/em-migrate.c:1201', '', 'c-format', NULL, NULL);
INSERT INTO potmsgset (id, msgid_singular, sequence, potemplate, commenttext, filereferences, sourcecomment, flagscomment, context, msgid_plural) VALUES (14, 14, 14, 1, '', 'addressbook/gui/component/addressbook-migrate.c:1123', '', '', NULL, NULL);
INSERT INTO potmsgset (id, msgid_singular, sequence, potemplate, commenttext, filereferences, sourcecomment, flagscomment, context, msgid_plural) VALUES (15, 15, 15, 1, '', 'addressbook/gui/widgets/e-addressbook-model.c:151', '', 'c-format', NULL, 16);
INSERT INTO potmsgset (id, msgid_singular, sequence, potemplate, commenttext, filereferences, sourcecomment, flagscomment, context, msgid_plural) VALUES (16, 17, 16, 1, '', 'addressbook/gui/widgets/eab-gui-util.c:275', '', 'c-format', NULL, 18);
INSERT INTO potmsgset (id, msgid_singular, sequence, potemplate, commenttext, filereferences, sourcecomment, flagscomment, context, msgid_plural) VALUES (17, 19, 17, 1, '', 'addressbook/gui/widgets/foo.c:345', '', 'c-format', NULL, 20);
INSERT INTO potmsgset (id, msgid_singular, sequence, potemplate, commenttext, filereferences, sourcecomment, flagscomment, context, msgid_plural) VALUES (18, 21, 18, 1, ' start po-group: common', 'encfs/FileUtils.cpp:1044', 'xgroup(common)', '', NULL, NULL);
INSERT INTO potmsgset (id, msgid_singular, sequence, potemplate, commenttext, filereferences, sourcecomment, flagscomment, context, msgid_plural) VALUES (19, 22, 19, 1, '', 'encfs/main.cpp:340', 'xgroup(usage)', '', NULL, NULL);
INSERT INTO potmsgset (id, msgid_singular, sequence, potemplate, commenttext, filereferences, sourcecomment, flagscomment, context, msgid_plural) VALUES (20, 23, 20, 1, '', 'encfs/FileUtils.cpp:535', 'xgroup(setup)', 'c-format', NULL, NULL);
INSERT INTO potmsgset (id, msgid_singular, sequence, potemplate, commenttext, filereferences, sourcecomment, flagscomment, context, msgid_plural) VALUES (21, 24, 0, 1, '', 'encfs/encfsctl.cpp:346', '', 'c-format', NULL, 25);
INSERT INTO potmsgset (id, msgid_singular, sequence, potemplate, commenttext, filereferences, sourcecomment, flagscomment, context, msgid_plural) VALUES (22, 26, 22, 1, '', 'modules/aggregator.module:15', '', '', NULL, NULL);
INSERT INTO potmsgset (id, msgid_singular, sequence, potemplate, commenttext, filereferences, sourcecomment, flagscomment, context, msgid_plural) VALUES (23, 27, 0, 1, NULL, 'foo.c:123', 'This is a comment...', '', NULL, NULL);
INSERT INTO potmsgset (id, msgid_singular, sequence, potemplate, commenttext, filereferences, sourcecomment, flagscomment, context, msgid_plural) VALUES (24, 28, 1, 3, '', 'src/netapplet.c:131', '', '', NULL, NULL);
INSERT INTO potmsgset (id, msgid_singular, sequence, potemplate, commenttext, filereferences, sourcecomment, flagscomment, context, msgid_plural) VALUES (25, 29, 2, 3, '', 'src/netapplet.c:133', '', '', NULL, NULL);
INSERT INTO potmsgset (id, msgid_singular, sequence, potemplate, commenttext, filereferences, sourcecomment, flagscomment, context, msgid_plural) VALUES (26, 30, 3, 3, '', 'src/netapplet.c:135', '', '', NULL, NULL);
INSERT INTO potmsgset (id, msgid_singular, sequence, potemplate, commenttext, filereferences, sourcecomment, flagscomment, context, msgid_plural) VALUES (27, 31, 4, 3, '', 'src/netapplet.c:139', '', '', NULL, NULL);
INSERT INTO potmsgset (id, msgid_singular, sequence, potemplate, commenttext, filereferences, sourcecomment, flagscomment, context, msgid_plural) VALUES (28, 32, 5, 3, '', 'src/netapplet.c:141', '', '', NULL, NULL);
INSERT INTO potmsgset (id, msgid_singular, sequence, potemplate, commenttext, filereferences, sourcecomment, flagscomment, context, msgid_plural) VALUES (29, 33, 6, 3, '', 'src/netapplet.c:291 src/netapplet.c:312', '', '', NULL, NULL);
INSERT INTO potmsgset (id, msgid_singular, sequence, potemplate, commenttext, filereferences, sourcecomment, flagscomment, context, msgid_plural) VALUES (30, 34, 7, 3, '', 'src/netapplet.c:359', '', '', NULL, NULL);
INSERT INTO potmsgset (id, msgid_singular, sequence, potemplate, commenttext, filereferences, sourcecomment, flagscomment, context, msgid_plural) VALUES (31, 35, 8, 3, '', 'src/netapplet.c:391', '', 'c-format', NULL, NULL);
INSERT INTO potmsgset (id, msgid_singular, sequence, potemplate, commenttext, filereferences, sourcecomment, flagscomment, context, msgid_plural) VALUES (32, 36, 9, 3, '', 'src/netapplet.c:410', '', 'c-format', NULL, NULL);
INSERT INTO potmsgset (id, msgid_singular, sequence, potemplate, commenttext, filereferences, sourcecomment, flagscomment, context, msgid_plural) VALUES (33, 37, 10, 3, '', 'src/netapplet.c:427', '', 'c-format', NULL, NULL);
INSERT INTO potmsgset (id, msgid_singular, sequence, potemplate, commenttext, filereferences, sourcecomment, flagscomment, context, msgid_plural) VALUES (34, 38, 11, 3, '', 'src/netapplet.c:479', '', 'c-format', NULL, NULL);
INSERT INTO potmsgset (id, msgid_singular, sequence, potemplate, commenttext, filereferences, sourcecomment, flagscomment, context, msgid_plural) VALUES (35, 39, 12, 3, '', 'src/netapplet.c:496', '', 'c-format', NULL, NULL);
INSERT INTO potmsgset (id, msgid_singular, sequence, potemplate, commenttext, filereferences, sourcecomment, flagscomment, context, msgid_plural) VALUES (36, 40, 13, 3, '', 'src/netapplet.c:732', '', '', NULL, NULL);
INSERT INTO potmsgset (id, msgid_singular, sequence, potemplate, commenttext, filereferences, sourcecomment, flagscomment, context, msgid_plural) VALUES (37, 41, 14, 3, '', 'src/netapplet.c:747', '', '', NULL, NULL);
INSERT INTO potmsgset (id, msgid_singular, sequence, potemplate, commenttext, filereferences, sourcecomment, flagscomment, context, msgid_plural) VALUES (38, 42, 15, 3, '', 'src/netapplet.c:768', '', '', NULL, NULL);
INSERT INTO potmsgset (id, msgid_singular, sequence, potemplate, commenttext, filereferences, sourcecomment, flagscomment, context, msgid_plural) VALUES (39, 43, 16, 3, '', 'src/netapplet.c:870', '', 'c-format', NULL, NULL);
INSERT INTO potmsgset (id, msgid_singular, sequence, potemplate, commenttext, filereferences, sourcecomment, flagscomment, context, msgid_plural) VALUES (40, 44, 17, 3, '', 'src/netapplet.c:955', '', '', NULL, NULL);
INSERT INTO potmsgset (id, msgid_singular, sequence, potemplate, commenttext, filereferences, sourcecomment, flagscomment, context, msgid_plural) VALUES (41, 45, 18, 3, '', 'src/netapplet.c:958', '', '', NULL, NULL);
INSERT INTO potmsgset (id, msgid_singular, sequence, potemplate, commenttext, filereferences, sourcecomment, flagscomment, context, msgid_plural) VALUES (42, 46, 19, 3, '', 'src/netapplet.c:970', '', 'c-format', NULL, NULL);
INSERT INTO potmsgset (id, msgid_singular, sequence, potemplate, commenttext, filereferences, sourcecomment, flagscomment, context, msgid_plural) VALUES (43, 47, 20, 3, '', 'src/netapplet.c:1015', '', '', NULL, NULL);
INSERT INTO potmsgset (id, msgid_singular, sequence, potemplate, commenttext, filereferences, sourcecomment, flagscomment, context, msgid_plural) VALUES (44, 48, 21, 3, '', 'src/netapplet.c:1018', '', '', NULL, NULL);
INSERT INTO potmsgset (id, msgid_singular, sequence, potemplate, commenttext, filereferences, sourcecomment, flagscomment, context, msgid_plural) VALUES (45, 49, 22, 3, '', 'src/netapplet.c:1021', '', '', NULL, NULL);
INSERT INTO potmsgset (id, msgid_singular, sequence, potemplate, commenttext, filereferences, sourcecomment, flagscomment, context, msgid_plural) VALUES (46, 50, 23, 3, '', 'src/netapplet.c:1032', '', 'c-format', NULL, NULL);
INSERT INTO potmsgset (id, msgid_singular, sequence, potemplate, commenttext, filereferences, sourcecomment, flagscomment, context, msgid_plural) VALUES (47, 51, 24, 3, '', 'src/netapplet.c:1072', '', '', NULL, NULL);
INSERT INTO potmsgset (id, msgid_singular, sequence, potemplate, commenttext, filereferences, sourcecomment, flagscomment, context, msgid_plural) VALUES (48, 52, 25, 3, '', 'src/netapplet.c:1082', '', '', NULL, NULL);
INSERT INTO potmsgset (id, msgid_singular, sequence, potemplate, commenttext, filereferences, sourcecomment, flagscomment, context, msgid_plural) VALUES (49, 53, 26, 3, '', 'src/netapplet.c:1093', '', '', NULL, NULL);
INSERT INTO potmsgset (id, msgid_singular, sequence, potemplate, commenttext, filereferences, sourcecomment, flagscomment, context, msgid_plural) VALUES (50, 54, 27, 3, '', 'src/netapplet.c:1526', '', '', NULL, NULL);
INSERT INTO potmsgset (id, msgid_singular, sequence, potemplate, commenttext, filereferences, sourcecomment, flagscomment, context, msgid_plural) VALUES (51, 55, 28, 3, '', 'src/netapplet.glade.h:1', '', '', NULL, NULL);
INSERT INTO potmsgset (id, msgid_singular, sequence, potemplate, commenttext, filereferences, sourcecomment, flagscomment, context, msgid_plural) VALUES (52, 56, 29, 3, '', 'src/netapplet.glade.h:2', '', '', NULL, NULL);
INSERT INTO potmsgset (id, msgid_singular, sequence, potemplate, commenttext, filereferences, sourcecomment, flagscomment, context, msgid_plural) VALUES (53, 57, 30, 3, '', 'src/netapplet.glade.h:3', '', '', NULL, NULL);
INSERT INTO potmsgset (id, msgid_singular, sequence, potemplate, commenttext, filereferences, sourcecomment, flagscomment, context, msgid_plural) VALUES (54, 58, 31, 3, '', 'src/netapplet.glade.h:4', '', '', NULL, NULL);
INSERT INTO potmsgset (id, msgid_singular, sequence, potemplate, commenttext, filereferences, sourcecomment, flagscomment, context, msgid_plural) VALUES (55, 59, 32, 3, '', 'src/netapplet.glade.h:5', '', '', NULL, NULL);
INSERT INTO potmsgset (id, msgid_singular, sequence, potemplate, commenttext, filereferences, sourcecomment, flagscomment, context, msgid_plural) VALUES (56, 60, 33, 3, '', 'src/netapplet.glade.h:6', '', '', NULL, NULL);
INSERT INTO potmsgset (id, msgid_singular, sequence, potemplate, commenttext, filereferences, sourcecomment, flagscomment, context, msgid_plural) VALUES (57, 61, 34, 3, '', 'src/netapplet.glade.h:7', '', '', NULL, NULL);
INSERT INTO potmsgset (id, msgid_singular, sequence, potemplate, commenttext, filereferences, sourcecomment, flagscomment, context, msgid_plural) VALUES (58, 62, 35, 3, '', 'src/netapplet.glade.h:8', '', '', NULL, NULL);
INSERT INTO potmsgset (id, msgid_singular, sequence, potemplate, commenttext, filereferences, sourcecomment, flagscomment, context, msgid_plural) VALUES (59, 63, 36, 3, '', 'src/netapplet.glade.h:9', '', '', NULL, NULL);
INSERT INTO potmsgset (id, msgid_singular, sequence, potemplate, commenttext, filereferences, sourcecomment, flagscomment, context, msgid_plural) VALUES (60, 64, 37, 3, '', 'src/netapplet.glade.h:10', '', '', NULL, NULL);
INSERT INTO potmsgset (id, msgid_singular, sequence, potemplate, commenttext, filereferences, sourcecomment, flagscomment, context, msgid_plural) VALUES (61, 65, 38, 3, '', 'src/netapplet.glade.h:11', '', '', NULL, NULL);
INSERT INTO potmsgset (id, msgid_singular, sequence, potemplate, commenttext, filereferences, sourcecomment, flagscomment, context, msgid_plural) VALUES (62, 66, 39, 3, '', 'src/netapplet.glade.h:12', '', '', NULL, NULL);
INSERT INTO potmsgset (id, msgid_singular, sequence, potemplate, commenttext, filereferences, sourcecomment, flagscomment, context, msgid_plural) VALUES (63, 67, 40, 3, '', 'src/netapplet.glade.h:13', '', '', NULL, NULL);
INSERT INTO potmsgset (id, msgid_singular, sequence, potemplate, commenttext, filereferences, sourcecomment, flagscomment, context, msgid_plural) VALUES (64, 68, 41, 3, '', 'src/netapplet.glade.h:14', '', '', NULL, NULL);
INSERT INTO potmsgset (id, msgid_singular, sequence, potemplate, commenttext, filereferences, sourcecomment, flagscomment, context, msgid_plural) VALUES (65, 69, 42, 3, '', 'src/netapplet.glade.h:15', '', '', NULL, NULL);
INSERT INTO potmsgset (id, msgid_singular, sequence, potemplate, commenttext, filereferences, sourcecomment, flagscomment, context, msgid_plural) VALUES (66, 70, 43, 3, '', 'src/netapplet.glade.h:16', '', '', NULL, NULL);
INSERT INTO potmsgset (id, msgid_singular, sequence, potemplate, commenttext, filereferences, sourcecomment, flagscomment, context, msgid_plural) VALUES (67, 71, 1, 2, '', 'pmount.c:50', '', 'c-format', NULL, NULL);
INSERT INTO potmsgset (id, msgid_singular, sequence, potemplate, commenttext, filereferences, sourcecomment, flagscomment, context, msgid_plural) VALUES (68, 72, 2, 2, '', 'pmount.c:57', '', 'c-format', NULL, NULL);
INSERT INTO potmsgset (id, msgid_singular, sequence, potemplate, commenttext, filereferences, sourcecomment, flagscomment, context, msgid_plural) VALUES (69, 73, 3, 2, '', 'pmount.c:64', '', 'c-format', NULL, NULL);
INSERT INTO potmsgset (id, msgid_singular, sequence, potemplate, commenttext, filereferences, sourcecomment, flagscomment, context, msgid_plural) VALUES (70, 74, 4, 2, '', 'pmount.c:67', '', '', NULL, NULL);
INSERT INTO potmsgset (id, msgid_singular, sequence, potemplate, commenttext, filereferences, sourcecomment, flagscomment, context, msgid_plural) VALUES (71, 75, 5, 2, '', 'pmount.c:120', '', 'c-format', NULL, NULL);
INSERT INTO potmsgset (id, msgid_singular, sequence, potemplate, commenttext, filereferences, sourcecomment, flagscomment, context, msgid_plural) VALUES (72, 76, 6, 2, '', 'pmount.c:126', '', 'c-format', NULL, NULL);
INSERT INTO potmsgset (id, msgid_singular, sequence, potemplate, commenttext, filereferences, sourcecomment, flagscomment, context, msgid_plural) VALUES (73, 77, 7, 2, '', 'pmount.c:130', '', 'c-format', NULL, NULL);
INSERT INTO potmsgset (id, msgid_singular, sequence, potemplate, commenttext, filereferences, sourcecomment, flagscomment, context, msgid_plural) VALUES (74, 78, 8, 2, '', 'pmount.c:134', '', 'c-format', NULL, NULL);
INSERT INTO potmsgset (id, msgid_singular, sequence, potemplate, commenttext, filereferences, sourcecomment, flagscomment, context, msgid_plural) VALUES (75, 79, 9, 2, '', 'pmount.c:141', '', 'c-format', NULL, NULL);
INSERT INTO potmsgset (id, msgid_singular, sequence, potemplate, commenttext, filereferences, sourcecomment, flagscomment, context, msgid_plural) VALUES (76, 80, 10, 2, '', 'pmount.c:171 pumount.c:98', '', '', NULL, NULL);
INSERT INTO potmsgset (id, msgid_singular, sequence, potemplate, commenttext, filereferences, sourcecomment, flagscomment, context, msgid_plural) VALUES (77, 81, 11, 2, '', 'pmount.c:176 pmount.c:270', '', '', NULL, NULL);
INSERT INTO potmsgset (id, msgid_singular, sequence, potemplate, commenttext, filereferences, sourcecomment, flagscomment, context, msgid_plural) VALUES (78, 82, 12, 2, '', 'pmount.c:212', '', 'c-format', NULL, NULL);
INSERT INTO potmsgset (id, msgid_singular, sequence, potemplate, commenttext, filereferences, sourcecomment, flagscomment, context, msgid_plural) VALUES (79, 83, 13, 2, '', 'pmount.c:218', '', 'c-format', NULL, NULL);
INSERT INTO potmsgset (id, msgid_singular, sequence, potemplate, commenttext, filereferences, sourcecomment, flagscomment, context, msgid_plural) VALUES (80, 84, 14, 2, '', 'pmount.c:242', '', 'c-format', NULL, NULL);
INSERT INTO potmsgset (id, msgid_singular, sequence, potemplate, commenttext, filereferences, sourcecomment, flagscomment, context, msgid_plural) VALUES (81, 85, 15, 2, '', 'pmount.c:258 pumount.c:124', '', '', NULL, NULL);
INSERT INTO potmsgset (id, msgid_singular, sequence, potemplate, commenttext, filereferences, sourcecomment, flagscomment, context, msgid_plural) VALUES (82, 86, 16, 2, '', 'pmount.c:274', '', '', NULL, NULL);
INSERT INTO potmsgset (id, msgid_singular, sequence, potemplate, commenttext, filereferences, sourcecomment, flagscomment, context, msgid_plural) VALUES (83, 87, 17, 2, '', 'pmount.c:347', '', 'c-format', NULL, NULL);
INSERT INTO potmsgset (id, msgid_singular, sequence, potemplate, commenttext, filereferences, sourcecomment, flagscomment, context, msgid_plural) VALUES (84, 88, 18, 2, '', 'pmount.c:361', '', 'c-format', NULL, NULL);
INSERT INTO potmsgset (id, msgid_singular, sequence, potemplate, commenttext, filereferences, sourcecomment, flagscomment, context, msgid_plural) VALUES (85, 89, 19, 2, '', 'pmount.c:401', '', 'c-format', NULL, NULL);
INSERT INTO potmsgset (id, msgid_singular, sequence, potemplate, commenttext, filereferences, sourcecomment, flagscomment, context, msgid_plural) VALUES (86, 90, 20, 2, '', 'pmount.c:417', '', '', NULL, NULL);
INSERT INTO potmsgset (id, msgid_singular, sequence, potemplate, commenttext, filereferences, sourcecomment, flagscomment, context, msgid_plural) VALUES (87, 91, 21, 2, '', 'pmount.c:509 pumount.c:181', '', '', NULL, NULL);
INSERT INTO potmsgset (id, msgid_singular, sequence, potemplate, commenttext, filereferences, sourcecomment, flagscomment, context, msgid_plural) VALUES (88, 92, 22, 2, '', 'pmount.c:542 pumount.c:201', '', 'c-format', NULL, NULL);
INSERT INTO potmsgset (id, msgid_singular, sequence, potemplate, commenttext, filereferences, sourcecomment, flagscomment, context, msgid_plural) VALUES (89, 93, 23, 2, '', 'pmount.c:580', '', 'c-format', NULL, NULL);
INSERT INTO potmsgset (id, msgid_singular, sequence, potemplate, commenttext, filereferences, sourcecomment, flagscomment, context, msgid_plural) VALUES (90, 94, 24, 2, '', 'pmount.c:589 pumount.c:237', '', '', NULL, NULL);
INSERT INTO potmsgset (id, msgid_singular, sequence, potemplate, commenttext, filereferences, sourcecomment, flagscomment, context, msgid_plural) VALUES (91, 95, 25, 2, '', 'pmount.c:595 pumount.c:243', '', 'c-format', NULL, NULL);
INSERT INTO potmsgset (id, msgid_singular, sequence, potemplate, commenttext, filereferences, sourcecomment, flagscomment, context, msgid_plural) VALUES (92, 96, 26, 2, '', 'pmount.c:635', '', '', NULL, NULL);
INSERT INTO potmsgset (id, msgid_singular, sequence, potemplate, commenttext, filereferences, sourcecomment, flagscomment, context, msgid_plural) VALUES (93, 97, 27, 2, '', 'pmount.c:656', '', 'c-format', NULL, NULL);
INSERT INTO potmsgset (id, msgid_singular, sequence, potemplate, commenttext, filereferences, sourcecomment, flagscomment, context, msgid_plural) VALUES (94, 98, 28, 2, '', 'pmount-hal.c:29', '', '', NULL, NULL);
INSERT INTO potmsgset (id, msgid_singular, sequence, potemplate, commenttext, filereferences, sourcecomment, flagscomment, context, msgid_plural) VALUES (95, 99, 29, 2, '', 'pmount-hal.c:140', '', '', NULL, NULL);
INSERT INTO potmsgset (id, msgid_singular, sequence, potemplate, commenttext, filereferences, sourcecomment, flagscomment, context, msgid_plural) VALUES (96, 100, 30, 2, '', 'pmount-hal.c:169', '', 'c-format', NULL, NULL);
INSERT INTO potmsgset (id, msgid_singular, sequence, potemplate, commenttext, filereferences, sourcecomment, flagscomment, context, msgid_plural) VALUES (97, 101, 31, 2, '', 'pmount-hal.c:175', '', 'c-format', NULL, NULL);
INSERT INTO potmsgset (id, msgid_singular, sequence, potemplate, commenttext, filereferences, sourcecomment, flagscomment, context, msgid_plural) VALUES (98, 102, 32, 2, '', 'pmount-hal.c:182', '', 'c-format', NULL, NULL);
INSERT INTO potmsgset (id, msgid_singular, sequence, potemplate, commenttext, filereferences, sourcecomment, flagscomment, context, msgid_plural) VALUES (99, 103, 33, 2, '', 'policy.c:79', '', '', NULL, NULL);
INSERT INTO potmsgset (id, msgid_singular, sequence, potemplate, commenttext, filereferences, sourcecomment, flagscomment, context, msgid_plural) VALUES (100, 104, 34, 2, '', 'policy.c:90', '', '', NULL, NULL);
INSERT INTO potmsgset (id, msgid_singular, sequence, potemplate, commenttext, filereferences, sourcecomment, flagscomment, context, msgid_plural) VALUES (101, 105, 35, 2, '', 'policy.c:97', '', '', NULL, NULL);
INSERT INTO potmsgset (id, msgid_singular, sequence, potemplate, commenttext, filereferences, sourcecomment, flagscomment, context, msgid_plural) VALUES (102, 106, 36, 2, '', 'policy.c:128', '', '', NULL, NULL);
INSERT INTO potmsgset (id, msgid_singular, sequence, potemplate, commenttext, filereferences, sourcecomment, flagscomment, context, msgid_plural) VALUES (103, 107, 37, 2, '', 'policy.c:228', '', 'c-format', NULL, NULL);
INSERT INTO potmsgset (id, msgid_singular, sequence, potemplate, commenttext, filereferences, sourcecomment, flagscomment, context, msgid_plural) VALUES (104, 108, 38, 2, '', 'policy.c:233', '', 'c-format', NULL, NULL);
INSERT INTO potmsgset (id, msgid_singular, sequence, potemplate, commenttext, filereferences, sourcecomment, flagscomment, context, msgid_plural) VALUES (105, 109, 39, 2, '', 'policy.c:251 policy.c:307', '', '', NULL, NULL);
INSERT INTO potmsgset (id, msgid_singular, sequence, potemplate, commenttext, filereferences, sourcecomment, flagscomment, context, msgid_plural) VALUES (106, 110, 40, 2, '', 'policy.c:338', '', 'c-format', NULL, NULL);
INSERT INTO potmsgset (id, msgid_singular, sequence, potemplate, commenttext, filereferences, sourcecomment, flagscomment, context, msgid_plural) VALUES (107, 111, 41, 2, '', 'policy.c:340', '', 'c-format', NULL, NULL);
INSERT INTO potmsgset (id, msgid_singular, sequence, potemplate, commenttext, filereferences, sourcecomment, flagscomment, context, msgid_plural) VALUES (108, 112, 42, 2, '', 'policy.c:342', '', 'c-format', NULL, NULL);
INSERT INTO potmsgset (id, msgid_singular, sequence, potemplate, commenttext, filereferences, sourcecomment, flagscomment, context, msgid_plural) VALUES (109, 113, 43, 2, '', 'policy.c:378', '', 'c-format', NULL, NULL);
INSERT INTO potmsgset (id, msgid_singular, sequence, potemplate, commenttext, filereferences, sourcecomment, flagscomment, context, msgid_plural) VALUES (110, 114, 44, 2, '', 'policy.c:393', '', 'c-format', NULL, NULL);
INSERT INTO potmsgset (id, msgid_singular, sequence, potemplate, commenttext, filereferences, sourcecomment, flagscomment, context, msgid_plural) VALUES (111, 115, 45, 2, '', 'policy.c:411', '', 'c-format', NULL, NULL);
INSERT INTO potmsgset (id, msgid_singular, sequence, potemplate, commenttext, filereferences, sourcecomment, flagscomment, context, msgid_plural) VALUES (112, 116, 46, 2, '', 'policy.c:413', '', 'c-format', NULL, NULL);
INSERT INTO potmsgset (id, msgid_singular, sequence, potemplate, commenttext, filereferences, sourcecomment, flagscomment, context, msgid_plural) VALUES (113, 117, 47, 2, '', 'pumount.c:42', '', 'c-format', NULL, NULL);
INSERT INTO potmsgset (id, msgid_singular, sequence, potemplate, commenttext, filereferences, sourcecomment, flagscomment, context, msgid_plural) VALUES (114, 118, 48, 2, '', 'pumount.c:72', '', '', NULL, NULL);
INSERT INTO potmsgset (id, msgid_singular, sequence, potemplate, commenttext, filereferences, sourcecomment, flagscomment, context, msgid_plural) VALUES (115, 119, 49, 2, '', 'pumount.c:78', '', 'c-format', NULL, NULL);
INSERT INTO potmsgset (id, msgid_singular, sequence, potemplate, commenttext, filereferences, sourcecomment, flagscomment, context, msgid_plural) VALUES (116, 120, 50, 2, '', 'pumount.c:108 pumount.c:136', '', '', NULL, NULL);
INSERT INTO potmsgset (id, msgid_singular, sequence, potemplate, commenttext, filereferences, sourcecomment, flagscomment, context, msgid_plural) VALUES (117, 121, 51, 2, '', 'pumount.c:140', '', '', NULL, NULL);
INSERT INTO potmsgset (id, msgid_singular, sequence, potemplate, commenttext, filereferences, sourcecomment, flagscomment, context, msgid_plural) VALUES (118, 122, 52, 2, '', 'pumount.c:148', '', 'c-format', NULL, NULL);
INSERT INTO potmsgset (id, msgid_singular, sequence, potemplate, commenttext, filereferences, sourcecomment, flagscomment, context, msgid_plural) VALUES (119, 123, 53, 2, '', 'utils.c:51', '', 'c-format', NULL, NULL);
INSERT INTO potmsgset (id, msgid_singular, sequence, potemplate, commenttext, filereferences, sourcecomment, flagscomment, context, msgid_plural) VALUES (120, 124, 54, 2, '', 'utils.c:107', '', '', NULL, NULL);
INSERT INTO potmsgset (id, msgid_singular, sequence, potemplate, commenttext, filereferences, sourcecomment, flagscomment, context, msgid_plural) VALUES (121, 125, 55, 2, '', 'utils.c:122', '', '', NULL, NULL);
INSERT INTO potmsgset (id, msgid_singular, sequence, potemplate, commenttext, filereferences, sourcecomment, flagscomment, context, msgid_plural) VALUES (122, 126, 56, 2, '', 'utils.c:129', '', 'c-format', NULL, NULL);
INSERT INTO potmsgset (id, msgid_singular, sequence, potemplate, commenttext, filereferences, sourcecomment, flagscomment, context, msgid_plural) VALUES (123, 127, 57, 2, '', 'utils.c:149', '', '', NULL, NULL);
INSERT INTO potmsgset (id, msgid_singular, sequence, potemplate, commenttext, filereferences, sourcecomment, flagscomment, context, msgid_plural) VALUES (124, 128, 58, 2, '', 'utils.c:158', '', 'c-format', NULL, NULL);
INSERT INTO potmsgset (id, msgid_singular, sequence, potemplate, commenttext, filereferences, sourcecomment, flagscomment, context, msgid_plural) VALUES (125, 129, 59, 2, '', 'utils.c:210', '', 'c-format', NULL, NULL);
INSERT INTO potmsgset (id, msgid_singular, sequence, potemplate, commenttext, filereferences, sourcecomment, flagscomment, context, msgid_plural) VALUES (126, 130, 60, 2, '', 'utils.c:252', '', '', NULL, NULL);
INSERT INTO potmsgset (id, msgid_singular, sequence, potemplate, commenttext, filereferences, sourcecomment, flagscomment, context, msgid_plural) VALUES (127, 131, 61, 2, '', 'utils.c:261', '', '', NULL, NULL);
INSERT INTO potmsgset (id, msgid_singular, sequence, potemplate, commenttext, filereferences, sourcecomment, flagscomment, context, msgid_plural) VALUES (128, 132, 62, 2, '', 'utils.c:270', '', '', NULL, NULL);
INSERT INTO potmsgset (id, msgid_singular, sequence, potemplate, commenttext, filereferences, sourcecomment, flagscomment, context, msgid_plural) VALUES (129, 133, 63, 2, '', 'utils.c:279', '', '', NULL, NULL);
INSERT INTO potmsgset (id, msgid_singular, sequence, potemplate, commenttext, filereferences, sourcecomment, flagscomment, context, msgid_plural) VALUES (130, 1, 1, 4, '', 'a11y/addressbook/ea-addressbook-view.c:94
a11y/addressbook/ea-addressbook-view.c:103
a11y/addressbook/ea-minicard-view.c:119', '', '', NULL, NULL);
INSERT INTO potmsgset (id, msgid_singular, sequence, potemplate, commenttext, filereferences, sourcecomment, flagscomment, context, msgid_plural) VALUES (131, 2, 2, 4, '', 'a11y/addressbook/ea-minicard-view.c:101', '', '', NULL, NULL);
INSERT INTO potmsgset (id, msgid_singular, sequence, potemplate, commenttext, filereferences, sourcecomment, flagscomment, context, msgid_plural) VALUES (132, 3, 3, 4, '', 'a11y/addressbook/ea-minicard-view.c:102', '', '', NULL, NULL);
INSERT INTO potmsgset (id, msgid_singular, sequence, potemplate, commenttext, filereferences, sourcecomment, flagscomment, context, msgid_plural) VALUES (133, 4, 4, 4, '', 'a11y/addressbook/ea-minicard-view.c:102', '', '', NULL, NULL);
INSERT INTO potmsgset (id, msgid_singular, sequence, potemplate, commenttext, filereferences, sourcecomment, flagscomment, context, msgid_plural) VALUES (134, 5, 5, 4, '', 'a11y/addressbook/ea-minicard-view.c:104', '', '', NULL, NULL);
INSERT INTO potmsgset (id, msgid_singular, sequence, potemplate, commenttext, filereferences, sourcecomment, flagscomment, context, msgid_plural) VALUES (135, 6, 6, 4, '', 'a11y/addressbook/ea-minicard-view.c:104', '', '', NULL, NULL);
INSERT INTO potmsgset (id, msgid_singular, sequence, potemplate, commenttext, filereferences, sourcecomment, flagscomment, context, msgid_plural) VALUES (136, 7, 7, 4, '', 'a11y/addressbook/ea-minicard-view.c:105', '', '', NULL, NULL);
INSERT INTO potmsgset (id, msgid_singular, sequence, potemplate, commenttext, filereferences, sourcecomment, flagscomment, context, msgid_plural) VALUES (137, 8, 8, 4, '', 'a11y/addressbook/ea-minicard.c:166', '', '', NULL, NULL);
INSERT INTO potmsgset (id, msgid_singular, sequence, potemplate, commenttext, filereferences, sourcecomment, flagscomment, context, msgid_plural) VALUES (138, 9, 9, 4, '', 'addressbook/addressbook-errors.xml.h:2', 'addressbook:ldap-init primary', '', NULL, NULL);
INSERT INTO potmsgset (id, msgid_singular, sequence, potemplate, commenttext, filereferences, sourcecomment, flagscomment, context, msgid_plural) VALUES (139, 10, 10, 4, '', 'addressbook/addressbook-errors.xml.h:4', 'addressbook:ldap-init secondary', '', NULL, NULL);
INSERT INTO potmsgset (id, msgid_singular, sequence, potemplate, commenttext, filereferences, sourcecomment, flagscomment, context, msgid_plural) VALUES (140, 11, 11, 4, '', 'addressbook/addressbook-errors.xml.h:6', 'addressbook:ldap-auth primary', '', NULL, NULL);
INSERT INTO potmsgset (id, msgid_singular, sequence, potemplate, commenttext, filereferences, sourcecomment, flagscomment, context, msgid_plural) VALUES (141, 12, 12, 4, '', 'addressbook/addressbook-errors.xml.h:8', 'addressbook:ldap-auth secondary', '', NULL, NULL);
INSERT INTO potmsgset (id, msgid_singular, sequence, potemplate, commenttext, filereferences, sourcecomment, flagscomment, context, msgid_plural) VALUES (142, 13, 13, 4, '', 'addressbook/gui/component/addressbook-migrate.c:124
calendar/gui/migration.c:188 mail/em-migrate.c:1201', '', 'c-format', NULL, NULL);
INSERT INTO potmsgset (id, msgid_singular, sequence, potemplate, commenttext, filereferences, sourcecomment, flagscomment, context, msgid_plural) VALUES (143, 14, 14, 4, '', 'addressbook/gui/component/addressbook-migrate.c:1123', '', '', NULL, NULL);
INSERT INTO potmsgset (id, msgid_singular, sequence, potemplate, commenttext, filereferences, sourcecomment, flagscomment, context, msgid_plural) VALUES (144, 15, 15, 4, '', 'addressbook/gui/widgets/e-addressbook-model.c:151', '', 'c-format', NULL, 16);
INSERT INTO potmsgset (id, msgid_singular, sequence, potemplate, commenttext, filereferences, sourcecomment, flagscomment, context, msgid_plural) VALUES (145, 17, 16, 4, '', 'addressbook/gui/widgets/eab-gui-util.c:275', '', 'c-format', NULL, 18);
INSERT INTO potmsgset (id, msgid_singular, sequence, potemplate, commenttext, filereferences, sourcecomment, flagscomment, context, msgid_plural) VALUES (146, 19, 17, 4, '', 'addressbook/gui/widgets/foo.c:345', '', 'c-format', NULL, 20);
INSERT INTO potmsgset (id, msgid_singular, sequence, potemplate, commenttext, filereferences, sourcecomment, flagscomment, context, msgid_plural) VALUES (147, 21, 18, 4, ' start po-group: common', 'encfs/FileUtils.cpp:1044', 'xgroup(common)', '', NULL, NULL);
INSERT INTO potmsgset (id, msgid_singular, sequence, potemplate, commenttext, filereferences, sourcecomment, flagscomment, context, msgid_plural) VALUES (148, 22, 19, 4, '', 'encfs/main.cpp:340', 'xgroup(usage)', '', NULL, NULL);
INSERT INTO potmsgset (id, msgid_singular, sequence, potemplate, commenttext, filereferences, sourcecomment, flagscomment, context, msgid_plural) VALUES (149, 23, 20, 4, '', 'encfs/FileUtils.cpp:535', 'xgroup(setup)', 'c-format', NULL, NULL);
INSERT INTO potmsgset (id, msgid_singular, sequence, potemplate, commenttext, filereferences, sourcecomment, flagscomment, context, msgid_plural) VALUES (150, 24, 21, 4, '', 'encfs/encfsctl.cpp:346', '', 'c-format', NULL, 25);
INSERT INTO potmsgset (id, msgid_singular, sequence, potemplate, commenttext, filereferences, sourcecomment, flagscomment, context, msgid_plural) VALUES (151, 26, 22, 4, '', 'modules/aggregator.module:15', '', '', NULL, NULL);
INSERT INTO potmsgset (id, msgid_singular, sequence, potemplate, commenttext, filereferences, sourcecomment, flagscomment, context, msgid_plural) VALUES (152, 134, 1, 5, '', '../mozilla-browser.templates:3', 'Type: note
Description', '', NULL, NULL);
INSERT INTO potmsgset (id, msgid_singular, sequence, potemplate, commenttext, filereferences, sourcecomment, flagscomment, context, msgid_plural) VALUES (153, 135, 2, 5, '', '../mozilla-browser.templates:3', 'Type: note
Description', '', NULL, NULL);
INSERT INTO potmsgset (id, msgid_singular, sequence, potemplate, commenttext, filereferences, sourcecomment, flagscomment, context, msgid_plural) VALUES (154, 136, 3, 5, '', '../mozilla-browser.templates:3', 'Type: note
Description', '', NULL, NULL);
INSERT INTO potmsgset (id, msgid_singular, sequence, potemplate, commenttext, filereferences, sourcecomment, flagscomment, context, msgid_plural) VALUES (155, 137, 4, 5, '', '../mozilla-browser.templates:11', 'Type: select
Choices', '', NULL, NULL);
INSERT INTO potmsgset (id, msgid_singular, sequence, potemplate, commenttext, filereferences, sourcecomment, flagscomment, context, msgid_plural) VALUES (156, 138, 5, 5, '', '../mozilla-browser.templates:13', 'Type: select
Description', '', NULL, NULL);
INSERT INTO potmsgset (id, msgid_singular, sequence, potemplate, commenttext, filereferences, sourcecomment, flagscomment, context, msgid_plural) VALUES (157, 139, 6, 5, '', '../mozilla-browser.templates:13', 'Type: select
Description', '', NULL, NULL);
INSERT INTO potmsgset (id, msgid_singular, sequence, potemplate, commenttext, filereferences, sourcecomment, flagscomment, context, msgid_plural) VALUES (158, 140, 7, 5, '', '../mozilla-browser.templates:24', 'Type: boolean
Description', '', NULL, NULL);
INSERT INTO potmsgset (id, msgid_singular, sequence, potemplate, commenttext, filereferences, sourcecomment, flagscomment, context, msgid_plural) VALUES (159, 141, 8, 5, '', '../mozilla-browser.templates:24', 'Type: boolean
Description', '', NULL, NULL);
INSERT INTO potmsgset (id, msgid_singular, sequence, potemplate, commenttext, filereferences, sourcecomment, flagscomment, context, msgid_plural) VALUES (160, 142, 9, 5, '', '../mozilla-browser.templates:24', 'Type: boolean
Description', '', NULL, NULL);
INSERT INTO potmsgset (id, msgid_singular, sequence, potemplate, commenttext, filereferences, sourcecomment, flagscomment, context, msgid_plural) VALUES (161, 27, 0, 4, NULL, 'foo.c:123', 'This is a comment...', '', NULL, NULL);
INSERT INTO potmsgset (id, msgid_singular, sequence, potemplate, commenttext, filereferences, sourcecomment, flagscomment, context, msgid_plural) VALUES (162, 143, 0, 5, NULL, '', '', '', NULL, NULL);
INSERT INTO potmsgset (id, msgid_singular, sequence, potemplate, commenttext, filereferences, sourcecomment, flagscomment, context, msgid_plural) VALUES (163, 144, 0, 5, NULL, '', '', '', NULL, NULL);
INSERT INTO potmsgset (id, msgid_singular, sequence, potemplate, commenttext, filereferences, sourcecomment, flagscomment, context, msgid_plural) VALUES (164, 145, 0, 5, NULL, '', '', '', NULL, NULL);
INSERT INTO potmsgset (id, msgid_singular, sequence, potemplate, commenttext, filereferences, sourcecomment, flagscomment, context, msgid_plural) VALUES (165, 146, 23, 1, '', 'lib/getopt.c:629 lib/getopt.c:641', '', 'c-format', NULL, NULL);
INSERT INTO potmsgset (id, msgid_singular, sequence, potemplate, commenttext, filereferences, sourcecomment, flagscomment, context, msgid_plural) VALUES (166, 147, 1, 7, '', 'test_browserwidget.py:34', '', '', NULL, NULL);
INSERT INTO potmsgset (id, msgid_singular, sequence, potemplate, commenttext, filereferences, sourcecomment, flagscomment, context, msgid_plural) VALUES (167, 147, 1, 8, '', 'test_browserwidget.py:34', '', '', NULL, NULL);
INSERT INTO potmsgset (id, msgid_singular, sequence, potemplate, commenttext, filereferences, sourcecomment, flagscomment, context, msgid_plural) VALUES (168, 148, 1, 6, '', 'Wammu/Main.py:469', '', 'python-format', NULL, NULL);
INSERT INTO potmsgset (id, msgid_singular, sequence, potemplate, commenttext, filereferences, sourcecomment, flagscomment, context, msgid_plural) VALUES (169, 149, 2, 6, '', 'Wammu/Error.py:82', '', 'python-format', NULL, NULL);
INSERT INTO potmsgset (id, msgid_singular, sequence, potemplate, commenttext, filereferences, sourcecomment, flagscomment, context, msgid_plural) VALUES (170, 150, 3, 6, '', 'Wammu/PhoneSearch.py:127 Wammu/PhoneSearch.py:157', '', '', NULL, NULL);
INSERT INTO potmsgset (id, msgid_singular, sequence, potemplate, commenttext, filereferences, sourcecomment, flagscomment, context, msgid_plural) VALUES (171, 151, 4, 6, '', 'Wammu/Data.py:652', '', '', NULL, NULL);
INSERT INTO potmsgset (id, msgid_singular, sequence, potemplate, commenttext, filereferences, sourcecomment, flagscomment, context, msgid_plural) VALUES (172, 152, 5, 6, '', 'Wammu/Main.py:276', '', '', NULL, NULL);
INSERT INTO potmsgset (id, msgid_singular, sequence, potemplate, commenttext, filereferences, sourcecomment, flagscomment, context, msgid_plural) VALUES (173, 153, 6, 6, '', '', '', '', NULL, NULL);
INSERT INTO potmsgset (id, msgid_singular, sequence, potemplate, commenttext, filereferences, sourcecomment, flagscomment, context, msgid_plural) VALUES (174, 154, 7, 6, '', '', '', '', NULL, NULL);
INSERT INTO potmsgset (id, msgid_singular, sequence, potemplate, commenttext, filereferences, sourcecomment, flagscomment, context, msgid_plural) VALUES (175, 155, 8, 6, '', '', '', '', NULL, NULL);
INSERT INTO potmsgset (id, msgid_singular, sequence, potemplate, commenttext, filereferences, sourcecomment, flagscomment, context, msgid_plural) VALUES (176, 1, 1, 9, '', 'a11y/addressbook/ea-addressbook-view.c:94
a11y/addressbook/ea-addressbook-view.c:103
a11y/addressbook/ea-minicard-view.c:119', '', '', NULL, NULL);
INSERT INTO potmsgset (id, msgid_singular, sequence, potemplate, commenttext, filereferences, sourcecomment, flagscomment, context, msgid_plural) VALUES (177, 2, 2, 9, '', 'a11y/addressbook/ea-minicard-view.c:101', '', '', NULL, NULL);
INSERT INTO potmsgset (id, msgid_singular, sequence, potemplate, commenttext, filereferences, sourcecomment, flagscomment, context, msgid_plural) VALUES (178, 3, 3, 9, '', 'a11y/addressbook/ea-minicard-view.c:102', '', '', NULL, NULL);
INSERT INTO potmsgset (id, msgid_singular, sequence, potemplate, commenttext, filereferences, sourcecomment, flagscomment, context, msgid_plural) VALUES (179, 4, 4, 9, '', 'a11y/addressbook/ea-minicard-view.c:102', '', '', NULL, NULL);
INSERT INTO potmsgset (id, msgid_singular, sequence, potemplate, commenttext, filereferences, sourcecomment, flagscomment, context, msgid_plural) VALUES (180, 5, 5, 9, '', 'a11y/addressbook/ea-minicard-view.c:104', '', '', NULL, NULL);
INSERT INTO potmsgset (id, msgid_singular, sequence, potemplate, commenttext, filereferences, sourcecomment, flagscomment, context, msgid_plural) VALUES (181, 6, 6, 9, '', 'a11y/addressbook/ea-minicard-view.c:104', '', '', NULL, NULL);
INSERT INTO potmsgset (id, msgid_singular, sequence, potemplate, commenttext, filereferences, sourcecomment, flagscomment, context, msgid_plural) VALUES (182, 7, 7, 9, '', 'a11y/addressbook/ea-minicard-view.c:105', '', '', NULL, NULL);
INSERT INTO potmsgset (id, msgid_singular, sequence, potemplate, commenttext, filereferences, sourcecomment, flagscomment, context, msgid_plural) VALUES (183, 8, 8, 9, '', 'a11y/addressbook/ea-minicard.c:166', '', '', NULL, NULL);
INSERT INTO potmsgset (id, msgid_singular, sequence, potemplate, commenttext, filereferences, sourcecomment, flagscomment, context, msgid_plural) VALUES (184, 9, 9, 9, '', 'addressbook/addressbook-errors.xml.h:2', '', '', NULL, NULL);
INSERT INTO potmsgset (id, msgid_singular, sequence, potemplate, commenttext, filereferences, sourcecomment, flagscomment, context, msgid_plural) VALUES (185, 10, 10, 9, '', 'addressbook/addressbook-errors.xml.h:4', '', '', NULL, NULL);
INSERT INTO potmsgset (id, msgid_singular, sequence, potemplate, commenttext, filereferences, sourcecomment, flagscomment, context, msgid_plural) VALUES (186, 11, 11, 9, '', 'addressbook/addressbook-errors.xml.h:6', '', '', NULL, NULL);
INSERT INTO potmsgset (id, msgid_singular, sequence, potemplate, commenttext, filereferences, sourcecomment, flagscomment, context, msgid_plural) VALUES (187, 12, 12, 9, '', 'addressbook/addressbook-errors.xml.h:8', '', '', NULL, NULL);
INSERT INTO potmsgset (id, msgid_singular, sequence, potemplate, commenttext, filereferences, sourcecomment, flagscomment, context, msgid_plural) VALUES (188, 13, 13, 9, '', 'addressbook/gui/component/addressbook-migrate.c:124
calendar/gui/migration.c:188 mail/em-migrate.c:1201', '', 'c-format', NULL, NULL);
INSERT INTO potmsgset (id, msgid_singular, sequence, potemplate, commenttext, filereferences, sourcecomment, flagscomment, context, msgid_plural) VALUES (189, 14, 14, 9, '', 'addressbook/gui/component/addressbook-migrate.c:1123', '', '', NULL, NULL);
INSERT INTO potmsgset (id, msgid_singular, sequence, potemplate, commenttext, filereferences, sourcecomment, flagscomment, context, msgid_plural) VALUES (190, 15, 15, 9, '', 'addressbook/gui/widgets/e-addressbook-model.c:151', '', 'c-format', NULL, 16);
INSERT INTO potmsgset (id, msgid_singular, sequence, potemplate, commenttext, filereferences, sourcecomment, flagscomment, context, msgid_plural) VALUES (191, 17, 16, 9, '', 'addressbook/gui/widgets/eab-gui-util.c:275', '', 'c-format', NULL, 18);
INSERT INTO potmsgset (id, msgid_singular, sequence, potemplate, commenttext, filereferences, sourcecomment, flagscomment, context, msgid_plural) VALUES (192, 19, 17, 9, '', 'addressbook/gui/widgets/foo.c:345', '', 'c-format', NULL, 20);
INSERT INTO potmsgset (id, msgid_singular, sequence, potemplate, commenttext, filereferences, sourcecomment, flagscomment, context, msgid_plural) VALUES (193, 21, 18, 9, '', 'encfs/FileUtils.cpp:1044', '', '', NULL, NULL);
INSERT INTO potmsgset (id, msgid_singular, sequence, potemplate, commenttext, filereferences, sourcecomment, flagscomment, context, msgid_plural) VALUES (194, 22, 19, 9, '', 'encfs/main.cpp:340', '', '', NULL, NULL);
INSERT INTO potmsgset (id, msgid_singular, sequence, potemplate, commenttext, filereferences, sourcecomment, flagscomment, context, msgid_plural) VALUES (195, 23, 20, 9, '', 'encfs/FileUtils.cpp:535', '', 'c-format', NULL, NULL);
INSERT INTO potmsgset (id, msgid_singular, sequence, potemplate, commenttext, filereferences, sourcecomment, flagscomment, context, msgid_plural) VALUES (196, 24, 21, 9, '', 'encfs/encfsctl.cpp:346', '', 'c-format', NULL, 25);
INSERT INTO potmsgset (id, msgid_singular, sequence, potemplate, commenttext, filereferences, sourcecomment, flagscomment, context, msgid_plural) VALUES (197, 26, 22, 9, '', 'modules/aggregator.module:15', '', '', NULL, NULL);
INSERT INTO potmsgset (id, msgid_singular, sequence, potemplate, commenttext, filereferences, sourcecomment, flagscomment, context, msgid_plural) VALUES (198, 147, 1, 10, '', 'test_browserwidget.py:34', '', '', 'Something', NULL);
INSERT INTO potmsgset (id, msgid_singular, sequence, potemplate, commenttext, filereferences, sourcecomment, flagscomment, context, msgid_plural) VALUES (199, 156, 2, 10, '', '', '', '', NULL, NULL);
INSERT INTO potmsgset (id, msgid_singular, sequence, potemplate, commenttext, filereferences, sourcecomment, flagscomment, context, msgid_plural) VALUES (200, 157, 3, 10, '', '', '', '', NULL, NULL);
INSERT INTO potmsgset (id, msgid_singular, sequence, potemplate, commenttext, filereferences, sourcecomment, flagscomment, context, msgid_plural) VALUES (201, 158, 4, 10, '', '', '', '', NULL, NULL);


ALTER TABLE potmsgset ENABLE TRIGGER ALL;


ALTER TABLE potranslation DISABLE TRIGGER ALL;

INSERT INTO potranslation (id, translation) VALUES (1, 'libreta de direcciones de Evolution');
INSERT INTO potranslation (id, translation) VALUES (2, 'carpeta de libretas de direcciones actual');
INSERT INTO potranslation (id, translation) VALUES (3, 'tiene ');
INSERT INTO potranslation (id, translation) VALUES (4, ' tarjetas');
INSERT INTO potranslation (id, translation) VALUES (5, 'La ubicación y jerarquía de las carpetas de contactos de Evolution ha cambiado desde Evolution 1.x.

Tenga paciencia mientras Evolution migra sus carpetas...');
INSERT INTO potranslation (id, translation) VALUES (6, '%d contacto');
INSERT INTO potranslation (id, translation) VALUES (7, '%d contactos');
INSERT INTO potranslation (id, translation) VALUES (8, 'Abrir %d contacto abrirá %d ventanas nuevas también.
¿Quiere realmente mostrar este contacto?');
INSERT INTO potranslation (id, translation) VALUES (9, 'Abrir %d contactos abrirá %d ventanas nuevas también.
¿Quiere realmente mostrar todos estos contactos?');
INSERT INTO potranslation (id, translation) VALUES (10, '%d foo');
INSERT INTO potranslation (id, translation) VALUES (11, 'Contraseña de EncFS: ');
INSERT INTO potranslation (id, translation) VALUES (12, '_Añadir grupo');
INSERT INTO potranslation (id, translation) VALUES (13, 'Upotreba:

%s [opcije] <uređaj> [<etiketa>]
');
INSERT INTO potranslation (id, translation) VALUES (14, '%s --lock <device> <pid>
  Spriječi daljnje pmounts <device> sve dok nije ponovno otključan. <pid>
  specificira id procesa za koji drži brava. To dozvoljava da se zaključa uređaj
  sa strane nekoliko nezavisnih procesa i izbjegava neodređena zaključavanja srušenih
  procesa (nepostojeći pid-ovi su očišćeni prije pokušaja montiranja).

');
INSERT INTO potranslation (id, translation) VALUES (15, '%s --unlock <device> <pid>
  Odstrani bravu na <device> za ponovno procesiranje <pid>.

');
INSERT INTO potranslation (id, translation) VALUES (16, 'Opcije:
  -a, --async : montiraj <device> sa ''async'' opcijom (predodređeno: ''sync'')
  --noatime : montiraj <device> sa ''noatime'' opcijom (predodređeno: ''atime'')
  -e, --exec : montiraj <device> sa ''exec'' opcijom (predodređeno: ''noexec'')
  -t <fs> : montiraj kao datotečni sustav <fs> vrste (predodređeno: samodetektirano)
  -c <charset>: upotrebi dani I/O skup znakova (predodređeno: ''utf8'' ako je pozvano
                u jednoj UTF-8 lokali, inače montiraj predodređeno)
  -d, --debug : aktiviraj debug izlaz (jako riječito)
  -h, --help : ispiši pomoćnu poruku i uspješno izađi');
INSERT INTO potranslation (id, translation) VALUES (17, 'Greška: make_mountpoint_name: nevažeči uređaj %s (mora biti u /dev/)
');
INSERT INTO potranslation (id, translation) VALUES (18, 'Greška: etiketa ne smije biti prazna
');
INSERT INTO potranslation (id, translation) VALUES (19, 'Greška: etiketa je preduga
');
INSERT INTO potranslation (id, translation) VALUES (20, 'Greška: ''/'' ne smije se nalaziti u imenu etikete
');
INSERT INTO potranslation (id, translation) VALUES (21, 'Greška: ime uređaja je predugo
');
INSERT INTO potranslation (id, translation) VALUES (22, 'Greška: ne mogu otpustiti sve uid privilegije');
INSERT INTO potranslation (id, translation) VALUES (23, 'Greška: ne mogu izvršiti mount');
INSERT INTO potranslation (id, translation) VALUES (24, 'Unutarnja greška: mount_attempt: dato ime datotečnog sustava je NULL
');
INSERT INTO potranslation (id, translation) VALUES (25, 'Greška: nevažeće ime datotečnog sustava ''%s''
');
INSERT INTO potranslation (id, translation) VALUES (26, 'Greška: nevažeće ime charseta ''%s''
');
INSERT INTO potranslation (id, translation) VALUES (27, 'Greška: ne mogu se dignuti na pune root uid privilegije');
INSERT INTO potranslation (id, translation) VALUES (28, 'Greška: ne mogu čekati za izvršeni proces montiranja');
INSERT INTO potranslation (id, translation) VALUES (29, 'Greška: ne mogu zaključati za pid %u, taj proces ne postoji
');
INSERT INTO potranslation (id, translation) VALUES (30, 'Greška: ne mogu kreirati pid zaključanu datoteku %s: %s
');
INSERT INTO potranslation (id, translation) VALUES (31, 'Greška: ne mogu maknuti pid zaključanu datoteku %s: %s
');
INSERT INTO potranslation (id, translation) VALUES (32, 'Greška: do_unlock: ne mogu maknuti zaključani direktorij');
INSERT INTO potranslation (id, translation) VALUES (33, 'Greška: ovaj program mora biti instaliran kao suid root
');
INSERT INTO potranslation (id, translation) VALUES (34, 'Unutarnja greška: getopt_long() vratio nepoznatu vrijednost
');
INSERT INTO potranslation (id, translation) VALUES (35, 'Upozorenje: uređaj %s je već zbrinut sa strane /etc/fstab, dana etiketa je zanemarena
');
INSERT INTO potranslation (id, translation) VALUES (36, 'Greška: ne mogu ustanoviti pravi put uređaja');
INSERT INTO potranslation (id, translation) VALUES (37, 'Greška: nevažeći uređaj %s (mora biti u /dev/)
');
INSERT INTO potranslation (id, translation) VALUES (38, 'Greška: ne mogu izbrisati točku montiranja');
INSERT INTO potranslation (id, translation) VALUES (39, 'Unutarnja greška: mod %i nije obrađen.
');
INSERT INTO potranslation (id, translation) VALUES (40, 'pmount-hal - izvrši pmount sa dodatnim informacijama iz hal-a

Upotreba: pmount-hal <hal UDI> [pmount opcije]

Ova naredba montira uređaj opisan sa datim UDI-jem koristeči pmount.
Tip datotečnog sustava, volumen policyja spremanja i željena etiketa biti će
čitani iz hal-a i proslijeđeni pmountu.');
INSERT INTO potranslation (id, translation) VALUES (41, 'Greška: ne mogu izvršiti pmount
');
INSERT INTO potranslation (id, translation) VALUES (42, 'Greška: ne mogu se spojiti na hal
');
INSERT INTO potranslation (id, translation) VALUES (43, 'Greška: dani UDI ne postoji
');
INSERT INTO potranslation (id, translation) VALUES (44, 'Greška: dani UDI nije montabilni volumen
');
INSERT INTO potranslation (id, translation) VALUES (45, 'Greška: ne mogu dobiti stanje uređaja');
INSERT INTO potranslation (id, translation) VALUES (46, 'Greška: ne mogu dobiti sysfs direktorij
');
INSERT INTO potranslation (id, translation) VALUES (47, 'Greška: ne mogu otvoriti <sysfs dir>/block/');
INSERT INTO potranslation (id, translation) VALUES (48, 'Greška: ne mogu otvoriti <sysfs dir>/block/<device>/');
INSERT INTO potranslation (id, translation) VALUES (49, 'Greška: uređaj %s ne postoji
');
INSERT INTO potranslation (id, translation) VALUES (50, 'Greška: %s nije blok uređaj
');
INSERT INTO potranslation (id, translation) VALUES (51, 'Greška: ne mogu otvoriti fstab-type datoteku');
INSERT INTO potranslation (id, translation) VALUES (52, 'Greška: uređaj %s je već montiran na %s
');
INSERT INTO potranslation (id, translation) VALUES (53, 'Greška: uređaj %s nije montiran
');
INSERT INTO potranslation (id, translation) VALUES (54, 'Greška: uređaj %s nije montiran za vas
');
INSERT INTO potranslation (id, translation) VALUES (55, 'Greška: uređaj %s nije odstranjiv
');
INSERT INTO potranslation (id, translation) VALUES (56, 'Greška: uređaj %s je zaključan
');
INSERT INTO potranslation (id, translation) VALUES (57, 'Greška: direktorij %s već sadrži montirani datotečni sustav
');
INSERT INTO potranslation (id, translation) VALUES (58, 'Greška: direktorij %s ne sadrži montirani datotečni sustav
');
INSERT INTO potranslation (id, translation) VALUES (59, 'Upotreba:

%s [options] <device>
  Umount <device> iz direktorija ispod %s ako su zahtjevi policyja
  zadovoljeni (vidi pumount(1) za detalje). Točka montiranja direktorija je odstranjena 
  kasnije.

Opcije:
  -l, --lazy : umount lijeno, vidi umount (8)
  -d, --debug : aktiviraj debug izlaz (jako opširno)
  -h, --help : ispiši poruku pomoći i uspješno izađi
');
INSERT INTO potranslation (id, translation) VALUES (60, 'Unutarnja greška: ne mogu ustanoviti točku montiranja
');
INSERT INTO potranslation (id, translation) VALUES (61, 'Greška: točka montiranja %s nije ispod %s
');
INSERT INTO potranslation (id, translation) VALUES (62, 'Greška: ne mogu izvršiti umount');
INSERT INTO potranslation (id, translation) VALUES (63, 'Greška: nisam mogla pričekati za izvršeni umount proces');
INSERT INTO potranslation (id, translation) VALUES (64, 'Greška: neuspjelo umount
');
INSERT INTO potranslation (id, translation) VALUES (65, 'Greška: izvan memorije
');
INSERT INTO potranslation (id, translation) VALUES (66, 'Greška: Nisam mogla kreirati direktorij');
INSERT INTO potranslation (id, translation) VALUES (67, 'Greška: nisam mogla kreirati žig datoteku u direktoriju');
INSERT INTO potranslation (id, translation) VALUES (68, 'Greška: %s nije direktorij
');
INSERT INTO potranslation (id, translation) VALUES (69, 'Greška: nisam mogla otvoriti direktorij');
INSERT INTO potranslation (id, translation) VALUES (70, 'Greška: direktorij %s nije prazan
');
INSERT INTO potranslation (id, translation) VALUES (71, 'Greška: ''%s'' nije ispravan broj
');
INSERT INTO potranslation (id, translation) VALUES (72, 'Unutarnja greška: nisam mogla promjeniti u efektivni uid root');
INSERT INTO potranslation (id, translation) VALUES (73, 'Unutarnja greška: nisam mogla promjeniti efektivni korisnički uid u realni korisnićki id');
INSERT INTO potranslation (id, translation) VALUES (74, 'Unutarnja greška: nisam mogla promjeniti u efektivni gid root');
INSERT INTO potranslation (id, translation) VALUES (75, 'Unutarnja greška: nisam mogla promjeniti efektivnu grupu u realni id grupe');
INSERT INTO potranslation (id, translation) VALUES (76, 'Ús:

%s [opcions] <dispositiu> [<etiqueta>]

  Monta <dispositiu> al directori sota %s si es compleixen
  els requeriments (vegeu pmount(1) per més detalls). Si es dóna <etiqueta>, el punt de muntatge
  serà %s/<etiqueta>, en cas contrari, serà %s<dispositiu>.
  Si el punt de muntatge no existeix, es crearà.

');
INSERT INTO potranslation (id, translation) VALUES (77, '%s --lock <dispositiu> <pid>
  Prevén més pmounts del <dispositiu> fins que no es desbloqui altra vegada. <pid>
  especifica l''identificador del procés al qual actua el blocatge. Això permet bloquejar un dispositiu
  per diversos processos independents i evita bloquejos indefinits de processos
  fallits (pids no existents es netegen abans d''intentar montar-los).

');
INSERT INTO potranslation (id, translation) VALUES (78, '%s --unlock <dispositiu> <pid>
  Remou el blocatge al <dispositiu> per processar <pid> altra vegada.

');
INSERT INTO potranslation (id, translation) VALUES (79, 'Opcions:
  -a, --async : monta <dispositiu> amb l''opció ''async'' (per defecte: ''sync'')
  --noatime   : monta <dispositiu> amb l''opció ''noatime'' (per defecte: ''atime'')
  -e, --exec  : monta <dispositiu> amb l''opció ''exec'' (per defecte: ''noexec'')
  -t <fs>     : monta com a tipus de sistema de fitxers <fs> (per defecte: autodetectat)
  -c <charset>: usa el joc de caràcters I/O donat (per defecte: ''utf8'' si es crida
                des d''una locale UTF-8, si no es monta per defecte)
  -d, --debug : habilita la sortida en mode depuració (molt detalladament)
  -h, --help  : imprimeix el missatge d''ajuda i surt exitosament');
INSERT INTO potranslation (id, translation) VALUES (80, 'Error: make_mountpoint_name: dispositiu %s invàlid (ha d''estar a /dev/)
');
INSERT INTO potranslation (id, translation) VALUES (81, 'Error: l''etiqueta no pot estar buida
');
INSERT INTO potranslation (id, translation) VALUES (82, 'Error: etiqueta massa llarga
');
INSERT INTO potranslation (id, translation) VALUES (83, 'Error: ''/'' no ha d''estar al nom de l''etiqueta
');
INSERT INTO potranslation (id, translation) VALUES (84, 'Error: nom de dispositiu massa llarg
');
INSERT INTO potranslation (id, translation) VALUES (85, 'Error: no es poden eliminar tots els privilegis uid');
INSERT INTO potranslation (id, translation) VALUES (86, 'Error: no es pot executar mount');
INSERT INTO potranslation (id, translation) VALUES (87, 'error intern: mount_attempt: el sistema de fitxers donat és NULL
');
INSERT INTO potranslation (id, translation) VALUES (88, 'Error: el nom %s de sistema de fitxers és invàlid
');
INSERT INTO potranslation (id, translation) VALUES (89, 'Error: el nom %s del joc de caràcters és invàlid
');
INSERT INTO potranslation (id, translation) VALUES (90, 'Error: no s''han pogut donar tots els privilegis uid de super-usuari');
INSERT INTO potranslation (id, translation) VALUES (91, 'Error: no s''ha pogut esperar per processos de muntatge executats');
INSERT INTO potranslation (id, translation) VALUES (92, 'Error: no s''ha pogut blocar el pid  %u. Aquest procés no existeix
');
INSERT INTO potranslation (id, translation) VALUES (93, 'Error: no s''ha pogut crear un blocatge del pid del fitxer %s: %s
');
INSERT INTO potranslation (id, translation) VALUES (94, 'Error: no s''ha pogut remoure el blocatge del pid del fitxer %s: %s
');
INSERT INTO potranslation (id, translation) VALUES (95, 'Error: do_unlock: no s''ha pogut remoure el blocatge del directori');
INSERT INTO potranslation (id, translation) VALUES (96, 'Error: aquest programa necessita ser instal·lar amb suid de super-usuari
');
INSERT INTO potranslation (id, translation) VALUES (97, 'error intern: getopt_long() ha retornat un valor desconegut
');
INSERT INTO potranslation (id, translation) VALUES (98, 'Avís: el dispositiu %s ja és gestionat per /etc/fstab, s''ignorarà l''etiqueta donada
');
INSERT INTO potranslation (id, translation) VALUES (99, 'Error: no s''ha pogut determinar el camí real del dispositiu');
INSERT INTO potranslation (id, translation) VALUES (100, 'Error: dispositiu %s invàlid (ha d''estar a /dev/)
');
INSERT INTO potranslation (id, translation) VALUES (101, 'Error: no s''ha pogut eliminar el punt de muntatge');
INSERT INTO potranslation (id, translation) VALUES (102, 'error intern: el mode %i no s''ha gestionat.
');
INSERT INTO potranslation (id, translation) VALUES (103, 'pmount-hal - executa pmount amb informació addicional de hal

Ús: pmount-hal <UDI de hal> [opcions de pmount]

Aquesta comanda monta el dispositiu descrit per l''UDI donat utilitzant
pmount. El tipus de sistema de fitxers, la política d''emmagatzematge del
volum i l''etiqueta desitjada es llegiran de hal i es passaran a pmount.');
INSERT INTO potranslation (id, translation) VALUES (104, 'Error: no s''ha pogut executar pmount
');
INSERT INTO potranslation (id, translation) VALUES (105, 'Error, no es pot obrir el directori');
INSERT INTO potranslation (id, translation) VALUES (106, 'Error: l''UDI donat no existeix
');
INSERT INTO potranslation (id, translation) VALUES (107, 'Error: l''UDI donat no és un volum montable
');
INSERT INTO potranslation (id, translation) VALUES (108, 'Error: no s''ha pogut aconseguir l''estat del dispositiu');
INSERT INTO potranslation (id, translation) VALUES (109, 'Error: no s''ha pogut aconseguir el directori sysfs
');
INSERT INTO potranslation (id, translation) VALUES (110, 'Error: no s''ha pogut obrir <sysfs dir>/block/');
INSERT INTO potranslation (id, translation) VALUES (111, 'Error: no s''ha pogut obrir <sysfs dir>/block/<dispsitiu>/');
INSERT INTO potranslation (id, translation) VALUES (112, 'Error: el dispositiu %s no existeix
');
INSERT INTO potranslation (id, translation) VALUES (113, 'Error: %s no és un dispositiu de blocs
');
INSERT INTO potranslation (id, translation) VALUES (114, 'Error: no s''ha pogut obrir el fitxer de tipus fstab');
INSERT INTO potranslation (id, translation) VALUES (115, 'Error: el dispositiu %s ja està montat a %s
');
INSERT INTO potranslation (id, translation) VALUES (116, 'Error: el dispositiu %s no està montat
');
INSERT INTO potranslation (id, translation) VALUES (117, 'Error: el dispositiu %s no ha estat montat per tu
');
INSERT INTO potranslation (id, translation) VALUES (118, 'Error: el dispositiu %s no es pot remoure
');
INSERT INTO potranslation (id, translation) VALUES (119, 'Error: el dispositiu %s està blocat
');
INSERT INTO potranslation (id, translation) VALUES (120, 'Error: el directori %s ja conté un sistema de fitxers montat
');
INSERT INTO potranslation (id, translation) VALUES (121, 'Error: el directori %s no conté un sistema de fitxers montat
');
INSERT INTO potranslation (id, translation) VALUES (122, 'Ús:

%s [opcions] <dispositiu>
  Umount <dispositiu> des d''un directori sota %s si es compleixen els
  requeriments (vegeu pumount(1) per més detalls). El directori del punt de montatge
  s''elimina després

Opcions:
  -l, --lazy : umount mandrosament, vegeu umount(8)
  -d, --debug : habilita la sortida de depuració (molt detalladament)
  -h, --help : imprimeix el missatge d''ajuda i surt exitosament
');
INSERT INTO potranslation (id, translation) VALUES (123, 'Error intern: no s''ha pogut determinar el punt de montatge
');
INSERT INTO potranslation (id, translation) VALUES (124, 'Error: el punt de montatge %s no és a sota %s
');
INSERT INTO potranslation (id, translation) VALUES (125, 'Error: no s''ha pogut executar umount');
INSERT INTO potranslation (id, translation) VALUES (126, 'Error no s''ha pogut esperar els processos d''umount executats');
INSERT INTO potranslation (id, translation) VALUES (127, 'Error: ha fallat umount
');
INSERT INTO potranslation (id, translation) VALUES (128, 'Error: fora de memòria
');
INSERT INTO potranslation (id, translation) VALUES (129, 'Error: no es pot crear el directori');
INSERT INTO potranslation (id, translation) VALUES (130, 'Error: no es pot crear fitxer de marca al directori');
INSERT INTO potranslation (id, translation) VALUES (131, 'Error: %s no és un directori
');
INSERT INTO potranslation (id, translation) VALUES (132, 'Error: el directori %s no és buit
');
INSERT INTO potranslation (id, translation) VALUES (133, 'Error: ''%s'' no és un número vàlid
');
INSERT INTO potranslation (id, translation) VALUES (134, 'Error intern: no s''ha pogut canviar a uid de superusuari efectiva');
INSERT INTO potranslation (id, translation) VALUES (135, 'Error intern: no s''ha pogut canviar uid d''usuari efectiva a identificació d''usuari real');
INSERT INTO potranslation (id, translation) VALUES (136, 'Error intern: no s''ha pogut canviar a gid superusuari efectiu');
INSERT INTO potranslation (id, translation) VALUES (137, 'Error intern: no s''ha pogut canviar l''identificació de grup efectiva a una identificació real de grup');
INSERT INTO potranslation (id, translation) VALUES (138, 'Bruk:

%s [valg] <enhet> [<etikett>]

  Monter <enhet> til en katalog under %s hvis krav er tilfredsstilt
  (se pmount(1) for mer). Hvis <etikett> er oppgitt, vil
  monteringspunktet bli %s/<etikett>, ellers vil det bli
  %s/<enhet>. Hvis monteringspunktet ikke finnes, vil det 
  bli opprettet.

');
INSERT INTO potranslation (id, translation) VALUES (139, '%s --lock <enhet> <pid>
  Forhindrer videre pmount-monteringer av <enhet> helt til den
  blir låst opp igjen. <pid> er hvilken prosess id låsen holdes
  for. Dette gjør det mulig å låse en enhet av flere uavhengige
  prosesser, og unngår uendelig låsing av krasjede prosesser
  (pids som ikke finnes blir ryddet før forsøk på en montering).

');
INSERT INTO potranslation (id, translation) VALUES (140, '%s --unlock <enhet> <pid>
  Fjerner låsen på <enhet> for prosess <pid>.

');
INSERT INTO potranslation (id, translation) VALUES (141, 'Valg:
  -a, --async : monterer <enhet> med «async»-valget (standard: «sync»)
  --noatime : monterer <enhet> med «noatime»-valget (standard: «atime»)
  -e, --exec : monterer <enhet> med «exec»-valget (standard: «noexec»)
  -t <fs> : monterer som filsystemtype <fs> (standard: velger automatisk)
  -c <tegnsett> : bruk gitt I/O-tegnsett (standard: utf8 i
                 UTF-8-locale, ellers monteringsstandard)
  -d, --debug : skriv debuginformasjon (veldig mye)
  -h, --help : skriv hjelpemelding og avslutt med suksess');
INSERT INTO potranslation (id, translation) VALUES (142, 'Feil: make_mountpoint_name: ugyldig enhet %s (må finnes i /dev/)
');
INSERT INTO potranslation (id, translation) VALUES (143, 'Feil: etiketten kan ikke være blank
');
INSERT INTO potranslation (id, translation) VALUES (144, 'Feil: Etiketten er for lang
');
INSERT INTO potranslation (id, translation) VALUES (145, 'Feil: Etiketter kan ikke inneholde «/»
');
INSERT INTO potranslation (id, translation) VALUES (146, 'Feil: Navnet på enheten er for langt
');
INSERT INTO potranslation (id, translation) VALUES (147, 'Feil: Kunne ikke fjerne alle uid-rettigheter');
INSERT INTO potranslation (id, translation) VALUES (148, 'Feil: Kunne ikke kjøre mount');
INSERT INTO potranslation (id, translation) VALUES (149, 'Intern feil: mount_attempt: Filsystemnavnet er NULL
');
INSERT INTO potranslation (id, translation) VALUES (150, 'Feil: Ugyldig filsystemnavn «%s»
');
INSERT INTO potranslation (id, translation) VALUES (151, 'Feil: Ugyldig tegnsettnavn «%s»
');
INSERT INTO potranslation (id, translation) VALUES (152, 'Feil: Kunne ikke øke til fullstendige root-uid-rettigheter');
INSERT INTO potranslation (id, translation) VALUES (153, 'Feil: Kunne ikke vente på startet mounting');
INSERT INTO potranslation (id, translation) VALUES (154, 'Feil: Kan ikke låse for %u, siden denne prosessen ikke finnes
');
INSERT INTO potranslation (id, translation) VALUES (155, 'Feil: Kunne ikke opprette pid-låsfil %s: %s
');
INSERT INTO potranslation (id, translation) VALUES (156, 'Feil: Kunne ikke fjerne pid-låsfil %s: %s
');
INSERT INTO potranslation (id, translation) VALUES (157, 'Feil: du_unlock: Kunne ikke fjerne låskatalog');
INSERT INTO potranslation (id, translation) VALUES (158, 'Feil: Dette programmet må være installert suid root
');
INSERT INTO potranslation (id, translation) VALUES (159, 'Intern feil: getopt_long() returnerte ukjent verdi
');
INSERT INTO potranslation (id, translation) VALUES (160, 'Advarsel: Enheten «%s» håndteres allerede i /etc/fstab, ny etikett blir ignorert
');
INSERT INTO potranslation (id, translation) VALUES (161, 'Feil: Kunne ikke bestemme den ordentlige stien for denne enheten');
INSERT INTO potranslation (id, translation) VALUES (162, 'Feil: Ugyldig enhet %s (må være i /dev/)
');
INSERT INTO potranslation (id, translation) VALUES (163, 'Feil: Kunne ikke slette monteringspunkt');
INSERT INTO potranslation (id, translation) VALUES (164, 'Intern feil: modus %i er blir ikke håndtert.
');
INSERT INTO potranslation (id, translation) VALUES (165, 'pmount-hal - kjør pmount med tilleggsinformasjon fra hal

Bruk: pmount-hal <hal UDI> [pmount-valg]

Denne kommandoen monterer enheten beskrevet av den oppgitte UDI-en ved bruk av «pmount». Filsystemtypen, volumlagringspolitikk og ønsket etikett vil bli lest ut fra «hal» og gitt til «pmount».');
INSERT INTO potranslation (id, translation) VALUES (166, 'Feil: Kunne ikke kjøre pmount
');
INSERT INTO potranslation (id, translation) VALUES (167, 'Feil: Kunne ikke koble til hal
');
INSERT INTO potranslation (id, translation) VALUES (168, 'Feil: Oppgitt UDI finnes ikke
');
INSERT INTO potranslation (id, translation) VALUES (169, 'Feil: Oppgitt UDI er ikke en monterbar enhet
');
INSERT INTO potranslation (id, translation) VALUES (170, 'Feil: Kunne ikke få status fra enhet');
INSERT INTO potranslation (id, translation) VALUES (171, 'Feil: Kunne ikke hente sysfs-katalog
');
INSERT INTO potranslation (id, translation) VALUES (172, 'Feil: Kunne ikke åpne <sysfs-katalog>/block/');
INSERT INTO potranslation (id, translation) VALUES (173, 'Feil: Kunne ikke åpne <sysfs-kat>/block/<enhet>/');
INSERT INTO potranslation (id, translation) VALUES (174, 'Feil: Enhet %s finnes ikke
');
INSERT INTO potranslation (id, translation) VALUES (175, 'Feil: %s er ikke en blokkenhet
');
INSERT INTO potranslation (id, translation) VALUES (176, 'Feil: Kunne ikke åpne fstab-fil');
INSERT INTO potranslation (id, translation) VALUES (177, 'Feil: Enheten «%s» er allerede montert på «%s»
');
INSERT INTO potranslation (id, translation) VALUES (178, 'Feil: Enheten «%s» er ikke montert
');
INSERT INTO potranslation (id, translation) VALUES (179, 'Feil: Enheten %s ble ikke montert av deg
');
INSERT INTO potranslation (id, translation) VALUES (180, 'Feil: Enheten «%s» kan ikke fjernes
');
INSERT INTO potranslation (id, translation) VALUES (181, 'Feil: Enheten «%s» er låst
');
INSERT INTO potranslation (id, translation) VALUES (182, 'Feil: Katalogen «%s» inneholder allerede et montert filsystem
');
INSERT INTO potranslation (id, translation) VALUES (183, 'Feil: Katalogen «%s» inneholder ikke et montert filsystem
');
INSERT INTO potranslation (id, translation) VALUES (184, 'Bruk

%s [valg] <enhet>
  Avmonter <enhet> fra en katalog under %s hvis krav er
  tilfredsstilt (se pumount(1) for mer). Monteringspunktkatalogen
  blir fjernet etterpå.

Valg:
  -l, --lazy : lat umount, se umount(8)
  -d, --debug :  skriv debuginformasjon (veldig mye)
  -h, --help : skriv hjelpemelding og avslutt med suksess
');
INSERT INTO potranslation (id, translation) VALUES (185, 'Intern feil: Kunne ikke bestemme monteringspunkt
');
INSERT INTO potranslation (id, translation) VALUES (186, 'Feil: Monteringspunktet «%s» er ikke under «%s»
');
INSERT INTO potranslation (id, translation) VALUES (187, 'Feil: Kunne ikke kjøre umount');
INSERT INTO potranslation (id, translation) VALUES (188, 'Feil: Kunne ikke vente på startet avmonteringsprosess');
INSERT INTO potranslation (id, translation) VALUES (189, 'Feil: Avmontering feilet
');
INSERT INTO potranslation (id, translation) VALUES (190, 'Feil: Ikke mer minne
');
INSERT INTO potranslation (id, translation) VALUES (191, 'Feil: Kunne ikke opprette katalog');
INSERT INTO potranslation (id, translation) VALUES (192, 'Feil: Kunne ikke opprette stempelfil i katalog');
INSERT INTO potranslation (id, translation) VALUES (193, 'Feil. «%s» er ikke en katalog
');
INSERT INTO potranslation (id, translation) VALUES (194, 'Feil: Kunne ikke åpne katalog');
INSERT INTO potranslation (id, translation) VALUES (195, 'Feil: Katalogen «%s» er ikke tom
');
INSERT INTO potranslation (id, translation) VALUES (196, 'Feil: «%s» er ikke et gyldig tall
');
INSERT INTO potranslation (id, translation) VALUES (197, 'Intern feil: Kunne ikke endre til effektiv uid root');
INSERT INTO potranslation (id, translation) VALUES (198, 'Intern feil: kunne ikke endre effektiv bruker-uid til ekte bruker-id');
INSERT INTO potranslation (id, translation) VALUES (199, 'Intern feil: Kunne ikke endre til effektiv gid root');
INSERT INTO potranslation (id, translation) VALUES (200, 'Intern feil: Kunne ikke endre effektiv gruppe-id til ekte grouppe-id');
INSERT INTO potranslation (id, translation) VALUES (201, 'Použití:

%s [volby]<zařízení>[<jméno>]

  Připojí <zařízení> do adresáře na %s jestliže má oprávnění
  (podívej do pmount(1) na podrobnosti). Jestliže je <jméno>
  zadáno,   připojovací bod bude %s/<jméno>, jinak to bude%s
  <zařízení>. Jestliže připojovací bod neexistuje, 
  bude vytvořen.

');
INSERT INTO potranslation (id, translation) VALUES (202, '%s --lock <zařízení><pid>
  Zabrání příštím pmounts <zařízení> dokud není znovu odemčeno.
  <pid> specifikuje id uzamykajícího procesu. To umožňuje zamknout
  zařízení několika nezávislými procesy a zabrání nekonečnému
  uzamčení havarovanými procesy (neexistující pid jsou smazány
  před mount)

');
INSERT INTO potranslation (id, translation) VALUES (203, '%s --unlock <device> <pid>
  Odstranit znovu zámek na <device> pro proces <pid>.

');
INSERT INTO potranslation (id, translation) VALUES (204, 'Volby:
  -a, --async : připojit <zařízení> s volbou ''async'' (výchozí je:''sync'')
  --noatime : připojit <zařízení> s volbou ''noatime'' (výchozí je:''atime'')
  -e, --exec : připojit <zařízení> s volbou ''exec'' (výchozí je: ''noexec'')
  -t <fs> : připojit jako souborový systém <fs> (výchozí: autodetected)
  -c <charset>: použít danou znakovou sadu (výchozí: ''utf8'' jestliže je
                v nějakém lokálním UTF-8 , jinak výchozí pro mount)
  -d, --debug : povolit ladící výstupy (mnoho hlášek)
  -h, --help : vypíše nápovědu a ukončí se');
INSERT INTO potranslation (id, translation) VALUES (205, 'Chyba: make_mount_name: neplatné zařízení %s (musí být v /dev/)
');
INSERT INTO potranslation (id, translation) VALUES (206, 'Chyba: jméno nesmí být prázdné
');
INSERT INTO potranslation (id, translation) VALUES (207, 'Chyba: Příliš dlouhé jméno
');
INSERT INTO potranslation (id, translation) VALUES (208, 'Chyba:''/'' se nesmí vyskytovat ve jméně
');
INSERT INTO potranslation (id, translation) VALUES (209, 'Chyba: příliš dlouhé jméno zařízení
');
INSERT INTO potranslation (id, translation) VALUES (210, 'Chyba: nelze zapsat všechna uid oprávnění');
INSERT INTO potranslation (id, translation) VALUES (211, 'Chyba: nelze spustit mount');
INSERT INTO potranslation (id, translation) VALUES (212, 'Vnitřní chyba: mount_attempmt: předané jméno souboru je NULL
');
INSERT INTO potranslation (id, translation) VALUES (213, 'Chyba: špatné jméno souborového systému ''%s''
');
INSERT INTO potranslation (id, translation) VALUES (214, 'Chyba: špatné jméno znakové sady ''%s''
');
INSERT INTO potranslation (id, translation) VALUES (215, 'Chyba: nelze získat plná práva superuživatele');
INSERT INTO potranslation (id, translation) VALUES (216, 'Chyba: nelze čekat na spuštěný proces připojení');
INSERT INTO potranslation (id, translation) VALUES (217, 'Chyba: nelze zamknout pro pid %u, tento proces neexistuje
');
INSERT INTO potranslation (id, translation) VALUES (218, 'Chyba: nelze vytvořit pid zamykací soubor %s:%s
');
INSERT INTO potranslation (id, translation) VALUES (219, 'Chyba: nelze odstranit pid zamykací soubor %s: %s
');
INSERT INTO potranslation (id, translation) VALUES (220, 'Chyba: do_unlock: nelze odstranit uzamčení adresáře');
INSERT INTO potranslation (id, translation) VALUES (221, 'Chyba: tento program je potřeba instalovat jako root
');
INSERT INTO potranslation (id, translation) VALUES (222, 'Vnitřní chyba: getopt_long() vrátil neznámou hodnotu
');
INSERT INTO potranslation (id, translation) VALUES (223, 'Varování: zařízení %s je již řízeno s /etc/fstab, dodané jméno bude ignorováno
');
INSERT INTO potranslation (id, translation) VALUES (224, 'Chyba: nelze určit opravdovou cestu k zařízení');
INSERT INTO potranslation (id, translation) VALUES (225, 'Chyba: neplatné zařízení %s (musí být v /dev/)
');
INSERT INTO potranslation (id, translation) VALUES (226, 'Chyba: nelze smazat bod připojení');
INSERT INTO potranslation (id, translation) VALUES (227, 'Vnitřní chyba: mód %i není obsluhován.
');
INSERT INTO potranslation (id, translation) VALUES (228, 'pmount-hal - spusit pmount s přídavnými informacemi z halu

Užití: pmount-hal <hal UDI> [pmount volby]

Tento příkaz připojí zařízení popsané daným UDI používající pmount. Systém souborů, chování diskové jednotky and požadovaný název budou
přečteny z halu a zaslány pmountu.');
INSERT INTO potranslation (id, translation) VALUES (229, 'Chyba: nelze spusit pmount
');
INSERT INTO potranslation (id, translation) VALUES (230, 'Chyba: nelze se připojit na hal
');
INSERT INTO potranslation (id, translation) VALUES (231, 'Chyba: dané UDI neexistuje
');
INSERT INTO potranslation (id, translation) VALUES (232, 'Chyba: dané UDI neni připojitelné zařízení
');
INSERT INTO potranslation (id, translation) VALUES (233, 'Chyba: nelze zjistit stav zařízení');
INSERT INTO potranslation (id, translation) VALUES (234, 'Chyba: nelze získat sysfs adresář
');
INSERT INTO potranslation (id, translation) VALUES (235, 'Chyba: nelze otevřít <sysfs adresář>/block/');
INSERT INTO potranslation (id, translation) VALUES (236, 'Chyba: nelze otevřít <sysfs adresář>/block/<device>/');
INSERT INTO potranslation (id, translation) VALUES (237, 'Chyba: zařízení %s neexistuje
');
INSERT INTO potranslation (id, translation) VALUES (238, 'Chyba: %s není blokové zařízení
');
INSERT INTO potranslation (id, translation) VALUES (239, 'Chyba: nelze otevřít soubor fstab-type');
INSERT INTO potranslation (id, translation) VALUES (240, 'Chyba: zařízení %s je jíž připojeno na %s
');
INSERT INTO potranslation (id, translation) VALUES (241, 'Chyba: zařízení %s není připojeno
');
INSERT INTO potranslation (id, translation) VALUES (242, 'Chyba: zařízení %s nepřipojils ty
');
INSERT INTO potranslation (id, translation) VALUES (243, 'Chyba: zařízení %s není vyjímatelné
');
INSERT INTO potranslation (id, translation) VALUES (244, 'Chyba: zařízení %s je zamčeno
');
INSERT INTO potranslation (id, translation) VALUES (245, 'Chyba: adresář %s již obsahuje připojený souborový systém
');
INSERT INTO potranslation (id, translation) VALUES (246, 'Chyba: adresář %s neobsahuje připojený souborový systém
');
INSERT INTO potranslation (id, translation) VALUES (247, 'Použití:

%s [parametry] <zařízení>
  Odpojenit <zařízení> z adresáře pod %s jestliže 
  jsou nastavená požadovná práva (podrobnosti viz pumount(1)). 
  Adresář připojovacího bodu je poté odstraněn.

Parametry:
  -l, --lazy : odpojit líně, viz umount(8)
  -d, --debug : povolit ladící výstupy (velmi ukecané)
  -h, --help : vytiskne nápovědu a ukončí se
');
INSERT INTO potranslation (id, translation) VALUES (248, 'Vnitřní chyba: nelze určit bod připojení
');
INSERT INTO potranslation (id, translation) VALUES (249, 'Chyba: připojovací bod %s není pod %s
');
INSERT INTO potranslation (id, translation) VALUES (250, 'Chyba: nelze spustit umount');
INSERT INTO potranslation (id, translation) VALUES (251, 'Chyba: nelze čekat na spuštěný proces umount');
INSERT INTO potranslation (id, translation) VALUES (252, 'Chyba: umount selhal
');
INSERT INTO potranslation (id, translation) VALUES (253, 'Chyba: nedostatek paměti
');
INSERT INTO potranslation (id, translation) VALUES (254, 'Chyba: nelze vytvořit adresář');
INSERT INTO potranslation (id, translation) VALUES (255, 'Chyba: nelze vytvořit soubor razítka v adresáři');
INSERT INTO potranslation (id, translation) VALUES (256, 'Chyba: %s není adresář
');
INSERT INTO potranslation (id, translation) VALUES (257, 'Chyba: nelze otevřít adresář');
INSERT INTO potranslation (id, translation) VALUES (258, 'Chyba: adresář %s není prázdný
');
INSERT INTO potranslation (id, translation) VALUES (259, 'Chyba: ''%s'' není platné číslo
');
INSERT INTO potranslation (id, translation) VALUES (260, 'Vnitřní chyba: nelze změnit úspěšně na uid roota');
INSERT INTO potranslation (id, translation) VALUES (261, 'Vnitřní chyba: nelze změnit skutečné uživatelské id na pravé uživatelské id');
INSERT INTO potranslation (id, translation) VALUES (262, 'Vnitřní chyba: nelze změnit na skutečné gid roota');
INSERT INTO potranslation (id, translation) VALUES (263, 'Vnitřní chyba: nelze změnit id skutečné skupiny na id pravé skupiny');
INSERT INTO potranslation (id, translation) VALUES (264, 'Uso:

%s [opciones] <dispositivo> [<etiqueta>]

  Monta el <dispositivo> en un directorio bajo %s si se cumplen los
  requisitos de seguridad (ver detalles en pmount(1)). Si se pone
  <etiqueta>, el punto de montaje será %s/<etiqueta>, si no, será
  %s<dispositivo>. Si el punto de montaje no existe, se creará.

');
INSERT INTO potranslation (id, translation) VALUES (265, '%s --lock <dispositivo> <pid>〓
  Previene posteriores montajes del <dispositivo> hasta que se desbloquee.
  <pid> especifica el id del proceso que pone el bloqueo. Esto permite
  bloquear un dispositivo a varios procesos independendientes evitando
  bloqueos indefinidos por procesos caídos (los pids inexistentes se
  limpian antes de intentar un montaje).

');
INSERT INTO potranslation (id, translation) VALUES (266, '%s --unlock <dispositivo> <pid>
  Quita el bloqueo del proceso <pid> al <dispositivo>.

');
INSERT INTO potranslation (id, translation) VALUES (267, 'Opciones:
  -a, --async : montar <dispositivo> con la opción ''async'' (por defecto: ''sync'')
  --noatime   : montar <dispositivo> con la opción ''noatime'' (por defecto: ''atime'')
  -e, --exec  : montar <dispositivo> con la opción ''exec'' (por defecto: ''noexec'')
  -t <fs>     : montar como sistema de ficheros tipo <fs> (por defecto: autodetectado)
  -c <charset>: usar el juego de caracteres E/S dado (por defecto: ''utf8'' si se llama
                en un local UTF-8, si no, el defecto de montaje)
  -d, --debug : habilita salida de depuración (muy verbosa)
  -h, --help  : escribir mensaje de ayuda y salir');
INSERT INTO potranslation (id, translation) VALUES (268, 'Error: make_mountpoint_name: el dispositivo %s no es válido (ha de estar en /dev/)
');
INSERT INTO potranslation (id, translation) VALUES (269, 'Error: la etiqueta no puede estar vacia
');
INSERT INTO potranslation (id, translation) VALUES (270, 'Error: etiqueta es demasiado larga
');
INSERT INTO potranslation (id, translation) VALUES (271, 'Error: no se puede poner ''/'' en el nombre de la etiqueta
');
INSERT INTO potranslation (id, translation) VALUES (272, 'Error: el nombre de dispositivo es demasiado largo
');
INSERT INTO potranslation (id, translation) VALUES (273, 'Error: no se han podido soltar todos los privilegios de uid');
INSERT INTO potranslation (id, translation) VALUES (274, 'Error: no se ha podido ejecutar el montaje');
INSERT INTO potranslation (id, translation) VALUES (275, 'Error interno: mount_attempt: el nombre del sistema de archivos dado es NULO
');
INSERT INTO potranslation (id, translation) VALUES (276, 'Error: el nombre del sistema de ficheros ''%s'' no es válido
');
INSERT INTO potranslation (id, translation) VALUES (277, 'Error: el nombre del juego de caracteres ''%s'' no es válido
');
INSERT INTO potranslation (id, translation) VALUES (278, 'Error: no se han podido alcanzar privilegios de uid root completos');
INSERT INTO potranslation (id, translation) VALUES (279, 'Error: no se ha podido esperar a que se ejecutara el proceso de montaje');
INSERT INTO potranslation (id, translation) VALUES (280, 'Error: no se puede bloquear para el pid %u, este proceso no existe
');
INSERT INTO potranslation (id, translation) VALUES (281, 'Error: no se ha podido crear el fichero de bloqueo del pid %s: %s
');
INSERT INTO potranslation (id, translation) VALUES (282, 'Error: no se ha podido eliminar el fichero de bloqueo del pid %s: %s
');
INSERT INTO potranslation (id, translation) VALUES (283, 'Error: do_unlock: no se ha podido eliminar el directorio de bloqueo');
INSERT INTO potranslation (id, translation) VALUES (284, 'Error este programa necesita ser instalado como super usuario (root)
');
INSERT INTO potranslation (id, translation) VALUES (285, 'Error interno: getopt_long() ha devuelto un valor desconocido
');
INSERT INTO potranslation (id, translation) VALUES (286, 'Aviso: el dispositivo %s ya se gestiona en /etc/fstab, la etiqueta proporcionada será ignorada
');
INSERT INTO potranslation (id, translation) VALUES (287, 'Error: no se ha podido determinar la ruta real del dispositivo');
INSERT INTO potranslation (id, translation) VALUES (288, 'Error: el dispositivo %s no vale (ha de estar en /dev/)
');
INSERT INTO potranslation (id, translation) VALUES (289, 'Error: no se ha podido borrar el punto de montaje');
INSERT INTO potranslation (id, translation) VALUES (290, 'Error interno: %i es un modo no gestionado.
');
INSERT INTO potranslation (id, translation) VALUES (291, 'pmount-hal - ejecutar pmount con información adicional de hal

Uso: pmount-hal <UDI hal> [opciones de pmount]

Esta orden monta el dispositivo descrito por el UDI dado usando pmount. El
tipo de sistema de ficheros, la política de almacenamiento del volumen y la etiqueta deseada se 
leerán de hal y se pasarán a pmount.');
INSERT INTO potranslation (id, translation) VALUES (292, 'Error: no se pudo ejecutar pmount
');
INSERT INTO potranslation (id, translation) VALUES (293, 'Error: no se ha podido abrir el directorio
');
INSERT INTO potranslation (id, translation) VALUES (294, 'Error: el UDI introducido no existe
');
INSERT INTO potranslation (id, translation) VALUES (295, 'Error: el UDI introducido no es un volúmen montable
');
INSERT INTO potranslation (id, translation) VALUES (296, 'Error: no se ha podido hallar el estado del dispositivo');
INSERT INTO potranslation (id, translation) VALUES (297, 'Error: no se ha podido hallar el directorio sysfs
');
INSERT INTO potranslation (id, translation) VALUES (298, 'Error: no se ha podido abrir <sysfs dir>/bloque/');
INSERT INTO potranslation (id, translation) VALUES (299, 'Error: no se ha podido abrir <sysfs dir>/bloque/<dispositivo>/');
INSERT INTO potranslation (id, translation) VALUES (300, 'Error: el dispositivo %s no existe
');
INSERT INTO potranslation (id, translation) VALUES (301, 'Error: %s no es dispositivo de bloques
');
INSERT INTO potranslation (id, translation) VALUES (302, 'Error: un fichero de tipo fstab no se ha podido abrir');
INSERT INTO potranslation (id, translation) VALUES (303, 'Error: el dispositivo %s ya está montado en %s
');
INSERT INTO potranslation (id, translation) VALUES (304, 'Error: el dispositivo %s no está montado
');
INSERT INTO potranslation (id, translation) VALUES (305, 'Error: el dispositivo %s no lo ha montado usted
');
INSERT INTO potranslation (id, translation) VALUES (306, 'Error: el dispositivo %s no es enchufable
');
INSERT INTO potranslation (id, translation) VALUES (307, 'Error: el dispositivo %s está bloqueado
');
INSERT INTO potranslation (id, translation) VALUES (308, 'Error: el directorio %s ya tiene montado un sistema de ficheros
');
INSERT INTO potranslation (id, translation) VALUES (309, 'Error: el directorio %s no tiene montado ningún sistema de ficheros
');
INSERT INTO potranslation (id, translation) VALUES (310, 'Uso:

%s [opciones] <dispositivo>
  Desmontar <dispositivo> de directorio bajo %s si se cumplen los requisitos
  de seguridad (ver detalles en pumount(1)). Después se elimina el directorio
  del punto de montaje.

Opciones:
  -l, --lazy : desmontaje laxo, ver umount(8)
  -d, --debug : permitir salida de depuración (muy verbosa)
  -h, --help : escribir mensaje de ayuda y salir bien
');
INSERT INTO potranslation (id, translation) VALUES (311, 'Error interno: no se ha podido determinar el punto de montaje
');
INSERT INTO potranslation (id, translation) VALUES (312, 'Error: el punto de montaje %s no está bajo %s
');
INSERT INTO potranslation (id, translation) VALUES (313, 'Error: no se ha podido ejecutar el desmontaje');
INSERT INTO potranslation (id, translation) VALUES (314, 'Error: no se ha podido esperar a que se ejecutara el proceso de desmontaje');
INSERT INTO potranslation (id, translation) VALUES (315, 'Error: desmontaje fallido
');
INSERT INTO potranslation (id, translation) VALUES (316, 'Error: memoria agotada
');
INSERT INTO potranslation (id, translation) VALUES (317, 'Error: no se ha podido crear el directorio');
INSERT INTO potranslation (id, translation) VALUES (318, 'Error: no se ha podido crear el fichero de fecha en el directorio');
INSERT INTO potranslation (id, translation) VALUES (319, 'Error: %s no es un directorio
');
INSERT INTO potranslation (id, translation) VALUES (320, 'Error: no se ha podido abrir el directorio');
INSERT INTO potranslation (id, translation) VALUES (321, 'Error: el directorio %s no está vacío
');
INSERT INTO potranslation (id, translation) VALUES (322, 'Error: ''%s'' no es un número válido
');
INSERT INTO potranslation (id, translation) VALUES (323, 'Error interno: no se ha podido cambiar a un uid efectivo de root');
INSERT INTO potranslation (id, translation) VALUES (324, 'Error interno: no se ha podido cambiar del uid del usuario efectivo al id del usuario real');
INSERT INTO potranslation (id, translation) VALUES (325, 'Error interno: no se ha podido cambiar a un gid efectivo de root');
INSERT INTO potranslation (id, translation) VALUES (326, 'Error interno: no se ha podido cambiar del id de grupo efectivo al id de grupo real');
INSERT INTO potranslation (id, translation) VALUES (327, 'Aufruf:

%s [Optionen] <Gerät> [<Label>]

  Bindet <Gerät> unter ein Verzeichnis in %s ein wenn die 
  Richtlinien dies erlauben (siehe pmount(1) für Details).
  Wenn <Label> gegeben ist, wird als Bindungsverzeichnis
  %s<Label> verwendet, ansonsten %s<Gerät>.
  Wenn dieses Verzeichnis nicht existiert, wird es erstellt.

');
INSERT INTO potranslation (id, translation) VALUES (328, '%s --lock <Gerät> <pid>
  Sperrt weitere pmount-Aufrufe für <Gerät> bis es wieder entsperrt
  wird. <pid> gibt die ID des Prozesses an, der die Sperre hält.  Dies
  ermöglicht das Sperren eines Gerätes von mehreren unabhängigen
  Prozessen und vermeidet unendliche Sperren von abgestürzten
  Prozessen (Sperren von nichtexistierenden Prozessen werden gelöscht
  bevor eine Einbindung versucht wird).

');
INSERT INTO potranslation (id, translation) VALUES (329, '%s --unlock <Gerät> <pid>
  Hebt die Sperre auf <Gerät> durch den Prozess <pid> wieder auf.

');
INSERT INTO potranslation (id, translation) VALUES (330, 'Optionen:
  -a, --async : Binde <Gerät> mit der Option ''async'' ein (Default: ''sync'')
  --noatime   : Binde <Gerät> mit der Option ''noatime'' ein (Default: ''atime'')
  -e, --exec  : Binde <Gerät> mit der Option ''exec'' ein (Default: ''noexec'')
  -t <fs>     : Verwende Dateisystem <fs> (Default: automatisch)
  -c <charset>: Verwende angegebenen Zeichensatz (Default: ''utf8'' in
                einer UTF-8 Umgebung, ansonsten mount-Default)
  -d, --debug : Debug-Ausgaben aktivieren (gibt sehr viel aus)
  -h, --help  : Hilfetext anzeigen und erfolgreich beenden');
INSERT INTO potranslation (id, translation) VALUES (331, 'Fehler: make_mountpoint_name: Ungültiges Gerät %s (muss in /dev/ sein)
');
INSERT INTO potranslation (id, translation) VALUES (332, 'Fehler: Label darf nicht leer sein
');
INSERT INTO potranslation (id, translation) VALUES (333, 'Fehler: Label ist zu lang
');
INSERT INTO potranslation (id, translation) VALUES (334, 'Fehler: Label darf nicht das Zeichen ''/'' enthalten
');
INSERT INTO potranslation (id, translation) VALUES (335, 'Fehler: Gerätname zu lang
');
INSERT INTO potranslation (id, translation) VALUES (336, 'Fehler: konnte nicht alle User-ID Privilegien aufgeben');
INSERT INTO potranslation (id, translation) VALUES (337, 'Fehler: konnte mount nicht ausführen');
INSERT INTO potranslation (id, translation) VALUES (338, 'Interner Fehler: mount_attempt: gegebener Dateisystem-Name ist NULL
');
INSERT INTO potranslation (id, translation) VALUES (339, 'Fehler: Ungültiges Dateisystem ''%s''
');
INSERT INTO potranslation (id, translation) VALUES (340, 'Fehler: ungültiger Zeichensatzname ''%s''
');
INSERT INTO potranslation (id, translation) VALUES (341, 'Fehler: konnte nicht zu vollen root-UID-Privilegien wechseln');
INSERT INTO potranslation (id, translation) VALUES (342, 'Fehler: konnte nicht auf ausgeführten mount-Prozess warten');
INSERT INTO potranslation (id, translation) VALUES (343, 'Fehler: kann nicht für PID %u sperren, dieser Prozess existiert nicht
');
INSERT INTO potranslation (id, translation) VALUES (344, 'Fehler: konnte PID-Lock-Datei %s nicht anlegen: %s
');
INSERT INTO potranslation (id, translation) VALUES (345, 'Fehler: konnte PID-Lock-Datei %s nicht löschen: %s
');
INSERT INTO potranslation (id, translation) VALUES (346, 'Fehler: do_unlock: konnte Lock-Verzeichnis nicht entfernen');
INSERT INTO potranslation (id, translation) VALUES (347, 'Fehler: Dieses programm muss als setuid root installiert sein
');
INSERT INTO potranslation (id, translation) VALUES (348, 'Interner Fehler: getopt_long() lieferte unbekannten Wert zurück
');
INSERT INTO potranslation (id, translation) VALUES (349, 'Warnung: Gerät %s wird schon in /etc/fstab verwaltet, angegebenes Label wird ignoriert
');
INSERT INTO potranslation (id, translation) VALUES (350, 'Error: konnte echten Pfad des Gerätes nicht bestimmen');
INSERT INTO potranslation (id, translation) VALUES (351, 'Fehler: ungültiges Gerät %s (muss in /dev/ sein)
');
INSERT INTO potranslation (id, translation) VALUES (352, 'Fehler: konnte Mount-Verzeichnis nicht löschen');
INSERT INTO potranslation (id, translation) VALUES (353, 'Interner Fehler: Modus %i nicht behandelt.
');
INSERT INTO potranslation (id, translation) VALUES (354, 'pmount-hal - führt pmount mit zusätzlichen Informationen von HAL aus

Aufruf: pmount-hal <hal UDI> [zusätzliche pmount-Optionen]

Dieser Befehl bindet das durch den hal-UDI spezifierte Gerät mit 
pmount ein. Der Dateisystem-Typ, verschiedene Mount-Optionen und 
der bevorzugte Name werden von hal gelesen und pmount als Optionen 
überreicht.');
INSERT INTO potranslation (id, translation) VALUES (355, 'Fehler: konnte pmount nicht ausführen
');
INSERT INTO potranslation (id, translation) VALUES (356, 'Fehler: konnte nicht zu hal verbinden
');
INSERT INTO potranslation (id, translation) VALUES (357, 'Fehler: angegebene UDI existiert nicht
');
INSERT INTO potranslation (id, translation) VALUES (358, 'Fehler: angegebene UDI ist kein einbindbares Gerät
');
INSERT INTO potranslation (id, translation) VALUES (359, 'Fehler: Konnte Status des Gerätes nicht bestimmen');
INSERT INTO potranslation (id, translation) VALUES (360, 'Fehler: konnte sysfs-Verzeichnis nicht erfragen
');
INSERT INTO potranslation (id, translation) VALUES (361, 'Fehler: konnte Verzeichnis <sysfs>/block/ nicht öffnen');
INSERT INTO potranslation (id, translation) VALUES (362, 'Fehler: konnte Verzeichnis <sysfs>/block/<Gerät> nicht öffnen');
INSERT INTO potranslation (id, translation) VALUES (363, 'Fehler: Verzeichnis %s existiert nicht
');
INSERT INTO potranslation (id, translation) VALUES (364, 'Fehler: %s ist kein Block-Gerät
');
INSERT INTO potranslation (id, translation) VALUES (365, 'Fehler: konnte fstab-artige Datei nicht öffnen');
INSERT INTO potranslation (id, translation) VALUES (366, 'Fehler: Gerät %s ist schon in %s eingebunden
');
INSERT INTO potranslation (id, translation) VALUES (367, 'Fehler: Gerät %s ist nicht eingebunden
');
INSERT INTO potranslation (id, translation) VALUES (368, 'Fehler: Gerät %s wurde nicht von Ihnen eingebunden
');
INSERT INTO potranslation (id, translation) VALUES (369, 'Fehler: Gerät %s ist kein Wechseldatenträger
');
INSERT INTO potranslation (id, translation) VALUES (370, 'Fehler: Gerät %s ist gesperrt
');
INSERT INTO potranslation (id, translation) VALUES (371, 'Fehler: Verzeichnis %s enthält schon ein eingebundenes Dateisystem
');
INSERT INTO potranslation (id, translation) VALUES (372, 'Fehler: Verzeichnis %s enthält kein eingebundenes Dateisystem
');
INSERT INTO potranslation (id, translation) VALUES (373, 'Aufruf:

%s [Optionen] <Gerät>
  Löse Bindung von <Gerät> von einem Verzeichnis unter %s wenn die
  Richtlinien dies erlauben (siehe pumount(1) für Details). Das
  Bindungsverzeichnis wird danach gelöscht.

Optionen:
  -l, --lazy : "lazy" unmount, siehe umount(8)
  -d, --debug : Debug-Ausgaben aktivieren (gibt sehr viel aus)
  -h, --help  : Hilfetext anzeigen und erfolgreich beenden
');
INSERT INTO potranslation (id, translation) VALUES (374, 'Interner Fehler: Konnte Bindungsverzeichnis nicht bestimmen
');
INSERT INTO potranslation (id, translation) VALUES (375, 'Fehler: Bindungsverzeichnis %s ist nicht unter %s
');
INSERT INTO potranslation (id, translation) VALUES (376, 'Fehler: Konnte unmount nicht ausführen');
INSERT INTO potranslation (id, translation) VALUES (377, 'Fehler: Konnte nicht auf ausgeführten umount-Prozess warten');
INSERT INTO potranslation (id, translation) VALUES (378, 'Fehler: umount fehlgeschlagen
');
INSERT INTO potranslation (id, translation) VALUES (379, 'Fehler: Speicher voll
');
INSERT INTO potranslation (id, translation) VALUES (380, 'Fehler: konnte Verzeichnis nicht anlegen');
INSERT INTO potranslation (id, translation) VALUES (381, 'Fehler: konnte Markierungs-Datei in Verzeichnis nicht anlegen');
INSERT INTO potranslation (id, translation) VALUES (382, 'Fehler: %s ist kein Verzeichnis
');
INSERT INTO potranslation (id, translation) VALUES (383, 'Fehler: konnte Verzeichnis nicht öffnen');
INSERT INTO potranslation (id, translation) VALUES (384, 'Fehler: Verzeichnis %s ist nicht leer
');
INSERT INTO potranslation (id, translation) VALUES (385, 'Fehler: ''%s'' ist keine gültige Zahl
');
INSERT INTO potranslation (id, translation) VALUES (386, 'Interner Fehler: konnte nicht zur effektiven UID von root wechseln');
INSERT INTO potranslation (id, translation) VALUES (387, 'Interner Fehler: konnte effektive Benutzer-UID nicht zu realer Benutzer-UID wechseln');
INSERT INTO potranslation (id, translation) VALUES (388, 'Interner Fehler: konnte nicht zur effektiven GID von root wechseln');
INSERT INTO potranslation (id, translation) VALUES (389, 'Interner Fehler: konnte effektive Benutzer-GID nicht zu realer Benutzer-GID wechseln');
INSERT INTO potranslation (id, translation) VALUES (390, 'Usage:

%s [options] <périphérique> [<label>]

  Monte le <périphérique> sur un répertoire sous %s si les contraintes
  sont satisfaites (voir pmount(1)). Si <label> est précisé, le point
  de montage sera %s/<label>, autrement ce sera %s<périphérique>.
  Si le point de montage n''existe pas, il sera créé.

');
INSERT INTO potranslation (id, translation) VALUES (391, '%s --lock <périphérique> <pid>
  Empèche tout p-montage du <périphérique> jusqu''à ce qu''il
  soit déverrouillé. <pid> indique le numéro de processus pour
  lequel le verrou est pris. Ceci permet de verrouiller un
  périphérique pour plusieurs processus indépendants et évite
  de créer des verrouillage indéfinis pour des processus qui
  ont échoué (les pids inexistants sont nettoyés avant de
  tenter un montage).

');
INSERT INTO potranslation (id, translation) VALUES (392, '%s --unlock <périphérique> <pid>
  Retire le verrou sur le <périphérique> pour le processus <pid>.

');
INSERT INTO potranslation (id, translation) VALUES (393, 'Options:
  -a, --async : monte le <périphérique> avec l''option ''async'' (par défaut: ''sync'')
  -noatime : monte le <périphérique> avec l''option ''noatime'' (par défaut: ''atime'')
  -e, --exec : monte le <périphérique> avec l''option ''exec'' (par défaut: ''noexec'')
  -t <fs> : monte le système de fichier de type <fs> (par défaut: autodétecté)
  -c <charset>: utilise le jeu de caractères <charset> pour les Entrées/Sorties
                (par défaut: ''utf8'' si la locale est une locale UTF-8, autrement celui par défaut de mount)
  -d, --debug : active l''affichage de débogage (très verbeux)
  -h, --help : affiche ce message d''aide et terminer avec succès');
INSERT INTO potranslation (id, translation) VALUES (394, 'Erreur : make_mountpoint_name: périphérique invalide %s (il doit être dans /dev/)
');
INSERT INTO potranslation (id, translation) VALUES (395, 'Erreur : l''étiquette ne peut pas être vide
');
INSERT INTO potranslation (id, translation) VALUES (396, 'Erreur : label trop long
');
INSERT INTO potranslation (id, translation) VALUES (397, 'Erreur : ''/'' ne doit pas apparaitre dans un nom de label
');
INSERT INTO potranslation (id, translation) VALUES (398, 'Erreur : nom du périphérique trop long
');
INSERT INTO potranslation (id, translation) VALUES (399, 'Erreur : impossible de révoquer tous les privilèges');
INSERT INTO potranslation (id, translation) VALUES (400, 'Erreur : impossible d''exécuter mount');
INSERT INTO potranslation (id, translation) VALUES (401, 'Erreur interne : mount_attempt : le nom du système de fichiers est NULL
');
INSERT INTO potranslation (id, translation) VALUES (402, 'Erreur : nom de système de fichiers invalide ''%s''
');
INSERT INTO potranslation (id, translation) VALUES (403, 'Erreur : nom de jeu de caractères invalide ''%s''
');
INSERT INTO potranslation (id, translation) VALUES (404, 'Erreur : impossible d''obtenir les privilèges complets de l''uid root');
INSERT INTO potranslation (id, translation) VALUES (405, 'Erreur : impossible d''attendre pour exécuter les processus de montage');
INSERT INTO potranslation (id, translation) VALUES (406, 'Erreur : ne peut pas verrouiller pour le pid %u, ce processus n''existe pas
');
INSERT INTO potranslation (id, translation) VALUES (407, 'Erreur : ne peut créer le fichier de verrou de pid  %s: %s
');
INSERT INTO potranslation (id, translation) VALUES (408, 'Erreur : ne peut ôter le fichier de verrou pid %s:%s
');
INSERT INTO potranslation (id, translation) VALUES (409, 'Erreur : do_unlock: ne peut ôter le verrou du répertoire');
INSERT INTO potranslation (id, translation) VALUES (410, 'Erreur : ce programme a besoin d''être installé en suid root
');
INSERT INTO potranslation (id, translation) VALUES (411, 'Erreur interne : getopt_long() a retourné une valeur inconnue
');
INSERT INTO potranslation (id, translation) VALUES (412, 'Avertissement : le périphérique %s est déjà pris en charge par /etc/fstab, l''étiquette fournie est ignorée
');
INSERT INTO potranslation (id, translation) VALUES (413, 'Erreur : n''a pas pu déterminer le véritable chemin d''accès à ce périphérique');
INSERT INTO potranslation (id, translation) VALUES (414, 'Erreur : périphérique invalide %s (doit être dans /dev/)
');
INSERT INTO potranslation (id, translation) VALUES (415, 'Erreur : n''a pas pu détruire le point de montage');
INSERT INTO potranslation (id, translation) VALUES (416, 'Erreur interne : le mode %i n''est pas pris en charge.
');
INSERT INTO potranslation (id, translation) VALUES (417, 'pmount-hal - execute pmount avec les informations supplémentaires provenant du hal

Usage: pmount-hal <hal UDI> [options pmount]

Cette commande monte le périphérique décrit par l''UDI fourni en utilisant pmount. Le
type du système de fichiers, les contraintes de stockage du volume et l''étiquette désirée
seront extraites du hal et passés à pmount.');
INSERT INTO potranslation (id, translation) VALUES (418, 'Erreur: impossible d''exécuter pmount
');
INSERT INTO potranslation (id, translation) VALUES (419, 'Erreur : impossible de se connecter à hal
');
INSERT INTO potranslation (id, translation) VALUES (420, 'Erreur : l''UDI fourni n''existe pas
');
INSERT INTO potranslation (id, translation) VALUES (421, 'Erreur : L''UDI fourni n''est pas un volume montable
');
INSERT INTO potranslation (id, translation) VALUES (422, 'Erreur : n''a pas pu obtenir l''état du périphérique');
INSERT INTO potranslation (id, translation) VALUES (423, 'Erreur : n''a pas trouver le répertoire sysfs
');
INSERT INTO potranslation (id, translation) VALUES (424, 'Erreur : n''a pas pu ouvrir <sysfs dir>/block/');
INSERT INTO potranslation (id, translation) VALUES (425, 'Erreur : n''a pas pu ouvrir <sysfs dir>/block/<device>/');
INSERT INTO potranslation (id, translation) VALUES (426, 'Erreur : le périphérique %s n''existe pas
');
INSERT INTO potranslation (id, translation) VALUES (427, 'Erreur : %s n''est pas un périphérique de bloc
');
INSERT INTO potranslation (id, translation) VALUES (428, 'Erreur : n''a pas  pu ouvrir le fichier fstab-type');
INSERT INTO potranslation (id, translation) VALUES (429, 'Erreur : le périphérique %s est déja monté sur %s
');
INSERT INTO potranslation (id, translation) VALUES (430, 'Erreur : le périphérique %s n''est pas monté
');
INSERT INTO potranslation (id, translation) VALUES (431, 'Erreur : le périphérique %s n''a pas été monté par vous
');
INSERT INTO potranslation (id, translation) VALUES (432, 'Erreur : le périphérique %s n''est pas amovible
');
INSERT INTO potranslation (id, translation) VALUES (433, 'Erreur : le périphérique %s est vérrouillé
');
INSERT INTO potranslation (id, translation) VALUES (434, 'Erreur : le répertoire %s contient déja un système de fichiers
');
INSERT INTO potranslation (id, translation) VALUES (435, 'Erreur : le répertoire %s ne contient pas de systême de fichiers monté
');
INSERT INTO potranslation (id, translation) VALUES (436, 'Utilisation :

%s [options] <périphérique>
  Démonte le <périphérique> du répertoire suivant %s si les droits sont
  satisfaient ( voir pumount(1) pour les détails). Le répertoire du
  point de montage est supprimé après l''opération.

Options:〓
  -l, --lazy : démontage paresseux, voir umount(8)
  -d, --debug : autorise l''affichage des messages de debug (très verbeux)
  -h, --help : affiche ce message d''aide et termine avec succès
');
INSERT INTO potranslation (id, translation) VALUES (437, 'Erreur interne : n''a pas pu déterminer le point de montage
');
INSERT INTO potranslation (id, translation) VALUES (438, 'Erreur : le point de montage %s n''est pas sous %s
');
INSERT INTO potranslation (id, translation) VALUES (439, 'Erreur : n''a pas pu exécuter umount');
INSERT INTO potranslation (id, translation) VALUES (440, 'Erreur : n''a pas pu attendre pour exécuter le processus de démontage');
INSERT INTO potranslation (id, translation) VALUES (441, 'Erreur : échec de umount
');
INSERT INTO potranslation (id, translation) VALUES (442, 'Erreur : plus de mémoire disponible
');
INSERT INTO potranslation (id, translation) VALUES (443, 'Erreur : n''a pas pu créer de répertoire');
INSERT INTO potranslation (id, translation) VALUES (444, 'Erreur : n''a pas pu créer un fichier estampillé dans le répertoire');
INSERT INTO potranslation (id, translation) VALUES (445, 'Erreur : %s n''est pas un répertoire
');
INSERT INTO potranslation (id, translation) VALUES (446, 'Erreur : ne peut pas ouvrir le répertoire');
INSERT INTO potranslation (id, translation) VALUES (447, 'Erreur : le répertoire %s n''est pas vide
');
INSERT INTO potranslation (id, translation) VALUES (448, 'Erreur : ''%s'' n''est pas un nombre valide
');
INSERT INTO potranslation (id, translation) VALUES (449, 'Erreur interne : n''a pas pu changer pour l''uid effectif de root');
INSERT INTO potranslation (id, translation) VALUES (450, 'Erreur interne : n''a pas pu changer de l''uid effectif pour le véritable id de l''utilisateur');
INSERT INTO potranslation (id, translation) VALUES (451, 'Erreur interne : n''a pas pu changer pour le gid effectif de root');
INSERT INTO potranslation (id, translation) VALUES (452, 'Erreur interne : n''a pas pu changer de l''id effectif de groupe pour le véritable id du groupe');
INSERT INTO potranslation (id, translation) VALUES (453, 'Utilizzo:

%s [opzioni] <dispositivo> [<etichetta>]

  Monta il <dispositivo> in una directory sotto %s se i requisiti 
  sono rispettati (vedere pmount(1) per dettagli). Se è data <etichetta>,
  il punto di mount sarà %s/<etichetta>, altrimenti %s<dispositivo>.
  Se il punto di mount non esiste verrà creato.

');
INSERT INTO potranslation (id, translation) VALUES (454, '%s --lock <dispositivo> <pid>
  Impedisce ulteriori pmount di <dispositivo> finché questo non è sbloccato
  di nuovo. <pid> specifica l''id del processo che detiene il lock. Questo
  permette a diversi processi indipendenti di fare il lock ad un dispositivo
  ed evita lock illimitati da parte di processi andati in crash (id di processi
  non esistenti sono ripuliti prima di tentare un mount).

');
INSERT INTO potranslation (id, translation) VALUES (455, '%s --unlock <dispsitivo> <pid>
  Rimuove il lock sul <dispositivo> per il processo <pid>.

');
INSERT INTO potranslation (id, translation) VALUES (456, 'Opzioni:
  --a, --async: monta <dispositivo> con l''opzione ''async'' (predefinito: ''sync)
  --noatime: monta <dispositivo> con l''opzione ''noatime'' (predefinito: ''atime'')
  -e, --exec: monta <dispositivo> con l''opzione ''exec'' (predefinito: ''noexec'')
  -t <fs>: monta come un file system di tipo <fs> (predefinito: rilevato
           automaticamente)
  -c <charset>: usa il set di caratteri di I/O fornito (predefinito: ''utf8'' se
                invocato in una locale UTF-8, altrimenti il predefinito di mount)
  -d, --debug: abilita l''output di debug (molto prolisso)
  -h, --help: stampa il messaggio di aiuto ed esce con successo');
INSERT INTO potranslation (id, translation) VALUES (457, 'Errore: make_mountpoint_name: dispositivo %s non valido (deve essere in /dev/)
');
INSERT INTO potranslation (id, translation) VALUES (458, 'Errore: l''etichetta non deve essere vuota
');
INSERT INTO potranslation (id, translation) VALUES (459, 'Errore: etichetta troppo lunga
');
INSERT INTO potranslation (id, translation) VALUES (460, 'Errore: ''/'' non deve comparire nell''etichetta
');
INSERT INTO potranslation (id, translation) VALUES (461, 'Errore: nome del dispositivo troppo lungo
');
INSERT INTO potranslation (id, translation) VALUES (462, 'Errore: impossibile eseguire mount');
INSERT INTO potranslation (id, translation) VALUES (463, 'Errore interno: mount_attempt: il tipo di file system dato è NULL
');
INSERT INTO potranslation (id, translation) VALUES (464, 'Errore: file system ''%s'' non valido
');
INSERT INTO potranslation (id, translation) VALUES (465, 'Errore: set di caratteri ''%s'' non valido
');
INSERT INTO potranslation (id, translation) VALUES (466, 'Errore: impossibile fare il lock per il pid %u, il processo non esiste
');
INSERT INTO potranslation (id, translation) VALUES (467, 'Errore: questo programma deve essere installato con i permessi di root
');
INSERT INTO potranslation (id, translation) VALUES (468, 'Errore interno: getopt_long() ha restituito un valore sconosciuto
');
INSERT INTO potranslation (id, translation) VALUES (469, 'Attenzione: il dispositivo %s è già gestito da /etc/fstab,
l''etichetta fornita verrà ignorata
');
INSERT INTO potranslation (id, translation) VALUES (470, 'Errore: impossibile determinare il percorso effettivo del dispositivo');
INSERT INTO potranslation (id, translation) VALUES (471, 'Errore: dispositivo %s non valido (deve trovarsi in /dev)
');
INSERT INTO potranslation (id, translation) VALUES (472, 'Errore: impossibile cancellare il punto di mount');
INSERT INTO potranslation (id, translation) VALUES (473, 'pmount-hal - esegue pmount con informazioni aggiuntive provenienti da hal

Utilizzo: pmount-hal <hal UDI> [opzioni di pmount]

Questo comando monta il dispositivo descritto dallo UDI fornito utilizzando
pmount. Il tipo di file system, la politica di memorizzazione del volume e
l''etichetta richiesta saranno estratti da hal e passati a pmount.');
INSERT INTO potranslation (id, translation) VALUES (474, 'Errore: impossibile eseguire pmount
');
INSERT INTO potranslation (id, translation) VALUES (475, 'Errore: impossibile eseguire la connessione ad hal
');
INSERT INTO potranslation (id, translation) VALUES (476, 'Errore: lo UDI fornito non esiste
');
INSERT INTO potranslation (id, translation) VALUES (477, 'Errore: lo UDI fornito non è un volume montabile
');
INSERT INTO potranslation (id, translation) VALUES (478, 'Errore: impossibile ottenere lo stato del dispositivo');
INSERT INTO potranslation (id, translation) VALUES (479, 'Errore: impossibile ottenere la directory sysfs
');
INSERT INTO potranslation (id, translation) VALUES (480, 'Errore: impossibile aprire <sysfs dir>/blobk/');
INSERT INTO potranslation (id, translation) VALUES (481, 'Errore: impossibile aprire <sysfs dir>/block/<dispositivo>/');
INSERT INTO potranslation (id, translation) VALUES (482, 'Errore: il dispositivo %s non esiste
');
INSERT INTO potranslation (id, translation) VALUES (483, 'Errore: %s non è un dispositivo a blocchi
');
INSERT INTO potranslation (id, translation) VALUES (484, 'Errore: il dispositivo %s è già montato in %s
');
INSERT INTO potranslation (id, translation) VALUES (485, 'Errore: il dispositivo %s non è montato
');
INSERT INTO potranslation (id, translation) VALUES (486, 'Errore: il dispositivo %s è stato montato da un altro utente
');
INSERT INTO potranslation (id, translation) VALUES (487, 'Errore: il dispositivo %s non è rimovibile
');
INSERT INTO potranslation (id, translation) VALUES (488, 'Errore: il dispositivo %s è in stato di lock
');
INSERT INTO potranslation (id, translation) VALUES (489, 'Errore: la directory %s contiene già un file system montato
');
INSERT INTO potranslation (id, translation) VALUES (490, 'Errore: la directory %s non contiene un file system montato
');
INSERT INTO potranslation (id, translation) VALUES (491, 'Utilizzo:

%s [opzioni] <dispositivo>
  Smonta il <dispositivo> da una directory sotto %s se i requisiti
  sono rispettati (vedere pumount(1) per i dettagli). La directory del
  punto di mount è rimossa successivamente.

Opzioni:
  -l, --lazy: smonta "pigramente", vedere umount(8)
  -d, --debug: abilita l''output di debug (molto prolisso)
  -h, --help: stampa il messaggio di aiuto ed esce con successo
');
INSERT INTO potranslation (id, translation) VALUES (492, 'Errore interno: impossibile determinare il punto di mount
');
INSERT INTO potranslation (id, translation) VALUES (493, 'Errore: il punto di mount %s non si trova sotto %s
');
INSERT INTO potranslation (id, translation) VALUES (494, 'Errore: impossibile eseguire umount');
INSERT INTO potranslation (id, translation) VALUES (495, 'Errore: umount fallito
');
INSERT INTO potranslation (id, translation) VALUES (496, 'Errore: memoria esaurita
');
INSERT INTO potranslation (id, translation) VALUES (497, 'Errore: impossibile creare la directory');
INSERT INTO potranslation (id, translation) VALUES (498, 'Errore: %s non è una directory
');
INSERT INTO potranslation (id, translation) VALUES (499, 'Errore: impossibile aprire la directory');
INSERT INTO potranslation (id, translation) VALUES (500, 'Errore: la directory %s non è vuota
');
INSERT INTO potranslation (id, translation) VALUES (501, 'Errore: ''%s'' non è un numero valido
');
INSERT INTO potranslation (id, translation) VALUES (502, 'Error: el nombre del juego de caracteres ''%s'' no es válido

');
INSERT INTO potranslation (id, translation) VALUES (503, 'Error interno: getopt_long() retornó un valor desconocido
');
INSERT INTO potranslation (id, translation) VALUES (504, 'ADVERTENCIA: el dispositivo %s está actualmente manejado por /etc/fstab, la etiqueta proporcionada se ha ignorado
');
INSERT INTO potranslation (id, translation) VALUES (505, 'Error: no es posible determinar la ubicación real del dispositivo');
INSERT INTO potranslation (id, translation) VALUES (506, 'Error: el dispositivo %s es invalido (debe estar en /dev/)
');
INSERT INTO potranslation (id, translation) VALUES (507, 'Error: no es posible borrar el punto de montaje');
INSERT INTO potranslation (id, translation) VALUES (508, 'Error interno: %i del modo, no manejado.
');
INSERT INTO potranslation (id, translation) VALUES (509, 'Error: no se pudo concectar con hal
');
INSERT INTO potranslation (id, translation) VALUES (510, 'Error: no es posible alcanzar el estado del dispositivo');
INSERT INTO potranslation (id, translation) VALUES (511, 'Error: no es posible alcanzar el directorio sysfs
');
INSERT INTO potranslation (id, translation) VALUES (512, 'Error: no se puede abrir <sysfs dir>/block/');
INSERT INTO potranslation (id, translation) VALUES (513, 'Error no se puede abrir <sysfs dir>/block/<device>/');
INSERT INTO potranslation (id, translation) VALUES (514, 'Error: no existe el dispositivo %s
');
INSERT INTO potranslation (id, translation) VALUES (515, 'Error: %s noes un dispositivo bloqueado
');
INSERT INTO potranslation (id, translation) VALUES (516, 'Error: no es posible abrir el archivo fstab-type');
INSERT INTO potranslation (id, translation) VALUES (517, 'Error: el dispositivo %s ya está montado como %s
');
INSERT INTO potranslation (id, translation) VALUES (518, 'Error: el dispositivo %s no fue montado por usted
');
INSERT INTO potranslation (id, translation) VALUES (519, 'Error: el dispositivo %s no es removible
');
INSERT INTO potranslation (id, translation) VALUES (520, 'Error: el directorio %s todavía tiene montado un sistema de archivos
');
INSERT INTO potranslation (id, translation) VALUES (521, 'Error: el directorio %s no tiene sistemas de archivos montados
');
INSERT INTO potranslation (id, translation) VALUES (522, 'Uso:

%s [opciones] <dispositivo>
  Desmonta <dispositivo> desde un directorio inferior a %s si se ajusta
  a los requerimientos de las politicas (ver pumount(1) para detalles).
  Luego, se remueve el directorio del punto de montaje.

Opciones:
  -l, --lazy: desmonta lentamente, ver umount(8)
  -d, --debug: activa la depuración (MUY PROLIJA)
  -h, --help: muestra esta pantalla y sale
');
INSERT INTO potranslation (id, translation) VALUES (523, 'Error interno: no esposible determinar el punto de montaje
');
INSERT INTO potranslation (id, translation) VALUES (524, 'Error: el punto de montaje %s no está debajo de %s
');
INSERT INTO potranslation (id, translation) VALUES (525, 'Error: no es posible ejecutar umount');
INSERT INTO potranslation (id, translation) VALUES (526, 'Error: no es posible esperar por el proceso umount ejecutado');
INSERT INTO potranslation (id, translation) VALUES (527, 'Error: umount fallido
');
INSERT INTO potranslation (id, translation) VALUES (528, 'Error: sin memoria
');
INSERT INTO potranslation (id, translation) VALUES (529, 'Error: no es posible crear el directorio');
INSERT INTO potranslation (id, translation) VALUES (530, 'Error:  no es posible crear el ''archivo stamp'' en el directorio');
INSERT INTO potranslation (id, translation) VALUES (531, 'Error: no es posible abrir el directorio');
INSERT INTO potranslation (id, translation) VALUES (532, 'Error interno: no es posible cambiar a root uid');
INSERT INTO potranslation (id, translation) VALUES (533, 'Error interno: no es posible cambiar desde el uid de usuario a id real de usuario');
INSERT INTO potranslation (id, translation) VALUES (534, 'Error interno: no es posible cambiar a root gid');
INSERT INTO potranslation (id, translation) VALUES (535, 'Error interno: no es posible cambiar desde gid al gid real');
INSERT INTO potranslation (id, translation) VALUES (536, 'Les paramètres globaux peuvent être modifiés dans /etc/mozilla/prefs.js');
INSERT INTO potranslation (id, translation) VALUES (537, 'La version de Mozilla dans Debian charge le fichier /etc/mozilla/prefs.js après d''autres scripts de configuration.');
INSERT INTO potranslation (id, translation) VALUES (538, 'Vous pouvez modifier dans ce fichier les paramètres globaux (p. ex. les paramètres concernant les polices).');
INSERT INTO potranslation (id, translation) VALUES (539, 'Automatique, esddsp (pour GNOME), artsdsp (pour KDE), Aucun');
INSERT INTO potranslation (id, translation) VALUES (540, 'Module d''encapsulation du serveur de son :');
INSERT INTO potranslation (id, translation) VALUES (541, 'Il arrive que Mozilla soit bloqué parce que certains greffons (« plugins ») -- p. ex. Flash -- verrouillent le périphérique audio /dev/dsp. Il est possible d''encapsuler l''accès au périphérique /dev/dsp pour résoudre ce problème.  « Automatique » sélectionne un module d''encapsulation du dsp en fonction du serveur de son en cours d''exécution. Si aucun gestionnaire de son n''est détecté, Mozilla n''utilisera aucun module d''encapsulation. Ce choix sera sauvegardé dans /etc/mozilla/mozillarc et pourra être modifié dans votre fichier ~/.mozillarc.');
INSERT INTO potranslation (id, translation) VALUES (542, 'Faut-il activer la sélection automatique de la langue/région ?');
INSERT INTO potranslation (id, translation) VALUES (543, 'Ce réglage permet de choisir automatiquement les extensions de langue et de région en fonction des paramètres régionaux de l''utilisateur. Il facilitera la tâche d''un administrateur système qui travaille pour de nombreux utilisateurs peu expérimentés qui ne parlent pas l''anglais.');
INSERT INTO potranslation (id, translation) VALUES (544, 'Pour que la configuration automatique fonctionne, il faut que les variables d''environnement LC_MESSAGES ou LC_ALL soient correctement définies.');
INSERT INTO potranslation (id, translation) VALUES (545, 'Arquivo /etc/mozilla/prefs.ja disponível para preferências personalizadas.');
INSERT INTO potranslation (id, translation) VALUES (546, 'O pacote Debian do Mozilla irá carregar o arquivo /etc/mozilla/prefs.js após carregar alguns scripts de prefrências padrão.');
INSERT INTO potranslation (id, translation) VALUES (547, 'Você pode editar esse arquivo para definir configurações válidas para todos os usuários do sistema. (por exemplo, configurações de fontes)');
INSERT INTO potranslation (id, translation) VALUES (548, 'auto, esddsp, artsdsp, nenhum');
INSERT INTO potranslation (id, translation) VALUES (549, 'Por favor, escolha o wrapper de seu servidor de som.');
INSERT INTO potranslation (id, translation) VALUES (550, 'Algumas vezes o Mozilla pode travar devido a alguns plugins (por exemplo, o plugin de Flash) tentarem travar o acesso ao dispositivo de som /dev/dsp. Você pode usar um wrapper dsp para resolver esse problema. A opção ''auto'' irá decidir qual wrapper dsp deverá ser usado de acordo com o daemon de som em execução. Quando nenhum daemon de som for detectado, o Mozilla não utilizará nenhum wrapper. Esta configuração será gravada no arquivo /etc/mozilla/mozillarc e poderá ser sobreescrita caso esteja definida em seu arquivo ~/.mozillarc.');
INSERT INTO potranslation (id, translation) VALUES (551, 'Habilitar seleção automática de Idioma/Região ?');
INSERT INTO potranslation (id, translation) VALUES (552, 'Esta configuração fornece uma seleção automática de idioma/região no Mozilla utilizando as configurações de locale. A mesma pode auxiliar um administrador de sistema que precisar lidar com centenas de novatos que não falam inglês.');
INSERT INTO potranslation (id, translation) VALUES (553, 'Por favor, defina suas variáveis de ambiente LC_MESSAGE e LC_ALL para que esta configuração funcione corretamente.');
INSERT INTO potranslation (id, translation) VALUES (554, '設定のカスタマイズに /etc/mozilla/prefs.js が利用できます。');
INSERT INTO potranslation (id, translation) VALUES (555, 'Debian の mozilla は デフォルトの設定スクリプトのあとに /etc/mozilla/prefs.js を読み込みます。');
INSERT INTO potranslation (id, translation) VALUES (556, 'このファイルにより、システムワイドの設定ができます。(例えばフォントなど)');
INSERT INTO potranslation (id, translation) VALUES (557, '自動, esddsp, artsdsp, 無し');
INSERT INTO potranslation (id, translation) VALUES (558, 'サウンドデーモンラッパーを選択してください:');
INSERT INTO potranslation (id, translation) VALUES (559, 'ときどき、mozilla はプラグイン(例えば flashplugin)のせいで /dev/dsp を開けずハングアップしてしまいます。dsp ラッパーを使うことでこの問題を回避できます。 ''auto'' は、使用しているサウンドデーモンを検出し、自動的に dsp ラッパーを選択します。 もしサウンドデーモンが動いていなければ、mozilla はどのラッパーも使いません。 この設定は /etc/mozilla/mozillarc に保存され、これはユーザの ~/.mozillarc によりオーバーライドできます。');
INSERT INTO potranslation (id, translation) VALUES (560, '言語/地域 自動選択機能を利用しますか?');
INSERT INTO potranslation (id, translation) VALUES (561, 'この設定により、Mozillaの言語/地域パックを自動的に選択することができます。これは、非英語圏の初心者に有用な設定です。');
INSERT INTO potranslation (id, translation) VALUES (562, 'この機能が正しく動作するために。LC_MESSAGE か LC_ALL 環境変数を設定しておいてください。');
INSERT INTO potranslation (id, translation) VALUES (563, 'Dispone de /etc/mozilla/prefs.js para personalizaciones.');
INSERT INTO potranslation (id, translation) VALUES (564, 'Mozilla en Debian carga el fichero /etc/mozilla/prefs.js después de ciertos scripts de configuración.');
INSERT INTO potranslation (id, translation) VALUES (565, 'Puede editar este fichero para realizar configuraciones generales, tales como la elección de fuentes.');
INSERT INTO potranslation (id, translation) VALUES (566, 'automático, esddsp, artsdsp, ninguno');
INSERT INTO potranslation (id, translation) VALUES (567, 'Por favor, elija el demonio de sonido para acceder al dsp.');
INSERT INTO potranslation (id, translation) VALUES (568, 'En ocasiones mozilla se cuelga cuando los plugins (por ejemplo el de Flash) bloquean /dev/dsp. Puede utilizar un demonio que haga de wrapper para acceder al dsp. «automático» decidirá cuál utilizar de acuerdo al demonio de sonido que se esté ejecutando. Si no se detecta ninguno, mozilla no usará ninguno. Este valor se guardará en /etc/mozilla/mozillarc y se puede sobreescribir con ~/.mozillarc.');
INSERT INTO potranslation (id, translation) VALUES (569, '/etc/mozilla/prefs.js is beschikbaar om instellingen te wijzigen.');
INSERT INTO potranslation (id, translation) VALUES (570, 'Debian mozilla zal /etc/mozilla/prefs.js inladen na enkele standaard voorkeurscripts te hebben ingeladen.');
INSERT INTO potranslation (id, translation) VALUES (571, 'U kunt dit bestand wijzigen voor systeemwijde instellingen (vb: fontinstellingen)');
INSERT INTO potranslation (id, translation) VALUES (572, 'automatisch, esddsp, artsdsp, geen');
INSERT INTO potranslation (id, translation) VALUES (573, 'Kies uw dsp-inwikkelaar van de geluidsachtergronddienst.');
INSERT INTO potranslation (id, translation) VALUES (574, 'Soms hangt mozilla omdat plugins (vb flashplugin) /dev/dsp vergrendelen. U kunt dsp-inwikkelaars gebruiken om dit op te lossen. ''automatisch'' zal beslissen welke dsp-inwikkelaars gebruikt moeten worden afhankelijk van de uitvoerende geluidsachtergronddienst. Wanneer er geen geluidsachtergronddienst wordt gedetecteerd, zal mozilla geen inwikkelaar gebruiken. Deze instelling zal worden bewaard in /etc/mozilla/mozillarc en kan overschreven worden door uw ~/.mozillarc.');
INSERT INTO potranslation (id, translation) VALUES (575, 'Automatische taal/regio-selectie inschakelen?');
INSERT INTO potranslation (id, translation) VALUES (576, 'Deze optie zorgt voor een automatische taal/regio-selectie in Mozilla gebruikmakend van de locale-instellingen. Het kan een systeembeheerder helpen die geconfronteerd wordt met honderden niet-Engels sprekende beginnelingen.');
INSERT INTO potranslation (id, translation) VALUES (577, 'Zet uw LC_MESSAGE- of LC_ALL-variabele om dit correct te laten werken.');
INSERT INTO potranslation (id, translation) VALUES (578, 'Pro přizpůsobení nastavení můžete použít /etc/mozilla/prefs.js.');
INSERT INTO potranslation (id, translation) VALUES (579, 'Mozilla v Debianu používá kromě dalších skriptů i soubor /etc/mozilla/prefs.js.');
INSERT INTO potranslation (id, translation) VALUES (580, 'V tomto souboru můžete nastavit vlastnosti pro všechny uživatele v systému (např. vhodná písma).');
INSERT INTO potranslation (id, translation) VALUES (581, 'auto, esddsp, artsdsp, žádný');
INSERT INTO potranslation (id, translation) VALUES (582, 'Vyberte program spravující zvukové zařízení dsp.');
INSERT INTO potranslation (id, translation) VALUES (583, 'Občas se může mozilla zaseknout, protože některé moduly (např. flash) zamknou /dev/dsp. Předejít tomu můžete použitím speciálního programu pro správu dsp. Volba ''auto'' se rozhodne podle toho, který správce dsp právě běží. Pokud žádný program nerozpozná, žádný se nepoužije. Toto nastavení se uloží do /etc/mozilla/mozillarc a můžete jej přepsat ve svém ~/.mozillarc.');
INSERT INTO potranslation (id, translation) VALUES (584, 'Povolit automatický výběr Jazyka/Země?');
INSERT INTO potranslation (id, translation) VALUES (585, 'Pokud odpovíte kladně, v Mozille se bude automaticky vybírat vhodný jazyk/země. To může velmi pomoci administrátorovi se spoustou neanglicky mluvících nováčků.');
INSERT INTO potranslation (id, translation) VALUES (586, 'Aby toto nastavení pracovalo správně, musíte mít správně nastavené proměnné LC_MESSAGE nebo LC_ALL.');
INSERT INTO potranslation (id, translation) VALUES (587, '/etc/mozilla/prefs.js kan bruges til at opsætte præferencer.');
INSERT INTO potranslation (id, translation) VALUES (588, 'Debians Mozilla vil læse /etc/mozilla/prefs.js efter standard præference-skriptsne er blevet læst.');
INSERT INTO potranslation (id, translation) VALUES (589, 'Du kan redigere i denne fil for system-globale indstillinger (f.eks. skrifttype indstillinger).');
INSERT INTO potranslation (id, translation) VALUES (590, 'auto, esddsp, artsdsp, ingen');
INSERT INTO potranslation (id, translation) VALUES (591, 'Vælg den lyd dæmon som skal bruges med mozilla.');
INSERT INTO potranslation (id, translation) VALUES (592, 'Nogle gange hænger mozilla fordi plugins (f.eks. flash) låser /dev/dsp.  Du kan bruge en lyd dæmon til at løse det. ''auto'' vil automatisk bestemme hvilken der skal bruges udfra en allerede kørende lyd dæmon Når ingen lyd dæmon er fundet, vil mozilla ikke bruge nogen. Denne indstilling vil blive gemt i /etc/mozilla/mozillarc og kan blive overskrevet af din ~/.mozillarc.');
INSERT INTO potranslation (id, translation) VALUES (593, 'Aktivér automatisk sprog/regionsvalg?');
INSERT INTO potranslation (id, translation) VALUES (594, 'Denne indstilling giver mulighed for automatisk sprog/regions valg i Mozilla ved hjælp af locale-indstillinger. Det kan være en stor hjælp for system administratorer der har hundredvis af ikke-engelsktalende nybegyndere.');
INSERT INTO potranslation (id, translation) VALUES (595, 'For at dette skal virke, skal LC_MESSAGE eller LC_ALL miljøvariablerne være sat korrekt.');
INSERT INTO potranslation (id, translation) VALUES (596, 'Tiedosto /etc/mozilla/prefs.js on asetuksien mukauttamista varten.');
INSERT INTO potranslation (id, translation) VALUES (597, 'Debianin mozilla lataa tiedoston /etc/mozilla/prefs.js oletusasetukset 
sisältävän skriptin jälkeen.');
INSERT INTO potranslation (id, translation) VALUES (598, 'Voit muokata tätä tiedostoa muuttaaksesi koko järjestelmää koskevia asetuksia. 
(esim. kirjasinasetukset)');
INSERT INTO potranslation (id, translation) VALUES (599, 'auto, esddsp, artsdsp, ei mikään');
INSERT INTO potranslation (id, translation) VALUES (600, 'Valitse äänenhallinnan taustaprosessin dsp-kääre.');
INSERT INTO potranslation (id, translation) VALUES (601, 'Joskus mozilla voi jumiutua, jos liitännäiset (esim. flashplugin) lukitsevat 
/dev/dsp:n. Ongelman voi välttää käyttämällä dsp-käärettä. "auto" valitsee 
käynnissä olevan äänenhallinnan taustaohjelman mukaisesti oikeat kääreet. Jos 
äänenhallinnan tataustaohjelmaa ei havaita, mozilla ei käytä mitään käärettä. 
Tämä asetus tallennetaan tiedostoon /etc/mozilla/mozillarc ja sen voi tarvittaessa
syrjäyttää käyttäjän omassa asetustiedostossa (~/.mozillarc).');
INSERT INTO potranslation (id, translation) VALUES (602, 'Salli automaattinen kielen/alueen valinta?');
INSERT INTO potranslation (id, translation) VALUES (603, 'Tämä asetus mahdollistaa automaattisen kielen/alueen valinnan
lokaaliasetuksiin perustuen. Asetus voi olla hyödyllinen
ylläpitäjille, joiden piirissä on satoja muuta kuin englannin kieltä
puhuvia käyttäjiä.');
INSERT INTO potranslation (id, translation) VALUES (604, 'Aseta muuttujat LC_MESSAGE ja LC_ALL, jotta automaattinen tunnistus toimisi.');
INSERT INTO potranslation (id, translation) VALUES (605, 'xprint ei näy olevan asennettu');
INSERT INTO potranslation (id, translation) VALUES (606, 'Mozillasta on poistettu tuki postscriptille. Tästä johtuen Xprint täytyy 
olla asennettuna, jotta tulostaminen toimisi. Ole hyvä ja asenna xprt-xptintorg 
-paketti.');
INSERT INTO potranslation (id, translation) VALUES (607, 'Tämä ei ole ohjelmavirhe. Älä lähetä vikailmoitusta tästä. (Toivomuslista 
postscriptin uudelleentukemiseksi on jo lähetetty, Vika#256072.)');
INSERT INTO potranslation (id, translation) VALUES (608, '/etc/mozilla/prefs.js está dispoñible para actualiza-las preferencias.');
INSERT INTO potranslation (id, translation) VALUES (609, 'O mozilla de Debian ha cargar /etc/mozilla/prefs.js despois de cargar algúns scripts de preferencia por defecto.');
INSERT INTO potranslation (id, translation) VALUES (610, 'Pode editar este ficheiro para configuracións globais do sistema (é dicir, configuración dos tipos de letra)');
INSERT INTO potranslation (id, translation) VALUES (611, 'Failas /etc/mozilla/prefs.js skirtas parinkčių individualizavimui.');
INSERT INTO potranslation (id, translation) VALUES (612, 'Debiano mozilla įkels /etc/mozilla/prefs.js parinktis po to, kai bus įkeltos kai kurios pagal nutylėjimą numatytos parinktys.');
INSERT INTO potranslation (id, translation) VALUES (613, 'Jūs galite keisti šį failą, nustatymams sistemos mastu (pvz. šriftų nustatymams)');
INSERT INTO potranslation (id, translation) VALUES (614, 'auto, esddsp, artsdsp, joks');
INSERT INTO potranslation (id, translation) VALUES (615, 'Pasirinkite Jūsų garso įrenginio demono dsp aplanką (wrapper).');
INSERT INTO potranslation (id, translation) VALUES (616, 'Kartais mozilla stringa, kuomet jos priedas (pvz. flashplugin) blokuoja /dev/dsp. Šiai problemai spręsti galite naudoti dsp aplanką (wrapper). ''auto'' nuspręs, kurį dsp aplanką naudoti, priklausomai nuo veikiančio garso demono. Jei nebus aptiktas joks garso demonas, mozilla nenaudos jokio aplanko. Šie nustatymai bus išsaugoti faile etc/mozilla/mozillarc, bet Jūsų ~/.mozillarc gali būti viršesnis.');
INSERT INTO potranslation (id, translation) VALUES (617, 'Ar leisti automatinį kalbos/regiono parinkimą?');
INSERT INTO potranslation (id, translation) VALUES (618, 'Šis nustatymas leidžia automatiškai pasirinkti Mozill''os kalbos/regiono paketą, panaudojant locale nustatymus. Tai gali padėti sistemos administratoriui, susiduriančiam su šimtais ne anglų kalba kalbančių naujokų.');
INSERT INTO potranslation (id, translation) VALUES (619, 'Tam kad šis nustatymas veiktų, teisingai nustatykite savo LC_MESSAGE arba LC_ALL kintamuosius.');
INSERT INTO potranslation (id, translation) VALUES (620, 'Il file /etc/mozilla/prefs.js è disponibile per la personalizzazione delle preferenze.');
INSERT INTO potranslation (id, translation) VALUES (621, 'Debian Mozilla caricherà il file /etc/mozilla/prefs.js dopo aver caricato alcuni script di configurazione predefiniti.');
INSERT INTO potranslation (id, translation) VALUES (622, 'Si può editare questo file per impostazioni globali di sistema. (Ad esempio le impostazioni per i caratteri)');
INSERT INTO potranslation (id, translation) VALUES (623, 'auto, esddsp, artsdsp, nessuno');
INSERT INTO potranslation (id, translation) VALUES (624, 'Scegliere il modulo di incapsulazione dsp del demone di gestione del suono.');
INSERT INTO potranslation (id, translation) VALUES (625, 'Qualche volta Mozilla si blocca quando alcuni plugin (ad esempio il plugin Flash) mettono un lock alla periferica /dev/dsp. Si può incapsulare l''accesso alla periferica /dev/dsp per risolvere il problema. Scegliendo ''auto'' verrà selezionato un modulo di incapsulazione dsp in funzione del demone di gestione del suono in esecuzione. Quando nessun gestore di suoni viene trovato, Mozilla non userà alcun modulo di incapsulazione. Questa scelta sarà salvata nel file /etc/mozilla/mozillarc e potrà essere sovrascritta dal file ~/.mozillarc.');
INSERT INTO potranslation (id, translation) VALUES (626, 'Abilitare la selezione automatica Lingua/Regione?');
INSERT INTO potranslation (id, translation) VALUES (627, 'Questa impostazione consente una selezione automatica di lingua/regione utilizzando le preferenze locali. Puo` aiutare un sistemista che abbia a che fare con centinaia di nuovi utenti non a conoscenza della lingua inglese.');
INSERT INTO potranslation (id, translation) VALUES (628, 'Settare la variabile LC_MESSAGE o LC_ALL per consentire a questa impostazione di funzionare correttamente.');
INSERT INTO potranslation (id, translation) VALUES (629, 'Yapılandırma tercihlerini kişiselleştirmek için /etc/mozilla/prefs.js mevcuttur.');
INSERT INTO potranslation (id, translation) VALUES (630, 'Debian mozilla ön tanımlı tercih betiklerini yükledikten sonra /etc/mozilla/prefs.js dosyasını yükleyecektir.');
INSERT INTO potranslation (id, translation) VALUES (631, 'Sistem genelinde ayarlar için bu dosyayı düzenleyebilirsiniz. (ör. yazıtipi tanımları)');
INSERT INTO potranslation (id, translation) VALUES (632, 'otomatik, esddsp, artsdsp, yok');
INSERT INTO potranslation (id, translation) VALUES (633, 'Lütfen ses servisinin kullanacağı ses sistemini (dsp wrapper) seçin.');
INSERT INTO potranslation (id, translation) VALUES (634, 'Bazen mozilla, eklentilerin (ör. flashplugin) /dev/dsp''yi kilitlemesi yüzünden askıda kalır. Bu sorunu çözmek için ses sistemini (dsp wrapper) kullanabilirsiniz. ''otomatik'' seçeneği, çalışan ses servisine göre hangi ses sistemlerinin (dsp wrapper) kullanılması gerektiğine karar verecekir. Hiç bir ses servisi bulunamaz ise, mozilla herhangi bir sistem kullanmayacaktır. Bu ayar /etc/mozilla/mozillarc dosyasına kaydedilecektir. Fakat size ait ~/.mozillarc dosyasındaki ayarlar daha önceliklidir.');
INSERT INTO potranslation (id, translation) VALUES (635, '/etc/mozilla/prefs.js ist für die Anpassungen von Einstellungen verfügbar.');
INSERT INTO potranslation (id, translation) VALUES (636, 'Debians Mozilla wird die Datei /etc/mozilla/prefs.js nach dem Laden von einigen Standard-Einstellungsskripten laden.');
INSERT INTO potranslation (id, translation) VALUES (637, 'Sie können diese Datei bearbeiten, um systemweite Einstellungen vorzunehmen (z.B. Schriften-Einstellungen).');
INSERT INTO potranslation (id, translation) VALUES (638, 'automatisch, esddsp, artsdsp, kein');
INSERT INTO potranslation (id, translation) VALUES (639, 'Bitte wählen Sie die DSP-Hülle Ihres Sound-Daemons aus.');
INSERT INTO potranslation (id, translation) VALUES (640, 'Manchmal hängt Mozilla, da Erweiterungen (bspw. flashplugin) einen /dev/dsp sperren. Sie können das durch die Benutzung einer DSP-Hülle beheben. ''automatisch'' wird anhand des laufenden Sound-Daemons entscheiden, welche DSP-Hülle verwendet werden sollte. Falls kein Sound-Daemon erkannt wird, verwendet Mozilla keine Hülle. Diese Einstellung wird in /etc/mozilla/mozillarc abgespeichert und kann in Ihrer ~/.mozillarc überschrieben werden.');
INSERT INTO potranslation (id, translation) VALUES (641, 'Automatische Sprach-/Regionenauswahl aktivieren?');
INSERT INTO potranslation (id, translation) VALUES (642, 'Diese Einstellung ermöglicht eine automatische Auswahl der Sprach-/Regionenpakete in Mozilla mittels der »locale«-Einstellungen. Dies mag Systemadministratoren helfen, die sich Hunderten von nicht Englisch sprechenden Neulingen gegenüber sehen.');
INSERT INTO potranslation (id, translation) VALUES (643, 'Bitte setzen Sie Ihre »LC_MESSAGE«- oder »LC_ALL«-Variable entsprechend, so dass diese Einstellung korrekt funktioniert.');
INSERT INTO potranslation (id, translation) VALUES (644, ' caratas');
INSERT INTO potranslation (id, translation) VALUES (648, ' Srprise! (non-editor)');
INSERT INTO potranslation (id, translation) VALUES (649, ' bang bang in evo hoary');
INSERT INTO potranslation (id, translation) VALUES (652, 'This is a suggestion added by a non-editor for a multiline entry, and it happens to have a very long first line.
It should work! :-P');
INSERT INTO potranslation (id, translation) VALUES (653, 'Antes de enviar, por favor, pruebe a buscar un bug similar en %s');
INSERT INTO potranslation (id, translation) VALUES (654, 'Búsqueda de dispositivos bluetooth completada');
INSERT INTO potranslation (id, translation) VALUES (655, 'L&lamadas');
INSERT INTO potranslation (id, translation) VALUES (656, '%d mensajes exportados al mailbox "%s"');
INSERT INTO potranslation (id, translation) VALUES (657, '%d mensajes exportados al servidor IMAP "%s"');
INSERT INTO potranslation (id, translation) VALUES (658, '%d mensajes exportados al directorio mail "%s"');
INSERT INTO potranslation (id, translation) VALUES (659, 'lalalala');
INSERT INTO potranslation (id, translation) VALUES (660, 'tengo ');
INSERT INTO potranslation (id, translation) VALUES (661, 'just a translation');
INSERT INTO potranslation (id, translation) VALUES (662, 'blah, blah, blah');
INSERT INTO potranslation (id, translation) VALUES (663, 'danilo@canonical.com');
INSERT INTO potranslation (id, translation) VALUES (664, 'carlos@canonical.com');
INSERT INTO potranslation (id, translation) VALUES (665, 'jtv@canonical.com');
INSERT INTO potranslation (id, translation) VALUES (666, 'Please choose your sound system.');
INSERT INTO potranslation (id, translation) VALUES (667, '/etc/mozilla/prefs.js is available for preconfiguring preferences.');
INSERT INTO potranslation (id, translation) VALUES (668, 'auto, esddsp, artsdsp, mass, none');


ALTER TABLE potranslation ENABLE TRIGGER ALL;


ALTER TABLE previewdiff DISABLE TRIGGER ALL;



ALTER TABLE previewdiff ENABLE TRIGGER ALL;


ALTER TABLE processor DISABLE TRIGGER ALL;

INSERT INTO processor (id, family, name, title, description) VALUES (1, 1, '386', 'Intel 386', 'Intel 386 and its many derivatives and clones, the basic 32-bit chip in the x86 family');
INSERT INTO processor (id, family, name, title, description) VALUES (2, 3, 'amd64', 'AMD 64bit', 'AMD 64bit');
INSERT INTO processor (id, family, name, title, description) VALUES (3, 4, 'hppa', 'HPPA Processor', 'HPPA Processor');


ALTER TABLE processor ENABLE TRIGGER ALL;


ALTER TABLE processorfamily DISABLE TRIGGER ALL;

INSERT INTO processorfamily (id, name, title, description, restricted) VALUES (1, 'x86', 'Intel 386 compatible chips', 'Bring back the 8086!', false);
INSERT INTO processorfamily (id, name, title, description, restricted) VALUES (2, 'powerpc', 'PowerPC compatible systems, G3 G4 etc', 'An architecture conceived by Motorola and developed further in cooperation with IBM. Was used very successfully by Apple for their PowerMac range, until 2007.', false);
INSERT INTO processorfamily (id, name, title, description, restricted) VALUES (3, 'amd64', 'AMD64 and Intel EM64T and compatible systems', 'A 64-bit extension to the venerable x86 architecture, pioneered by AMD and later adopted by Intel as well.', false);
INSERT INTO processorfamily (id, name, title, description, restricted) VALUES (4, 'hppa', 'PA-RISC Processors', 'The HP PA-RISC and compatible processors', false);
INSERT INTO processorfamily (id, name, title, description, restricted) VALUES (5, 'arm', 'ARM Processors', 'The ARM and compatible processors', true);


ALTER TABLE processorfamily ENABLE TRIGGER ALL;


ALTER TABLE product DISABLE TRIGGER ALL;

INSERT INTO product (id, project, owner, name, displayname, title, summary, description, datecreated, homepageurl, screenshotsurl, wikiurl, listurl, programminglang, downloadurl, lastdoap, sourceforgeproject, freshmeatproject, reviewed, active, fti, autoupdate, translationgroup, translationpermission, official_rosetta, official_malone, bug_supervisor, security_contact, driver, bugtracker, development_focus, homepage_content, icon, mugshot, logo, official_answers, private_bugs, private_specs, license_info, official_blueprints, enable_bug_expiration, bug_reporting_guidelines, reviewer_whiteboard, license_approved, registrant, remote_product, translation_focus, max_bug_heat, date_next_suggest_packaging, bug_reported_acknowledgement, answers_usage, blueprints_usage, translations_usage) VALUES (1, 1, 17, 'tomcat', 'Tomcat', 'Tomcat', 'The servlet container that is used in the official Reference Implementation for the Java Servlet and JavaServer Pages technologies.', 'Apache Tomcat is developed in an open and participatory environment and released under the Apache Software License. This project has nothing to do with Ubuntu, but this description uses the word "Ubuntu" for the purpose of testing search results.', '2004-09-24 20:58:00.655518', 'http://tomcat.apache.org/', NULL, NULL, NULL, NULL, NULL, NULL, NULL, NULL, false, true, NULL, false, NULL, 1, false, false, NULL, NULL, NULL, NULL, 16, NULL, NULL, NULL, NULL, false, false, false, NULL, false, false, NULL, NULL, false, 17, NULL, NULL, NULL, NULL, NULL, 10, 10, 10);
INSERT INTO product (id, project, owner, name, displayname, title, summary, description, datecreated, homepageurl, screenshotsurl, wikiurl, listurl, programminglang, downloadurl, lastdoap, sourceforgeproject, freshmeatproject, reviewed, active, fti, autoupdate, translationgroup, translationpermission, official_rosetta, official_malone, bug_supervisor, security_contact, driver, bugtracker, development_focus, homepage_content, icon, mugshot, logo, official_answers, private_bugs, private_specs, license_info, official_blueprints, enable_bug_expiration, bug_reporting_guidelines, reviewer_whiteboard, license_approved, registrant, remote_product, translation_focus, max_bug_heat, date_next_suggest_packaging, bug_reported_acknowledgement, answers_usage, blueprints_usage, translations_usage) VALUES (2, 2, 2, 'unassigned', 'unassigned syncs', 'unassigned syncs', 'syncs still not assigned to a real product', 'unassigned syncs, will not be processed, to be moved to real projects ASAP.', '2004-09-24 20:58:00.674409', 'http://archive.apache.org/dist/tomcat', NULL, NULL, NULL, NULL, NULL, NULL, NULL, NULL, true, false, NULL, false, NULL, 1, false, false, NULL, NULL, NULL, NULL, 17, NULL, NULL, NULL, NULL, false, false, false, NULL, false, false, NULL, NULL, false, 2, NULL, NULL, NULL, NULL, NULL, 10, 10, 10);
INSERT INTO product (id, project, owner, name, displayname, title, summary, description, datecreated, homepageurl, screenshotsurl, wikiurl, listurl, programminglang, downloadurl, lastdoap, sourceforgeproject, freshmeatproject, reviewed, active, fti, autoupdate, translationgroup, translationpermission, official_rosetta, official_malone, bug_supervisor, security_contact, driver, bugtracker, development_focus, homepage_content, icon, mugshot, logo, official_answers, private_bugs, private_specs, license_info, official_blueprints, enable_bug_expiration, bug_reporting_guidelines, reviewer_whiteboard, license_approved, registrant, remote_product, translation_focus, max_bug_heat, date_next_suggest_packaging, bug_reported_acknowledgement, answers_usage, blueprints_usage, translations_usage) VALUES (3, 3, 2, 'arch-mirrors', 'Arch mirrors', 'Arch archive mirrors', 'Arch Archive Mirroring project.', 'Arch archive full-archive mirror tasks', '2004-09-24 20:58:00.691047', 'http://arch.ubuntu.com/', NULL, NULL, NULL, NULL, NULL, NULL, NULL, NULL, false, true, NULL, false, NULL, 1, false, false, NULL, NULL, NULL, NULL, 15, NULL, NULL, NULL, NULL, false, false, false, NULL, false, false, NULL, NULL, false, 2, NULL, NULL, NULL, NULL, NULL, 10, 10, 10);
INSERT INTO product (id, project, owner, name, displayname, title, summary, description, datecreated, homepageurl, screenshotsurl, wikiurl, listurl, programminglang, downloadurl, lastdoap, sourceforgeproject, freshmeatproject, reviewed, active, fti, autoupdate, translationgroup, translationpermission, official_rosetta, official_malone, bug_supervisor, security_contact, driver, bugtracker, development_focus, homepage_content, icon, mugshot, logo, official_answers, private_bugs, private_specs, license_info, official_blueprints, enable_bug_expiration, bug_reporting_guidelines, reviewer_whiteboard, license_approved, registrant, remote_product, translation_focus, max_bug_heat, date_next_suggest_packaging, bug_reported_acknowledgement, answers_usage, blueprints_usage, translations_usage) VALUES (4, 4, 12, 'firefox', 'Mozilla Firefox', 'Mozilla Firefox', 'The Mozilla Firefox web browser', 'The Mozilla Firefox web browser', '2004-09-24 20:58:02.185708', NULL, NULL, NULL, NULL, NULL, NULL, NULL, NULL, NULL, false, true, NULL, false, 1, 100, false, true, NULL, NULL, NULL, NULL, 1, NULL, NULL, NULL, NULL, true, false, false, NULL, false, false, NULL, NULL, false, 12, NULL, NULL, NULL, NULL, NULL, 10, 10, 10);
INSERT INTO product (id, project, owner, name, displayname, title, summary, description, datecreated, homepageurl, screenshotsurl, wikiurl, listurl, programminglang, downloadurl, lastdoap, sourceforgeproject, freshmeatproject, reviewed, active, fti, autoupdate, translationgroup, translationpermission, official_rosetta, official_malone, bug_supervisor, security_contact, driver, bugtracker, development_focus, homepage_content, icon, mugshot, logo, official_answers, private_bugs, private_specs, license_info, official_blueprints, enable_bug_expiration, bug_reporting_guidelines, reviewer_whiteboard, license_approved, registrant, remote_product, translation_focus, max_bug_heat, date_next_suggest_packaging, bug_reported_acknowledgement, answers_usage, blueprints_usage, translations_usage) VALUES (5, 5, 12, 'evolution', 'Evolution', 'The Evolution Groupware Application', 'Evolution is an email client, addressbook and calendar application that is very well integrated with the Gnome desktop. Evolution is the standard mail client in the Ubuntu distribution, and supports all current mail system standards.', 'Recently, Evolution has seen significant work to make it interoperable with the proprietary Microsoft Exchange Server protocols and formats, allowing organisations to replace Outlook on Windows with Evolution and Linux.

The current stable release series of Evolution is 2.0.', '2004-09-24 20:58:02.240163', 'http://www.gnome.org/evolution/', NULL, NULL, NULL, NULL, NULL, NULL, NULL, NULL, false, true, NULL, false, 1, 100, true, true, NULL, NULL, NULL, NULL, 3, NULL, NULL, NULL, NULL, false, false, false, NULL, false, false, NULL, NULL, false, 12, NULL, NULL, NULL, NULL, NULL, 10, 10, 10);
INSERT INTO product (id, project, owner, name, displayname, title, summary, description, datecreated, homepageurl, screenshotsurl, wikiurl, listurl, programminglang, downloadurl, lastdoap, sourceforgeproject, freshmeatproject, reviewed, active, fti, autoupdate, translationgroup, translationpermission, official_rosetta, official_malone, bug_supervisor, security_contact, driver, bugtracker, development_focus, homepage_content, icon, mugshot, logo, official_answers, private_bugs, private_specs, license_info, official_blueprints, enable_bug_expiration, bug_reporting_guidelines, reviewer_whiteboard, license_approved, registrant, remote_product, translation_focus, max_bug_heat, date_next_suggest_packaging, bug_reported_acknowledgement, answers_usage, blueprints_usage, translations_usage) VALUES (6, 5, 12, 'gnome-terminal', 'GNOME Terminal', 'The GNOME Terminal Emulator', 'Gnome Terminal is a simple terminal application for your Gnome desktop. It allows quick access to console applications, supports all console types, and has many useful features such as tabbed consoles (many consoles in a single window with quick switching between them).', 'The Gnome Terminal application fully supports Gnome 2 and is a standard part of the Gnome Desktop.', '2004-09-24 20:58:02.256678', 'http://www.gnome.org/', NULL, NULL, NULL, NULL, NULL, NULL, NULL, NULL, false, true, NULL, false, NULL, 1, false, false, NULL, NULL, NULL, 2, 14, NULL, NULL, NULL, NULL, false, false, false, NULL, false, false, NULL, NULL, false, 12, 'gnome-terminal', NULL, NULL, NULL, NULL, 10, 10, 10);
INSERT INTO product (id, project, owner, name, displayname, title, summary, description, datecreated, homepageurl, screenshotsurl, wikiurl, listurl, programminglang, downloadurl, lastdoap, sourceforgeproject, freshmeatproject, reviewed, active, fti, autoupdate, translationgroup, translationpermission, official_rosetta, official_malone, bug_supervisor, security_contact, driver, bugtracker, development_focus, homepage_content, icon, mugshot, logo, official_answers, private_bugs, private_specs, license_info, official_blueprints, enable_bug_expiration, bug_reporting_guidelines, reviewer_whiteboard, license_approved, registrant, remote_product, translation_focus, max_bug_heat, date_next_suggest_packaging, bug_reported_acknowledgement, answers_usage, blueprints_usage, translations_usage) VALUES (7, 6, 12, 'iso-codes', 'iso-codes', 'The iso-codes', 'foo', 'bar', '2004-09-24 20:58:02.258743', 'http://www.novell.com/', NULL, NULL, NULL, NULL, NULL, NULL, NULL, NULL, false, true, NULL, false, NULL, 1, false, false, NULL, NULL, NULL, NULL, 13, NULL, NULL, NULL, NULL, false, false, false, NULL, false, false, NULL, NULL, false, 12, NULL, NULL, NULL, NULL, NULL, 10, 10, 10);
INSERT INTO product (id, project, owner, name, displayname, title, summary, description, datecreated, homepageurl, screenshotsurl, wikiurl, listurl, programminglang, downloadurl, lastdoap, sourceforgeproject, freshmeatproject, reviewed, active, fti, autoupdate, translationgroup, translationpermission, official_rosetta, official_malone, bug_supervisor, security_contact, driver, bugtracker, development_focus, homepage_content, icon, mugshot, logo, official_answers, private_bugs, private_specs, license_info, official_blueprints, enable_bug_expiration, bug_reporting_guidelines, reviewer_whiteboard, license_approved, registrant, remote_product, translation_focus, max_bug_heat, date_next_suggest_packaging, bug_reported_acknowledgement, answers_usage, blueprints_usage, translations_usage) VALUES (8, 4, 12, 'thunderbird', 'Mozilla Thunderbird', 'Mozilla Thunderbird', 'The Mozilla Thunderbird email client', 'The Mozilla Thunderbird email client', '2004-09-24 20:58:04.478988', NULL, NULL, NULL, NULL, NULL, NULL, NULL, NULL, NULL, false, true, NULL, false, NULL, 1, false, false, NULL, NULL, NULL, NULL, 4, NULL, NULL, NULL, NULL, false, false, false, NULL, false, false, NULL, NULL, false, 12, NULL, NULL, NULL, NULL, NULL, 10, 10, 10);
INSERT INTO product (id, project, owner, name, displayname, title, summary, description, datecreated, homepageurl, screenshotsurl, wikiurl, listurl, programminglang, downloadurl, lastdoap, sourceforgeproject, freshmeatproject, reviewed, active, fti, autoupdate, translationgroup, translationpermission, official_rosetta, official_malone, bug_supervisor, security_contact, driver, bugtracker, development_focus, homepage_content, icon, mugshot, logo, official_answers, private_bugs, private_specs, license_info, official_blueprints, enable_bug_expiration, bug_reporting_guidelines, reviewer_whiteboard, license_approved, registrant, remote_product, translation_focus, max_bug_heat, date_next_suggest_packaging, bug_reported_acknowledgement, answers_usage, blueprints_usage, translations_usage) VALUES (9, 5, 16, 'applets', 'Gnome Applets', 'The Gnome Panel Applets', 'The Gnome Panel Applets are a collection of standard widgets that can be installed on your desktop Panel. These icons act as launchers for applications, or indicators of the status of your machine. For example, panel applets exist to show you your battery status or wifi network signal strength.', 'This is the collection of Panel Applets that is part of the default Gnome release. Additional Panel Applets are available from third parties. A complete set of Panel Applets is included in the Ubuntu OS, for example.

The Gnome Panel team includes Abel Kascinsky, Frederick Wurst and Andreas Andropovitch Axelsson.', '2004-10-03 16:46:09.113721', 'http://www.gnome.org/panel/', NULL, NULL, NULL, NULL, NULL, NULL, NULL, NULL, false, true, NULL, false, NULL, 1, false, false, NULL, NULL, NULL, NULL, 12, NULL, NULL, NULL, NULL, false, false, false, NULL, false, false, NULL, NULL, false, 16, NULL, NULL, NULL, NULL, NULL, 10, 10, 10);
INSERT INTO product (id, project, owner, name, displayname, title, summary, description, datecreated, homepageurl, screenshotsurl, wikiurl, listurl, programminglang, downloadurl, lastdoap, sourceforgeproject, freshmeatproject, reviewed, active, fti, autoupdate, translationgroup, translationpermission, official_rosetta, official_malone, bug_supervisor, security_contact, driver, bugtracker, development_focus, homepage_content, icon, mugshot, logo, official_answers, private_bugs, private_specs, license_info, official_blueprints, enable_bug_expiration, bug_reporting_guidelines, reviewer_whiteboard, license_approved, registrant, remote_product, translation_focus, max_bug_heat, date_next_suggest_packaging, bug_reported_acknowledgement, answers_usage, blueprints_usage, translations_usage) VALUES (10, NULL, 2, 'python-gnome2-dev', 'python gnome2 dev', 'python gnome2 dev', 'Python bindings for the GNOME desktop environment', 'Python bindings for the GNOME desktop environment', '2004-09-24 20:58:00.674409', 'http://www.daa.com.au/~james/software/pygtk/', NULL, NULL, NULL, NULL, NULL, NULL, NULL, NULL, true, false, NULL, false, NULL, 1, false, false, NULL, NULL, NULL, NULL, 18, NULL, NULL, NULL, NULL, false, false, false, NULL, false, false, NULL, NULL, false, 2, NULL, NULL, NULL, NULL, NULL, 10, 10, 10);
INSERT INTO product (id, project, owner, name, displayname, title, summary, description, datecreated, homepageurl, screenshotsurl, wikiurl, listurl, programminglang, downloadurl, lastdoap, sourceforgeproject, freshmeatproject, reviewed, active, fti, autoupdate, translationgroup, translationpermission, official_rosetta, official_malone, bug_supervisor, security_contact, driver, bugtracker, development_focus, homepage_content, icon, mugshot, logo, official_answers, private_bugs, private_specs, license_info, official_blueprints, enable_bug_expiration, bug_reporting_guidelines, reviewer_whiteboard, license_approved, registrant, remote_product, translation_focus, max_bug_heat, date_next_suggest_packaging, bug_reported_acknowledgement, answers_usage, blueprints_usage, translations_usage) VALUES (11, 5, 12, 'netapplet', 'NetApplet', 'Network Applet', 'The Novell Network Applet', 'Displays current network status and allows network switching', '2005-03-10 16:00:00', NULL, NULL, NULL, NULL, NULL, NULL, NULL, NULL, NULL, false, true, NULL, false, NULL, 1, false, false, NULL, NULL, NULL, NULL, 5, NULL, NULL, NULL, NULL, false, false, false, NULL, false, false, NULL, NULL, false, 12, NULL, NULL, NULL, NULL, NULL, 10, 10, 10);
INSERT INTO product (id, project, owner, name, displayname, title, summary, description, datecreated, homepageurl, screenshotsurl, wikiurl, listurl, programminglang, downloadurl, lastdoap, sourceforgeproject, freshmeatproject, reviewed, active, fti, autoupdate, translationgroup, translationpermission, official_rosetta, official_malone, bug_supervisor, security_contact, driver, bugtracker, development_focus, homepage_content, icon, mugshot, logo, official_answers, private_bugs, private_specs, license_info, official_blueprints, enable_bug_expiration, bug_reporting_guidelines, reviewer_whiteboard, license_approved, registrant, remote_product, translation_focus, max_bug_heat, date_next_suggest_packaging, bug_reported_acknowledgement, answers_usage, blueprints_usage, translations_usage) VALUES (12, NULL, 16, 'a52dec', 'a52dec', 'Liba52 Test Decoder', 'a52dec is a test program for liba52.', 'This tool decodes ATSC A/52 streams, and also includes a demultiplexer for mpeg-1 and mpeg-2 program streams. The liba52 source code is always distributed in the a52dec package, to make sure it easier for people to test it.', '2005-04-14 00:00:00', NULL, NULL, NULL, NULL, NULL, NULL, NULL, NULL, NULL, false, true, NULL, false, NULL, 1, false, false, NULL, NULL, NULL, NULL, 6, NULL, NULL, NULL, NULL, false, false, false, NULL, false, false, NULL, NULL, false, 16, NULL, NULL, NULL, NULL, NULL, 10, 10, 10);
INSERT INTO product (id, project, owner, name, displayname, title, summary, description, datecreated, homepageurl, screenshotsurl, wikiurl, listurl, programminglang, downloadurl, lastdoap, sourceforgeproject, freshmeatproject, reviewed, active, fti, autoupdate, translationgroup, translationpermission, official_rosetta, official_malone, bug_supervisor, security_contact, driver, bugtracker, development_focus, homepage_content, icon, mugshot, logo, official_answers, private_bugs, private_specs, license_info, official_blueprints, enable_bug_expiration, bug_reporting_guidelines, reviewer_whiteboard, license_approved, registrant, remote_product, translation_focus, max_bug_heat, date_next_suggest_packaging, bug_reported_acknowledgement, answers_usage, blueprints_usage, translations_usage) VALUES (13, 5, 16, 'gnomebaker', 'gnomebaker', 'Gnome Baker', 'Gnome Baker is a CD burning application', 'Gnome Baker burns CDs like there''s no tomorrow', '2005-08-26 00:00:00', NULL, NULL, NULL, NULL, NULL, NULL, NULL, NULL, NULL, false, true, NULL, false, NULL, 1, false, false, NULL, NULL, NULL, NULL, 11, NULL, NULL, NULL, NULL, false, false, false, NULL, false, false, NULL, NULL, false, 16, NULL, NULL, NULL, NULL, NULL, 10, 10, 10);
INSERT INTO product (id, project, owner, name, displayname, title, summary, description, datecreated, homepageurl, screenshotsurl, wikiurl, listurl, programminglang, downloadurl, lastdoap, sourceforgeproject, freshmeatproject, reviewed, active, fti, autoupdate, translationgroup, translationpermission, official_rosetta, official_malone, bug_supervisor, security_contact, driver, bugtracker, development_focus, homepage_content, icon, mugshot, logo, official_answers, private_bugs, private_specs, license_info, official_blueprints, enable_bug_expiration, bug_reporting_guidelines, reviewer_whiteboard, license_approved, registrant, remote_product, translation_focus, max_bug_heat, date_next_suggest_packaging, bug_reported_acknowledgement, answers_usage, blueprints_usage, translations_usage) VALUES (14, NULL, 12, 'bazaar', 'Bazaar', 'Bazaar', 'Bazaar is a distributed revision control system', 'Bazaar is all about source control and double-dashes.', '2005-08-26 00:00:00', NULL, NULL, NULL, NULL, NULL, NULL, NULL, NULL, NULL, false, true, NULL, false, NULL, 1, false, false, NULL, NULL, NULL, NULL, 10, NULL, NULL, NULL, NULL, false, false, false, NULL, false, false, NULL, NULL, false, 12, NULL, NULL, NULL, NULL, NULL, 10, 10, 10);
INSERT INTO product (id, project, owner, name, displayname, title, summary, description, datecreated, homepageurl, screenshotsurl, wikiurl, listurl, programminglang, downloadurl, lastdoap, sourceforgeproject, freshmeatproject, reviewed, active, fti, autoupdate, translationgroup, translationpermission, official_rosetta, official_malone, bug_supervisor, security_contact, driver, bugtracker, development_focus, homepage_content, icon, mugshot, logo, official_answers, private_bugs, private_specs, license_info, official_blueprints, enable_bug_expiration, bug_reporting_guidelines, reviewer_whiteboard, license_approved, registrant, remote_product, translation_focus, max_bug_heat, date_next_suggest_packaging, bug_reported_acknowledgement, answers_usage, blueprints_usage, translations_usage) VALUES (15, NULL, 1, 'alsa-utils', 'alsa-utils', 'ALSA utilities', 'Utilities for configurating and using the Advanced Linux Sound Architecture', NULL, '2005-09-15 09:05:11.472752', NULL, NULL, NULL, NULL, NULL, NULL, NULL, NULL, NULL, false, true, NULL, false, 2, 1, true, false, NULL, NULL, NULL, NULL, 8, NULL, NULL, NULL, NULL, false, false, false, NULL, false, false, NULL, NULL, false, 1, NULL, NULL, NULL, NULL, NULL, 10, 10, 10);
INSERT INTO product (id, project, owner, name, displayname, title, summary, description, datecreated, homepageurl, screenshotsurl, wikiurl, listurl, programminglang, downloadurl, lastdoap, sourceforgeproject, freshmeatproject, reviewed, active, fti, autoupdate, translationgroup, translationpermission, official_rosetta, official_malone, bug_supervisor, security_contact, driver, bugtracker, development_focus, homepage_content, icon, mugshot, logo, official_answers, private_bugs, private_specs, license_info, official_blueprints, enable_bug_expiration, bug_reporting_guidelines, reviewer_whiteboard, license_approved, registrant, remote_product, translation_focus, max_bug_heat, date_next_suggest_packaging, bug_reported_acknowledgement, answers_usage, blueprints_usage, translations_usage) VALUES (16, NULL, 12, 'landscape', 'The Landscape Project', 'The Landscape Project', 'Landscape is a system being developed by Canonical to allow remote management of systems using a web interface.', 'Landscape is a system being developed by Canonical to allow remote management of systems using a web interface. The scope of the project isn''t limited, and will grow up as new features are planned.

The Landscape system consists of two major parts: a client daemon which delivers information to the server and acts on server-provided requests; and a web server responsible for handling communication with clients and the user interface itself.', '2006-07-11 19:59:17.311451', NULL, NULL, NULL, NULL, NULL, NULL, NULL, NULL, NULL, false, true, NULL, false, NULL, 1, false, true, 64, NULL, NULL, NULL, 9, NULL, NULL, NULL, NULL, false, true, false, NULL, false, false, NULL, NULL, false, 12, NULL, NULL, NULL, NULL, NULL, 10, 10, 10);
INSERT INTO product (id, project, owner, name, displayname, title, summary, description, datecreated, homepageurl, screenshotsurl, wikiurl, listurl, programminglang, downloadurl, lastdoap, sourceforgeproject, freshmeatproject, reviewed, active, fti, autoupdate, translationgroup, translationpermission, official_rosetta, official_malone, bug_supervisor, security_contact, driver, bugtracker, development_focus, homepage_content, icon, mugshot, logo, official_answers, private_bugs, private_specs, license_info, official_blueprints, enable_bug_expiration, bug_reporting_guidelines, reviewer_whiteboard, license_approved, registrant, remote_product, translation_focus, max_bug_heat, date_next_suggest_packaging, bug_reported_acknowledgement, answers_usage, blueprints_usage, translations_usage) VALUES (17, NULL, 12, 'launchpad', 'Launchpad', 'Launchpad', 'Launchpad is a catalogue of libre software projects and products. Projects registered in the Launchpad are linked to their translations in Rosetta, their bugs in Malone, their RCS imports in Bazaar, and their packages in Soyuz.', 'Launchpad''s design is inspired by the Description of a Project (DOAP) framework by Edd Dumbill, with extensions for actual releases of products.', '2006-11-24 12:48:19.178553', NULL, NULL, NULL, NULL, NULL, NULL, NULL, NULL, NULL, false, true, NULL, false, NULL, 1, false, true, NULL, NULL, NULL, NULL, 19, NULL, NULL, NULL, NULL, true, false, false, NULL, false, false, NULL, NULL, false, 12, NULL, NULL, NULL, NULL, NULL, 10, 10, 10);
INSERT INTO product (id, project, owner, name, displayname, title, summary, description, datecreated, homepageurl, screenshotsurl, wikiurl, listurl, programminglang, downloadurl, lastdoap, sourceforgeproject, freshmeatproject, reviewed, active, fti, autoupdate, translationgroup, translationpermission, official_rosetta, official_malone, bug_supervisor, security_contact, driver, bugtracker, development_focus, homepage_content, icon, mugshot, logo, official_answers, private_bugs, private_specs, license_info, official_blueprints, enable_bug_expiration, bug_reporting_guidelines, reviewer_whiteboard, license_approved, registrant, remote_product, translation_focus, max_bug_heat, date_next_suggest_packaging, bug_reported_acknowledgement, answers_usage, blueprints_usage, translations_usage) VALUES (18, NULL, 37, 'upstart', 'Upstart', 'The Upstart System Initialisation Process', 'Event-based init daemon.', 'upstart is a replacement for the /sbin/init daemon which handles starting of tasks and services during boot, stopping them during shutdown and supervising them while the system is running.', '2007-03-14 18:47:04.891546', 'http://upstart.ubuntu.com/', NULL, NULL, NULL, NULL, NULL, NULL, NULL, NULL, false, true, NULL, false, 3, 100, false, false, NULL, NULL, NULL, NULL, 20, NULL, NULL, NULL, NULL, false, false, false, NULL, false, false, NULL, NULL, false, 37, NULL, NULL, NULL, NULL, NULL, 10, 10, 10);
INSERT INTO product (id, project, owner, name, displayname, title, summary, description, datecreated, homepageurl, screenshotsurl, wikiurl, listurl, programminglang, downloadurl, lastdoap, sourceforgeproject, freshmeatproject, reviewed, active, fti, autoupdate, translationgroup, translationpermission, official_rosetta, official_malone, bug_supervisor, security_contact, driver, bugtracker, development_focus, homepage_content, icon, mugshot, logo, official_answers, private_bugs, private_specs, license_info, official_blueprints, enable_bug_expiration, bug_reporting_guidelines, reviewer_whiteboard, license_approved, registrant, remote_product, translation_focus, max_bug_heat, date_next_suggest_packaging, bug_reported_acknowledgement, answers_usage, blueprints_usage, translations_usage) VALUES (19, NULL, 28, 'aptoncd', 'APTonCD', 'APTonCD, Get APT Anywhere', 'A simple yet powerful tool which allows you to create one (or more) CD/DVD-Repository containing all of the packages downloaded via apt-get or aptitude.', 'A GUI-based tool that allows you to create a CD/DVD with all downloaded packages with APT-GET, creating a removable-repository.

With aptoncd you can:
* Create a CD/DVD with all downloaded packages
* Backup/restore all packages installeds with APT
* Install the same packages in a lot of machines
* Upgrade a lot of computers with same DVD
* And more is expected...

In the "Create APTonCD" feature we have the possibility to make a CD/DVD with all previously downloaded packages with apt-get or aptitude. It uses apt-cache (/var/cache/apt/archives) and scans for packages and makes a repository in one (or more) CD/DVD, exactly as the previous option.', '2007-03-14 18:53:13.112116', 'http://aptoncd.sourceforge.net/', NULL, NULL, NULL, NULL, NULL, NULL, NULL, NULL, false, true, NULL, false, NULL, 1, false, false, NULL, NULL, NULL, NULL, 21, NULL, NULL, NULL, NULL, false, false, false, NULL, false, false, NULL, NULL, false, 28, NULL, NULL, NULL, NULL, NULL, 10, 10, 10);
INSERT INTO product (id, project, owner, name, displayname, title, summary, description, datecreated, homepageurl, screenshotsurl, wikiurl, listurl, programminglang, downloadurl, lastdoap, sourceforgeproject, freshmeatproject, reviewed, active, fti, autoupdate, translationgroup, translationpermission, official_rosetta, official_malone, bug_supervisor, security_contact, driver, bugtracker, development_focus, homepage_content, icon, mugshot, logo, official_answers, private_bugs, private_specs, license_info, official_blueprints, enable_bug_expiration, bug_reporting_guidelines, reviewer_whiteboard, license_approved, registrant, remote_product, translation_focus, max_bug_heat, date_next_suggest_packaging, bug_reported_acknowledgement, answers_usage, blueprints_usage, translations_usage) VALUES (20, NULL, 14, 'jokosher', 'Jokosher', 'Jokosher Audio Editor', 'Jokosher is a simple yet powerful multi-track studio. With it you can create and record music, podcasts and more, all from an integrated simple environment.', 'Jokosher brings together many sources of audio into a seamless environment where you can record, mix and publish your audio content.', '2007-03-15 20:11:49.501871', 'http://www.jokosher.org/', NULL, NULL, NULL, NULL, NULL, NULL, NULL, NULL, false, true, NULL, false, NULL, 1, false, true, NULL, NULL, NULL, NULL, 22, NULL, NULL, NULL, NULL, false, false, false, NULL, false, true, NULL, NULL, false, 14, NULL, NULL, NULL, NULL, NULL, 10, 10, 10);
INSERT INTO product (id, project, owner, name, displayname, title, summary, description, datecreated, homepageurl, screenshotsurl, wikiurl, listurl, programminglang, downloadurl, lastdoap, sourceforgeproject, freshmeatproject, reviewed, active, fti, autoupdate, translationgroup, translationpermission, official_rosetta, official_malone, bug_supervisor, security_contact, driver, bugtracker, development_focus, homepage_content, icon, mugshot, logo, official_answers, private_bugs, private_specs, license_info, official_blueprints, enable_bug_expiration, bug_reporting_guidelines, reviewer_whiteboard, license_approved, registrant, remote_product, translation_focus, max_bug_heat, date_next_suggest_packaging, bug_reported_acknowledgement, answers_usage, blueprints_usage, translations_usage) VALUES (21, NULL, 12, 'bzr', 'Bazaar', 'Bazaar Version Control System', 'Bazaar is a distributed revision control system. It allows team members to branch and merge upstream code very easily. Most importantly, it is very robust in handling renames so that merges across radical restructurings of the tree are efficient and correct.', 'Bazaar aims to be a distributed RCS system that the open source community loves to use.

Distributed revision control systems allow multiple people to have their own branch of a project, and merge code efficiently between them. This enables new contributors to immediately have access to the full tools that previously have been limited to just the committers to a project.', '2007-03-27 16:28:27.763632', 'http://bazaar-vcs.org/', NULL, NULL, NULL, NULL, NULL, NULL, NULL, NULL, false, true, NULL, false, NULL, 1, false, false, NULL, NULL, NULL, NULL, 23, NULL, NULL, NULL, NULL, false, false, false, NULL, false, false, NULL, NULL, false, 12, NULL, NULL, NULL, NULL, NULL, 10, 10, 10);
INSERT INTO product (id, project, owner, name, displayname, title, summary, description, datecreated, homepageurl, screenshotsurl, wikiurl, listurl, programminglang, downloadurl, lastdoap, sourceforgeproject, freshmeatproject, reviewed, active, fti, autoupdate, translationgroup, translationpermission, official_rosetta, official_malone, bug_supervisor, security_contact, driver, bugtracker, development_focus, homepage_content, icon, mugshot, logo, official_answers, private_bugs, private_specs, license_info, official_blueprints, enable_bug_expiration, bug_reporting_guidelines, reviewer_whiteboard, license_approved, registrant, remote_product, translation_focus, max_bug_heat, date_next_suggest_packaging, bug_reported_acknowledgement, answers_usage, blueprints_usage, translations_usage) VALUES (22, NULL, 12, 'redfish', 'Redfish', 'Redfish', 'The redfish project.', 'The redfish project.', '2007-04-18 20:58:56.846607', NULL, NULL, NULL, NULL, NULL, NULL, NULL, NULL, NULL, false, true, NULL, false, NULL, 1, false, true, 64, NULL, NULL, NULL, 24, NULL, NULL, NULL, NULL, false, false, false, NULL, false, false, NULL, NULL, false, 12, NULL, NULL, NULL, NULL, NULL, 10, 10, 10);
INSERT INTO product (id, project, owner, name, displayname, title, summary, description, datecreated, homepageurl, screenshotsurl, wikiurl, listurl, programminglang, downloadurl, lastdoap, sourceforgeproject, freshmeatproject, reviewed, active, fti, autoupdate, translationgroup, translationpermission, official_rosetta, official_malone, bug_supervisor, security_contact, driver, bugtracker, development_focus, homepage_content, icon, mugshot, logo, official_answers, private_bugs, private_specs, license_info, official_blueprints, enable_bug_expiration, bug_reporting_guidelines, reviewer_whiteboard, license_approved, registrant, remote_product, translation_focus, max_bug_heat, date_next_suggest_packaging, bug_reported_acknowledgement, answers_usage, blueprints_usage, translations_usage) VALUES (23, 1, 1, 'derby', 'Derby', 'Derby - Java Database', 'Apache Derby, an Apache DB subproject, is an open source relational database implemented entirely in Java and available under the Apache License, Version 2.0.', 'Some key advantages include:

    * Derby has a small footprint -- about 2 megabytes for the base engine and embedded JDBC driver.
    * Derby is based on the Java, JDBC, and SQL standards.
    * Derby provides an embedded JDBC driver that lets you embed Derby in any Java-based solution.
    * Derby also supports the more familiar client/server mode with the Derby Network Client JDBC driver and Derby Network Server.
    * Derby is easy to install, deploy, and use.
', '2007-11-19 12:44:30.603892', 'http://db.apache.org/derby/', NULL, NULL, NULL, NULL, NULL, NULL, NULL, NULL, false, true, NULL, false, NULL, 1, false, false, NULL, NULL, NULL, NULL, 25, NULL, NULL, NULL, NULL, false, false, false, NULL, false, false, NULL, NULL, false, 1, NULL, NULL, NULL, NULL, NULL, 10, 10, 10);
INSERT INTO product (id, project, owner, name, displayname, title, summary, description, datecreated, homepageurl, screenshotsurl, wikiurl, listurl, programminglang, downloadurl, lastdoap, sourceforgeproject, freshmeatproject, reviewed, active, fti, autoupdate, translationgroup, translationpermission, official_rosetta, official_malone, bug_supervisor, security_contact, driver, bugtracker, development_focus, homepage_content, icon, mugshot, logo, official_answers, private_bugs, private_specs, license_info, official_blueprints, enable_bug_expiration, bug_reporting_guidelines, reviewer_whiteboard, license_approved, registrant, remote_product, translation_focus, max_bug_heat, date_next_suggest_packaging, bug_reported_acknowledgement, answers_usage, blueprints_usage, translations_usage) VALUES (24, NULL, 243623, 'mega-money-maker', 'Mega Money Maker', 'Sample Commercial Project', 'Proprietary project', NULL, '2008-06-27 14:51:47.366199', NULL, NULL, NULL, NULL, NULL, NULL, NULL, NULL, NULL, false, true, NULL, false, NULL, 1, false, false, NULL, NULL, NULL, NULL, 26, NULL, NULL, NULL, NULL, false, false, false, 'All rights reserved.  Not free.', false, false, NULL, NULL, false, 243623, NULL, NULL, NULL, NULL, NULL, 10, 10, 10);
INSERT INTO product (id, project, owner, name, displayname, title, summary, description, datecreated, homepageurl, screenshotsurl, wikiurl, listurl, programminglang, downloadurl, lastdoap, sourceforgeproject, freshmeatproject, reviewed, active, fti, autoupdate, translationgroup, translationpermission, official_rosetta, official_malone, bug_supervisor, security_contact, driver, bugtracker, development_focus, homepage_content, icon, mugshot, logo, official_answers, private_bugs, private_specs, license_info, official_blueprints, enable_bug_expiration, bug_reporting_guidelines, reviewer_whiteboard, license_approved, registrant, remote_product, translation_focus, max_bug_heat, date_next_suggest_packaging, bug_reported_acknowledgement, answers_usage, blueprints_usage, translations_usage) VALUES (25, NULL, 16, 'rosetta', 'Launchpad Translations', 'The translations part of Launchpad', 'Here you can translate your project into other spoken languages.', NULL, '2008-10-02 10:12:40.909504', NULL, NULL, NULL, NULL, NULL, NULL, NULL, NULL, NULL, true, true, NULL, false, NULL, 1, false, false, NULL, NULL, NULL, NULL, 27, NULL, NULL, NULL, NULL, false, false, false, NULL, false, false, NULL, NULL, false, 16, NULL, NULL, NULL, NULL, NULL, 10, 10, 10);
INSERT INTO product (id, project, owner, name, displayname, title, summary, description, datecreated, homepageurl, screenshotsurl, wikiurl, listurl, programminglang, downloadurl, lastdoap, sourceforgeproject, freshmeatproject, reviewed, active, fti, autoupdate, translationgroup, translationpermission, official_rosetta, official_malone, bug_supervisor, security_contact, driver, bugtracker, development_focus, homepage_content, icon, mugshot, logo, official_answers, private_bugs, private_specs, license_info, official_blueprints, enable_bug_expiration, bug_reporting_guidelines, reviewer_whiteboard, license_approved, registrant, remote_product, translation_focus, max_bug_heat, date_next_suggest_packaging, bug_reported_acknowledgement, answers_usage, blueprints_usage, translations_usage) VALUES (26, NULL, 16, 'obsolete-junk', 'Obsolete Junk', 'The Great Mass of Obsolete Junk', 'If you have junk that you don''t want clogging up your product, dump it here.', NULL, '2009-05-02 21:33:15.310312', NULL, NULL, NULL, NULL, NULL, NULL, NULL, NULL, NULL, true, true, NULL, false, NULL, 1, false, false, NULL, NULL, NULL, NULL, 28, NULL, NULL, NULL, NULL, false, false, false, '(We have them all because we are junk. Junk. Junk I tell you.)', false, false, NULL, NULL, true, 16, NULL, NULL, NULL, NULL, NULL, 10, 10, 10);
INSERT INTO product (id, project, owner, name, displayname, title, summary, description, datecreated, homepageurl, screenshotsurl, wikiurl, listurl, programminglang, downloadurl, lastdoap, sourceforgeproject, freshmeatproject, reviewed, active, fti, autoupdate, translationgroup, translationpermission, official_rosetta, official_malone, bug_supervisor, security_contact, driver, bugtracker, development_focus, homepage_content, icon, mugshot, logo, official_answers, private_bugs, private_specs, license_info, official_blueprints, enable_bug_expiration, bug_reporting_guidelines, reviewer_whiteboard, license_approved, registrant, remote_product, translation_focus, max_bug_heat, date_next_suggest_packaging, bug_reported_acknowledgement, answers_usage, blueprints_usage, translations_usage) VALUES (27, NULL, 243648, 'epiphany', 'Epiphany', 'Epiphany Web Browser', 'A default GNOME web browser.', 'description1', '2009-08-24 14:36:04.699204', NULL, NULL, NULL, NULL, NULL, NULL, NULL, NULL, NULL, false, true, NULL, false, 3, 20, true, false, NULL, NULL, NULL, NULL, 29, NULL, NULL, NULL, NULL, false, false, false, NULL, false, false, NULL, NULL, false, 243648, NULL, NULL, NULL, NULL, NULL, 10, 10, 10);
INSERT INTO product (id, project, owner, name, displayname, title, summary, description, datecreated, homepageurl, screenshotsurl, wikiurl, listurl, programminglang, downloadurl, lastdoap, sourceforgeproject, freshmeatproject, reviewed, active, fti, autoupdate, translationgroup, translationpermission, official_rosetta, official_malone, bug_supervisor, security_contact, driver, bugtracker, development_focus, homepage_content, icon, mugshot, logo, official_answers, private_bugs, private_specs, license_info, official_blueprints, enable_bug_expiration, bug_reporting_guidelines, reviewer_whiteboard, license_approved, registrant, remote_product, translation_focus, max_bug_heat, date_next_suggest_packaging, bug_reported_acknowledgement, answers_usage, blueprints_usage, translations_usage) VALUES (28, NULL, 243649, 'intltool', 'intltool', 'Internationalization build tools', 'Tools to extract translatable messages from different file formats and to merge them back in.', 'description2', '2009-08-24 14:39:04.708167', NULL, NULL, NULL, NULL, NULL, NULL, NULL, NULL, NULL, false, true, NULL, false, 2, 1, true, false, NULL, NULL, NULL, NULL, 30, NULL, NULL, NULL, NULL, false, false, false, NULL, false, false, NULL, NULL, false, 243649, NULL, NULL, NULL, NULL, NULL, 10, 10, 10);
INSERT INTO product (id, project, owner, name, displayname, title, summary, description, datecreated, homepageurl, screenshotsurl, wikiurl, listurl, programminglang, downloadurl, lastdoap, sourceforgeproject, freshmeatproject, reviewed, active, fti, autoupdate, translationgroup, translationpermission, official_rosetta, official_malone, bug_supervisor, security_contact, driver, bugtracker, development_focus, homepage_content, icon, mugshot, logo, official_answers, private_bugs, private_specs, license_info, official_blueprints, enable_bug_expiration, bug_reporting_guidelines, reviewer_whiteboard, license_approved, registrant, remote_product, translation_focus, max_bug_heat, date_next_suggest_packaging, bug_reported_acknowledgement, answers_usage, blueprints_usage, translations_usage) VALUES (29, NULL, 243650, 'lies', 'Lies', 'Quick production of lies', 'Software to easily and quickly manufacture as many lies as possible. It takes truth as the input', 'description3', '2009-08-24 14:41:04.427117', NULL, NULL, NULL, NULL, NULL, NULL, NULL, NULL, NULL, false, true, NULL, false, 2, 100, true, false, NULL, NULL, NULL, NULL, 31, NULL, NULL, NULL, NULL, false, false, false, NULL, false, false, NULL, NULL, false, 243650, NULL, NULL, NULL, NULL, NULL, 10, 10, 10);


ALTER TABLE product ENABLE TRIGGER ALL;


ALTER TABLE productbounty DISABLE TRIGGER ALL;

INSERT INTO productbounty (id, bounty, product, date_created) VALUES (1, 1, 4, '2006-10-16 18:31:52.323331');
INSERT INTO productbounty (id, bounty, product, date_created) VALUES (2, 4, 5, '2006-10-16 18:31:52.325019');


ALTER TABLE productbounty ENABLE TRIGGER ALL;


ALTER TABLE productcvsmodule DISABLE TRIGGER ALL;



ALTER TABLE productcvsmodule ENABLE TRIGGER ALL;


ALTER TABLE productlicense DISABLE TRIGGER ALL;

INSERT INTO productlicense (id, product, license) VALUES (1, 1, 10);
INSERT INTO productlicense (id, product, license) VALUES (2, 1, 20);
INSERT INTO productlicense (id, product, license) VALUES (3, 23, 30);
INSERT INTO productlicense (id, product, license) VALUES (4, 24, 1000);
INSERT INTO productlicense (id, product, license) VALUES (5, 26, 1010);
INSERT INTO productlicense (id, product, license) VALUES (6, 27, 130);
INSERT INTO productlicense (id, product, license) VALUES (7, 28, 130);
INSERT INTO productlicense (id, product, license) VALUES (8, 29, 130);
INSERT INTO productlicense (id, product, license) VALUES (9, 15, 150);


ALTER TABLE productlicense ENABLE TRIGGER ALL;


ALTER TABLE productrelease DISABLE TRIGGER ALL;

INSERT INTO productrelease (id, datereleased, release_notes, changelog, owner, datecreated, milestone) VALUES (1, '2004-06-28 00:00:00', '', '', 12, '2005-06-06 08:59:51.930201', 7);
INSERT INTO productrelease (id, datereleased, release_notes, changelog, owner, datecreated, milestone) VALUES (2, '2004-06-28 00:00:00', NULL, NULL, 12, '2005-06-06 08:59:51.924844', 9);
INSERT INTO productrelease (id, datereleased, release_notes, changelog, owner, datecreated, milestone) VALUES (3, '2004-10-15 18:27:09.878302', 'What''s New

Here''s what''s new in this release of Firefox:

    * New Default Theme

      An updated Default Theme now presents a uniform appearance across all three platforms - a new crisp, clear look for Windows users. Finetuning for GNOME will follow in future releases.
    * Comprehensive Data Migration

      Switching to Firefox has never been easier now that Firefox imports data like Favorites, History, Settings, Cookies and Passwords from Internet Explorer. Firefox can also import from Mozilla 1.x, Netscape 4.x, 6.x and 7.x, and Opera. MacOS X and Linux migrators for browsers like Safari, OmniWeb, Konqueror etc. will arrive in future releases.
    * Extension/Theme Manager

      New Extension and Theme Managers provide a convenient way to manage and update your add-ons. SmartUpdate also notifies you of updates to Firefox.
    * Smaller Download

      Windows users will find Firefox is now only 4.7MB to download.
    * Help

      A new online help system is available.
    * Lots of bug fixes and improvements

      Copy Image, the ability to delete individual items from Autocomplete lists, SMB/SFTP support on GNOME via gnome-vfs, better Bookmarks, Search and many other refinements fine tune the browsing experience.

For Linux/GTK2 Users

    * Installer

      Firefox now comes with an installer for Linux/GTK2 users. The new installer makes the installation process much simpler.
    * Look and Feel Updates

      Ongoing improvements have been made to improve the way Firefox adheres to your GTK2 themes, such as menus.
    * Talkback for GTK2

      Help us nail down crashes by submitting talkback reports with this crash reporting tool.

', NULL, 16, '2005-06-06 08:59:51.929023', 6);
INSERT INTO productrelease (id, datereleased, release_notes, changelog, owner, datecreated, milestone) VALUES (4, '2004-10-15 18:31:19.164989', '', NULL, 16, '2005-06-06 08:59:51.927785', 5);
INSERT INTO productrelease (id, datereleased, release_notes, changelog, owner, datecreated, milestone) VALUES (5, '2004-10-15 18:32:35.717695', 'Security fixes

    * 250180 - [Windows] Disallow access to insecure shell: protocol.
', NULL, 16, '2005-06-06 08:59:51.926792', 4);
INSERT INTO productrelease (id, datereleased, release_notes, changelog, owner, datecreated, milestone) VALUES (6, '2005-02-28 00:00:00', NULL, 'Bugzilla bugs fixed (see http://bugzilla.ximian.com/show_bug.cgi):

 * Addressbook
   #73005 - Cannot cancel ''Contact List Editor'' (Siva)
   #73005 - offline - setting/unsetting folder offline property is not working (Sushma)
   #70371 - Evolution crashes when adding contact list (Siva)
   #67724 - When unix user name, callendar points to old username (Siva)
   #54825 - Freeze on .vcf import from MacOS X AddressBook (Christophe Fergeau)
   #73013 - ''Right'' click on a ''Contact'' cannot select ''Cut'' (Siva)

 * Calendar
   #72958 - Unable to send delayed meeting (Chen)
   #72006 - Opened existing appointments with attachment - press cancel - popup info with save / discard / cancel changes (Chen)
   #63866 - Same name can be entered twice in invitations tab (JP)
   #67714 - Invitations Tab Allows Entry Of Empty Line (JP)
   #62089 - adding contact lists to meetings impossible (JP)
   #47747 - Changes to attendee not updated until click on different row (JP)
   #61495 - Existing text is placed off screen when editing attendee field (JP)
   #28947 - adding contact list to attendee list should expand it (JP)
   #67724 - When unix user name, callendar points to old username (Siva)
   #72038 - Changes meeting to appoinment after throwing warning invalid mail id (Rodrigo)
   #69556 - Crash attaching mime parts to calendar events (Harish)

 * Mail
   #66126 - attach File Chooser is modal (Michael)
   #68549 - Answering to Usenet article doesn''t consider the "Followup-To:" field (Michael)
   #71003 - threads still running at exit (Michael)
   #62109 - Inconsistent ways of determining 8-bit Subject: and From: header charsets (Jeff)
   #34153 - Confusing Outbox semantics for deleted outgoing messages (Michael)
   #71528 - Search Selection Widget Has Repeated Items (Michael)
   #71967 - Evolution delete mail from POP3 server even is checked the option "leave the mail on server" (Michael)
   #40515 - Signature scripts do not allow switches (Michael)
   #68866 - Forward button doesn''t put newline between headers and body (Michael)
   #35219 - flag-for-followup crufting (Michael)
   #64987 - Go to next unread message doesn''t work when multiple messages are selected (Michael)
   #72337 - Evolution crashes if I click OK/Cancel on the password dialog after disabling the IMAP account (Michael)
   #70718 - Next and previous buttons don''t realize there''s new mail (Michael)
   #61363 - Setup wizard, IMAP for receiving server, sending default GW (Michael)
   #70795 - Next/Previous Message Should Only Display Listed Emails (Michael)
   #23822 - no copy text option when right-clicking on marked mail text (Rodney)
   #72266 - You shouldn''t be able to open more than one ''Select Folder'' dialog in the mail filters (Michael)
   #71429 - on NLD, menus in wrong order (Michae)l
   #72228 - cannot store into groupwise sent folder (Michael)
   #72209 - Evolution is crashing when you move a VFolder to a folder ''on this computer'' (Michael)
   #72275 - Can''t use Shift+F10 to popup context menu for link in message (Harry Lu)
   #54503 - "New" dropdown menu on toolbar has wrong widget style (Rodney)
   #72676 - Saved filter rule can''t be modified if it is selected with GOK. (Harry Lu)

 * SMIME
   #68592 - "Backup" buttons in certificate settings does nothing - work around (Michael)

 * Shell
   #33287 - "send/receive" button not greyed out when starting offline (JP)
   #48868 - Status bar changes its height when fonts are large (William Jon McCann)

 * Plugins
   #71527 - Save Calendar widget mixup between directory and file (Rodrigo)

Other bugs

 * Addressbook
   - Use new categories dialog in contact editor (Rodrigo)
   - HIG spacing fixes (Rodney)
   - Display warning dialog when GW server is old (Vivek)

 * Calendar
   - Always ensure default sources are available (Siva)
   - Don''t look up free/busy unless we need to (Harish)
   - Make sure new events don''t display twice (Chen)
   - Make sure double click opens attachments (Chen)

 * Mail
   - a11y fixes for composer (Harry Lu)
   - Use gnome-vfs API to launch external applications (Marco Pesenti Gritti)
   - New mailer context menus for messages (Rodney)

 * Shell
   - Fix leak (JP)
   - Use gnome-vfs API to open quick reference (Marco Pesenti Gritti)

 * Plugins
   - Make e-popup more robust (Michael)
   - Cleanup authors/descriptions (Björn Torkelsson)
   - out of office exchange fixes (Sushma)
   - retry send options if invalid session string (Chen)
   - set proper default port for shared folders (Vivek)

 * Miscellaneous
   - BSD runtime linking fixes (Hans)
   - distclean fixes (Björn Torkelsson)

Updated translations:
   - et (Priit Laes)
   - el (Kostas Papadimas, Nikos Charonitakis)
   - sv (Christian Rose)
   - es (Francisco Javier F. Serrador)
   - it (Luca Ferretti, Marco Ciampa)
   - da (Martin Willemoes Hansen)
   - ca (Josep Puigdemont, Xavi Conde)
   - nb (Kjartan Maraas)
   - no (Kjartan Maraas)
   - ru (Leonid Kanter)
   - gu (Ankit Patel)
   - cs (Miloslav Trmac)
   - nl (Vincent van Adrighem)
   - fi (Ilkka Tuohela)
   - pt (Duarte Loreto)
   - uk (Maxim Dziumanenko)
   - ko (Changwoo Ryu)
   - de (Frank Arnold)
   - fr (Vincent Carriere)
   - en_CA (Adam Weinberger)
   - cs (Miloslav Trmac)
   - pl (Artur Flinta)
   - bg (Vladimir Petkov)
   - ja (Takeshi AIHANA)
   - en_GB (David Lodge)
   - en_CA (Adam Weinberger)
   - lt (Zygimantas Berucka)', 12, '2005-06-06 08:59:51.919766', 8);
INSERT INTO productrelease (id, datereleased, release_notes, changelog, owner, datecreated, milestone) VALUES (7, '2005-03-10 16:20:00', NULL, NULL, 12, '2005-06-06 08:59:51.925908', 10);
INSERT INTO productrelease (id, datereleased, release_notes, changelog, owner, datecreated, milestone) VALUES (8, '2005-02-03 08:50:00', NULL, NULL, 1, '2005-09-15 09:15:49.327457', 12);
INSERT INTO productrelease (id, datereleased, release_notes, changelog, owner, datecreated, milestone) VALUES (9, '2005-06-10 10:40:00', NULL, NULL, 1, '2005-09-15 09:16:00.235886', 11);


ALTER TABLE productrelease ENABLE TRIGGER ALL;


ALTER TABLE productreleasefile DISABLE TRIGGER ALL;

INSERT INTO productreleasefile (productrelease, libraryfile, filetype, id, description, uploader, date_uploaded, fti, signature) VALUES (5, 3, 1, 2, NULL, 16, '2005-06-06 08:59:51.926792', NULL, NULL);
INSERT INTO productreleasefile (productrelease, libraryfile, filetype, id, description, uploader, date_uploaded, fti, signature) VALUES (7, 1, 1, 1, NULL, 12, '2005-06-06 08:59:51.925908', NULL, NULL);
INSERT INTO productreleasefile (productrelease, libraryfile, filetype, id, description, uploader, date_uploaded, fti, signature) VALUES (8, 85, 5, 6, 'windows installer', 1, '2008-03-17 15:37:10.252357', NULL, NULL);
INSERT INTO productreleasefile (productrelease, libraryfile, filetype, id, description, uploader, date_uploaded, fti, signature) VALUES (8, 86, 1, 7, 'os x installer', 1, '2008-03-17 15:37:22.489973', NULL, NULL);
INSERT INTO productreleasefile (productrelease, libraryfile, filetype, id, description, uploader, date_uploaded, fti, signature) VALUES (8, 87, 1, 8, 'src', 1, '2008-03-17 15:37:36.701686', NULL, NULL);
INSERT INTO productreleasefile (productrelease, libraryfile, filetype, id, description, uploader, date_uploaded, fti, signature) VALUES (8, 88, 1, 9, 'Readme file', 1, '2008-03-17 15:37:48.465157', NULL, NULL);
INSERT INTO productreleasefile (productrelease, libraryfile, filetype, id, description, uploader, date_uploaded, fti, signature) VALUES (9, 82, 1, 3, 'windows installer', 1, '2008-03-17 15:36:19.035615', NULL, NULL);
INSERT INTO productreleasefile (productrelease, libraryfile, filetype, id, description, uploader, date_uploaded, fti, signature) VALUES (9, 83, 5, 4, 'os x installer', 1, '2008-03-17 15:36:38.022812', NULL, NULL);
INSERT INTO productreleasefile (productrelease, libraryfile, filetype, id, description, uploader, date_uploaded, fti, signature) VALUES (9, 84, 1, 5, 'Readme file', 1, '2008-03-17 15:36:48.877842', NULL, NULL);
INSERT INTO productreleasefile (productrelease, libraryfile, filetype, id, description, uploader, date_uploaded, fti, signature) VALUES (9, 89, 1, 10, 'src tar', 1, '2008-03-17 15:38:16.866444', NULL, NULL);


ALTER TABLE productreleasefile ENABLE TRIGGER ALL;


ALTER TABLE productseries DISABLE TRIGGER ALL;

INSERT INTO productseries (id, product, name, summary, releasefileglob, releaseverstyle, datecreated, driver, owner, status, translations_autoimport_mode, branch, translations_branch) VALUES (1, 4, 'trunk', 'The "trunk" series represents the primary line of development rather than a stable release branch. This is sometimes also called MAIN or HEAD.', NULL, NULL, '2005-06-06 08:59:51.895136', NULL, 12, 2, 1, NULL, NULL);
INSERT INTO productseries (id, product, name, summary, releasefileglob, releaseverstyle, datecreated, driver, owner, status, translations_autoimport_mode, branch, translations_branch) VALUES (2, 4, '1.0', 'The 1.0 branch of the Mozilla web browser. Currently, this is the stable branch of Mozilla, and all stable releases are made off this branch.', NULL, NULL, '2005-06-06 08:59:51.898385', NULL, 12, 2, 1, NULL, NULL);
INSERT INTO productseries (id, product, name, summary, releasefileglob, releaseverstyle, datecreated, driver, owner, status, translations_autoimport_mode, branch, translations_branch) VALUES (3, 5, 'trunk', 'The primary "trunk" of development for this product. This series
was automatically created and represents the idea of a primary trunk
of software development without "stable branches". For most
products, releases in this series will be "milestone" or "test"
releases, and there should be other series for the stable releases
of the product.', NULL, NULL, '2005-06-06 08:59:51.914873', NULL, 12, 2, 1, 14, NULL);
INSERT INTO productseries (id, product, name, summary, releasefileglob, releaseverstyle, datecreated, driver, owner, status, translations_autoimport_mode, branch, translations_branch) VALUES (4, 8, 'trunk', 'The primary "trunk" of development for this product. This series
was automatically created and represents the idea of a primary trunk
of software development without "stable branches". For most
products, releases in this series will be "milestone" or "test"
releases, and there should be other series for the stable releases
of the product.', NULL, NULL, '2005-06-06 08:59:51.91214', NULL, 12, 2, 1, NULL, NULL);
INSERT INTO productseries (id, product, name, summary, releasefileglob, releaseverstyle, datecreated, driver, owner, status, translations_autoimport_mode, branch, translations_branch) VALUES (5, 11, 'trunk', 'The "trunk" series represents the primary line of development rather than a stable release branch. This is sometimes also called MAIN or HEAD.', NULL, NULL, '2005-06-06 08:59:51.899819', NULL, 12, 2, 1, NULL, NULL);
INSERT INTO productseries (id, product, name, summary, releasefileglob, releaseverstyle, datecreated, driver, owner, status, translations_autoimport_mode, branch, translations_branch) VALUES (6, 12, 'trunk', 'The primary upstream development branch, from which all releases are made.', NULL, NULL, '2005-06-06 08:59:51.913564', NULL, 16, 2, 1, NULL, NULL);
INSERT INTO productseries (id, product, name, summary, releasefileglob, releaseverstyle, datecreated, driver, owner, status, translations_autoimport_mode, branch, translations_branch) VALUES (7, 12, 'failedbranch', 'A branch where auto test has failed.', NULL, NULL, '2005-06-06 08:59:51.913564', NULL, 16, 2, 1, NULL, NULL);
INSERT INTO productseries (id, product, name, summary, releasefileglob, releaseverstyle, datecreated, driver, owner, status, translations_autoimport_mode, branch, translations_branch) VALUES (8, 15, 'trunk', 'The mainline for alsa-utils', NULL, NULL, '2005-09-15 09:10:03.531637', NULL, 1, 2, 1, NULL, NULL);
INSERT INTO productseries (id, product, name, summary, releasefileglob, releaseverstyle, datecreated, driver, owner, status, translations_autoimport_mode, branch, translations_branch) VALUES (9, 16, 'trunk', 'The "trunk" series represents the primary line of development rather than a stable release branch. This is sometimes also called MAIN or HEAD.', NULL, NULL, '2006-07-11 19:59:17.311451', NULL, 12, 2, 1, NULL, NULL);
INSERT INTO productseries (id, product, name, summary, releasefileglob, releaseverstyle, datecreated, driver, owner, status, translations_autoimport_mode, branch, translations_branch) VALUES (10, 14, 'trunk', 'The "trunk" series represents the primary line of development rather than a stable release branch. This is sometimes also called MAIN or HEAD.', NULL, NULL, '2006-09-11 06:16:00.934312', NULL, 12, 2, 1, NULL, NULL);
INSERT INTO productseries (id, product, name, summary, releasefileglob, releaseverstyle, datecreated, driver, owner, status, translations_autoimport_mode, branch, translations_branch) VALUES (11, 13, 'trunk', 'The "trunk" series represents the primary line of development rather than a stable release branch. This is sometimes also called MAIN or HEAD.', NULL, NULL, '2006-09-11 06:16:00.934312', NULL, 16, 2, 1, NULL, NULL);
INSERT INTO productseries (id, product, name, summary, releasefileglob, releaseverstyle, datecreated, driver, owner, status, translations_autoimport_mode, branch, translations_branch) VALUES (12, 9, 'trunk', 'The "trunk" series represents the primary line of development rather than a stable release branch. This is sometimes also called MAIN or HEAD.', NULL, NULL, '2006-09-11 06:16:00.934312', NULL, 16, 2, 1, NULL, NULL);
INSERT INTO productseries (id, product, name, summary, releasefileglob, releaseverstyle, datecreated, driver, owner, status, translations_autoimport_mode, branch, translations_branch) VALUES (13, 7, 'trunk', 'The "trunk" series represents the primary line of development rather than a stable release branch. This is sometimes also called MAIN or HEAD.', NULL, NULL, '2006-09-11 06:16:00.934312', NULL, 12, 2, 1, NULL, NULL);
INSERT INTO productseries (id, product, name, summary, releasefileglob, releaseverstyle, datecreated, driver, owner, status, translations_autoimport_mode, branch, translations_branch) VALUES (14, 6, 'trunk', 'The "trunk" series represents the primary line of development rather than a stable release branch. This is sometimes also called MAIN or HEAD.', NULL, NULL, '2006-09-11 06:16:00.934312', NULL, 12, 2, 1, NULL, NULL);
INSERT INTO productseries (id, product, name, summary, releasefileglob, releaseverstyle, datecreated, driver, owner, status, translations_autoimport_mode, branch, translations_branch) VALUES (15, 3, 'trunk', 'The "trunk" series represents the primary line of development rather than a stable release branch. This is sometimes also called MAIN or HEAD.', NULL, NULL, '2006-09-11 06:16:00.934312', NULL, 2, 2, 1, NULL, NULL);
INSERT INTO productseries (id, product, name, summary, releasefileglob, releaseverstyle, datecreated, driver, owner, status, translations_autoimport_mode, branch, translations_branch) VALUES (16, 1, 'trunk', 'The "trunk" series represents the primary line of development rather than a stable release branch. This is sometimes also called MAIN or HEAD.', NULL, NULL, '2006-09-11 06:16:00.934312', NULL, 17, 2, 1, NULL, NULL);
INSERT INTO productseries (id, product, name, summary, releasefileglob, releaseverstyle, datecreated, driver, owner, status, translations_autoimport_mode, branch, translations_branch) VALUES (17, 2, 'trunk', 'The "trunk" series represents the primary line of development rather than a stable release branch. This is sometimes also called MAIN or HEAD.', NULL, NULL, '2006-09-14 07:56:10.631636', NULL, 2, 2, 1, NULL, NULL);
INSERT INTO productseries (id, product, name, summary, releasefileglob, releaseverstyle, datecreated, driver, owner, status, translations_autoimport_mode, branch, translations_branch) VALUES (18, 10, 'trunk', 'The "trunk" series represents the primary line of development rather than a stable release branch. This is sometimes also called MAIN or HEAD.', NULL, NULL, '2006-09-14 07:56:10.631636', NULL, 2, 2, 1, NULL, NULL);
INSERT INTO productseries (id, product, name, summary, releasefileglob, releaseverstyle, datecreated, driver, owner, status, translations_autoimport_mode, branch, translations_branch) VALUES (19, 17, 'trunk', 'The "trunk" series represents the primary line of development rather than a stable release branch. This is sometimes also called MAIN or HEAD.', NULL, NULL, '2006-11-24 12:48:19.178553', NULL, 12, 2, 1, NULL, NULL);
INSERT INTO productseries (id, product, name, summary, releasefileglob, releaseverstyle, datecreated, driver, owner, status, translations_autoimport_mode, branch, translations_branch) VALUES (20, 18, 'trunk', 'The "trunk" series represents the primary line of development rather than a stable release branch. This is sometimes also called MAIN or HEAD.', NULL, NULL, '2007-03-14 18:47:04.891546', NULL, 37, 2, 1, NULL, NULL);
INSERT INTO productseries (id, product, name, summary, releasefileglob, releaseverstyle, datecreated, driver, owner, status, translations_autoimport_mode, branch, translations_branch) VALUES (21, 19, 'trunk', 'The "trunk" series represents the primary line of development rather than a stable release branch. This is sometimes also called MAIN or HEAD.', NULL, NULL, '2007-03-14 18:53:13.112116', NULL, 28, 2, 1, NULL, NULL);
INSERT INTO productseries (id, product, name, summary, releasefileglob, releaseverstyle, datecreated, driver, owner, status, translations_autoimport_mode, branch, translations_branch) VALUES (22, 20, 'trunk', 'The "trunk" series represents the primary line of development rather than a stable release branch. This is sometimes also called MAIN or HEAD.', NULL, NULL, '2007-03-15 20:11:49.501871', NULL, 14, 2, 1, NULL, NULL);
INSERT INTO productseries (id, product, name, summary, releasefileglob, releaseverstyle, datecreated, driver, owner, status, translations_autoimport_mode, branch, translations_branch) VALUES (23, 21, 'trunk', 'The "trunk" series represents the primary line of development rather than a stable release branch. This is sometimes also called MAIN or HEAD.', NULL, NULL, '2007-03-27 16:28:27.763632', NULL, 12, 2, 1, NULL, NULL);
INSERT INTO productseries (id, product, name, summary, releasefileglob, releaseverstyle, datecreated, driver, owner, status, translations_autoimport_mode, branch, translations_branch) VALUES (24, 22, 'trunk', 'The "trunk" series represents the primary line of development rather than a stable release branch. This is sometimes also called MAIN or HEAD.', NULL, NULL, '2007-04-18 20:58:56.846607', NULL, 12, 2, 1, NULL, NULL);
INSERT INTO productseries (id, product, name, summary, releasefileglob, releaseverstyle, datecreated, driver, owner, status, translations_autoimport_mode, branch, translations_branch) VALUES (25, 23, 'trunk', 'The "trunk" series represents the primary line of development rather than a stable release branch. This is sometimes also called MAIN or HEAD.', NULL, NULL, '2007-11-19 12:44:30.603892', NULL, 1, 2, 1, NULL, NULL);
INSERT INTO productseries (id, product, name, summary, releasefileglob, releaseverstyle, datecreated, driver, owner, status, translations_autoimport_mode, branch, translations_branch) VALUES (26, 24, 'trunk', 'The "trunk" series represents the primary line of development rather than a stable release branch. This is sometimes also called MAIN or HEAD.', NULL, NULL, '2008-06-27 14:51:47.366199', NULL, 243623, 2, 1, NULL, NULL);
INSERT INTO productseries (id, product, name, summary, releasefileglob, releaseverstyle, datecreated, driver, owner, status, translations_autoimport_mode, branch, translations_branch) VALUES (27, 25, 'trunk', 'The "trunk" series represents the primary line of development rather than a stable release branch. This is sometimes also called MAIN or HEAD.', NULL, NULL, '2008-10-02 10:12:40.909504', NULL, 16, 2, 1, NULL, NULL);
INSERT INTO productseries (id, product, name, summary, releasefileglob, releaseverstyle, datecreated, driver, owner, status, translations_autoimport_mode, branch, translations_branch) VALUES (28, 26, 'trunk', 'The "trunk" series represents the primary line of development rather than a stable release branch. This is sometimes also called MAIN or HEAD.', NULL, NULL, '2009-05-02 21:33:15.310312', NULL, 16, 2, 1, NULL, NULL);
INSERT INTO productseries (id, product, name, summary, releasefileglob, releaseverstyle, datecreated, driver, owner, status, translations_autoimport_mode, branch, translations_branch) VALUES (29, 27, 'trunk', 'The "trunk" series represents the primary line of development rather than a stable release branch. This is sometimes also called MAIN or HEAD.', NULL, NULL, '2009-08-24 14:36:04.699204', NULL, 243648, 2, 1, NULL, NULL);
INSERT INTO productseries (id, product, name, summary, releasefileglob, releaseverstyle, datecreated, driver, owner, status, translations_autoimport_mode, branch, translations_branch) VALUES (30, 28, 'trunk', 'The "trunk" series represents the primary line of development rather than a stable release branch. This is sometimes also called MAIN or HEAD.', NULL, NULL, '2009-08-24 14:39:04.708167', NULL, 243649, 2, 1, NULL, NULL);
INSERT INTO productseries (id, product, name, summary, releasefileglob, releaseverstyle, datecreated, driver, owner, status, translations_autoimport_mode, branch, translations_branch) VALUES (31, 29, 'trunk', 'The "trunk" series represents the primary line of development rather than a stable release branch. This is sometimes also called MAIN or HEAD.', NULL, NULL, '2009-08-24 14:41:04.427117', NULL, 243650, 2, 1, NULL, NULL);


ALTER TABLE productseries ENABLE TRIGGER ALL;


ALTER TABLE productseriescodeimport DISABLE TRIGGER ALL;



ALTER TABLE productseriescodeimport ENABLE TRIGGER ALL;


ALTER TABLE productsvnmodule DISABLE TRIGGER ALL;



ALTER TABLE productsvnmodule ENABLE TRIGGER ALL;


ALTER TABLE project DISABLE TRIGGER ALL;

INSERT INTO project (id, owner, name, displayname, title, summary, description, datecreated, homepageurl, wikiurl, lastdoap, sourceforgeproject, freshmeatproject, reviewed, active, fti, translationgroup, translationpermission, driver, bugtracker, homepage_content, icon, mugshot, logo, bug_reporting_guidelines, reviewer_whiteboard, registrant, max_bug_heat, bug_reported_acknowledgement) VALUES (1, 1, 'apache', 'Apache', 'Apache', 'The Apache projects are characterized by a collaborative, consensus based development process, an open and pragmatic software license, and a desire to create high quality software that leads the way in its field.', 'We consider ourselves not simply a group of projects sharing a server, but rather a community of developers and users.', '2004-09-24 20:58:00.633513', 'http://apache.org/', NULL, NULL, NULL, NULL, false, true, NULL, NULL, 1, NULL, NULL, NULL, NULL, NULL, NULL, NULL, NULL, 1, NULL, NULL);
INSERT INTO project (id, owner, name, displayname, title, summary, description, datecreated, homepageurl, wikiurl, lastdoap, sourceforgeproject, freshmeatproject, reviewed, active, fti, translationgroup, translationpermission, driver, bugtracker, homepage_content, icon, mugshot, logo, bug_reporting_guidelines, reviewer_whiteboard, registrant, max_bug_heat, bug_reported_acknowledgement) VALUES (2, 2, 'do-not-use-info-imports', 'DO NOT USE', 'DO NOT USE', 'DO NOT USE', 'TEMPORARY project till mirror jobs are assigned to correct project', '2004-09-24 20:58:00.637677', 'http://arch.ubuntu.com/', NULL, NULL, NULL, NULL, true, false, NULL, NULL, 1, NULL, NULL, NULL, NULL, NULL, NULL, NULL, NULL, 2, NULL, NULL);
INSERT INTO project (id, owner, name, displayname, title, summary, description, datecreated, homepageurl, wikiurl, lastdoap, sourceforgeproject, freshmeatproject, reviewed, active, fti, translationgroup, translationpermission, driver, bugtracker, homepage_content, icon, mugshot, logo, bug_reporting_guidelines, reviewer_whiteboard, registrant, max_bug_heat, bug_reported_acknowledgement) VALUES (3, 2, 'launchpad-mirrors', 'Launchpad SCM Mirrors', 'The Launchpad Mirroring Project', 'launchpad mirrors various revision control archives, that mirroring is managed here', 'A project to mirror revision control archives into Arch.', '2004-09-24 20:58:00.65398', 'http://arch.ubuntu.com/', NULL, NULL, NULL, NULL, false, true, NULL, NULL, 1, NULL, NULL, NULL, NULL, NULL, NULL, NULL, NULL, 2, NULL, NULL);
INSERT INTO project (id, owner, name, displayname, title, summary, description, datecreated, homepageurl, wikiurl, lastdoap, sourceforgeproject, freshmeatproject, reviewed, active, fti, translationgroup, translationpermission, driver, bugtracker, homepage_content, icon, mugshot, logo, bug_reporting_guidelines, reviewer_whiteboard, registrant, max_bug_heat, bug_reported_acknowledgement) VALUES (4, 12, 'mozilla', 'the Mozilla Project', 'The Mozilla Project', 'The Mozilla Project is the largest open source web browser collaborative project. Founded when Netscape released the source code to its pioneering browser in 1999, the Mozilla Project continues to set the standard for web browser technology.', 'The Mozilla Project produces several internet applications that are very widely used, and is also a center for collaboration on internet standards work by open source groups.

The Project now has several popular products, including the Firefox web browser, the Thunderbird mail client and the libraries that enable them to run on many platforms.

Organisationally, the Mozilla Project is hosted by the Mozilla Foundation, a not-for-profit company incorporated in the US.', '2004-09-24 20:58:02.177698', 'http://www.mozilla.org/', NULL, NULL, NULL, NULL, false, true, NULL, NULL, 1, NULL, NULL, NULL, NULL, NULL, NULL, NULL, NULL, 12, NULL, NULL);
INSERT INTO project (id, owner, name, displayname, title, summary, description, datecreated, homepageurl, wikiurl, lastdoap, sourceforgeproject, freshmeatproject, reviewed, active, fti, translationgroup, translationpermission, driver, bugtracker, homepage_content, icon, mugshot, logo, bug_reporting_guidelines, reviewer_whiteboard, registrant, max_bug_heat, bug_reported_acknowledgement) VALUES (5, 12, 'gnome', 'GNOME', 'The GNOME Project', 'The GNOME Project is an initiative to prduce a free desktop software framework. GNOME is more than a set of applications, it is a user interface standard (the Gnome HIG) and a set of libraries that allow applications to work together in a harmonious desktop-ish way.', 'The Gnome Project was founded (when?) to build on the success of early applications using the Gtk GUI toolkit. Many of those applications are still part of Gnome, and the Gtk toolkit remains an essential part of Gnome.

Gnome applications cover the full spectrum from office productivity applications to games, digital camera applications, and of course the Gnome Panel which acts as a launcher and general access point for apps on the desktop.', '2004-09-24 20:58:02.222154', 'http://www.gnome.org/', NULL, NULL, NULL, NULL, false, true, NULL, 2, 20, NULL, 2, NULL, NULL, NULL, NULL, NULL, NULL, 12, NULL, NULL);
INSERT INTO project (id, owner, name, displayname, title, summary, description, datecreated, homepageurl, wikiurl, lastdoap, sourceforgeproject, freshmeatproject, reviewed, active, fti, translationgroup, translationpermission, driver, bugtracker, homepage_content, icon, mugshot, logo, bug_reporting_guidelines, reviewer_whiteboard, registrant, max_bug_heat, bug_reported_acknowledgement) VALUES (6, 12, 'iso-codes-project', 'iso-codes', 'iso-codes', 'foo', 'bar', '2004-09-24 20:58:02.238443', 'http://www.gnome.org/', NULL, NULL, NULL, NULL, false, true, NULL, NULL, 1, NULL, NULL, NULL, NULL, NULL, NULL, NULL, NULL, 12, NULL, NULL);
INSERT INTO project (id, owner, name, displayname, title, summary, description, datecreated, homepageurl, wikiurl, lastdoap, sourceforgeproject, freshmeatproject, reviewed, active, fti, translationgroup, translationpermission, driver, bugtracker, homepage_content, icon, mugshot, logo, bug_reporting_guidelines, reviewer_whiteboard, registrant, max_bug_heat, bug_reported_acknowledgement) VALUES (7, 16, 'aaa', 'the Test Project', 'The Test Project', 'This is a small project that has no purpose by to serve as a test data point. The only thing this project has ever produced is products, most of which are largely unheard of. This short description is long enough.', 'Of course, one can''t say enough about the Test Project. Not only is it always there, it''s often exactly in the same state that you saw it last. And it has an amazing ability to pop up in places where you just didn''t think you''d expect to find it. Very noticeable when you least want it noticed, that sort of thing.

It would be very interesting to know whether this second paragraph of text about the test project is in fact rendered as a second paragraph, or if it all blurs together in a haze of testing. Only time will tell.', '2004-10-03 22:27:25.02843', 'http://www.testmenow.com', NULL, NULL, NULL, NULL, false, true, NULL, NULL, 1, NULL, NULL, NULL, NULL, NULL, NULL, NULL, NULL, 16, NULL, NULL);
INSERT INTO project (id, owner, name, displayname, title, summary, description, datecreated, homepageurl, wikiurl, lastdoap, sourceforgeproject, freshmeatproject, reviewed, active, fti, translationgroup, translationpermission, driver, bugtracker, homepage_content, icon, mugshot, logo, bug_reporting_guidelines, reviewer_whiteboard, registrant, max_bug_heat, bug_reported_acknowledgement) VALUES (8, 16, 'gimp', 'the GiMP Project', 'The GIMP Project', 'The GIMP Project works in the field of image manipulation and reproduction. The Project is responsible for several pieces of software, such as The GiMP and GiMP-Print.', 'Founded by Spencer Kimball in 1996 with the simple aim of producing a "paint" program, the GIMP project has become one of the defining projects of the open source world. The GIMP itself is an image manipulation program that is beginning to rival even Adobe Photoshop in features and functionality.

The project is loosely organised, with about 15 people making regular contributions. There is no fixed release schedule other than "when it is done".', '2004-10-03 22:27:45.283741', 'http://www.gimp.org/', NULL, NULL, NULL, NULL, false, true, NULL, NULL, 1, NULL, NULL, NULL, NULL, NULL, NULL, NULL, NULL, 16, NULL, NULL);


ALTER TABLE project ENABLE TRIGGER ALL;


ALTER TABLE projectbounty DISABLE TRIGGER ALL;

INSERT INTO projectbounty (id, bounty, project, date_created) VALUES (1, 1, 4, '2006-10-16 18:31:52.432002');


ALTER TABLE projectbounty ENABLE TRIGGER ALL;


ALTER TABLE projectrelationship DISABLE TRIGGER ALL;



ALTER TABLE projectrelationship ENABLE TRIGGER ALL;


ALTER TABLE pushmirroraccess DISABLE TRIGGER ALL;



ALTER TABLE pushmirroraccess ENABLE TRIGGER ALL;


ALTER TABLE question DISABLE TRIGGER ALL;

INSERT INTO question (id, owner, title, description, assignee, answerer, product, distribution, sourcepackagename, status, priority, datecreated, datelastquery, dateaccepted, datedue, datelastresponse, date_solved, dateclosed, whiteboard, fti, answer, language, faq) VALUES (1, 11, 'Firefox cannot render Bank Site', 'Hello, I''m trying to access http://www.citibank.com/ and the page is not rendering correctly. Is there a setting I can use to get it right? Thanks.', NULL, NULL, 4, NULL, NULL, 10, 10, '2005-09-05 18:46:07.392021', '2005-09-05 18:46:07.392021', NULL, NULL, NULL, NULL, NULL, NULL, NULL, NULL, 119, NULL);
INSERT INTO question (id, owner, title, description, assignee, answerer, product, distribution, sourcepackagename, status, priority, datecreated, datelastquery, dateaccepted, datedue, datelastresponse, date_solved, dateclosed, whiteboard, fti, answer, language, faq) VALUES (2, 12, 'Problem showing the SVG demo on W3C site', 'Hi! I''m trying to learn about SVG but I can''t get it to work at all in firefox. Maybe there is a plugin? Help! Thanks.', NULL, NULL, 4, NULL, NULL, 10, 10, '2005-09-05 18:47:27.657124', '2005-09-05 18:47:27.657124', NULL, NULL, NULL, NULL, NULL, NULL, NULL, NULL, 119, NULL);
INSERT INTO question (id, owner, title, description, assignee, answerer, product, distribution, sourcepackagename, status, priority, datecreated, datelastquery, dateaccepted, datedue, datelastresponse, date_solved, dateclosed, whiteboard, fti, answer, language, faq) VALUES (3, 16, 'Firefox is slow and consumes too much RAM', 'I''m running on a 486 with 32 MB ram. And Firefox is slow! What should I do?', NULL, 16, NULL, 1, 1, 30, 10, '2005-09-05 19:46:22.786269', '2005-09-05 19:46:22.786269', NULL, NULL, '2005-09-05 20:00:58.913139', '2005-09-05 20:00:58.913139', '2005-09-05 20:00:58.913139', NULL, NULL, NULL, 119, NULL);
INSERT INTO question (id, owner, title, description, assignee, answerer, product, distribution, sourcepackagename, status, priority, datecreated, datelastquery, dateaccepted, datedue, datelastresponse, date_solved, dateclosed, whiteboard, fti, answer, language, faq) VALUES (4, 16, 'Firefox loses focus and gets stuck', 'Every now and then I can''t type anything in the fields on a web form, and I have to click my mouse in the URL bar. Is that normal?', NULL, NULL, 4, NULL, NULL, 10, 10, '2005-09-05 20:03:10.967079', '2005-09-05 20:03:10.967079', NULL, NULL, NULL, NULL, NULL, NULL, NULL, NULL, 119, NULL);
INSERT INTO question (id, owner, title, description, assignee, answerer, product, distribution, sourcepackagename, status, priority, datecreated, datelastquery, dateaccepted, datedue, datelastresponse, date_solved, dateclosed, whiteboard, fti, answer, language, faq) VALUES (5, 12, 'Installation failed', 'I can''t install Ubuntu, it fails to find my CD-ROM drive.', NULL, NULL, NULL, 1, NULL, 10, 10, '2005-10-13 09:08:27.006633', '2005-10-13 09:08:27.006633', NULL, NULL, NULL, NULL, NULL, NULL, NULL, NULL, 119, NULL);
INSERT INTO question (id, owner, title, description, assignee, answerer, product, distribution, sourcepackagename, status, priority, datecreated, datelastquery, dateaccepted, datedue, datelastresponse, date_solved, dateclosed, whiteboard, fti, answer, language, faq) VALUES (6, 12, 'Newly installed plug-in doesn''t seem to be used', 'I''ve installed a new plug-in in Firefox, but it doesn''t seem to be used.', NULL, NULL, 4, NULL, NULL, 18, 10, '2005-10-14 12:24:14.271257', '2005-10-14 12:24:14.271257', NULL, NULL, '2005-10-14 12:25:21.508923', NULL, NULL, NULL, NULL, NULL, 119, NULL);
INSERT INTO question (id, owner, title, description, assignee, answerer, product, distribution, sourcepackagename, status, priority, datecreated, datelastquery, dateaccepted, datedue, datelastresponse, date_solved, dateclosed, whiteboard, fti, answer, language, faq) VALUES (7, 16, 'Slow system', 'I get really poor hard drive performance.', NULL, NULL, NULL, 1, NULL, 15, 10, '2005-10-14 13:27:35.664194', '2005-10-14 13:27:35.664194', NULL, NULL, '2005-10-14 13:28:11.554476', NULL, NULL, NULL, NULL, NULL, 119, NULL);
INSERT INTO question (id, owner, title, description, assignee, answerer, product, distribution, sourcepackagename, status, priority, datecreated, datelastquery, dateaccepted, datedue, datelastresponse, date_solved, dateclosed, whiteboard, fti, answer, language, faq) VALUES (8, 12, 'Installation of Java Runtime Environment for Mozilla', 'When opening http://www.gotomypc.com/ with Mozilla, a java run time ennvironment plugin is requested.

1) The plugin finder service indicates that JRE is available
2) next screen indicates JRE "not available" and requests "manual install"
3) clicking on "manual install" open java web site.......

Question: what after?
.......I have downloaded two available linux files "linux (self extracting)" and "linux RPM (self extracting)".', NULL, NULL, NULL, 1, 1, 18, 10, '2006-07-20 20:21:38.853569', '2006-07-20 20:21:38.853569', NULL, NULL, '2006-07-20 20:52:07.054216', NULL, NULL, NULL, NULL, NULL, 119, NULL);
INSERT INTO question (id, owner, title, description, assignee, answerer, product, distribution, sourcepackagename, status, priority, datecreated, datelastquery, dateaccepted, datedue, datelastresponse, date_solved, dateclosed, whiteboard, fti, answer, language, faq) VALUES (9, 12, 'mailto: problem in webpage', 'I am not able to open my email client if i click on a mailto:user@domain.com link in a webpage in Firefox 1.5.0.4 (ubuntu dapper).

Earlier I could do this but since balsa was installed and then uninstalled, things have not been the same. balsa used to start when a mailto: link was clicked on a webpage. balsa is an email client bundled with dapper.

I am using thunderbird as the default email client or wish that it becomes default again.', NULL, 16, NULL, 1, 1, 20, 10, '2006-07-20 20:24:52.3877', '2006-07-20 20:56:35.442839', NULL, NULL, '2006-07-20 20:49:47.551344', '2006-07-20 20:56:35.442839', NULL, NULL, NULL, 4, 119, NULL);
INSERT INTO question (id, owner, title, description, assignee, answerer, product, distribution, sourcepackagename, status, priority, datecreated, datelastquery, dateaccepted, datedue, datelastresponse, date_solved, dateclosed, whiteboard, fti, answer, language, faq) VALUES (10, 12, 'Play DVDs in Totem', 'How do you play DVDs in Totem..........?', NULL, NULL, NULL, 1, NULL, 18, 10, '2006-07-20 20:34:29.635511', '2006-07-20 20:34:29.635511', NULL, NULL, '2006-07-20 20:53:53.684848', NULL, NULL, NULL, NULL, NULL, 119, NULL);
INSERT INTO question (id, owner, title, description, assignee, answerer, product, distribution, sourcepackagename, status, priority, datecreated, datelastquery, dateaccepted, datedue, datelastresponse, date_solved, dateclosed, whiteboard, fti, answer, language, faq) VALUES (11, 12, 'Continue playing after shutdown', 'I want to be able to shut down and start a mp3 where I left off, because some mp3s are 16++ hours long.', NULL, NULL, NULL, 1, NULL, 10, 10, '2006-07-20 20:40:50.467875', '2006-07-20 23:11:24.975495', NULL, NULL, '2006-07-20 20:48:24.975495', NULL, NULL, NULL, NULL, NULL, 119, NULL);
INSERT INTO question (id, owner, title, description, assignee, answerer, product, distribution, sourcepackagename, status, priority, datecreated, datelastquery, dateaccepted, datedue, datelastresponse, date_solved, dateclosed, whiteboard, fti, answer, language, faq) VALUES (12, 13, 'Problema al recompilar kernel con soporte smp (doble-núcleo)', 'Tengo un portatil con un procesador intel centrino Cuore Duo T2300 y tengo Ubuntu Dapper instalado con la mayoría de drivers instalados, pero me falta activar el hiper-threading para que me detecte el doble núcleo ya que así utilizará al 100% la capacidad del procesador.

Para activar esta opcion (SMP) necesito recompilar la kernel (bajada desde kernel.org hoy mismo). Descomprimo el archivo del kernel e entro en el directorio que se ha creado y copio el .config que tengo hecho de la última configuracion de Ubuntu (la instalada con el cd de Ubuntu que se encuentra en la carpeta /boot/".config"). Una vez hecho esto hago el ''make oldconfig menuconfig'' y empiza el proceso, despues de unas cuantas preguntas veo que omite el paso de dejarme escoger el tipo de procesador y veo que me pone una n en la pregunta "Symmetric multi-processing support (SMP) [N/y/?] n" i tambien me escoge automaticamente la familia del procesador y me la asigna a 486 que no es el doble núcleo.

No se como hacer para que funcione el doble-núcleo recompilando la kernel, puede que haga algo mal i que me escoja automaticamente por culpa de la configuracion antigua (oldconfig) pero no lo se. Que hago mal?

', NULL, NULL, NULL, 1, NULL, 10, 10, '2006-10-20 16:52:18.179187', '2006-10-20 16:52:18.179187', NULL, NULL, NULL, NULL, NULL, NULL, NULL, NULL, 387, NULL);
INSERT INTO question (id, owner, title, description, assignee, answerer, product, distribution, sourcepackagename, status, priority, datecreated, datelastquery, dateaccepted, datedue, datelastresponse, date_solved, dateclosed, whiteboard, fti, answer, language, faq) VALUES (13, 29, 'Problemas de Impressão no Firefox', 'Olá a todos!

Não sei se isso acontece com todo mundo, mas aqui não consigo imprimir corretamente uma página com o Firefox, sempre sai cortado. Minha impressora é uma HP400 e uso papel A4, mas a impressão sai sempre como se estivesse selecionado o tamanho "letter", e isso mesmo mudando no mozilla para A4. Creio que não é um problema de configuração de impressora, pois isso só acontece com o Mozilla, em outros programas a impressão é normal.', NULL, NULL, 4, NULL, NULL, 10, 10, '2006-10-20 17:03:21.847064', '2006-10-20 17:03:21.847064', NULL, NULL, NULL, NULL, NULL, NULL, NULL, NULL, 521, NULL);
INSERT INTO question (id, owner, title, description, assignee, answerer, product, distribution, sourcepackagename, status, priority, datecreated, datelastquery, dateaccepted, datedue, datelastresponse, date_solved, dateclosed, whiteboard, fti, answer, language, faq) VALUES (14, 12, 'عكس التغييرات غير المحفوظة للمستن؟', 'Testing Arabic writing direction (in Firefox) in questions.', NULL, NULL, NULL, 1, NULL, 10, 10, '2001-07-03 21:30:51.583356', '2001-07-03 21:30:51.583356', NULL, NULL, NULL, NULL, NULL, NULL, NULL, NULL, 18, NULL);


ALTER TABLE question ENABLE TRIGGER ALL;


ALTER TABLE questionbug DISABLE TRIGGER ALL;



ALTER TABLE questionbug ENABLE TRIGGER ALL;


ALTER TABLE questionmessage DISABLE TRIGGER ALL;

INSERT INTO questionmessage (id, question, message, action, new_status) VALUES (1, 6, 12, 35, 18);
INSERT INTO questionmessage (id, question, message, action, new_status) VALUES (2, 7, 13, 10, 15);
INSERT INTO questionmessage (id, question, message, action, new_status) VALUES (3, 11, 18, 35, 18);
INSERT INTO questionmessage (id, question, message, action, new_status) VALUES (4, 9, 19, 35, 18);
INSERT INTO questionmessage (id, question, message, action, new_status) VALUES (5, 8, 20, 35, 18);
INSERT INTO questionmessage (id, question, message, action, new_status) VALUES (6, 10, 21, 35, 18);
INSERT INTO questionmessage (id, question, message, action, new_status) VALUES (7, 9, 22, 40, 20);
INSERT INTO questionmessage (id, question, message, action, new_status) VALUES (8, 11, 23, 80, 10);


ALTER TABLE questionmessage ENABLE TRIGGER ALL;


ALTER TABLE questionreopening DISABLE TRIGGER ALL;



ALTER TABLE questionreopening ENABLE TRIGGER ALL;


ALTER TABLE questionsubscription DISABLE TRIGGER ALL;

INSERT INTO questionsubscription (id, question, person, date_created) VALUES (1, 7, 16, '2006-10-16 18:31:53.201104');
INSERT INTO questionsubscription (id, question, person, date_created) VALUES (2, 3, 16, '2006-10-16 18:31:53.202983');
INSERT INTO questionsubscription (id, question, person, date_created) VALUES (3, 8, 12, '2006-10-16 18:31:53.203527');
INSERT INTO questionsubscription (id, question, person, date_created) VALUES (4, 9, 12, '2006-10-16 18:31:53.204048');
INSERT INTO questionsubscription (id, question, person, date_created) VALUES (5, 10, 12, '2006-10-16 18:31:53.204568');
INSERT INTO questionsubscription (id, question, person, date_created) VALUES (6, 11, 12, '2006-10-16 18:31:53.205087');
INSERT INTO questionsubscription (id, question, person, date_created) VALUES (7, 12, 13, '2006-11-09 16:52:18.179187');
INSERT INTO questionsubscription (id, question, person, date_created) VALUES (8, 13, 29, '2006-11-09 17:03:21.847064');
INSERT INTO questionsubscription (id, question, person, date_created) VALUES (9, 14, 12, '2001-07-03 21:30:51.583356');


ALTER TABLE questionsubscription ENABLE TRIGGER ALL;


ALTER TABLE requestedcds DISABLE TRIGGER ALL;

INSERT INTO requestedcds (id, request, quantity, flavour, distroseries, architecture, quantityapproved) VALUES (1, 1, 8, 1, 4, 1, 8);
INSERT INTO requestedcds (id, request, quantity, flavour, distroseries, architecture, quantityapproved) VALUES (2, 1, 1, 1, 4, 2, 1);
INSERT INTO requestedcds (id, request, quantity, flavour, distroseries, architecture, quantityapproved) VALUES (3, 1, 1, 1, 4, 3, 1);
INSERT INTO requestedcds (id, request, quantity, flavour, distroseries, architecture, quantityapproved) VALUES (4, 2, 5, 1, 4, 1, 5);
INSERT INTO requestedcds (id, request, quantity, flavour, distroseries, architecture, quantityapproved) VALUES (7, 3, 10, 1, 4, 1, 10);
INSERT INTO requestedcds (id, request, quantity, flavour, distroseries, architecture, quantityapproved) VALUES (11, 4, 1, 1, 4, 2, 1);
INSERT INTO requestedcds (id, request, quantity, flavour, distroseries, architecture, quantityapproved) VALUES (13, 5, 1, 1, 4, 3, 1);
INSERT INTO requestedcds (id, request, quantity, flavour, distroseries, architecture, quantityapproved) VALUES (14, 5, 1, 2, 4, 1, 1);
INSERT INTO requestedcds (id, request, quantity, flavour, distroseries, architecture, quantityapproved) VALUES (16, 6, 10, 2, 4, 1, 10);
INSERT INTO requestedcds (id, request, quantity, flavour, distroseries, architecture, quantityapproved) VALUES (19, 7, 5, 2, 4, 2, 5);
INSERT INTO requestedcds (id, request, quantity, flavour, distroseries, architecture, quantityapproved) VALUES (36, 12, 10, 1, 4, 1, 10);
INSERT INTO requestedcds (id, request, quantity, flavour, distroseries, architecture, quantityapproved) VALUES (37, 13, 5, 3, 4, 1, 5);
INSERT INTO requestedcds (id, request, quantity, flavour, distroseries, architecture, quantityapproved) VALUES (40, 14, 9, 1, 1, 1, 9);
INSERT INTO requestedcds (id, request, quantity, flavour, distroseries, architecture, quantityapproved) VALUES (41, 14, 6, 1, 1, 2, 6);
INSERT INTO requestedcds (id, request, quantity, flavour, distroseries, architecture, quantityapproved) VALUES (42, 14, 9, 1, 1, 3, 9);
INSERT INTO requestedcds (id, request, quantity, flavour, distroseries, architecture, quantityapproved) VALUES (43, 15, 9, 1, 1, 1, 9);
INSERT INTO requestedcds (id, request, quantity, flavour, distroseries, architecture, quantityapproved) VALUES (44, 15, 6, 1, 1, 2, 6);
INSERT INTO requestedcds (id, request, quantity, flavour, distroseries, architecture, quantityapproved) VALUES (45, 15, 9, 1, 1, 3, 9);
INSERT INTO requestedcds (id, request, quantity, flavour, distroseries, architecture, quantityapproved) VALUES (136, 16, 5, 3, 4, 1, 5);
INSERT INTO requestedcds (id, request, quantity, flavour, distroseries, architecture, quantityapproved) VALUES (137, 16, 5, 2, 4, 1, 5);
INSERT INTO requestedcds (id, request, quantity, flavour, distroseries, architecture, quantityapproved) VALUES (145, 17, 8, 2, 4, 1, 8);
INSERT INTO requestedcds (id, request, quantity, flavour, distroseries, architecture, quantityapproved) VALUES (146, 17, 2, 2, 4, 2, 2);
INSERT INTO requestedcds (id, request, quantity, flavour, distroseries, architecture, quantityapproved) VALUES (154, 18, 1, 3, 4, 1, 1);
INSERT INTO requestedcds (id, request, quantity, flavour, distroseries, architecture, quantityapproved) VALUES (155, 19, 50, 1, 3, 1, 50);
INSERT INTO requestedcds (id, request, quantity, flavour, distroseries, architecture, quantityapproved) VALUES (156, 19, 0, 1, 3, 2, 0);
INSERT INTO requestedcds (id, request, quantity, flavour, distroseries, architecture, quantityapproved) VALUES (157, 19, 0, 1, 3, 3, 0);
INSERT INTO requestedcds (id, request, quantity, flavour, distroseries, architecture, quantityapproved) VALUES (158, 19, 50, 2, 3, 1, 50);
INSERT INTO requestedcds (id, request, quantity, flavour, distroseries, architecture, quantityapproved) VALUES (159, 19, 0, 2, 3, 2, 0);
INSERT INTO requestedcds (id, request, quantity, flavour, distroseries, architecture, quantityapproved) VALUES (160, 19, 50, 3, 3, 1, 50);
INSERT INTO requestedcds (id, request, quantity, flavour, distroseries, architecture, quantityapproved) VALUES (161, 20, 8, 1, 4, 1, 0);
INSERT INTO requestedcds (id, request, quantity, flavour, distroseries, architecture, quantityapproved) VALUES (166, 21, 1, 1, 6, 1, 1);
INSERT INTO requestedcds (id, request, quantity, flavour, distroseries, architecture, quantityapproved) VALUES (167, 21, 0, 1, 6, 2, 0);
INSERT INTO requestedcds (id, request, quantity, flavour, distroseries, architecture, quantityapproved) VALUES (168, 21, 0, 1, 6, 3, 0);
INSERT INTO requestedcds (id, request, quantity, flavour, distroseries, architecture, quantityapproved) VALUES (169, 21, 5, 2, 6, 1, 5);
INSERT INTO requestedcds (id, request, quantity, flavour, distroseries, architecture, quantityapproved) VALUES (170, 21, 0, 2, 6, 2, 0);
INSERT INTO requestedcds (id, request, quantity, flavour, distroseries, architecture, quantityapproved) VALUES (171, 21, 0, 2, 6, 3, 0);


ALTER TABLE requestedcds ENABLE TRIGGER ALL;


ALTER TABLE revision DISABLE TRIGGER ALL;

INSERT INTO revision (id, date_created, log_body, revision_author, gpgkey, revision_id, revision_date, karma_allocated) VALUES (1, '2005-03-09 15:45:00', 'Import of Mozilla Firefox 0.9.2', 1, NULL, 'mozilla@arch.ubuntu.com/mozilla--release--0.9.2--base-0', '2005-03-09 15:40:00', false);
INSERT INTO revision (id, date_created, log_body, revision_author, gpgkey, revision_id, revision_date, karma_allocated) VALUES (2, '2005-03-09 15:50:00', 'Import of Mozilla Firefox 0.9.1', 1, NULL, 'mozilla@arch.ubuntu.com/mozilla--release--0.9.1--base-0', '2005-03-09 15:45:00', false);
INSERT INTO revision (id, date_created, log_body, revision_author, gpgkey, revision_id, revision_date, karma_allocated) VALUES (3, '2005-03-09 15:55:00', 'Import of Mozilla Firefox 0.9', 1, NULL, 'mozilla@arch.ubuntu.com/mozilla--release--0.9--base-0', '2005-03-09 15:50:00', false);
INSERT INTO revision (id, date_created, log_body, revision_author, gpgkey, revision_id, revision_date, karma_allocated) VALUES (4, '2005-10-31 17:21:47.38177', 'initial import (empty)', 11, NULL, 'test@canonical.com-20051031165248-6f1bb97973c2b4f4', '2005-10-31 11:52:48.37692', false);
INSERT INTO revision (id, date_created, log_body, revision_author, gpgkey, revision_id, revision_date, karma_allocated) VALUES (5, '2005-10-31 17:21:47.66327', 'add foo', 11, NULL, 'test@canonical.com-20051031165338-5f2f3d6b10bb3bf0', '2005-10-31 11:53:38.324658', false);
INSERT INTO revision (id, date_created, log_body, revision_author, gpgkey, revision_id, revision_date, karma_allocated) VALUES (6, '2005-10-31 17:21:47.701102', 'fix bug 1', 11, NULL, 'test@canonical.com-20051031165532-3113df343e494daa', '2005-10-31 11:55:32.559368', false);
INSERT INTO revision (id, date_created, log_body, revision_author, gpgkey, revision_id, revision_date, karma_allocated) VALUES (7, '2005-10-31 17:21:47.745231', 'merge new feature', 13, NULL, 'test@canonical.com-20051031165901-43b9644ec2eacc4e', '2005-10-31 11:59:01.742211', false);
INSERT INTO revision (id, date_created, log_body, revision_author, gpgkey, revision_id, revision_date, karma_allocated) VALUES (8, '2005-10-31 17:21:47.786347', 'resolve criss-cross', 12, NULL, 'foo@localhost-20051031170239-5fce7d6bd3f01efc', '2005-10-31 12:02:39.750015', false);
INSERT INTO revision (id, date_created, log_body, revision_author, gpgkey, revision_id, revision_date, karma_allocated) VALUES (9, '2005-10-31 17:21:47.82293', 'fix bug in bar', 12, NULL, 'foo@localhost-20051031170357-1301ad6d387feb23', '2005-10-31 12:03:57.157495', false);
INSERT INTO revision (id, date_created, log_body, revision_author, gpgkey, revision_id, revision_date, karma_allocated) VALUES (10, '2005-10-31 17:21:47.917914', 'add a new feature', 12, NULL, 'foo@localhost-20051031165758-48acedf2b6a2e898', '2005-10-31 11:57:58.936419', false);
INSERT INTO revision (id, date_created, log_body, revision_author, gpgkey, revision_id, revision_date, karma_allocated) VALUES (11, '2005-10-31 17:21:47.954856', 'merge foo bugfix', 12, NULL, 'foo@localhost-20051031170008-098959758bf79803', '2005-10-31 12:00:08.648379', false);


ALTER TABLE revision ENABLE TRIGGER ALL;


ALTER TABLE revisionauthor DISABLE TRIGGER ALL;

INSERT INTO revisionauthor (id, name, email, person) VALUES (1, 'mark.shuttleworth', NULL, NULL);
INSERT INTO revisionauthor (id, name, email, person) VALUES (2, 'steve.alexander', NULL, NULL);
INSERT INTO revisionauthor (id, name, email, person) VALUES (3, 'alexander.limi', NULL, NULL);
INSERT INTO revisionauthor (id, name, email, person) VALUES (4, 'james.blackwell', NULL, NULL);
INSERT INTO revisionauthor (id, name, email, person) VALUES (5, 'christian.reis', NULL, NULL);
INSERT INTO revisionauthor (id, name, email, person) VALUES (6, 'colin.watson', NULL, NULL);
INSERT INTO revisionauthor (id, name, email, person) VALUES (7, 'scott.james.remnant', NULL, NULL);
INSERT INTO revisionauthor (id, name, email, person) VALUES (8, 'andrew.bennetts', NULL, NULL);
INSERT INTO revisionauthor (id, name, email, person) VALUES (9, 'dave.miller', NULL, NULL);
INSERT INTO revisionauthor (id, name, email, person) VALUES (10, 'jeff.waugh', NULL, NULL);
INSERT INTO revisionauthor (id, name, email, person) VALUES (11, 'Sample Committer <test@canonical.com>', 'test@canonical.com', 12);
INSERT INTO revisionauthor (id, name, email, person) VALUES (12, 'foo <foo@localhost>', 'foo@localhost', NULL);
INSERT INTO revisionauthor (id, name, email, person) VALUES (13, 'bar@localhost', 'bar@localhost', NULL);


ALTER TABLE revisionauthor ENABLE TRIGGER ALL;


ALTER TABLE revisioncache DISABLE TRIGGER ALL;



ALTER TABLE revisioncache ENABLE TRIGGER ALL;


ALTER TABLE revisionparent DISABLE TRIGGER ALL;

INSERT INTO revisionparent (id, sequence, revision, parent_id) VALUES (1, 0, 5, 'test@canonical.com-20051031165248-6f1bb97973c2b4f4');
INSERT INTO revisionparent (id, sequence, revision, parent_id) VALUES (2, 0, 6, 'test@canonical.com-20051031165338-5f2f3d6b10bb3bf0');
INSERT INTO revisionparent (id, sequence, revision, parent_id) VALUES (3, 0, 7, 'test@canonical.com-20051031165532-3113df343e494daa');
INSERT INTO revisionparent (id, sequence, revision, parent_id) VALUES (4, 1, 7, 'foo@localhost-20051031165758-48acedf2b6a2e898');
INSERT INTO revisionparent (id, sequence, revision, parent_id) VALUES (5, 0, 8, 'foo@localhost-20051031170008-098959758bf79803');
INSERT INTO revisionparent (id, sequence, revision, parent_id) VALUES (6, 1, 8, 'test@canonical.com-20051031165901-43b9644ec2eacc4e');
INSERT INTO revisionparent (id, sequence, revision, parent_id) VALUES (7, 0, 9, 'foo@localhost-20051031170239-5fce7d6bd3f01efc');
INSERT INTO revisionparent (id, sequence, revision, parent_id) VALUES (8, 0, 10, 'test@canonical.com-20051031165338-5f2f3d6b10bb3bf0');
INSERT INTO revisionparent (id, sequence, revision, parent_id) VALUES (9, 0, 11, 'foo@localhost-20051031165758-48acedf2b6a2e898');
INSERT INTO revisionparent (id, sequence, revision, parent_id) VALUES (10, 1, 11, 'test@canonical.com-20051031165532-3113df343e494daa');


ALTER TABLE revisionparent ENABLE TRIGGER ALL;


ALTER TABLE revisionproperty DISABLE TRIGGER ALL;

INSERT INTO revisionproperty (id, revision, name, value) VALUES (1, 11, 'lp:foo', 'extended value');
INSERT INTO revisionproperty (id, revision, name, value) VALUES (2, 11, 'lp:bar', '455');


ALTER TABLE revisionproperty ENABLE TRIGGER ALL;


ALTER TABLE scriptactivity DISABLE TRIGGER ALL;

INSERT INTO scriptactivity (id, name, hostname, date_started, date_completed) VALUES (1, 'launchpad-targetnamecacheupdater', 'whatever', '2007-08-08 17:02:22.963565', '2007-08-08 17:02:23.869575');
INSERT INTO scriptactivity (id, name, hostname, date_started, date_completed) VALUES (2, 'script-monitor-test', 'localhost', '2007-05-23 00:00:00', '2007-05-23 01:00:00');


ALTER TABLE scriptactivity ENABLE TRIGGER ALL;


ALTER TABLE section DISABLE TRIGGER ALL;

INSERT INTO section (id, name) VALUES (1, 'base');
INSERT INTO section (id, name) VALUES (2, 'web');
INSERT INTO section (id, name) VALUES (3, 'editors');
INSERT INTO section (id, name) VALUES (4, 'admin');
INSERT INTO section (id, name) VALUES (5, 'comm');
INSERT INTO section (id, name) VALUES (6, 'debian-installer');
INSERT INTO section (id, name) VALUES (7, 'devel');
INSERT INTO section (id, name) VALUES (8, 'doc');
INSERT INTO section (id, name) VALUES (9, 'games');
INSERT INTO section (id, name) VALUES (10, 'gnome');
INSERT INTO section (id, name) VALUES (11, 'graphics');
INSERT INTO section (id, name) VALUES (12, 'interpreters');
INSERT INTO section (id, name) VALUES (13, 'kde');
INSERT INTO section (id, name) VALUES (14, 'libdevel');
INSERT INTO section (id, name) VALUES (15, 'libs');
INSERT INTO section (id, name) VALUES (16, 'mail');
INSERT INTO section (id, name) VALUES (17, 'math');
INSERT INTO section (id, name) VALUES (18, 'misc');
INSERT INTO section (id, name) VALUES (19, 'net');
INSERT INTO section (id, name) VALUES (20, 'news');
INSERT INTO section (id, name) VALUES (21, 'oldlibs');
INSERT INTO section (id, name) VALUES (22, 'otherosfs');
INSERT INTO section (id, name) VALUES (23, 'perl');
INSERT INTO section (id, name) VALUES (24, 'python');
INSERT INTO section (id, name) VALUES (25, 'shells');
INSERT INTO section (id, name) VALUES (26, 'sound');
INSERT INTO section (id, name) VALUES (27, 'tex');
INSERT INTO section (id, name) VALUES (28, 'text');
INSERT INTO section (id, name) VALUES (29, 'translations');
INSERT INTO section (id, name) VALUES (30, 'utils');
INSERT INTO section (id, name) VALUES (31, 'x11');
INSERT INTO section (id, name) VALUES (32, 'electronics');
INSERT INTO section (id, name) VALUES (33, 'embedded');
INSERT INTO section (id, name) VALUES (34, 'hamradio');
INSERT INTO section (id, name) VALUES (35, 'science');


ALTER TABLE section ENABLE TRIGGER ALL;


ALTER TABLE sectionselection DISABLE TRIGGER ALL;

INSERT INTO sectionselection (id, distroseries, section, date_created) VALUES (1, 3, 3, '2006-10-16 18:31:52.554214');
INSERT INTO sectionselection (id, distroseries, section, date_created) VALUES (2, 10, 4, '2006-10-16 18:31:52.556171');
INSERT INTO sectionselection (id, distroseries, section, date_created) VALUES (3, 10, 1, '2006-10-16 18:31:52.55668');
INSERT INTO sectionselection (id, distroseries, section, date_created) VALUES (4, 10, 5, '2006-10-16 18:31:52.557165');
INSERT INTO sectionselection (id, distroseries, section, date_created) VALUES (5, 10, 6, '2006-10-16 18:31:52.557648');
INSERT INTO sectionselection (id, distroseries, section, date_created) VALUES (6, 10, 7, '2006-10-16 18:31:52.55813');
INSERT INTO sectionselection (id, distroseries, section, date_created) VALUES (7, 10, 8, '2006-10-16 18:31:52.558612');
INSERT INTO sectionselection (id, distroseries, section, date_created) VALUES (8, 10, 3, '2006-10-16 18:31:52.55928');
INSERT INTO sectionselection (id, distroseries, section, date_created) VALUES (9, 10, 9, '2006-10-16 18:31:52.559767');
INSERT INTO sectionselection (id, distroseries, section, date_created) VALUES (10, 10, 10, '2006-10-16 18:31:52.560249');
INSERT INTO sectionselection (id, distroseries, section, date_created) VALUES (11, 10, 11, '2006-10-16 18:31:52.560731');
INSERT INTO sectionselection (id, distroseries, section, date_created) VALUES (12, 10, 12, '2006-10-16 18:31:52.561213');
INSERT INTO sectionselection (id, distroseries, section, date_created) VALUES (13, 10, 13, '2006-10-16 18:31:52.561746');
INSERT INTO sectionselection (id, distroseries, section, date_created) VALUES (14, 10, 14, '2006-10-16 18:31:52.562229');
INSERT INTO sectionselection (id, distroseries, section, date_created) VALUES (15, 10, 15, '2006-10-16 18:31:52.562711');
INSERT INTO sectionselection (id, distroseries, section, date_created) VALUES (16, 10, 16, '2006-10-16 18:31:52.563298');
INSERT INTO sectionselection (id, distroseries, section, date_created) VALUES (17, 10, 17, '2006-10-16 18:31:52.563865');
INSERT INTO sectionselection (id, distroseries, section, date_created) VALUES (18, 10, 18, '2006-10-16 18:31:52.564348');
INSERT INTO sectionselection (id, distroseries, section, date_created) VALUES (19, 10, 19, '2006-10-16 18:31:52.564828');
INSERT INTO sectionselection (id, distroseries, section, date_created) VALUES (20, 10, 20, '2006-10-16 18:31:52.565309');
INSERT INTO sectionselection (id, distroseries, section, date_created) VALUES (21, 10, 21, '2006-10-16 18:31:52.565791');
INSERT INTO sectionselection (id, distroseries, section, date_created) VALUES (22, 10, 22, '2006-10-16 18:31:52.566272');
INSERT INTO sectionselection (id, distroseries, section, date_created) VALUES (23, 10, 22, '2006-10-16 18:31:52.566754');
INSERT INTO sectionselection (id, distroseries, section, date_created) VALUES (24, 10, 23, '2006-10-16 18:31:52.56725');
INSERT INTO sectionselection (id, distroseries, section, date_created) VALUES (25, 10, 24, '2006-10-16 18:31:52.567731');
INSERT INTO sectionselection (id, distroseries, section, date_created) VALUES (26, 10, 25, '2006-10-16 18:31:52.568213');
INSERT INTO sectionselection (id, distroseries, section, date_created) VALUES (27, 10, 26, '2006-10-16 18:31:52.568694');
INSERT INTO sectionselection (id, distroseries, section, date_created) VALUES (28, 10, 27, '2006-10-16 18:31:52.569242');
INSERT INTO sectionselection (id, distroseries, section, date_created) VALUES (29, 10, 28, '2006-10-16 18:31:52.569724');
INSERT INTO sectionselection (id, distroseries, section, date_created) VALUES (30, 10, 30, '2006-10-16 18:31:52.570205');
INSERT INTO sectionselection (id, distroseries, section, date_created) VALUES (31, 10, 2, '2006-10-16 18:31:52.570686');
INSERT INTO sectionselection (id, distroseries, section, date_created) VALUES (32, 10, 31, '2006-10-16 18:31:52.57132');
INSERT INTO sectionselection (id, distroseries, section, date_created) VALUES (33, 10, 29, '2006-10-16 18:31:52.571803');
INSERT INTO sectionselection (id, distroseries, section, date_created) VALUES (34, 10, 32, '2006-10-16 18:31:52.572283');
INSERT INTO sectionselection (id, distroseries, section, date_created) VALUES (35, 10, 33, '2006-10-16 18:31:52.572764');
INSERT INTO sectionselection (id, distroseries, section, date_created) VALUES (36, 10, 34, '2006-10-16 18:31:52.573246');
INSERT INTO sectionselection (id, distroseries, section, date_created) VALUES (37, 10, 35, '2006-10-16 18:31:52.573795');
INSERT INTO sectionselection (id, distroseries, section, date_created) VALUES (38, 11, 4, '2006-10-16 18:31:52.574347');
INSERT INTO sectionselection (id, distroseries, section, date_created) VALUES (39, 11, 1, '2006-10-16 18:31:52.574976');
INSERT INTO sectionselection (id, distroseries, section, date_created) VALUES (40, 11, 5, '2006-10-16 18:31:52.575462');
INSERT INTO sectionselection (id, distroseries, section, date_created) VALUES (41, 11, 6, '2006-10-16 18:31:52.575944');
INSERT INTO sectionselection (id, distroseries, section, date_created) VALUES (42, 11, 7, '2006-10-16 18:31:52.576425');
INSERT INTO sectionselection (id, distroseries, section, date_created) VALUES (43, 11, 8, '2006-10-16 18:31:52.576906');
INSERT INTO sectionselection (id, distroseries, section, date_created) VALUES (44, 11, 3, '2006-10-16 18:31:52.577387');
INSERT INTO sectionselection (id, distroseries, section, date_created) VALUES (45, 11, 9, '2006-10-16 18:31:52.577868');
INSERT INTO sectionselection (id, distroseries, section, date_created) VALUES (46, 11, 10, '2006-10-16 18:31:52.578349');
INSERT INTO sectionselection (id, distroseries, section, date_created) VALUES (47, 11, 11, '2006-10-16 18:31:52.57883');
INSERT INTO sectionselection (id, distroseries, section, date_created) VALUES (48, 11, 12, '2006-10-16 18:31:52.579504');
INSERT INTO sectionselection (id, distroseries, section, date_created) VALUES (49, 11, 13, '2006-10-16 18:31:52.579986');
INSERT INTO sectionselection (id, distroseries, section, date_created) VALUES (50, 11, 14, '2006-10-16 18:31:52.580466');
INSERT INTO sectionselection (id, distroseries, section, date_created) VALUES (51, 11, 15, '2006-10-16 18:31:52.580946');
INSERT INTO sectionselection (id, distroseries, section, date_created) VALUES (52, 11, 16, '2006-10-16 18:31:52.581452');
INSERT INTO sectionselection (id, distroseries, section, date_created) VALUES (53, 11, 17, '2006-10-16 18:31:52.581933');
INSERT INTO sectionselection (id, distroseries, section, date_created) VALUES (54, 11, 18, '2006-10-16 18:31:52.582414');
INSERT INTO sectionselection (id, distroseries, section, date_created) VALUES (55, 11, 19, '2006-10-16 18:31:52.583019');
INSERT INTO sectionselection (id, distroseries, section, date_created) VALUES (56, 11, 20, '2006-10-16 18:31:52.583507');
INSERT INTO sectionselection (id, distroseries, section, date_created) VALUES (57, 11, 21, '2006-10-16 18:31:52.583987');
INSERT INTO sectionselection (id, distroseries, section, date_created) VALUES (58, 11, 22, '2006-10-16 18:31:52.584468');
INSERT INTO sectionselection (id, distroseries, section, date_created) VALUES (59, 11, 22, '2006-10-16 18:31:52.584949');
INSERT INTO sectionselection (id, distroseries, section, date_created) VALUES (60, 11, 23, '2006-10-16 18:31:52.585429');
INSERT INTO sectionselection (id, distroseries, section, date_created) VALUES (61, 11, 24, '2006-10-16 18:31:52.585909');
INSERT INTO sectionselection (id, distroseries, section, date_created) VALUES (62, 11, 25, '2006-10-16 18:31:52.58639');
INSERT INTO sectionselection (id, distroseries, section, date_created) VALUES (63, 11, 26, '2006-10-16 18:31:52.586983');
INSERT INTO sectionselection (id, distroseries, section, date_created) VALUES (64, 11, 27, '2006-10-16 18:31:52.587471');
INSERT INTO sectionselection (id, distroseries, section, date_created) VALUES (65, 11, 28, '2006-10-16 18:31:52.587965');
INSERT INTO sectionselection (id, distroseries, section, date_created) VALUES (66, 11, 30, '2006-10-16 18:31:52.588478');
INSERT INTO sectionselection (id, distroseries, section, date_created) VALUES (67, 11, 2, '2006-10-16 18:31:52.588959');
INSERT INTO sectionselection (id, distroseries, section, date_created) VALUES (68, 11, 31, '2006-10-16 18:31:52.589439');
INSERT INTO sectionselection (id, distroseries, section, date_created) VALUES (69, 11, 29, '2006-10-16 18:31:52.589921');
INSERT INTO sectionselection (id, distroseries, section, date_created) VALUES (70, 11, 32, '2006-10-16 18:31:52.590401');
INSERT INTO sectionselection (id, distroseries, section, date_created) VALUES (71, 11, 33, '2006-10-16 18:31:52.590991');
INSERT INTO sectionselection (id, distroseries, section, date_created) VALUES (72, 11, 34, '2006-10-16 18:31:52.591477');
INSERT INTO sectionselection (id, distroseries, section, date_created) VALUES (73, 11, 35, '2006-10-16 18:31:52.591958');
INSERT INTO sectionselection (id, distroseries, section, date_created) VALUES (74, 3, 1, '2006-10-16 18:31:52.592438');
INSERT INTO sectionselection (id, distroseries, section, date_created) VALUES (75, 3, 2, '2006-10-16 18:31:52.592918');
INSERT INTO sectionselection (id, distroseries, section, date_created) VALUES (76, 3, 4, '2006-10-16 18:31:52.593398');
INSERT INTO sectionselection (id, distroseries, section, date_created) VALUES (77, 1, 1, '2006-10-16 18:31:52.593877');
INSERT INTO sectionselection (id, distroseries, section, date_created) VALUES (78, 1, 2, '2006-10-16 18:31:52.594357');
INSERT INTO sectionselection (id, distroseries, section, date_created) VALUES (79, 1, 3, '2006-10-16 18:31:52.594837');
INSERT INTO sectionselection (id, distroseries, section, date_created) VALUES (80, 1, 4, '2006-10-16 18:31:52.595418');
INSERT INTO sectionselection (id, distroseries, section, date_created) VALUES (81, 1, 7, '2007-02-09 10:31:52.595418');
INSERT INTO sectionselection (id, distroseries, section, date_created) VALUES (82, 3, 7, '2007-02-09 10:31:52.595418');
INSERT INTO sectionselection (id, distroseries, section, date_created) VALUES (83, 3, 29, '2007-02-15 12:31:52.595418');


ALTER TABLE sectionselection ENABLE TRIGGER ALL;


ALTER TABLE seriessourcepackagebranch DISABLE TRIGGER ALL;



ALTER TABLE seriessourcepackagebranch ENABLE TRIGGER ALL;


ALTER TABLE shipitreport DISABLE TRIGGER ALL;



ALTER TABLE shipitreport ENABLE TRIGGER ALL;


ALTER TABLE shipitsurvey DISABLE TRIGGER ALL;



ALTER TABLE shipitsurvey ENABLE TRIGGER ALL;


ALTER TABLE shipitsurveyanswer DISABLE TRIGGER ALL;



ALTER TABLE shipitsurveyanswer ENABLE TRIGGER ALL;


ALTER TABLE shipitsurveyquestion DISABLE TRIGGER ALL;



ALTER TABLE shipitsurveyquestion ENABLE TRIGGER ALL;


ALTER TABLE shipitsurveyresult DISABLE TRIGGER ALL;



ALTER TABLE shipitsurveyresult ENABLE TRIGGER ALL;


ALTER TABLE shipment DISABLE TRIGGER ALL;

INSERT INTO shipment (id, logintoken, shippingrun, dateshipped, shippingservice, trackingcode) VALUES (1, 'fdsa78fdsa78f', 1, '2005-08-01 18:38:24.526648', 1, NULL);
INSERT INTO shipment (id, logintoken, shippingrun, dateshipped, shippingservice, trackingcode) VALUES (2, 'cdsb78fdsa78f', 1, '2005-08-01 18:38:24.526648', 1, NULL);
INSERT INTO shipment (id, logintoken, shippingrun, dateshipped, shippingservice, trackingcode) VALUES (3, 'bds078fdsa78f', 2, '2006-08-01 18:38:24.526648', 1, NULL);
INSERT INTO shipment (id, logintoken, shippingrun, dateshipped, shippingservice, trackingcode) VALUES (4, 'ads978fdsa78f', 2, '2006-08-01 18:38:24.526648', 1, NULL);


ALTER TABLE shipment ENABLE TRIGGER ALL;


ALTER TABLE shippingrequest DISABLE TRIGGER ALL;

INSERT INTO shippingrequest (id, recipient, whoapproved, whocancelled, daterequested, reason, highpriority, recipientdisplayname, addressline1, addressline2, organization, city, province, country, postcode, phone, fti, shipment, status, normalized_address, type, is_admin_request) VALUES (1, 52, 55, NULL, '2006-02-01 18:38:24.526648', NULL, false, 'No Privileges Person', 'Rue de Rivoli', '1345', NULL, 'Paris', NULL, 25, '999432423', '+55 16 3374-2027', NULL, NULL, 1, 'ruederivoli1345paris', NULL, false);
INSERT INTO shippingrequest (id, recipient, whoapproved, whocancelled, daterequested, reason, highpriority, recipientdisplayname, addressline1, addressline2, organization, city, province, country, postcode, phone, fti, shipment, status, normalized_address, type, is_admin_request) VALUES (2, 22, NULL, NULL, '2006-04-01 18:38:24.526648', NULL, false, 'Stuart Bishop', 'Rua das Assembleias', 'n. 10', NULL, 'Rio de Janeiro', 'RJ', 95, '999432423', '+55 16 3374-2027', NULL, NULL, 1, 'ruadasassembleiasn10riodejaneiro', NULL, false);
INSERT INTO shippingrequest (id, recipient, whoapproved, whocancelled, daterequested, reason, highpriority, recipientdisplayname, addressline1, addressline2, organization, city, province, country, postcode, phone, fti, shipment, status, normalized_address, type, is_admin_request) VALUES (3, 51, NULL, NULL, '2006-03-01 18:38:24.526648', NULL, false, 'Helge Kreutzmann', 'Av. Paulista', NULL, NULL, 'Sao Paulo', 'SP', 35, '999432423', '+55 16 3374-2027', NULL, NULL, 1, 'avpaulistasaopaulo', NULL, false);
INSERT INTO shippingrequest (id, recipient, whoapproved, whocancelled, daterequested, reason, highpriority, recipientdisplayname, addressline1, addressline2, organization, city, province, country, postcode, phone, fti, shipment, status, normalized_address, type, is_admin_request) VALUES (4, 2, NULL, NULL, '2006-01-01 18:38:24.526648', NULL, false, 'Robert Collins', 'Orlando Damiano', '2212', NULL, 'Sao Carlos', 'SP', 45, '999432423', '+55 16 3374- 2027', NULL, NULL, 1, 'orlandodamiano2212saocarlos', NULL, false);
INSERT INTO shippingrequest (id, recipient, whoapproved, whocancelled, daterequested, reason, highpriority, recipientdisplayname, addressline1, addressline2, organization, city, province, country, postcode, phone, fti, shipment, status, normalized_address, type, is_admin_request) VALUES (5, 23, NULL, NULL, '2006-03-01 18:38:24.526648', NULL, false, 'David Allouche', 'Fifth Avenue 1456', NULL, NULL, 'New York', 'NY', 32, '999432423', '+55 16 3374- 2027', NULL, NULL, 1, 'fifthavenue1456newyork', NULL, false);
INSERT INTO shippingrequest (id, recipient, whoapproved, whocancelled, daterequested, reason, highpriority, recipientdisplayname, addressline1, addressline2, organization, city, province, country, postcode, phone, fti, shipment, status, normalized_address, type, is_admin_request) VALUES (6, 28, NULL, 55, '2006-02-01 18:38:24.526648', NULL, false, 'Celso Providelo', 'Rua das Laranjeiras 134', NULL, NULL, 'Rio de Janeiro', 'RJ', 19, '999432423', '+55 16 3374-2027', NULL, NULL, 3, 'ruadaslaranjeiras134riodejaneiro', NULL, false);
INSERT INTO shippingrequest (id, recipient, whoapproved, whocancelled, daterequested, reason, highpriority, recipientdisplayname, addressline1, addressline2, organization, city, province, country, postcode, phone, fti, shipment, status, normalized_address, type, is_admin_request) VALUES (7, 27, NULL, NULL, '2006-03-01 18:38:24.526648', NULL, false, 'Daniel Debonzi', 'Cinder Bluff Bank 98', NULL, NULL, 'Cape Town', NULL, 32, '999432423', '+55 16 3374- 2027', NULL, NULL, 1, 'cinderbluffbank98capetown', NULL, false);
INSERT INTO shippingrequest (id, recipient, whoapproved, whocancelled, daterequested, reason, highpriority, recipientdisplayname, addressline1, addressline2, organization, city, province, country, postcode, phone, fti, shipment, status, normalized_address, type, is_admin_request) VALUES (12, 6, NULL, NULL, '2006-03-08 18:38:24.526648', 'I want 100 more CDs.', false, 'Jeff Waugh', 'Hidden Lagoon Gardens', '5423', NULL, 'whatever', 'not mandatory', 32, '999432423', '+55 16 3374-2027', NULL, NULL, 0, 'hiddenlagoongardens5423whatever', NULL, false);
INSERT INTO shippingrequest (id, recipient, whoapproved, whocancelled, daterequested, reason, highpriority, recipientdisplayname, addressline1, addressline2, organization, city, province, country, postcode, phone, fti, shipment, status, normalized_address, type, is_admin_request) VALUES (13, 29, NULL, NULL, '2006-03-09 18:38:24.526648', 'I need 50 more CDs to give away to my friends.', false, 'Marilize Coetzee', 'Somewhere', '5423', NULL, 'whatever', 'not mandatory', 198, '999432423', '+55 16 3374-2027', NULL, NULL, 0, 'somewhere5423whatever', NULL, true);
INSERT INTO shippingrequest (id, recipient, whoapproved, whocancelled, daterequested, reason, highpriority, recipientdisplayname, addressline1, addressline2, organization, city, province, country, postcode, phone, fti, shipment, status, normalized_address, type, is_admin_request) VALUES (14, 8, 55, NULL, '2005-05-19 18:38:24.526648', NULL, false, 'James Blackwell', 'Misty Oak Jetty', '5423', NULL, 'whatever', 'not mandatory', 226, '999432423', '+55 16 3374-2027', NULL, 1, 4, 'mistyoakjetty5423whatever', NULL, false);
INSERT INTO shippingrequest (id, recipient, whoapproved, whocancelled, daterequested, reason, highpriority, recipientdisplayname, addressline1, addressline2, organization, city, province, country, postcode, phone, fti, shipment, status, normalized_address, type, is_admin_request) VALUES (15, 23, 55, NULL, '2005-05-01 18:38:24.526648', NULL, false, 'David Allouche', 'Pleasant Pond Ledge', '5423', NULL, 'whatever', 'not mandatory', 32, '999432423', '+55 16 3374-2027', NULL, 2, 4, 'pleasantpondledge5423whatever', NULL, false);
INSERT INTO shippingrequest (id, recipient, whoapproved, whocancelled, daterequested, reason, highpriority, recipientdisplayname, addressline1, addressline2, organization, city, province, country, postcode, phone, fti, shipment, status, normalized_address, type, is_admin_request) VALUES (16, 56, 55, NULL, '2006-03-01 19:38:24.526648', NULL, true, 'Jordi Mallach', 'Ridge Rustic Park', 'in "this" world', 'Some Organization', 'whatever', 'not mandatory', 32, '04277', '+55 16 3374-2027', NULL, NULL, 1, 'ridgerusticparkinthisworldwhatever', NULL, false);
INSERT INTO shippingrequest (id, recipient, whoapproved, whocancelled, daterequested, reason, highpriority, recipientdisplayname, addressline1, addressline2, organization, city, province, country, postcode, phone, fti, shipment, status, normalized_address, type, is_admin_request) VALUES (17, 8, 55, NULL, '2006-03-19 18:38:24.526648', NULL, true, 'James Blackwell', 'Tawny View Vista', '5423', NULL, 'whatever', 'not mandatory', 75, '999432423', '+55 16 3374-2027', NULL, 3, 4, 'tawnyviewvista5423whatever', NULL, false);
INSERT INTO shippingrequest (id, recipient, whoapproved, whocancelled, daterequested, reason, highpriority, recipientdisplayname, addressline1, addressline2, organization, city, province, country, postcode, phone, fti, shipment, status, normalized_address, type, is_admin_request) VALUES (18, 23, 55, NULL, '2006-03-01 18:38:24.526648', NULL, false, 'David Allouche', 'Velvet Zephyr Woods', '5423', NULL, 'whatever', 'not mandatory', 75, '999432423', '+55 16 3374-2027', NULL, 4, 4, 'velvetzephyrwoods5423whatever', NULL, false);
INSERT INTO shippingrequest (id, recipient, whoapproved, whocancelled, daterequested, reason, highpriority, recipientdisplayname, addressline1, addressline2, organization, city, province, country, postcode, phone, fti, shipment, status, normalized_address, type, is_admin_request) VALUES (19, 29, NULL, NULL, '2006-10-17 20:53:11.714301', NULL, false, 'Marilize Coetzee', 'Somewhere around here', NULL, NULL, 'fdas fd as fa', NULL, 9, '43243242', '432432', NULL, NULL, 1, 'somewherearoundherefdasfdasfa', NULL, true);
INSERT INTO shippingrequest (id, recipient, whoapproved, whocancelled, daterequested, reason, highpriority, recipientdisplayname, addressline1, addressline2, organization, city, province, country, postcode, phone, fti, shipment, status, normalized_address, type, is_admin_request) VALUES (20, 1, NULL, NULL, '2006-02-01 18:38:24.526648', NULL, false, 'Somebody Else', 'Rue de Rivoli', '1345', NULL, 'Paris', NULL, 25, '999432423', '+55 16 3374-2027', NULL, NULL, 6, 'ruederivoli1345paris', NULL, false);
INSERT INTO shippingrequest (id, recipient, whoapproved, whocancelled, daterequested, reason, highpriority, recipientdisplayname, addressline1, addressline2, organization, city, province, country, postcode, phone, fti, shipment, status, normalized_address, type, is_admin_request) VALUES (21, 63, NULL, NULL, '2008-04-22 14:57:32.037998', NULL, false, 'fdsafdsa fdsafdsa', 'fdsafdsaf', NULL, 'fdsafdfda', 'fdsafdsafd', 'fdsafdsa', 16, '43214321421', '43124321', NULL, NULL, 1, 'fdsafdsaffdsafdsafd', 2, false);


ALTER TABLE shippingrequest ENABLE TRIGGER ALL;


ALTER TABLE shippingrun DISABLE TRIGGER ALL;

INSERT INTO shippingrun (id, datecreated, sentforshipping, csvfile, requests_count) VALUES (1, '2005-08-01 18:38:24.526648', false, 35, 2);
INSERT INTO shippingrun (id, datecreated, sentforshipping, csvfile, requests_count) VALUES (2, '2006-04-01 18:38:24.526648', false, 44, 2);


ALTER TABLE shippingrun ENABLE TRIGGER ALL;


ALTER TABLE signedcodeofconduct DISABLE TRIGGER ALL;

INSERT INTO signedcodeofconduct (id, owner, signingkey, datecreated, signedcode, recipient, active, admincomment) VALUES (1, 16, 1, '2005-09-27 10:01:13', 'Sampledata signedcode', NULL, true, NULL);


ALTER TABLE signedcodeofconduct ENABLE TRIGGER ALL;


ALTER TABLE sourcepackageformatselection DISABLE TRIGGER ALL;

INSERT INTO sourcepackageformatselection (id, distroseries, format) VALUES (1, 1, 0);
INSERT INTO sourcepackageformatselection (id, distroseries, format) VALUES (2, 2, 0);
INSERT INTO sourcepackageformatselection (id, distroseries, format) VALUES (3, 3, 0);
INSERT INTO sourcepackageformatselection (id, distroseries, format) VALUES (4, 4, 0);
INSERT INTO sourcepackageformatselection (id, distroseries, format) VALUES (5, 5, 0);
INSERT INTO sourcepackageformatselection (id, distroseries, format) VALUES (6, 6, 0);
INSERT INTO sourcepackageformatselection (id, distroseries, format) VALUES (7, 7, 0);
INSERT INTO sourcepackageformatselection (id, distroseries, format) VALUES (8, 8, 0);
INSERT INTO sourcepackageformatselection (id, distroseries, format) VALUES (9, 9, 0);
INSERT INTO sourcepackageformatselection (id, distroseries, format) VALUES (10, 10, 0);
INSERT INTO sourcepackageformatselection (id, distroseries, format) VALUES (11, 11, 0);
INSERT INTO sourcepackageformatselection (id, distroseries, format) VALUES (12, 12, 0);
INSERT INTO sourcepackageformatselection (id, distroseries, format) VALUES (13, 13, 0);


ALTER TABLE sourcepackageformatselection ENABLE TRIGGER ALL;


ALTER TABLE sourcepackagename DISABLE TRIGGER ALL;

INSERT INTO sourcepackagename (id, name) VALUES (1, 'mozilla-firefox');
INSERT INTO sourcepackagename (id, name) VALUES (9, 'evolution');
INSERT INTO sourcepackagename (id, name) VALUES (10, 'netapplet');
INSERT INTO sourcepackagename (id, name) VALUES (14, 'pmount');
INSERT INTO sourcepackagename (id, name) VALUES (15, 'a52dec');
INSERT INTO sourcepackagename (id, name) VALUES (16, 'mozilla');
INSERT INTO sourcepackagename (id, name) VALUES (17, 'at');
INSERT INTO sourcepackagename (id, name) VALUES (18, 'thunderbird');
INSERT INTO sourcepackagename (id, name) VALUES (19, 'alsa-utils');
INSERT INTO sourcepackagename (id, name) VALUES (20, 'cnews');
INSERT INTO sourcepackagename (id, name) VALUES (21, 'libstdc++');
INSERT INTO sourcepackagename (id, name) VALUES (22, 'linux-source-2.6.15');
INSERT INTO sourcepackagename (id, name) VALUES (23, 'foobar');
INSERT INTO sourcepackagename (id, name) VALUES (24, 'cdrkit');
INSERT INTO sourcepackagename (id, name) VALUES (25, 'language-pack-de');
INSERT INTO sourcepackagename (id, name) VALUES (26, 'iceweasel');
INSERT INTO sourcepackagename (id, name) VALUES (27, 'commercialpackage');


ALTER TABLE sourcepackagename ENABLE TRIGGER ALL;


ALTER TABLE sourcepackagepublishinghistory DISABLE TRIGGER ALL;

INSERT INTO sourcepackagepublishinghistory (id, sourcepackagerelease, distroseries, status, component, section, datecreated, datepublished, datesuperseded, supersededby, datemadepending, scheduleddeletiondate, dateremoved, pocket, archive, removed_by, removal_comment) VALUES (1, 14, 1, 1, 1, 3, '2004-09-27 11:57:13', NULL, NULL, NULL, NULL, NULL, NULL, 0, 1, NULL, NULL);
INSERT INTO sourcepackagepublishinghistory (id, sourcepackagerelease, distroseries, status, component, section, datecreated, datepublished, datesuperseded, supersededby, datemadepending, scheduleddeletiondate, dateremoved, pocket, archive, removed_by, removal_comment) VALUES (2, 15, 3, 2, 1, 3, '2004-09-27 11:57:13', '2004-09-27 11:57:13', NULL, NULL, NULL, NULL, NULL, 0, 1, NULL, NULL);
INSERT INTO sourcepackagepublishinghistory (id, sourcepackagerelease, distroseries, status, component, section, datecreated, datepublished, datesuperseded, supersededby, datemadepending, scheduleddeletiondate, dateremoved, pocket, archive, removed_by, removal_comment) VALUES (4, 17, 1, 2, 1, 1, '2004-03-14 18:00:00', '2004-03-14 18:00:00', NULL, NULL, NULL, NULL, NULL, 0, 1, NULL, NULL);
INSERT INTO sourcepackagepublishinghistory (id, sourcepackagerelease, distroseries, status, component, section, datecreated, datepublished, datesuperseded, supersededby, datemadepending, scheduleddeletiondate, dateremoved, pocket, archive, removed_by, removal_comment) VALUES (5, 16, 3, 2, 1, 2, '2004-03-10 16:30:00', '2004-03-10 16:30:00', NULL, NULL, NULL, NULL, NULL, 0, 1, NULL, NULL);
INSERT INTO sourcepackagepublishinghistory (id, sourcepackagerelease, distroseries, status, component, section, datecreated, datepublished, datesuperseded, supersededby, datemadepending, scheduleddeletiondate, dateremoved, pocket, archive, removed_by, removal_comment) VALUES (8, 20, 3, 3, 1, 1, '2005-04-18 17:34:15.308434', '2005-04-18 17:34:15.308434', '2005-08-24 17:01:15.308434', 21, NULL, NULL, NULL, 0, 1, NULL, NULL);
INSERT INTO sourcepackagepublishinghistory (id, sourcepackagerelease, distroseries, status, component, section, datecreated, datepublished, datesuperseded, supersededby, datemadepending, scheduleddeletiondate, dateremoved, pocket, archive, removed_by, removal_comment) VALUES (9, 21, 3, 2, 1, 3, '2005-08-24 17:01:15.308434', '2005-08-24 17:01:15.308434', NULL, NULL, NULL, NULL, NULL, 0, 1, NULL, NULL);
INSERT INTO sourcepackagepublishinghistory (id, sourcepackagerelease, distroseries, status, component, section, datecreated, datepublished, datesuperseded, supersededby, datemadepending, scheduleddeletiondate, dateremoved, pocket, archive, removed_by, removal_comment) VALUES (10, 23, 1, 2, 1, 1, '2005-09-15 11:42:02.870714', '2005-09-15 11:42:02.870714', NULL, NULL, NULL, NULL, NULL, 0, 1, NULL, NULL);
INSERT INTO sourcepackagepublishinghistory (id, sourcepackagerelease, distroseries, status, component, section, datecreated, datepublished, datesuperseded, supersededby, datemadepending, scheduleddeletiondate, dateremoved, pocket, archive, removed_by, removal_comment) VALUES (11, 24, 8, 2, 1, 2, '2005-09-15 11:42:21.070926', '2005-09-15 11:42:21.070926', NULL, NULL, NULL, NULL, NULL, 0, 3, NULL, NULL);
INSERT INTO sourcepackagepublishinghistory (id, sourcepackagerelease, distroseries, status, component, section, datecreated, datepublished, datesuperseded, supersededby, datemadepending, scheduleddeletiondate, dateremoved, pocket, archive, removed_by, removal_comment) VALUES (12, 25, 3, 2, 1, 1, '2005-09-15 11:43:00.05741', '2005-09-15 11:43:00.05741', NULL, NULL, NULL, NULL, NULL, 0, 1, NULL, NULL);
INSERT INTO sourcepackagepublishinghistory (id, sourcepackagerelease, distroseries, status, component, section, datecreated, datepublished, datesuperseded, supersededby, datemadepending, scheduleddeletiondate, dateremoved, pocket, archive, removed_by, removal_comment) VALUES (13, 26, 3, 2, 3, 1, '2005-12-22 18:19:00.05741', '2005-12-22 18:20:00.05741', NULL, NULL, NULL, NULL, NULL, 0, 1, NULL, NULL);
INSERT INTO sourcepackagepublishinghistory (id, sourcepackagerelease, distroseries, status, component, section, datecreated, datepublished, datesuperseded, supersededby, datemadepending, scheduleddeletiondate, dateremoved, pocket, archive, removed_by, removal_comment) VALUES (14, 24, 3, 3, 1, 3, '2005-09-15 11:44:00.10654', '2005-09-15 11:44:00.10654', '2005-09-15 11:44:00.10654', 25, '2005-09-15 11:44:00.10654', '2005-09-15 11:44:00.10654', '2005-09-15 11:44:00.10654', 0, 1, NULL, NULL);
INSERT INTO sourcepackagepublishinghistory (id, sourcepackagerelease, distroseries, status, component, section, datecreated, datepublished, datesuperseded, supersededby, datemadepending, scheduleddeletiondate, dateremoved, pocket, archive, removed_by, removal_comment) VALUES (15, 24, 1, 2, 1, 1, '2005-09-16 11:42:02.870714', '2005-09-16 11:42:02.870714', NULL, NULL, NULL, NULL, NULL, 0, 1, NULL, NULL);
INSERT INTO sourcepackagepublishinghistory (id, sourcepackagerelease, distroseries, status, component, section, datecreated, datepublished, datesuperseded, supersededby, datemadepending, scheduleddeletiondate, dateremoved, pocket, archive, removed_by, removal_comment) VALUES (16, 27, 3, 2, 1, 1, '2005-02-10 12:19:00.05741', '2005-02-10 12:20:00.05741', NULL, NULL, NULL, NULL, NULL, 0, 1, NULL, NULL);
INSERT INTO sourcepackagepublishinghistory (id, sourcepackagerelease, distroseries, status, component, section, datecreated, datepublished, datesuperseded, supersededby, datemadepending, scheduleddeletiondate, dateremoved, pocket, archive, removed_by, removal_comment) VALUES (17, 28, 3, 2, 1, 1, '2005-02-10 12:19:00.05741', '2005-02-10 12:20:00.05741', NULL, NULL, NULL, NULL, NULL, 0, 1, NULL, NULL);
INSERT INTO sourcepackagepublishinghistory (id, sourcepackagerelease, distroseries, status, component, section, datecreated, datepublished, datesuperseded, supersededby, datemadepending, scheduleddeletiondate, dateremoved, pocket, archive, removed_by, removal_comment) VALUES (18, 14, 1, 2, 1, 2, '2006-02-13 12:19:00.05741', '2006-02-13 12:19:00.05741', NULL, NULL, NULL, NULL, NULL, 0, 1, NULL, NULL);
INSERT INTO sourcepackagepublishinghistory (id, sourcepackagerelease, distroseries, status, component, section, datecreated, datepublished, datesuperseded, supersededby, datemadepending, scheduleddeletiondate, dateremoved, pocket, archive, removed_by, removal_comment) VALUES (19, 28, 1, 1, 1, 3, '2006-02-15 12:19:00.05741', NULL, NULL, NULL, NULL, NULL, NULL, 0, 1, NULL, NULL);
INSERT INTO sourcepackagepublishinghistory (id, sourcepackagerelease, distroseries, status, component, section, datecreated, datepublished, datesuperseded, supersededby, datemadepending, scheduleddeletiondate, dateremoved, pocket, archive, removed_by, removal_comment) VALUES (20, 25, 1, 1, 1, 3, '2006-02-15 12:19:00.05741', NULL, NULL, NULL, NULL, NULL, NULL, 0, 1, NULL, NULL);
INSERT INTO sourcepackagepublishinghistory (id, sourcepackagerelease, distroseries, status, component, section, datecreated, datepublished, datesuperseded, supersededby, datemadepending, scheduleddeletiondate, dateremoved, pocket, archive, removed_by, removal_comment) VALUES (21, 24, 11, 4, 1, 3, '2006-09-14 11:44:00.10654', '2006-09-14 11:44:00', '2006-09-14 11:44:01', 25, '2006-09-14 11:45:00', '2006-09-14 11:45:00', '2006-09-15 11:45:00', 0, 8, 1, 'does anyone like ? I did not think so.');
INSERT INTO sourcepackagepublishinghistory (id, sourcepackagerelease, distroseries, status, component, section, datecreated, datepublished, datesuperseded, supersededby, datemadepending, scheduleddeletiondate, dateremoved, pocket, archive, removed_by, removal_comment) VALUES (22, 32, 1, 4, 1, 3, '2006-12-01 13:44:00.10654', '2006-12-01 11:44:00', NULL, NULL, NULL, NULL, '2006-12-02 11:44:00', 0, 1, 28, 'I do not like it.');
INSERT INTO sourcepackagepublishinghistory (id, sourcepackagerelease, distroseries, status, component, section, datecreated, datepublished, datesuperseded, supersededby, datemadepending, scheduleddeletiondate, dateremoved, pocket, archive, removed_by, removal_comment) VALUES (23, 33, 1, 2, 1, 3, '2006-12-01 13:44:00.10654', '2006-12-01 11:44:00', NULL, NULL, NULL, NULL, NULL, 0, 1, NULL, NULL);
INSERT INTO sourcepackagepublishinghistory (id, sourcepackagerelease, distroseries, status, component, section, datecreated, datepublished, datesuperseded, supersededby, datemadepending, scheduleddeletiondate, dateremoved, pocket, archive, removed_by, removal_comment) VALUES (24, 14, 1, 2, 1, 2, '2006-02-19 11:57:13', '2007-02-19 11:57:13', NULL, NULL, NULL, NULL, NULL, 0, 8, NULL, NULL);
INSERT INTO sourcepackagepublishinghistory (id, sourcepackagerelease, distroseries, status, component, section, datecreated, datepublished, datesuperseded, supersededby, datemadepending, scheduleddeletiondate, dateremoved, pocket, archive, removed_by, removal_comment) VALUES (25, 33, 10, 2, 1, 3, '2007-04-25 13:44:00.10654', '2007-04-25 14:14:00', NULL, NULL, NULL, NULL, NULL, 0, 1, NULL, NULL);
INSERT INTO sourcepackagepublishinghistory (id, sourcepackagerelease, distroseries, status, component, section, datecreated, datepublished, datesuperseded, supersededby, datemadepending, scheduleddeletiondate, dateremoved, pocket, archive, removed_by, removal_comment) VALUES (26, 35, 1, 2, 1, 3, '2006-04-11 12:00:00', '2006-04-11 12:00:01', NULL, NULL, NULL, NULL, NULL, 0, 1, NULL, NULL);
INSERT INTO sourcepackagepublishinghistory (id, sourcepackagerelease, distroseries, status, component, section, datecreated, datepublished, datesuperseded, supersededby, datemadepending, scheduleddeletiondate, dateremoved, pocket, archive, removed_by, removal_comment) VALUES (27, 33, 10, 2, 1, 3, '2007-07-09 13:44:00.10654', '2007-07-09 14:14:00', NULL, NULL, NULL, NULL, NULL, 0, 9, NULL, NULL);
INSERT INTO sourcepackagepublishinghistory (id, sourcepackagerelease, distroseries, status, component, section, datecreated, datepublished, datesuperseded, supersededby, datemadepending, scheduleddeletiondate, dateremoved, pocket, archive, removed_by, removal_comment) VALUES (28, 35, 1, 2, 1, 3, '2007-07-09 12:00:00', '2007-07-09 12:00:01', NULL, NULL, NULL, NULL, NULL, 0, 9, NULL, NULL);
INSERT INTO sourcepackagepublishinghistory (id, sourcepackagerelease, distroseries, status, component, section, datecreated, datepublished, datesuperseded, supersededby, datemadepending, scheduleddeletiondate, dateremoved, pocket, archive, removed_by, removal_comment) VALUES (29, 20, 1, 2, 1, 3, '2007-07-09 12:00:00', '2007-07-09 12:00:01', NULL, NULL, NULL, NULL, NULL, 0, 9, NULL, NULL);
INSERT INTO sourcepackagepublishinghistory (id, sourcepackagerelease, distroseries, status, component, section, datecreated, datepublished, datesuperseded, supersededby, datemadepending, scheduleddeletiondate, dateremoved, pocket, archive, removed_by, removal_comment) VALUES (30, 36, 10, 2, 5, 7, '2007-08-09 21:28:12.106187', NULL, NULL, NULL, NULL, NULL, NULL, 0, 12, NULL, NULL);
INSERT INTO sourcepackagepublishinghistory (id, sourcepackagerelease, distroseries, status, component, section, datecreated, datepublished, datesuperseded, supersededby, datemadepending, scheduleddeletiondate, dateremoved, pocket, archive, removed_by, removal_comment) VALUES (31, 35, 10, 2, 1, 3, '2007-07-09 12:00:00', '2007-07-09 12:00:01', NULL, NULL, NULL, NULL, NULL, 0, 10, NULL, NULL);


ALTER TABLE sourcepackagepublishinghistory ENABLE TRIGGER ALL;


ALTER TABLE sourcepackagerecipe DISABLE TRIGGER ALL;



ALTER TABLE sourcepackagerecipe ENABLE TRIGGER ALL;


ALTER TABLE sourcepackagerecipebuild DISABLE TRIGGER ALL;



ALTER TABLE sourcepackagerecipebuild ENABLE TRIGGER ALL;


ALTER TABLE sourcepackagerecipebuildjob DISABLE TRIGGER ALL;



ALTER TABLE sourcepackagerecipebuildjob ENABLE TRIGGER ALL;


ALTER TABLE sourcepackagerecipedata DISABLE TRIGGER ALL;



ALTER TABLE sourcepackagerecipedata ENABLE TRIGGER ALL;


ALTER TABLE sourcepackagerecipedatainstruction DISABLE TRIGGER ALL;



ALTER TABLE sourcepackagerecipedatainstruction ENABLE TRIGGER ALL;


ALTER TABLE sourcepackagerecipedistroseries DISABLE TRIGGER ALL;



ALTER TABLE sourcepackagerecipedistroseries ENABLE TRIGGER ALL;


ALTER TABLE sourcepackagerelease DISABLE TRIGGER ALL;

INSERT INTO sourcepackagerelease (id, creator, version, dateuploaded, urgency, dscsigningkey, component, changelog_entry, builddepends, builddependsindep, architecturehintlist, dsc, section, maintainer, sourcepackagename, upload_distroseries, format, dsc_maintainer_rfc822, dsc_standards_version, dsc_format, dsc_binaries, upload_archive, copyright, build_conflicts, build_conflicts_indep, sourcepackage_recipe_build, changelog) VALUES (14, 1, '0.9', '2004-09-27 11:57:13', 1, NULL, 1, 'Mozilla dummy Changelog......', 'gcc-3.4-base, libc6 (>= 2.3.2.ds1-4), gcc-3.4 (>= 3.4.1-4sarge1), gcc-3.4 (<< 3.4.2), libstdc++6-dev (>= 3.4.1-4sarge1), pmount', 'bacula-common (= 1.34.6-2), bacula-director-common (= 1.34.6-2), postgresql-client (>= 7.4), pmount', 'any', NULL, 1, 1, 1, 1, 1, 'Mark Shuttleworth <mark@canonical.com>', '3.6.2', '1.0', 'mozilla-firefox', 1, NULL, 'gcc-4.0, pmount', 'gcc-4.0-base, pmount', NULL, NULL);
INSERT INTO sourcepackagerelease (id, creator, version, dateuploaded, urgency, dscsigningkey, component, changelog_entry, builddepends, builddependsindep, architecturehintlist, dsc, section, maintainer, sourcepackagename, upload_distroseries, format, dsc_maintainer_rfc822, dsc_standards_version, dsc_format, dsc_binaries, upload_archive, copyright, build_conflicts, build_conflicts_indep, sourcepackage_recipe_build, changelog) VALUES (15, 1, '1.0', '2004-09-27 11:57:13', 1, NULL, 1, NULL, NULL, NULL, 'all', NULL, 2, 1, 9, 3, 1, NULL, NULL, '1.0', NULL, 1, NULL, NULL, NULL, NULL, NULL);
INSERT INTO sourcepackagerelease (id, creator, version, dateuploaded, urgency, dscsigningkey, component, changelog_entry, builddepends, builddependsindep, architecturehintlist, dsc, section, maintainer, sourcepackagename, upload_distroseries, format, dsc_maintainer_rfc822, dsc_standards_version, dsc_format, dsc_binaries, upload_archive, copyright, build_conflicts, build_conflicts_indep, sourcepackage_recipe_build, changelog) VALUES (16, 1, '1.0-1', '2005-03-10 16:30:00', 1, NULL, 1, NULL, NULL, NULL, 'any', NULL, 3, 1, 10, 3, 1, NULL, NULL, '1.0', NULL, 1, NULL, NULL, NULL, NULL, NULL);
INSERT INTO sourcepackagerelease (id, creator, version, dateuploaded, urgency, dscsigningkey, component, changelog_entry, builddepends, builddependsindep, architecturehintlist, dsc, section, maintainer, sourcepackagename, upload_distroseries, format, dsc_maintainer_rfc822, dsc_standards_version, dsc_format, dsc_binaries, upload_archive, copyright, build_conflicts, build_conflicts_indep, sourcepackage_recipe_build, changelog) VALUES (17, 1, '0.99.6-1', '2005-03-14 18:00:00', 1, NULL, 1, NULL, NULL, NULL, 'i386', NULL, 2, 1, 10, 1, 1, NULL, NULL, '1.0', NULL, 1, NULL, NULL, NULL, NULL, NULL);
INSERT INTO sourcepackagerelease (id, creator, version, dateuploaded, urgency, dscsigningkey, component, changelog_entry, builddepends, builddependsindep, architecturehintlist, dsc, section, maintainer, sourcepackagename, upload_distroseries, format, dsc_maintainer_rfc822, dsc_standards_version, dsc_format, dsc_binaries, upload_archive, copyright, build_conflicts, build_conflicts_indep, sourcepackage_recipe_build, changelog) VALUES (20, 1, '0.1-1', '2005-03-24 20:59:31.439579', 1, NULL, 1, 'pmount (0.1-1) hoary; urgency=low

 * Fix description (Malone #1)
 * Fix debian (Debian #2000)
 * Fix warty (Warty Ubuntu #1)

 -- Sample Person <test@canonical.com> Tue, 7 Feb 2006 12:10:08 +0300', NULL, NULL, 'all', NULL, 2, 1, 14, 3, 1, NULL, NULL, '1.0', NULL, 1, NULL, NULL, NULL, NULL, NULL);
INSERT INTO sourcepackagerelease (id, creator, version, dateuploaded, urgency, dscsigningkey, component, changelog_entry, builddepends, builddependsindep, architecturehintlist, dsc, section, maintainer, sourcepackagename, upload_distroseries, format, dsc_maintainer_rfc822, dsc_standards_version, dsc_format, dsc_binaries, upload_archive, copyright, build_conflicts, build_conflicts_indep, sourcepackage_recipe_build, changelog) VALUES (21, 1, '0.1-2', '2005-06-24 20:59:31.439579', 1, NULL, 1, 'This is a placeholder changelog for pmount 0.1-2', NULL, NULL, 'powerpc', NULL, 1, 1, 14, 3, 1, NULL, NULL, '1.0', NULL, 1, NULL, NULL, NULL, NULL, NULL);
INSERT INTO sourcepackagerelease (id, creator, version, dateuploaded, urgency, dscsigningkey, component, changelog_entry, builddepends, builddependsindep, architecturehintlist, dsc, section, maintainer, sourcepackagename, upload_distroseries, format, dsc_maintainer_rfc822, dsc_standards_version, dsc_format, dsc_binaries, upload_archive, copyright, build_conflicts, build_conflicts_indep, sourcepackage_recipe_build, changelog) VALUES (23, 1, '1.0.8-1ubuntu1', '2005-02-03 08:50:00', 1, NULL, 1, 'alsa-utils (1.0.8-1ubuntu1) warty; urgency=low

 * Placeholder

     -- Sample Person <test@canonical.com> Tue, 7 Feb 2006 12:10:08 +0300', NULL, NULL, 'all', NULL, 1, 1, 19, 1, 1, 'Mark Shuttleworth <mark@example.com>', '3.6.2', '1.0', 'alsa-mixer', 1, NULL, NULL, NULL, NULL, NULL);
INSERT INTO sourcepackagerelease (id, creator, version, dateuploaded, urgency, dscsigningkey, component, changelog_entry, builddepends, builddependsindep, architecturehintlist, dsc, section, maintainer, sourcepackagename, upload_distroseries, format, dsc_maintainer_rfc822, dsc_standards_version, dsc_format, dsc_binaries, upload_archive, copyright, build_conflicts, build_conflicts_indep, sourcepackage_recipe_build, changelog) VALUES (24, 1, '1.0.9a-4', '2005-07-01 22:47:00', 1, NULL, 1, 'alsa-utils (1.0.9a-4) warty; urgency=low

 * Placeholder

     -- Sample Person <test@canonical.com> Tue, 7 Feb 2006 12:10:08 +0300', NULL, NULL, 'any', NULL, 2, 1, 19, 8, 1, NULL, NULL, '1.0', NULL, 1, NULL, NULL, NULL, NULL, NULL);
INSERT INTO sourcepackagerelease (id, creator, version, dateuploaded, urgency, dscsigningkey, component, changelog_entry, builddepends, builddependsindep, architecturehintlist, dsc, section, maintainer, sourcepackagename, upload_distroseries, format, dsc_maintainer_rfc822, dsc_standards_version, dsc_format, dsc_binaries, upload_archive, copyright, build_conflicts, build_conflicts_indep, sourcepackage_recipe_build, changelog) VALUES (25, 1, '1.0.9a-4ubuntu1', '2005-08-01 14:10:00', 1, NULL, 1, 'alsa-utils (1.0.9a-4ubuntu1) hoary; urgency=low

 * Placeholder
 LP: #10
 LP: #999
 LP: #badid
 LP: #7, #8,
   #11

     -- Sample Person <test@canonical.com> Tue, 7 Feb 2006 12:10:08 +0300', NULL, NULL, 'all', NULL, 1, 16, 19, 3, 1, NULL, NULL, '1.0', NULL, 1, NULL, NULL, NULL, NULL, NULL);
INSERT INTO sourcepackagerelease (id, creator, version, dateuploaded, urgency, dscsigningkey, component, changelog_entry, builddepends, builddependsindep, architecturehintlist, dsc, section, maintainer, sourcepackagename, upload_distroseries, format, dsc_maintainer_rfc822, dsc_standards_version, dsc_format, dsc_binaries, upload_archive, copyright, build_conflicts, build_conflicts_indep, sourcepackage_recipe_build, changelog) VALUES (26, 1, 'cr.g7-37', '2005-12-22 18:19:00', 1, NULL, 1, NULL, NULL, NULL, 'i386', NULL, 1, 16, 20, 3, 1, NULL, NULL, '1.0', NULL, 1, NULL, NULL, NULL, NULL, NULL);
INSERT INTO sourcepackagerelease (id, creator, version, dateuploaded, urgency, dscsigningkey, component, changelog_entry, builddepends, builddependsindep, architecturehintlist, dsc, section, maintainer, sourcepackagename, upload_distroseries, format, dsc_maintainer_rfc822, dsc_standards_version, dsc_format, dsc_binaries, upload_archive, copyright, build_conflicts, build_conflicts_indep, sourcepackage_recipe_build, changelog) VALUES (27, 1, 'b8p', '2006-02-10 11:19:00', 1, NULL, 1, 'libstdc++ (9.9-1) hoary; urgency=high

 * Placeholder

 -- Sample Person <test@canonical.com> Tue, 10 Feb 2006 10:10:08 +0300', NULL, NULL, 'powerpc i386', NULL, 1, 16, 21, 3, 1, NULL, NULL, '1.0', NULL, 1, NULL, NULL, NULL, NULL, NULL);
INSERT INTO sourcepackagerelease (id, creator, version, dateuploaded, urgency, dscsigningkey, component, changelog_entry, builddepends, builddependsindep, architecturehintlist, dsc, section, maintainer, sourcepackagename, upload_distroseries, format, dsc_maintainer_rfc822, dsc_standards_version, dsc_format, dsc_binaries, upload_archive, copyright, build_conflicts, build_conflicts_indep, sourcepackage_recipe_build, changelog) VALUES (28, 1, '2.6.15.3', '2005-12-22 18:19:00', 1, NULL, 1, NULL, NULL, NULL, 'any', NULL, 1, 16, 22, 3, 1, NULL, NULL, '1.0', NULL, 1, NULL, NULL, NULL, NULL, NULL);
INSERT INTO sourcepackagerelease (id, creator, version, dateuploaded, urgency, dscsigningkey, component, changelog_entry, builddepends, builddependsindep, architecturehintlist, dsc, section, maintainer, sourcepackagename, upload_distroseries, format, dsc_maintainer_rfc822, dsc_standards_version, dsc_format, dsc_binaries, upload_archive, copyright, build_conflicts, build_conflicts_indep, sourcepackage_recipe_build, changelog) VALUES (29, 1, '0.00', '2005-12-22 18:19:00', 1, NULL, 1, NULL, NULL, NULL, 'all', NULL, 1, 16, 17, 3, 1, NULL, NULL, '1.0', NULL, 1, NULL, NULL, NULL, NULL, NULL);
INSERT INTO sourcepackagerelease (id, creator, version, dateuploaded, urgency, dscsigningkey, component, changelog_entry, builddepends, builddependsindep, architecturehintlist, dsc, section, maintainer, sourcepackagename, upload_distroseries, format, dsc_maintainer_rfc822, dsc_standards_version, dsc_format, dsc_binaries, upload_archive, copyright, build_conflicts, build_conflicts_indep, sourcepackage_recipe_build, changelog) VALUES (30, 1, '1.0', '2006-09-28 18:19:00', 1, NULL, 1, NULL, NULL, NULL, 'all', NULL, 1, 16, 20, 10, 1, NULL, NULL, '1.0', NULL, 1, NULL, NULL, NULL, NULL, NULL);
INSERT INTO sourcepackagerelease (id, creator, version, dateuploaded, urgency, dscsigningkey, component, changelog_entry, builddepends, builddependsindep, architecturehintlist, dsc, section, maintainer, sourcepackagename, upload_distroseries, format, dsc_maintainer_rfc822, dsc_standards_version, dsc_format, dsc_binaries, upload_archive, copyright, build_conflicts, build_conflicts_indep, sourcepackage_recipe_build, changelog) VALUES (31, 1, '1.0', '2006-09-28 18:19:01', 1, NULL, 1, NULL, NULL, NULL, 'all', NULL, 1, 16, 20, 10, 1, NULL, NULL, '1.0', NULL, 1, NULL, NULL, NULL, NULL, NULL);
INSERT INTO sourcepackagerelease (id, creator, version, dateuploaded, urgency, dscsigningkey, component, changelog_entry, builddepends, builddependsindep, architecturehintlist, dsc, section, maintainer, sourcepackagename, upload_distroseries, format, dsc_maintainer_rfc822, dsc_standards_version, dsc_format, dsc_binaries, upload_archive, copyright, build_conflicts, build_conflicts_indep, sourcepackage_recipe_build, changelog) VALUES (32, 1, '1.0', '2006-12-01 13:19:01', 1, NULL, 1, NULL, NULL, NULL, 'all', NULL, 1, 16, 23, 10, 1, NULL, NULL, '1.0', NULL, 1, NULL, NULL, NULL, NULL, NULL);
INSERT INTO sourcepackagerelease (id, creator, version, dateuploaded, urgency, dscsigningkey, component, changelog_entry, builddepends, builddependsindep, architecturehintlist, dsc, section, maintainer, sourcepackagename, upload_distroseries, format, dsc_maintainer_rfc822, dsc_standards_version, dsc_format, dsc_binaries, upload_archive, copyright, build_conflicts, build_conflicts_indep, sourcepackage_recipe_build, changelog) VALUES (33, 1, '1.0', '2006-12-01 13:19:01', 1, NULL, 1, NULL, NULL, NULL, 'all', NULL, 1, 16, 24, 10, 1, NULL, NULL, '1.0', NULL, 1, NULL, NULL, NULL, NULL, NULL);
INSERT INTO sourcepackagerelease (id, creator, version, dateuploaded, urgency, dscsigningkey, component, changelog_entry, builddepends, builddependsindep, architecturehintlist, dsc, section, maintainer, sourcepackagename, upload_distroseries, format, dsc_maintainer_rfc822, dsc_standards_version, dsc_format, dsc_binaries, upload_archive, copyright, build_conflicts, build_conflicts_indep, sourcepackage_recipe_build, changelog) VALUES (34, 1, '1.0', '2007-02-15 14:19:01', 1, NULL, 1, NULL, NULL, NULL, 'i386', NULL, 29, 16, 25, 10, 1, NULL, NULL, '1.0', NULL, 1, NULL, NULL, NULL, NULL, NULL);
INSERT INTO sourcepackagerelease (id, creator, version, dateuploaded, urgency, dscsigningkey, component, changelog_entry, builddepends, builddependsindep, architecturehintlist, dsc, section, maintainer, sourcepackagename, upload_distroseries, format, dsc_maintainer_rfc822, dsc_standards_version, dsc_format, dsc_binaries, upload_archive, copyright, build_conflicts, build_conflicts_indep, sourcepackage_recipe_build, changelog) VALUES (35, 1, '1.0', '2006-04-11 11:19:01', 1, NULL, 1, NULL, NULL, NULL, 'any', NULL, 1, 16, 26, 1, 1, NULL, NULL, '1.0', NULL, 10, NULL, NULL, NULL, NULL, NULL);
INSERT INTO sourcepackagerelease (id, creator, version, dateuploaded, urgency, dscsigningkey, component, changelog_entry, builddepends, builddependsindep, architecturehintlist, dsc, section, maintainer, sourcepackagename, upload_distroseries, format, dsc_maintainer_rfc822, dsc_standards_version, dsc_format, dsc_binaries, upload_archive, copyright, build_conflicts, build_conflicts_indep, sourcepackage_recipe_build, changelog) VALUES (36, 243606, '1.0-1', '2007-08-09 21:25:37.832976', 1, NULL, 5, 'commercialpackage (1.0-1) breezy; urgency=low

  * Initial version
      Address for testing linkification: Foo Bar <foo.bar@canonical.com>

 -- Julian Edwards <launchpad@julian-edwards.com>   Thu, 16 Feb 2006 15:34:09 +0000', '', '', 'any', '-----BEGIN PGP SIGNED MESSAGE-----
Hash: SHA1

Format: 1.0
Source: commercialpackage
Version: 1.0-1
Binary: commercialpackage
Maintainer: Julian Edwards <launchpad@julian-edwards.com>
Architecture: any
Standards-Version: 3.6.2
Files: 
 f27fb7494c5afbb0fb10b78d16f7da37 179 commercialpackage_1.0.orig.tar.gz
 7d6fa416334c6da3b954bf9ebff6e9ae 610 commercialpackage_1.0-1.diff.gz

Version: GnuPG v1.4.6 (GNU/Linux)

iD8DBQFGtzTjWhGlTF8G/HcRAtFsAJ4hHyKhOnsUOQDI+SAk000DmFAnUgCcC84J
3F4bEPeRcnUjCFI/hjR0kxg=
=Tjln
', 7, 243606, 27, 10, 1, 'Julian Edwards <launchpad@julian-edwards.com>', '3.6.2', '1.0', 'commercialpackage', 12, NULL, NULL, NULL, NULL, NULL);
INSERT INTO sourcepackagerelease (id, creator, version, dateuploaded, urgency, dscsigningkey, component, changelog_entry, builddepends, builddependsindep, architecturehintlist, dsc, section, maintainer, sourcepackagename, upload_distroseries, format, dsc_maintainer_rfc822, dsc_standards_version, dsc_format, dsc_binaries, upload_archive, copyright, build_conflicts, build_conflicts_indep, sourcepackage_recipe_build, changelog) VALUES (37, 1, '1.0', '2006-04-11 11:19:01', 1, NULL, 1, NULL, NULL, NULL, 'i386', NULL, 1, 16, 26, 1, 1, NULL, NULL, '1.0', NULL, 11, NULL, NULL, NULL, NULL, NULL);


ALTER TABLE sourcepackagerelease ENABLE TRIGGER ALL;


ALTER TABLE sourcepackagereleasefile DISABLE TRIGGER ALL;

INSERT INTO sourcepackagereleasefile (sourcepackagerelease, libraryfile, filetype, id) VALUES (14, 3, 6, 6);
INSERT INTO sourcepackagereleasefile (sourcepackagerelease, libraryfile, filetype, id) VALUES (15, 4, 1, 2);
INSERT INTO sourcepackagereleasefile (sourcepackagerelease, libraryfile, filetype, id) VALUES (16, 2, 1, 1);
INSERT INTO sourcepackagereleasefile (sourcepackagerelease, libraryfile, filetype, id) VALUES (23, 39, 3, 4);
INSERT INTO sourcepackagereleasefile (sourcepackagerelease, libraryfile, filetype, id) VALUES (24, 38, 3, 3);
INSERT INTO sourcepackagereleasefile (sourcepackagerelease, libraryfile, filetype, id) VALUES (25, 43, 3, 5);
INSERT INTO sourcepackagereleasefile (sourcepackagerelease, libraryfile, filetype, id) VALUES (32, 53, 3, 7);
INSERT INTO sourcepackagereleasefile (sourcepackagerelease, libraryfile, filetype, id) VALUES (33, 54, 3, 8);
INSERT INTO sourcepackagereleasefile (sourcepackagerelease, libraryfile, filetype, id) VALUES (34, 61, 3, 9);
INSERT INTO sourcepackagereleasefile (sourcepackagerelease, libraryfile, filetype, id) VALUES (35, 3, 4, 10);
INSERT INTO sourcepackagereleasefile (sourcepackagerelease, libraryfile, filetype, id) VALUES (35, 62, 3, 11);
INSERT INTO sourcepackagereleasefile (sourcepackagerelease, libraryfile, filetype, id) VALUES (36, 66, 4, 12);
INSERT INTO sourcepackagereleasefile (sourcepackagerelease, libraryfile, filetype, id) VALUES (36, 67, 5, 13);
INSERT INTO sourcepackagereleasefile (sourcepackagerelease, libraryfile, filetype, id) VALUES (36, 68, 3, 14);


ALTER TABLE sourcepackagereleasefile ENABLE TRIGGER ALL;


ALTER TABLE specification DISABLE TRIGGER ALL;

INSERT INTO specification (id, name, title, summary, owner, assignee, drafter, approver, datecreated, product, productseries, distribution, distroseries, milestone, definition_status, priority, specurl, whiteboard, superseded_by, direction_approved, man_days, implementation_status, goalstatus, fti, goal_proposer, date_goal_proposed, goal_decider, date_goal_decided, completer, date_completed, starter, date_started, private) VALUES (1, 'extension-manager-upgrades', 'Extension Manager Upgrades', 'Simplify the way extensions are installed and registered so that: 1. third party applications can easily register and deregister extensions that live with their code. 2. developers can easily register extensions that they are developing out of a location apart from their build (e.g. their home directory), and  3. developers can easily install extensions for testing.', 16, 13, NULL, 1, '2005-08-24 16:03:46.479655', 4, NULL, NULL, NULL, NULL, 40, 50, 'http://wiki.mozilla.org/Firefox:1.1_Product_Team', NULL, NULL, false, NULL, 95, 30, NULL, NULL, NULL, NULL, NULL, NULL, NULL, NULL, NULL, false);
INSERT INTO specification (id, name, title, summary, owner, assignee, drafter, approver, datecreated, product, productseries, distribution, distroseries, milestone, definition_status, priority, specurl, whiteboard, superseded_by, direction_approved, man_days, implementation_status, goalstatus, fti, goal_proposer, date_goal_proposed, goal_decider, date_goal_decided, completer, date_completed, starter, date_started, private) VALUES (2, 'canvas', 'Support <canvas> Objects', 'With the Firefox 1.1 Developer Preview Release, Firefox includes a new HTML element for programmable graphics. <canvas> is based on the WhatWG canvas specification (http://www.whatwg.org/specs/web-apps/current-work/#graphics), which itself is based on Apple''s <canvas> implemented in Safari. It can be used for rendering graphs, UI elements, and other custom graphics on the client.', 16, NULL, NULL, NULL, '2005-08-24 16:05:03.406307', 4, NULL, NULL, NULL, NULL, 40, 50, 'http://developer.mozilla.org/en/docs/Drawing_Graphics_with_Canvas', NULL, NULL, false, NULL, 0, 30, NULL, NULL, NULL, NULL, NULL, NULL, NULL, NULL, NULL, false);
INSERT INTO specification (id, name, title, summary, owner, assignee, drafter, approver, datecreated, product, productseries, distribution, distroseries, milestone, definition_status, priority, specurl, whiteboard, superseded_by, direction_approved, man_days, implementation_status, goalstatus, fti, goal_proposer, date_goal_proposed, goal_decider, date_goal_decided, completer, date_completed, starter, date_started, private) VALUES (3, 'svg-support', 'Support Native SVG Objects', 'Scalable Vector Graphics (SVG) is an XML markup language for describing two-dimensional vector graphics. Mozilla should natively support embedded SVG images in HTML documents, or SVG served directly, much as PNG or JPEG images can be served.', 16, 13, 2, 28, '2005-08-24 16:10:05.078543', 4, NULL, NULL, NULL, NULL, 10, 70, 'http://developer.mozilla.org/en/docs/SVG', NULL, NULL, true, NULL, 75, 30, NULL, NULL, NULL, NULL, NULL, NULL, NULL, 13, '2006-08-10 22:04:23.681392', false);
INSERT INTO specification (id, name, title, summary, owner, assignee, drafter, approver, datecreated, product, productseries, distribution, distroseries, milestone, definition_status, priority, specurl, whiteboard, superseded_by, direction_approved, man_days, implementation_status, goalstatus, fti, goal_proposer, date_goal_proposed, goal_decider, date_goal_decided, completer, date_completed, starter, date_started, private) VALUES (4, 'e4x', 'Support E4X in EcmaScript', 'E4X adds native XML datatypes to the ECMAScript language, extends the semantics of familiar ECMAScript operators for manipulating XML objects and adds a small set of new operators for common XML operations, such as searching and filtering. It also adds support for XML literals, namespaces, qualified names and other mechanisms to facilitate XML processing.', 16, 14, 28, NULL, '2005-08-24 16:11:37.431981', 4, NULL, NULL, NULL, 1, 20, 0, 'http://www.ecma-international.org/publications/standards/Ecma-357.htm', 'This is the status whiteboard. Dig it?', NULL, false, NULL, 0, 30, NULL, NULL, NULL, NULL, NULL, NULL, NULL, NULL, NULL, false);
INSERT INTO specification (id, name, title, summary, owner, assignee, drafter, approver, datecreated, product, productseries, distribution, distroseries, milestone, definition_status, priority, specurl, whiteboard, superseded_by, direction_approved, man_days, implementation_status, goalstatus, fti, goal_proposer, date_goal_proposed, goal_decider, date_goal_decided, completer, date_completed, starter, date_started, private) VALUES (5, 'mergewin', 'Merge Open Browser Windows with "Consolidate Windows"', 'It should be possible to merge multiple open browser windows with a "Consolidate Windows" menu option.', 16, NULL, NULL, NULL, '2005-10-19 18:03:59.900723', 4, NULL, NULL, NULL, NULL, 40, 50, NULL, NULL, NULL, false, NULL, 0, 30, NULL, NULL, NULL, NULL, NULL, NULL, NULL, NULL, NULL, false);
INSERT INTO specification (id, name, title, summary, owner, assignee, drafter, approver, datecreated, product, productseries, distribution, distroseries, milestone, definition_status, priority, specurl, whiteboard, superseded_by, direction_approved, man_days, implementation_status, goalstatus, fti, goal_proposer, date_goal_proposed, goal_decider, date_goal_decided, completer, date_completed, starter, date_started, private) VALUES (6, 'media-integrity-check', 'CD Media Integrity Check', 'Sometimes, problems installing Ubuntu from CD are caused by bad sectors on the CD media itself. It should be easy to check the quality of the CD directly from within the installer.', 12, NULL, NULL, NULL, '2005-11-02 15:14:22.177596', NULL, NULL, 1, NULL, NULL, 35, 5, 'https://wiki.ubuntu.com/MediaIntegrityCheck', NULL, NULL, false, NULL, 0, 30, NULL, NULL, NULL, NULL, NULL, NULL, NULL, NULL, NULL, false);
INSERT INTO specification (id, name, title, summary, owner, assignee, drafter, approver, datecreated, product, productseries, distribution, distroseries, milestone, definition_status, priority, specurl, whiteboard, superseded_by, direction_approved, man_days, implementation_status, goalstatus, fti, goal_proposer, date_goal_proposed, goal_decider, date_goal_decided, completer, date_completed, starter, date_started, private) VALUES (7, 'cluster-installation', 'Facilitate mass installs  of Ubuntu using Netboot configuration', 'We want to enable users to easily perform mass installations of Ubuntu on a pool of machines. We develop a console tool to intelligently manage dhcpd and syslinux configuration, and provide a GUI frontend for easy point and click configuration.

N.B. We use the term ''cluster'' to mean ''a pool of machines''. While this could be a pool of cluster compute nodes, it doesn''t have to be. Because the mass-install infrastructure also provides generic netboot management, a more accurate name for this specification would be NetbootManagement.', 1, 8, 6, 33, '2006-04-12 07:34:37.765691', NULL, NULL, 5, 12, NULL, 10, 90, 'https://wiki.ubuntu.com/NetbootManagement', NULL, NULL, false, NULL, 65, 10, NULL, 1, '2006-08-06 16:11:59.8599', 1, '2006-04-12 07:34:37.765691', NULL, NULL, 1, '2006-08-10 22:04:23.681392', false);
INSERT INTO specification (id, name, title, summary, owner, assignee, drafter, approver, datecreated, product, productseries, distribution, distroseries, milestone, definition_status, priority, specurl, whiteboard, superseded_by, direction_approved, man_days, implementation_status, goalstatus, fti, goal_proposer, date_goal_proposed, goal_decider, date_goal_decided, completer, date_completed, starter, date_started, private) VALUES (8, 'revu', 'The REVU Review Tracking System', 'Revu2 is a tool for assisting MOTUs to review packages. Packages are created mainly be contributors, but also by other tools.

In future, REVU functionality will be integrated directly into Launchpad, to ensure a tight integration of both social and technical processes in the distribution.', 1, 14, NULL, 37, '2006-04-12 07:38:20.162251', NULL, NULL, 5, 12, NULL, 10, 70, 'https://wiki.ubuntu.com/REVU2Spec', NULL, NULL, false, NULL, 75, 10, NULL, 1, '2006-08-06 16:11:59.8599', 1, '2006-04-12 07:38:20.162251', NULL, NULL, 1, '2006-08-10 22:04:23.681392', false);
INSERT INTO specification (id, name, title, summary, owner, assignee, drafter, approver, datecreated, product, productseries, distribution, distroseries, milestone, definition_status, priority, specurl, whiteboard, superseded_by, direction_approved, man_days, implementation_status, goalstatus, fti, goal_proposer, date_goal_proposed, goal_decider, date_goal_decided, completer, date_completed, starter, date_started, private) VALUES (9, 'usplash-on-hibernation', 'Activating Usplash during Hibernation', 'In order to conceal scary kernel messages, and provide some instruction and indication of progress to the user, usplash could be activated during the hibernation process.

Progress indication is likely to be limited with the current swsusp implementation, and the question of when to power off the display should be considered.', 1, 14, NULL, 33, '2006-04-12 07:40:52.80865', NULL, NULL, 5, 12, NULL, 10, 10, 'http://wiki.ubuntu.com/UsplashHibernation', 'mark: mjg59 may want to be involved in the implementation too.', NULL, false, NULL, 95, 10, NULL, 1, '2006-08-06 16:11:59.8599', 1, '2006-04-12 07:40:52.80865', 1, '2006-08-07 22:52:08.419316', 1, '2006-08-10 22:04:23.681392', false);
INSERT INTO specification (id, name, title, summary, owner, assignee, drafter, approver, datecreated, product, productseries, distribution, distroseries, milestone, definition_status, priority, specurl, whiteboard, superseded_by, direction_approved, man_days, implementation_status, goalstatus, fti, goal_proposer, date_goal_proposed, goal_decider, date_goal_decided, completer, date_completed, starter, date_started, private) VALUES (10, 'thinclient-local-devices', 'Support for local devices on Ubuntu thin clients', 'Provide support for locally-attached devices on thin clients, such as USB devices and floppy drives.', 1, 8, NULL, 6, '2006-04-12 07:44:42.314166', NULL, NULL, 5, 12, NULL, 10, 50, 'http://wiki.ubuntu.com/ThinClientLocalDevices', NULL, NULL, false, NULL, 90, 10, NULL, 1, '2006-08-06 16:11:59.8599', 1, '2006-04-12 07:44:42.314166', 1, '2006-08-07 22:52:08.419316', 1, '2006-08-10 22:04:23.681392', false);
INSERT INTO specification (id, name, title, summary, owner, assignee, drafter, approver, datecreated, product, productseries, distribution, distroseries, milestone, definition_status, priority, specurl, whiteboard, superseded_by, direction_approved, man_days, implementation_status, goalstatus, fti, goal_proposer, date_goal_proposed, goal_decider, date_goal_decided, completer, date_completed, starter, date_started, private) VALUES (11, 'kde-desktopfile-langpacks', 'KDE Desktop File Language Packs', 'As of Kubuntu 5.10, language packs cannot provide updated translations for .desktop and .directory files (used for menu entries). We should make this possible.

This spec deals with the KDE side; there is a separate spec for Gnome.', 1, 8, NULL, NULL, '2006-04-12 07:55:03.711218', NULL, NULL, 5, 12, NULL, 20, 5, 'https://wiki.ubuntu.com/LangpacksDesktopfilesKDE', 'mark - Do you think we can get this in for Krunch?', NULL, true, NULL, 0, 30, NULL, 1, '2006-08-06 16:11:59.8599', NULL, NULL, NULL, NULL, NULL, NULL, false);
INSERT INTO specification (id, name, title, summary, owner, assignee, drafter, approver, datecreated, product, productseries, distribution, distroseries, milestone, definition_status, priority, specurl, whiteboard, superseded_by, direction_approved, man_days, implementation_status, goalstatus, fti, goal_proposer, date_goal_proposed, goal_decider, date_goal_decided, completer, date_completed, starter, date_started, private) VALUES (12, 'krunch-desktop-plan', 'The Krunch Desktop Plan', 'This specification describes the plan for the Krunch Desktop. It will identify specific areas where additional polish will be added to ensure that Kapper is, in fact, krunchy.', 1, 33, NULL, NULL, '2006-04-12 07:57:24.675444', NULL, NULL, 5, 12, NULL, 35, 0, 'https://wiki.ubuntu.com/KrunchDesktopPlan', NULL, NULL, false, NULL, 0, 20, NULL, 1, '2006-08-06 16:11:59.8599', 1, '2006-04-12 07:57:24.675444', NULL, NULL, NULL, NULL, false);


ALTER TABLE specification ENABLE TRIGGER ALL;


ALTER TABLE specificationbranch DISABLE TRIGGER ALL;

INSERT INTO specificationbranch (id, datecreated, specification, branch, summary, registrant) VALUES (1, '2006-11-02 09:07:48.389829', 6, 20, 'This branch should fix the issue', 12);


ALTER TABLE specificationbranch ENABLE TRIGGER ALL;


ALTER TABLE specificationbug DISABLE TRIGGER ALL;

INSERT INTO specificationbug (id, specification, bug) VALUES (1, 3, 1);


ALTER TABLE specificationbug ENABLE TRIGGER ALL;


ALTER TABLE specificationdependency DISABLE TRIGGER ALL;

INSERT INTO specificationdependency (id, specification, dependency, date_created) VALUES (1, 4, 3, '2006-10-16 18:31:52.855436');
INSERT INTO specificationdependency (id, specification, dependency, date_created) VALUES (2, 2, 4, '2006-10-16 18:31:52.857737');


ALTER TABLE specificationdependency ENABLE TRIGGER ALL;


ALTER TABLE specificationfeedback DISABLE TRIGGER ALL;

INSERT INTO specificationfeedback (id, specification, reviewer, requester, queuemsg, date_created) VALUES (1, 3, 13, 16, 'Please make sure this reflects your implementation plan.', '2006-10-16 18:31:52.861885');
INSERT INTO specificationfeedback (id, specification, reviewer, requester, queuemsg, date_created) VALUES (2, 4, 16, 1, 'Please confirm this meets your requirements.', '2006-10-16 18:31:52.864486');
INSERT INTO specificationfeedback (id, specification, reviewer, requester, queuemsg, date_created) VALUES (4, 6, 13, 1, 'sckj hsdkjhskdhdhsdkjf hsdf', '2006-10-16 18:31:52.865147');
INSERT INTO specificationfeedback (id, specification, reviewer, requester, queuemsg, date_created) VALUES (5, 6, 1, 12, 'sfdjgdlfjgdlfjgdf glkdjf gldkfj glkdfj glkdjf', '2006-10-16 18:31:52.865733');
INSERT INTO specificationfeedback (id, specification, reviewer, requester, queuemsg, date_created) VALUES (8, 3, 1, 1, 'foo bar baz xfhds fksd hfskdf slkd fksdhf sdkjhfksdf sdkfjh skdjfhsdkj fskjdhfj.d kjsdhfkjhds fs kjshdfkj.', '2006-10-16 18:31:52.866321');
INSERT INTO specificationfeedback (id, specification, reviewer, requester, queuemsg, date_created) VALUES (9, 3, 1, 12, 'sdfjlksd jflsjdflskjd flksjd fksdjf lskjd flksdfslds lskjflkdss slkd slkfj sljdls kjds flslkdjfls.', '2006-10-16 18:31:52.866953');


ALTER TABLE specificationfeedback ENABLE TRIGGER ALL;


ALTER TABLE specificationmessage DISABLE TRIGGER ALL;



ALTER TABLE specificationmessage ENABLE TRIGGER ALL;


ALTER TABLE specificationsubscription DISABLE TRIGGER ALL;

INSERT INTO specificationsubscription (id, specification, person, essential, date_created) VALUES (1, 3, 16, false, '2006-10-16 18:31:52.870628');
INSERT INTO specificationsubscription (id, specification, person, essential, date_created) VALUES (2, 3, 2, true, '2006-10-16 18:31:52.873399');
INSERT INTO specificationsubscription (id, specification, person, essential, date_created) VALUES (3, 3, 7, true, '2006-10-16 18:31:52.874');
INSERT INTO specificationsubscription (id, specification, person, essential, date_created) VALUES (4, 3, 22, false, '2006-10-16 18:31:52.874568');
INSERT INTO specificationsubscription (id, specification, person, essential, date_created) VALUES (5, 3, 14, false, '2006-10-16 18:31:52.875255');


ALTER TABLE specificationsubscription ENABLE TRIGGER ALL;


ALTER TABLE spokenin DISABLE TRIGGER ALL;

INSERT INTO spokenin (language, country, id) VALUES (1, 60, 165);
INSERT INTO spokenin (language, country, id) VALUES (1, 68, 167);
INSERT INTO spokenin (language, country, id) VALUES (1, 70, 169);
INSERT INTO spokenin (language, country, id) VALUES (9, 198, 171);
INSERT INTO spokenin (language, country, id) VALUES (12, 3, 244);
INSERT INTO spokenin (language, country, id) VALUES (15, 70, 174);
INSERT INTO spokenin (language, country, id) VALUES (18, 101, 188);
INSERT INTO spokenin (language, country, id) VALUES (18, 104, 190);
INSERT INTO spokenin (language, country, id) VALUES (18, 110, 192);
INSERT INTO spokenin (language, country, id) VALUES (18, 116, 194);
INSERT INTO spokenin (language, country, id) VALUES (18, 120, 196);
INSERT INTO spokenin (language, country, id) VALUES (18, 123, 198);
INSERT INTO spokenin (language, country, id) VALUES (18, 146, 200);
INSERT INTO spokenin (language, country, id) VALUES (18, 163, 202);
INSERT INTO spokenin (language, country, id) VALUES (18, 176, 204);
INSERT INTO spokenin (language, country, id) VALUES (18, 18, 182);
INSERT INTO spokenin (language, country, id) VALUES (18, 189, 206);
INSERT INTO spokenin (language, country, id) VALUES (18, 202, 208);
INSERT INTO spokenin (language, country, id) VALUES (18, 208, 210);
INSERT INTO spokenin (language, country, id) VALUES (18, 217, 212);
INSERT INTO spokenin (language, country, id) VALUES (18, 224, 180);
INSERT INTO spokenin (language, country, id) VALUES (18, 237, 214);
INSERT INTO spokenin (language, country, id) VALUES (18, 4, 184);
INSERT INTO spokenin (language, country, id) VALUES (18, 65, 186);
INSERT INTO spokenin (language, country, id) VALUES (20, 200, 179);
INSERT INTO spokenin (language, country, id) VALUES (34, 16, 217);
INSERT INTO spokenin (language, country, id) VALUES (41, 200, 74);
INSERT INTO spokenin (language, country, id) VALUES (41, 75, 76);
INSERT INTO spokenin (language, country, id) VALUES (45, 21, 125);
INSERT INTO spokenin (language, country, id) VALUES (47, 101, 131);
INSERT INTO spokenin (language, country, id) VALUES (47, 19, 129);
INSERT INTO spokenin (language, country, id) VALUES (48, 146, 346);
INSERT INTO spokenin (language, country, id) VALUES (48, 4, 347);
INSERT INTO spokenin (language, country, id) VALUES (51, 171, 337);
INSERT INTO spokenin (language, country, id) VALUES (56, 28, 134);
INSERT INTO spokenin (language, country, id) VALUES (58, 75, 133);
INSERT INTO spokenin (language, country, id) VALUES (62, 34, 126);
INSERT INTO spokenin (language, country, id) VALUES (64, 68, 10);
INSERT INTO spokenin (language, country, id) VALUES (68, 200, 142);
INSERT INTO spokenin (language, country, id) VALUES (70, 171, 336);
INSERT INTO spokenin (language, country, id) VALUES (76, 193, 70);
INSERT INTO spokenin (language, country, id) VALUES (76, 209, 72);
INSERT INTO spokenin (language, country, id) VALUES (76, 45, 66);
INSERT INTO spokenin (language, country, id) VALUES (76, 98, 68);
INSERT INTO spokenin (language, country, id) VALUES (88, 225, 228);
INSERT INTO spokenin (language, country, id) VALUES (98, 58, 144);
INSERT INTO spokenin (language, country, id) VALUES (100, 59, 35);
INSERT INTO spokenin (language, country, id) VALUES (112, 152, 221);
INSERT INTO spokenin (language, country, id) VALUES (112, 22, 219);
INSERT INTO spokenin (language, country, id) VALUES (119, 101, 52);
INSERT INTO spokenin (language, country, id) VALUES (119, 105, 50);
INSERT INTO spokenin (language, country, id) VALUES (119, 14, 38);
INSERT INTO spokenin (language, country, id) VALUES (119, 155, 54);
INSERT INTO spokenin (language, country, id) VALUES (119, 171, 56);
INSERT INTO spokenin (language, country, id) VALUES (119, 193, 58);
INSERT INTO spokenin (language, country, id) VALUES (119, 198, 62);
INSERT INTO spokenin (language, country, id) VALUES (119, 225, 46);
INSERT INTO spokenin (language, country, id) VALUES (119, 226, 60);
INSERT INTO spokenin (language, country, id) VALUES (119, 239, 64);
INSERT INTO spokenin (language, country, id) VALUES (119, 29, 40);
INSERT INTO spokenin (language, country, id) VALUES (119, 39, 42);
INSERT INTO spokenin (language, country, id) VALUES (119, 59, 44);
INSERT INTO spokenin (language, country, id) VALUES (119, 98, 48);
INSERT INTO spokenin (language, country, id) VALUES (122, 69, 78);
INSERT INTO spokenin (language, country, id) VALUES (126, 72, 242);
INSERT INTO spokenin (language, country, id) VALUES (129, 74, 241);
INSERT INTO spokenin (language, country, id) VALUES (132, 126, 238);
INSERT INTO spokenin (language, country, id) VALUES (132, 154, 345);
INSERT INTO spokenin (language, country, id) VALUES (132, 207, 234);
INSERT INTO spokenin (language, country, id) VALUES (132, 22, 230);
INSERT INTO spokenin (language, country, id) VALUES (132, 39, 232);
INSERT INTO spokenin (language, country, id) VALUES (132, 75, 236);
INSERT INTO spokenin (language, country, id) VALUES (135, 152, 335);
INSERT INTO spokenin (language, country, id) VALUES (142, 81, 243);
INSERT INTO spokenin (language, country, id) VALUES (143, 126, 33);
INSERT INTO spokenin (language, country, id) VALUES (143, 15, 25);
INSERT INTO spokenin (language, country, id) VALUES (143, 207, 29);
