INSERT INTO language (id, code, englishname, nativename, pluralforms, pluralexpression, visible, direction, uuid) VALUES (223, 'kos', 'Kosraean', NULL, NULL, NULL, true, 0, NULL);
INSERT INTO language (id, code, englishname, nativename, pluralforms, pluralexpression, visible, direction, uuid) VALUES (224, 'kpe', 'Kpelle', NULL, NULL, NULL, true, 0, NULL);
INSERT INTO language (id, code, englishname, nativename, pluralforms, pluralexpression, visible, direction, uuid) VALUES (225, 'krc', 'Karachay-Balkar', NULL, NULL, NULL, true, 0, NULL);
INSERT INTO language (id, code, englishname, nativename, pluralforms, pluralexpression, visible, direction, uuid) VALUES (226, 'kro', 'Kru', NULL, NULL, NULL, true, 0, NULL);
INSERT INTO language (id, code, englishname, nativename, pluralforms, pluralexpression, visible, direction, uuid) VALUES (227, 'kru', 'Kurukh', NULL, NULL, NULL, true, 0, NULL);
INSERT INTO language (id, code, englishname, nativename, pluralforms, pluralexpression, visible, direction, uuid) VALUES (228, 'kj', 'Kuanyama', NULL, NULL, NULL, true, 0, NULL);
INSERT INTO language (id, code, englishname, nativename, pluralforms, pluralexpression, visible, direction, uuid) VALUES (229, 'kum', 'Kumyk', NULL, NULL, NULL, true, 0, NULL);
INSERT INTO language (id, code, englishname, nativename, pluralforms, pluralexpression, visible, direction, uuid) VALUES (230, 'ku', 'Kurdish', NULL, 2, 'n != 1', true, 0, NULL);
INSERT INTO language (id, code, englishname, nativename, pluralforms, pluralexpression, visible, direction, uuid) VALUES (231, 'kut', 'Kutenai', NULL, NULL, NULL, true, 0, NULL);
INSERT INTO language (id, code, englishname, nativename, pluralforms, pluralexpression, visible, direction, uuid) VALUES (232, 'lad', 'Ladino', NULL, NULL, NULL, true, 0, NULL);
INSERT INTO language (id, code, englishname, nativename, pluralforms, pluralexpression, visible, direction, uuid) VALUES (233, 'lah', 'Lahnda', NULL, NULL, NULL, true, 0, NULL);
INSERT INTO language (id, code, englishname, nativename, pluralforms, pluralexpression, visible, direction, uuid) VALUES (234, 'lam', 'Lamba', NULL, NULL, NULL, true, 0, NULL);
INSERT INTO language (id, code, englishname, nativename, pluralforms, pluralexpression, visible, direction, uuid) VALUES (235, 'lo', 'Lao', NULL, NULL, NULL, true, 0, NULL);
INSERT INTO language (id, code, englishname, nativename, pluralforms, pluralexpression, visible, direction, uuid) VALUES (236, 'la', 'Latin', NULL, 2, 'n != 1', true, 0, NULL);
INSERT INTO language (id, code, englishname, nativename, pluralforms, pluralexpression, visible, direction, uuid) VALUES (237, 'lv', 'Latvian', NULL, 3, 'n%10==1 && n%100!=11 ? 0 : n != 0 ? 1 : 2', true, 0, NULL);
INSERT INTO language (id, code, englishname, nativename, pluralforms, pluralexpression, visible, direction, uuid) VALUES (238, 'lez', 'Lezghian', NULL, NULL, NULL, true, 0, NULL);
INSERT INTO language (id, code, englishname, nativename, pluralforms, pluralexpression, visible, direction, uuid) VALUES (239, 'li', 'Limburgian', NULL, NULL, NULL, true, 0, NULL);
INSERT INTO language (id, code, englishname, nativename, pluralforms, pluralexpression, visible, direction, uuid) VALUES (240, 'ln', 'Lingala', NULL, NULL, NULL, true, 0, NULL);
INSERT INTO language (id, code, englishname, nativename, pluralforms, pluralexpression, visible, direction, uuid) VALUES (241, 'lt', 'Lithuanian', NULL, 3, 'n%10==1 && n%100!=11 ? 0 : n%10>=2 && (n%100<10 || n%100>=20) ? 1 : 2', true, 0, NULL);
INSERT INTO language (id, code, englishname, nativename, pluralforms, pluralexpression, visible, direction, uuid) VALUES (242, 'lol', 'Mongo', NULL, NULL, NULL, true, 0, NULL);
INSERT INTO language (id, code, englishname, nativename, pluralforms, pluralexpression, visible, direction, uuid) VALUES (243, 'loz', 'Lozi', NULL, NULL, NULL, true, 0, NULL);
INSERT INTO language (id, code, englishname, nativename, pluralforms, pluralexpression, visible, direction, uuid) VALUES (244, 'lb', 'Luxembourgish', NULL, 2, 'n != 1', true, 0, NULL);
INSERT INTO language (id, code, englishname, nativename, pluralforms, pluralexpression, visible, direction, uuid) VALUES (245, 'lua', 'Luba-Lulua', NULL, NULL, NULL, true, 0, NULL);
INSERT INTO language (id, code, englishname, nativename, pluralforms, pluralexpression, visible, direction, uuid) VALUES (246, 'lu', 'Luba-Katanga', NULL, NULL, NULL, true, 0, NULL);
INSERT INTO language (id, code, englishname, nativename, pluralforms, pluralexpression, visible, direction, uuid) VALUES (247, 'lg', 'Ganda', NULL, NULL, NULL, true, 0, NULL);
INSERT INTO language (id, code, englishname, nativename, pluralforms, pluralexpression, visible, direction, uuid) VALUES (248, 'lui', 'Luiseno', NULL, NULL, NULL, true, 0, NULL);
INSERT INTO language (id, code, englishname, nativename, pluralforms, pluralexpression, visible, direction, uuid) VALUES (249, 'lun', 'Lunda', NULL, NULL, NULL, true, 0, NULL);
INSERT INTO language (id, code, englishname, nativename, pluralforms, pluralexpression, visible, direction, uuid) VALUES (250, 'luo', 'Luo (Kenya and Tanzania)', NULL, NULL, NULL, true, 0, NULL);
INSERT INTO language (id, code, englishname, nativename, pluralforms, pluralexpression, visible, direction, uuid) VALUES (251, 'lus', 'Lushai', NULL, NULL, NULL, true, 0, NULL);
INSERT INTO language (id, code, englishname, nativename, pluralforms, pluralexpression, visible, direction, uuid) VALUES (252, 'mk', 'Macedonian', NULL, 2, '(n % 10 == 1 && n % 100 != 11) ? 0 : 1', true, 0, '{376b068c-4aff-4f66-bb4c-fde345b63073}');
INSERT INTO language (id, code, englishname, nativename, pluralforms, pluralexpression, visible, direction, uuid) VALUES (253, 'mad', 'Madurese', NULL, NULL, NULL, true, 0, NULL);
INSERT INTO language (id, code, englishname, nativename, pluralforms, pluralexpression, visible, direction, uuid) VALUES (254, 'mag', 'Magahi', NULL, NULL, NULL, true, 0, NULL);
INSERT INTO language (id, code, englishname, nativename, pluralforms, pluralexpression, visible, direction, uuid) VALUES (255, 'mh', 'Marshallese', NULL, NULL, NULL, true, 0, NULL);
INSERT INTO language (id, code, englishname, nativename, pluralforms, pluralexpression, visible, direction, uuid) VALUES (256, 'mai', 'Maithili', NULL, NULL, NULL, true, 0, NULL);
INSERT INTO language (id, code, englishname, nativename, pluralforms, pluralexpression, visible, direction, uuid) VALUES (257, 'mak', 'Makasar', NULL, NULL, NULL, true, 0, NULL);
INSERT INTO language (id, code, englishname, nativename, pluralforms, pluralexpression, visible, direction, uuid) VALUES (258, 'ml', 'Malayalam', NULL, NULL, NULL, true, 0, NULL);
INSERT INTO language (id, code, englishname, nativename, pluralforms, pluralexpression, visible, direction, uuid) VALUES (259, 'man', 'Mandingo', NULL, NULL, NULL, true, 0, NULL);
INSERT INTO language (id, code, englishname, nativename, pluralforms, pluralexpression, visible, direction, uuid) VALUES (260, 'mi', 'Maori', NULL, NULL, NULL, true, 0, NULL);
INSERT INTO language (id, code, englishname, nativename, pluralforms, pluralexpression, visible, direction, uuid) VALUES (261, 'map', 'Austronesian (Other)', NULL, NULL, NULL, true, 0, NULL);
INSERT INTO language (id, code, englishname, nativename, pluralforms, pluralexpression, visible, direction, uuid) VALUES (262, 'mr', 'Marathi', NULL, 2, 'n != 1', true, 0, NULL);
INSERT INTO language (id, code, englishname, nativename, pluralforms, pluralexpression, visible, direction, uuid) VALUES (263, 'mas', 'Masai', NULL, NULL, NULL, true, 0, NULL);
INSERT INTO language (id, code, englishname, nativename, pluralforms, pluralexpression, visible, direction, uuid) VALUES (264, 'ms', 'Malay', NULL, 2, 'n != 1', true, 0, NULL);
INSERT INTO language (id, code, englishname, nativename, pluralforms, pluralexpression, visible, direction, uuid) VALUES (265, 'mdf', 'Moksha', NULL, NULL, NULL, true, 0, NULL);
INSERT INTO language (id, code, englishname, nativename, pluralforms, pluralexpression, visible, direction, uuid) VALUES (266, 'mdr', 'Mandar', NULL, NULL, NULL, true, 0, NULL);
INSERT INTO language (id, code, englishname, nativename, pluralforms, pluralexpression, visible, direction, uuid) VALUES (267, 'men', 'Mende', NULL, NULL, NULL, true, 0, NULL);
INSERT INTO language (id, code, englishname, nativename, pluralforms, pluralexpression, visible, direction, uuid) VALUES (268, 'mga', 'Irish, Middle (900-1200)', NULL, NULL, NULL, true, 0, NULL);
INSERT INTO language (id, code, englishname, nativename, pluralforms, pluralexpression, visible, direction, uuid) VALUES (269, 'mic', 'Micmac', NULL, NULL, NULL, true, 0, NULL);
INSERT INTO language (id, code, englishname, nativename, pluralforms, pluralexpression, visible, direction, uuid) VALUES (270, 'min', 'Minangkabau', NULL, NULL, NULL, true, 0, NULL);
INSERT INTO language (id, code, englishname, nativename, pluralforms, pluralexpression, visible, direction, uuid) VALUES (271, 'mis', 'Miscellaneous languages', NULL, NULL, NULL, true, 0, NULL);
INSERT INTO language (id, code, englishname, nativename, pluralforms, pluralexpression, visible, direction, uuid) VALUES (272, 'mkh', 'Mon-Khmer (Other)', NULL, NULL, NULL, true, 0, NULL);
INSERT INTO language (id, code, englishname, nativename, pluralforms, pluralexpression, visible, direction, uuid) VALUES (273, 'mg', 'Malagasy', NULL, NULL, NULL, true, 0, NULL);
INSERT INTO language (id, code, englishname, nativename, pluralforms, pluralexpression, visible, direction, uuid) VALUES (274, 'mt', 'Maltese', NULL, 4, 'n == 1 ? 0 : (n == 0 || ((n % 100) >= 2 && (n % 100) <= 10) ) ? 1 : ((n % 100) >= 11 && (n % 100) <= 19 ) ? 2 : 3', true, 0, NULL);
INSERT INTO language (id, code, englishname, nativename, pluralforms, pluralexpression, visible, direction, uuid) VALUES (275, 'mnc', 'Manchu', NULL, NULL, NULL, true, 0, NULL);
INSERT INTO language (id, code, englishname, nativename, pluralforms, pluralexpression, visible, direction, uuid) VALUES (276, 'mno', 'Manobo languages', NULL, NULL, NULL, true, 0, NULL);
INSERT INTO language (id, code, englishname, nativename, pluralforms, pluralexpression, visible, direction, uuid) VALUES (277, 'moh', 'Mohawk', NULL, NULL, NULL, true, 0, NULL);
INSERT INTO language (id, code, englishname, nativename, pluralforms, pluralexpression, visible, direction, uuid) VALUES (278, 'mo', 'Moldavian', NULL, NULL, NULL, true, 0, NULL);
INSERT INTO language (id, code, englishname, nativename, pluralforms, pluralexpression, visible, direction, uuid) VALUES (279, 'mn', 'Mongolian', NULL, NULL, NULL, true, 0, NULL);
INSERT INTO language (id, code, englishname, nativename, pluralforms, pluralexpression, visible, direction, uuid) VALUES (280, 'mos', 'Mossi', NULL, NULL, NULL, true, 0, NULL);
INSERT INTO language (id, code, englishname, nativename, pluralforms, pluralexpression, visible, direction, uuid) VALUES (281, 'mul', 'Multiple languages', NULL, NULL, NULL, true, 0, NULL);
INSERT INTO language (id, code, englishname, nativename, pluralforms, pluralexpression, visible, direction, uuid) VALUES (282, 'mun', 'Munda languages', NULL, NULL, NULL, true, 0, NULL);
INSERT INTO language (id, code, englishname, nativename, pluralforms, pluralexpression, visible, direction, uuid) VALUES (283, 'mus', 'Creek', NULL, NULL, NULL, true, 0, NULL);
INSERT INTO language (id, code, englishname, nativename, pluralforms, pluralexpression, visible, direction, uuid) VALUES (284, 'mwr', 'Marwari', NULL, NULL, NULL, true, 0, NULL);
INSERT INTO language (id, code, englishname, nativename, pluralforms, pluralexpression, visible, direction, uuid) VALUES (285, 'myn', 'Mayan languages', NULL, NULL, NULL, true, 0, NULL);
INSERT INTO language (id, code, englishname, nativename, pluralforms, pluralexpression, visible, direction, uuid) VALUES (286, 'myv', 'Erzya', NULL, NULL, NULL, true, 0, NULL);
INSERT INTO language (id, code, englishname, nativename, pluralforms, pluralexpression, visible, direction, uuid) VALUES (287, 'nah', 'Nahuatl', NULL, NULL, NULL, true, 0, NULL);
INSERT INTO language (id, code, englishname, nativename, pluralforms, pluralexpression, visible, direction, uuid) VALUES (288, 'nai', 'North American Indian (Other)', NULL, NULL, NULL, true, 0, NULL);
INSERT INTO language (id, code, englishname, nativename, pluralforms, pluralexpression, visible, direction, uuid) VALUES (289, 'nap', 'Neapolitan', NULL, NULL, NULL, true, 0, NULL);
INSERT INTO language (id, code, englishname, nativename, pluralforms, pluralexpression, visible, direction, uuid) VALUES (290, 'na', 'Nauru', NULL, NULL, NULL, true, 0, NULL);
INSERT INTO language (id, code, englishname, nativename, pluralforms, pluralexpression, visible, direction, uuid) VALUES (291, 'nv', 'Navaho', NULL, NULL, NULL, true, 0, NULL);
INSERT INTO language (id, code, englishname, nativename, pluralforms, pluralexpression, visible, direction, uuid) VALUES (292, 'nr', 'Ndebele, South', NULL, NULL, NULL, true, 0, NULL);
INSERT INTO language (id, code, englishname, nativename, pluralforms, pluralexpression, visible, direction, uuid) VALUES (293, 'nd', 'Ndebele, North', NULL, NULL, NULL, true, 0, NULL);
INSERT INTO language (id, code, englishname, nativename, pluralforms, pluralexpression, visible, direction, uuid) VALUES (294, 'ng', 'Ndonga', NULL, NULL, NULL, true, 0, NULL);
INSERT INTO language (id, code, englishname, nativename, pluralforms, pluralexpression, visible, direction, uuid) VALUES (295, 'nds', 'German, Low', NULL, NULL, NULL, true, 0, NULL);
INSERT INTO language (id, code, englishname, nativename, pluralforms, pluralexpression, visible, direction, uuid) VALUES (296, 'ne', 'Nepali', NULL, NULL, NULL, true, 0, NULL);
INSERT INTO language (id, code, englishname, nativename, pluralforms, pluralexpression, visible, direction, uuid) VALUES (297, 'new', 'Newari', NULL, NULL, NULL, true, 0, NULL);
INSERT INTO language (id, code, englishname, nativename, pluralforms, pluralexpression, visible, direction, uuid) VALUES (298, 'nia', 'Nias', NULL, NULL, NULL, true, 0, NULL);
INSERT INTO language (id, code, englishname, nativename, pluralforms, pluralexpression, visible, direction, uuid) VALUES (299, 'nic', 'Niger-Kordofanian (Other)', NULL, NULL, NULL, true, 0, NULL);
INSERT INTO language (id, code, englishname, nativename, pluralforms, pluralexpression, visible, direction, uuid) VALUES (300, 'niu', 'Niuean', NULL, NULL, NULL, true, 0, NULL);
INSERT INTO language (id, code, englishname, nativename, pluralforms, pluralexpression, visible, direction, uuid) VALUES (301, 'nn', 'Norwegian Nynorsk', NULL, 2, 'n != 1', true, 0, NULL);
INSERT INTO language (id, code, englishname, nativename, pluralforms, pluralexpression, visible, direction, uuid) VALUES (302, 'nb', 'Norwegian Bokmål', NULL, 2, 'n != 1', true, 0, '{4CD2763D-5532-4ddc-84D9-2E094695A680}');
INSERT INTO language (id, code, englishname, nativename, pluralforms, pluralexpression, visible, direction, uuid) VALUES (303, 'nog', 'Nogai', NULL, NULL, NULL, true, 0, NULL);
INSERT INTO language (id, code, englishname, nativename, pluralforms, pluralexpression, visible, direction, uuid) VALUES (304, 'non', 'Norse, Old', NULL, NULL, NULL, true, 0, NULL);
INSERT INTO language (id, code, englishname, nativename, pluralforms, pluralexpression, visible, direction, uuid) VALUES (305, 'no', 'Norwegian', NULL, 2, 'n != 1', false, 0, NULL);
INSERT INTO language (id, code, englishname, nativename, pluralforms, pluralexpression, visible, direction, uuid) VALUES (306, 'nso', 'Sotho, Northern', NULL, NULL, NULL, true, 0, NULL);
INSERT INTO language (id, code, englishname, nativename, pluralforms, pluralexpression, visible, direction, uuid) VALUES (307, 'nub', 'Nubian languages', NULL, NULL, NULL, true, 0, NULL);
INSERT INTO language (id, code, englishname, nativename, pluralforms, pluralexpression, visible, direction, uuid) VALUES (308, 'nwc', 'Classical Newari; Old Newari', NULL, NULL, NULL, true, 0, NULL);
INSERT INTO language (id, code, englishname, nativename, pluralforms, pluralexpression, visible, direction, uuid) VALUES (309, 'ny', 'Chewa; Chichewa; Nyanja', NULL, NULL, NULL, true, 0, NULL);
INSERT INTO language (id, code, englishname, nativename, pluralforms, pluralexpression, visible, direction, uuid) VALUES (310, 'nym', 'Nyankole', NULL, NULL, NULL, true, 0, NULL);
INSERT INTO language (id, code, englishname, nativename, pluralforms, pluralexpression, visible, direction, uuid) VALUES (311, 'nyo', 'Nyoro', NULL, NULL, NULL, true, 0, NULL);
INSERT INTO language (id, code, englishname, nativename, pluralforms, pluralexpression, visible, direction, uuid) VALUES (312, 'nzi', 'Nzima', NULL, NULL, NULL, true, 0, NULL);
INSERT INTO language (id, code, englishname, nativename, pluralforms, pluralexpression, visible, direction, uuid) VALUES (313, 'oc', 'Occitan (post 1500)', NULL, 2, 'n > 1', true, 0, NULL);
INSERT INTO language (id, code, englishname, nativename, pluralforms, pluralexpression, visible, direction, uuid) VALUES (314, 'oj', 'Ojibwa', NULL, NULL, NULL, true, 0, NULL);
INSERT INTO language (id, code, englishname, nativename, pluralforms, pluralexpression, visible, direction, uuid) VALUES (315, 'or', 'Oriya', NULL, NULL, NULL, true, 0, NULL);
INSERT INTO language (id, code, englishname, nativename, pluralforms, pluralexpression, visible, direction, uuid) VALUES (316, 'om', 'Oromo', NULL, NULL, NULL, true, 0, NULL);
INSERT INTO language (id, code, englishname, nativename, pluralforms, pluralexpression, visible, direction, uuid) VALUES (317, 'osa', 'Osage', NULL, NULL, NULL, true, 0, NULL);
INSERT INTO language (id, code, englishname, nativename, pluralforms, pluralexpression, visible, direction, uuid) VALUES (318, 'os', 'Ossetian', NULL, NULL, NULL, true, 0, NULL);
INSERT INTO language (id, code, englishname, nativename, pluralforms, pluralexpression, visible, direction, uuid) VALUES (319, 'ota', 'Turkish, Ottoman (1500-1928)', NULL, NULL, NULL, true, 0, NULL);
INSERT INTO language (id, code, englishname, nativename, pluralforms, pluralexpression, visible, direction, uuid) VALUES (320, 'oto', 'Otomian languages', NULL, NULL, NULL, true, 0, NULL);
INSERT INTO language (id, code, englishname, nativename, pluralforms, pluralexpression, visible, direction, uuid) VALUES (321, 'paa', 'Papuan (Other)', NULL, NULL, NULL, true, 0, NULL);
INSERT INTO language (id, code, englishname, nativename, pluralforms, pluralexpression, visible, direction, uuid) VALUES (322, 'pag', 'Pangasinan', NULL, NULL, NULL, true, 0, NULL);
INSERT INTO language (id, code, englishname, nativename, pluralforms, pluralexpression, visible, direction, uuid) VALUES (323, 'pal', 'Pahlavi', NULL, NULL, NULL, true, 0, NULL);
INSERT INTO language (id, code, englishname, nativename, pluralforms, pluralexpression, visible, direction, uuid) VALUES (324, 'pam', 'Pampanga', NULL, NULL, NULL, true, 0, NULL);
INSERT INTO language (id, code, englishname, nativename, pluralforms, pluralexpression, visible, direction, uuid) VALUES (325, 'pa', 'Punjabi', NULL, 2, 'n != 1', true, 0, '{96f366b1-5194-4e30-9415-1f6fcaaaa583}');
INSERT INTO language (id, code, englishname, nativename, pluralforms, pluralexpression, visible, direction, uuid) VALUES (326, 'pap', 'Papiamento', NULL, 2, 'n != 1', true, 0, NULL);
INSERT INTO language (id, code, englishname, nativename, pluralforms, pluralexpression, visible, direction, uuid) VALUES (327, 'pau', 'Palauan', NULL, NULL, NULL, true, 0, NULL);
INSERT INTO language (id, code, englishname, nativename, pluralforms, pluralexpression, visible, direction, uuid) VALUES (328, 'peo', 'Persian, Old (ca.600-400 B.C.)', NULL, NULL, NULL, true, 0, NULL);
INSERT INTO language (id, code, englishname, nativename, pluralforms, pluralexpression, visible, direction, uuid) VALUES (329, 'fa', 'Persian', NULL, 1, '0', true, 1, NULL);
INSERT INTO language (id, code, englishname, nativename, pluralforms, pluralexpression, visible, direction, uuid) VALUES (330, 'phi', 'Philippine (Other)', NULL, NULL, NULL, true, 0, NULL);
INSERT INTO language (id, code, englishname, nativename, pluralforms, pluralexpression, visible, direction, uuid) VALUES (331, 'phn', 'Phoenician', NULL, NULL, NULL, true, 0, NULL);
INSERT INTO language (id, code, englishname, nativename, pluralforms, pluralexpression, visible, direction, uuid) VALUES (332, 'pi', 'Pali', NULL, NULL, NULL, true, 0, NULL);
INSERT INTO language (id, code, englishname, nativename, pluralforms, pluralexpression, visible, direction, uuid) VALUES (333, 'pl', 'Polish', NULL, 3, 'n==1 ? 0 : n%10>=2 && n%10<=4 && (n%100<10 || n%100>=20) ? 1 : 2', true, 0, '{cbfb6154-47f6-47ea-b888-6440a4ba44e8}');
INSERT INTO language (id, code, englishname, nativename, pluralforms, pluralexpression, visible, direction, uuid) VALUES (334, 'pt', 'Portuguese', NULL, 2, 'n != 1', true, 0, '{6e528a74-5cca-40d1-mozia152-d1b2d415210b}');
INSERT INTO language (id, code, englishname, nativename, pluralforms, pluralexpression, visible, direction, uuid) VALUES (335, 'pon', 'Pohnpeian', NULL, NULL, NULL, true, 0, NULL);
INSERT INTO language (id, code, englishname, nativename, pluralforms, pluralexpression, visible, direction, uuid) VALUES (336, 'pra', 'Prakrit languages', NULL, NULL, NULL, true, 0, NULL);
INSERT INTO language (id, code, englishname, nativename, pluralforms, pluralexpression, visible, direction, uuid) VALUES (337, 'pro', 'Provençal, Old (to 1500)', NULL, NULL, NULL, true, 0, NULL);
INSERT INTO language (id, code, englishname, nativename, pluralforms, pluralexpression, visible, direction, uuid) VALUES (338, 'ps', 'Pushto', NULL, NULL, NULL, true, 0, NULL);
INSERT INTO language (id, code, englishname, nativename, pluralforms, pluralexpression, visible, direction, uuid) VALUES (339, 'qu', 'Quechua', NULL, 2, '(n % 10 == 1 && n % 100 != 11) ? 0 : 1', true, 0, NULL);
INSERT INTO language (id, code, englishname, nativename, pluralforms, pluralexpression, visible, direction, uuid) VALUES (340, 'raj', 'Rajasthani', NULL, NULL, NULL, true, 0, NULL);
INSERT INTO language (id, code, englishname, nativename, pluralforms, pluralexpression, visible, direction, uuid) VALUES (341, 'rap', 'Rapanui', NULL, NULL, NULL, true, 0, NULL);
INSERT INTO language (id, code, englishname, nativename, pluralforms, pluralexpression, visible, direction, uuid) VALUES (342, 'rar', 'Rarotongan', NULL, NULL, NULL, true, 0, NULL);
INSERT INTO language (id, code, englishname, nativename, pluralforms, pluralexpression, visible, direction, uuid) VALUES (343, 'roa', 'Romance (Other)', NULL, NULL, NULL, true, 0, NULL);
INSERT INTO language (id, code, englishname, nativename, pluralforms, pluralexpression, visible, direction, uuid) VALUES (344, 'rm', 'Raeto-Romance', NULL, NULL, NULL, true, 0, NULL);
INSERT INTO language (id, code, englishname, nativename, pluralforms, pluralexpression, visible, direction, uuid) VALUES (345, 'rom', 'Romany', NULL, NULL, NULL, true, 0, NULL);
INSERT INTO language (id, code, englishname, nativename, pluralforms, pluralexpression, visible, direction, uuid) VALUES (346, 'ro', 'Romanian', NULL, 3, '(n == 1 ? 0: (((n % 100 > 19) || ((n % 100 == 0) && (n != 0))) ? 2: 1))', true, 0, '{93ead120-1d61-4663-852d-ee631493168f}');
INSERT INTO language (id, code, englishname, nativename, pluralforms, pluralexpression, visible, direction, uuid) VALUES (347, 'rn', 'Rundi', NULL, NULL, NULL, true, 0, NULL);
INSERT INTO language (id, code, englishname, nativename, pluralforms, pluralexpression, visible, direction, uuid) VALUES (348, 'ru', 'Russian', NULL, 3, 'n%10==1 && n%100!=11 ? 0 : n%10>=2 && n%10<=4 && (n%100<10 || n%100>=20) ? 1 : 2', true, 0, '{9E20245A-B2EE-4ee6-815B-99C30B35D0D2}');
INSERT INTO language (id, code, englishname, nativename, pluralforms, pluralexpression, visible, direction, uuid) VALUES (349, 'sad', 'Sandawe', NULL, NULL, NULL, true, 0, NULL);
INSERT INTO language (id, code, englishname, nativename, pluralforms, pluralexpression, visible, direction, uuid) VALUES (350, 'sg', 'Sango', NULL, 2, 'n > 1', true, 0, NULL);
INSERT INTO language (id, code, englishname, nativename, pluralforms, pluralexpression, visible, direction, uuid) VALUES (351, 'sah', 'Yakut', NULL, NULL, NULL, true, 0, NULL);
INSERT INTO language (id, code, englishname, nativename, pluralforms, pluralexpression, visible, direction, uuid) VALUES (352, 'sai', 'South American Indian (Other)', NULL, NULL, NULL, true, 0, NULL);
INSERT INTO language (id, code, englishname, nativename, pluralforms, pluralexpression, visible, direction, uuid) VALUES (353, 'sal', 'Salishan languages', NULL, NULL, NULL, true, 0, NULL);
INSERT INTO language (id, code, englishname, nativename, pluralforms, pluralexpression, visible, direction, uuid) VALUES (354, 'sam', 'Samaritan Aramaic', NULL, NULL, NULL, true, 0, NULL);
INSERT INTO language (id, code, englishname, nativename, pluralforms, pluralexpression, visible, direction, uuid) VALUES (355, 'sa', 'Sanskrit', NULL, NULL, NULL, true, 0, NULL);
INSERT INTO language (id, code, englishname, nativename, pluralforms, pluralexpression, visible, direction, uuid) VALUES (356, 'sas', 'Sasak', NULL, NULL, NULL, true, 0, NULL);
INSERT INTO language (id, code, englishname, nativename, pluralforms, pluralexpression, visible, direction, uuid) VALUES (357, 'sat', 'Santali', NULL, NULL, NULL, true, 0, NULL);
INSERT INTO language (id, code, englishname, nativename, pluralforms, pluralexpression, visible, direction, uuid) VALUES (358, 'sr', 'Serbian', NULL, 3, 'n%10==1 && n%100!=11 ? 0 : n%10>=2 && n%10<=4 && (n%100<10 || n%100>=20) ? 1 : 2', true, 0, NULL);
INSERT INTO language (id, code, englishname, nativename, pluralforms, pluralexpression, visible, direction, uuid) VALUES (359, 'sco', 'Scots', NULL, NULL, NULL, true, 0, NULL);
INSERT INTO language (id, code, englishname, nativename, pluralforms, pluralexpression, visible, direction, uuid) VALUES (360, 'hr', 'Croatian', NULL, 3, 'n%10==1 && n%100!=11 ? 0 : n%10>=2 && n%10<=4 && (n%100<10 || n%100>=20) ? 1 : 2', true, 0, NULL);
INSERT INTO language (id, code, englishname, nativename, pluralforms, pluralexpression, visible, direction, uuid) VALUES (361, 'sel', 'Selkup', NULL, NULL, NULL, true, 0, NULL);
INSERT INTO language (id, code, englishname, nativename, pluralforms, pluralexpression, visible, direction, uuid) VALUES (362, 'sem', 'Semitic (Other)', NULL, NULL, NULL, true, 0, NULL);
INSERT INTO language (id, code, englishname, nativename, pluralforms, pluralexpression, visible, direction, uuid) VALUES (363, 'sga', 'Irish, Old (to 900)', NULL, NULL, NULL, true, 0, NULL);
INSERT INTO language (id, code, englishname, nativename, pluralforms, pluralexpression, visible, direction, uuid) VALUES (364, 'sgn', 'Sign languages', NULL, NULL, NULL, true, 0, NULL);
INSERT INTO language (id, code, englishname, nativename, pluralforms, pluralexpression, visible, direction, uuid) VALUES (365, 'shn', 'Shan', NULL, NULL, NULL, true, 0, NULL);
INSERT INTO language (id, code, englishname, nativename, pluralforms, pluralexpression, visible, direction, uuid) VALUES (366, 'sid', 'Sidamo', NULL, NULL, NULL, true, 0, NULL);
INSERT INTO language (id, code, englishname, nativename, pluralforms, pluralexpression, visible, direction, uuid) VALUES (367, 'si', 'Sinhalese', NULL, 2, 'n != 1', true, 0, NULL);
INSERT INTO language (id, code, englishname, nativename, pluralforms, pluralexpression, visible, direction, uuid) VALUES (368, 'sio', 'Siouan languages', NULL, NULL, NULL, true, 0, NULL);
INSERT INTO language (id, code, englishname, nativename, pluralforms, pluralexpression, visible, direction, uuid) VALUES (369, 'sit', 'Sino-Tibetan (Other)', NULL, NULL, NULL, true, 0, NULL);
INSERT INTO language (id, code, englishname, nativename, pluralforms, pluralexpression, visible, direction, uuid) VALUES (370, 'sla', 'Slavic (Other)', NULL, NULL, NULL, true, 0, NULL);
INSERT INTO language (id, code, englishname, nativename, pluralforms, pluralexpression, visible, direction, uuid) VALUES (371, 'sk', 'Slovak', NULL, 3, 'n%10==1 && n%100!=11 ? 0 : n%10>=2 && n%10<=4 && (n%100<10 || n%100>=20) ? 1 : 2', true, 0, NULL);
INSERT INTO language (id, code, englishname, nativename, pluralforms, pluralexpression, visible, direction, uuid) VALUES (372, 'sl', 'Slovenian', NULL, 4, 'n%100==1 ? 0 : n%100==2 ? 1 : n%100==3 || n%100==4 ? 2 : 3', true, 0, '{ac25d192-0004-4228-8dc3-13a5461ca1c6}');
INSERT INTO language (id, code, englishname, nativename, pluralforms, pluralexpression, visible, direction, uuid) VALUES (373, 'sma', 'Southern Sami', NULL, NULL, NULL, true, 0, NULL);
INSERT INTO language (id, code, englishname, nativename, pluralforms, pluralexpression, visible, direction, uuid) VALUES (374, 'se', 'Northern Sami', NULL, NULL, NULL, true, 0, NULL);
INSERT INTO language (id, code, englishname, nativename, pluralforms, pluralexpression, visible, direction, uuid) VALUES (375, 'smi', 'Sami languages (Other)', NULL, NULL, NULL, true, 0, NULL);
INSERT INTO language (id, code, englishname, nativename, pluralforms, pluralexpression, visible, direction, uuid) VALUES (376, 'smj', 'Lule Sami', NULL, NULL, NULL, true, 0, NULL);
INSERT INTO language (id, code, englishname, nativename, pluralforms, pluralexpression, visible, direction, uuid) VALUES (377, 'smn', 'Inari Sami', NULL, NULL, NULL, true, 0, NULL);
INSERT INTO language (id, code, englishname, nativename, pluralforms, pluralexpression, visible, direction, uuid) VALUES (378, 'sm', 'Samoan', NULL, NULL, NULL, true, 0, NULL);
INSERT INTO language (id, code, englishname, nativename, pluralforms, pluralexpression, visible, direction, uuid) VALUES (379, 'sms', 'Skolt Sami', NULL, NULL, NULL, true, 0, NULL);
INSERT INTO language (id, code, englishname, nativename, pluralforms, pluralexpression, visible, direction, uuid) VALUES (380, 'sn', 'Shona', NULL, NULL, NULL, true, 0, NULL);
INSERT INTO language (id, code, englishname, nativename, pluralforms, pluralexpression, visible, direction, uuid) VALUES (381, 'sd', 'Sindhi', NULL, NULL, NULL, true, 0, NULL);
INSERT INTO language (id, code, englishname, nativename, pluralforms, pluralexpression, visible, direction, uuid) VALUES (382, 'snk', 'Soninke', NULL, NULL, NULL, true, 0, NULL);
INSERT INTO language (id, code, englishname, nativename, pluralforms, pluralexpression, visible, direction, uuid) VALUES (383, 'sog', 'Sogdian', NULL, NULL, NULL, true, 0, NULL);
INSERT INTO language (id, code, englishname, nativename, pluralforms, pluralexpression, visible, direction, uuid) VALUES (384, 'so', 'Somali', NULL, 2, 'n != 1', true, 0, NULL);
INSERT INTO language (id, code, englishname, nativename, pluralforms, pluralexpression, visible, direction, uuid) VALUES (385, 'son', 'Songhai', NULL, NULL, NULL, true, 0, NULL);
INSERT INTO language (id, code, englishname, nativename, pluralforms, pluralexpression, visible, direction, uuid) VALUES (386, 'st', 'Sotho, Southern', NULL, 1, '0', true, 0, NULL);
INSERT INTO language (id, code, englishname, nativename, pluralforms, pluralexpression, visible, direction, uuid) VALUES (387, 'es', 'Spanish', NULL, 2, 'n != 1', true, 0, '{e4d01067-3443-405d-939d-a200ed3db577}');
INSERT INTO language (id, code, englishname, nativename, pluralforms, pluralexpression, visible, direction, uuid) VALUES (388, 'sc', 'Sardinian', NULL, NULL, NULL, true, 0, NULL);
INSERT INTO language (id, code, englishname, nativename, pluralforms, pluralexpression, visible, direction, uuid) VALUES (389, 'srr', 'Serer', NULL, NULL, NULL, true, 0, NULL);
INSERT INTO language (id, code, englishname, nativename, pluralforms, pluralexpression, visible, direction, uuid) VALUES (390, 'ssa', 'Nilo-Saharan (Other)', NULL, NULL, NULL, true, 0, NULL);
INSERT INTO language (id, code, englishname, nativename, pluralforms, pluralexpression, visible, direction, uuid) VALUES (391, 'ss', 'Swati', NULL, NULL, NULL, true, 0, NULL);
INSERT INTO language (id, code, englishname, nativename, pluralforms, pluralexpression, visible, direction, uuid) VALUES (392, 'suk', 'Sukuma', NULL, NULL, NULL, true, 0, NULL);
INSERT INTO language (id, code, englishname, nativename, pluralforms, pluralexpression, visible, direction, uuid) VALUES (393, 'su', 'Sundanese', NULL, NULL, NULL, true, 0, NULL);
INSERT INTO language (id, code, englishname, nativename, pluralforms, pluralexpression, visible, direction, uuid) VALUES (394, 'sus', 'Susu', NULL, NULL, NULL, true, 0, NULL);
INSERT INTO language (id, code, englishname, nativename, pluralforms, pluralexpression, visible, direction, uuid) VALUES (395, 'sux', 'Sumerian', NULL, NULL, NULL, true, 0, NULL);
INSERT INTO language (id, code, englishname, nativename, pluralforms, pluralexpression, visible, direction, uuid) VALUES (396, 'sw', 'Swahili', NULL, NULL, NULL, true, 0, NULL);
INSERT INTO language (id, code, englishname, nativename, pluralforms, pluralexpression, visible, direction, uuid) VALUES (397, 'sv', 'Swedish', NULL, 2, 'n != 1', true, 0, '{A3E7CC55-B6E4-4a87-BD2E-657CA489F23A}');
INSERT INTO language (id, code, englishname, nativename, pluralforms, pluralexpression, visible, direction, uuid) VALUES (398, 'syr', 'Syriac', NULL, NULL, NULL, true, 0, NULL);
INSERT INTO language (id, code, englishname, nativename, pluralforms, pluralexpression, visible, direction, uuid) VALUES (399, 'ty', 'Tahitian', NULL, NULL, NULL, true, 0, NULL);
INSERT INTO language (id, code, englishname, nativename, pluralforms, pluralexpression, visible, direction, uuid) VALUES (400, 'tai', 'Tai (Other)', NULL, NULL, NULL, true, 0, NULL);
INSERT INTO language (id, code, englishname, nativename, pluralforms, pluralexpression, visible, direction, uuid) VALUES (401, 'ta', 'Tamil', NULL, 2, 'n != 1', true, 0, NULL);
INSERT INTO language (id, code, englishname, nativename, pluralforms, pluralexpression, visible, direction, uuid) VALUES (402, 'ts', 'Tsonga', NULL, NULL, NULL, true, 0, NULL);
INSERT INTO language (id, code, englishname, nativename, pluralforms, pluralexpression, visible, direction, uuid) VALUES (403, 'tt', 'Tatar', NULL, NULL, NULL, true, 0, NULL);
INSERT INTO language (id, code, englishname, nativename, pluralforms, pluralexpression, visible, direction, uuid) VALUES (404, 'te', 'Telugu', NULL, NULL, NULL, true, 0, NULL);
INSERT INTO language (id, code, englishname, nativename, pluralforms, pluralexpression, visible, direction, uuid) VALUES (405, 'tem', 'Timne', NULL, NULL, NULL, true, 0, NULL);
INSERT INTO language (id, code, englishname, nativename, pluralforms, pluralexpression, visible, direction, uuid) VALUES (406, 'ter', 'Tereno', NULL, NULL, NULL, true, 0, NULL);
INSERT INTO language (id, code, englishname, nativename, pluralforms, pluralexpression, visible, direction, uuid) VALUES (407, 'tet', 'Tetum', NULL, NULL, NULL, true, 0, NULL);
INSERT INTO language (id, code, englishname, nativename, pluralforms, pluralexpression, visible, direction, uuid) VALUES (408, 'tg', 'Tajik', NULL, NULL, NULL, true, 0, NULL);
INSERT INTO language (id, code, englishname, nativename, pluralforms, pluralexpression, visible, direction, uuid) VALUES (409, 'tl', 'Tagalog', NULL, 2, 'n > 1', true, 0, NULL);
INSERT INTO language (id, code, englishname, nativename, pluralforms, pluralexpression, visible, direction, uuid) VALUES (410, 'th', 'Thai', NULL, NULL, NULL, true, 0, NULL);
INSERT INTO language (id, code, englishname, nativename, pluralforms, pluralexpression, visible, direction, uuid) VALUES (411, 'bo', 'Tibetan', NULL, 1, '0', true, 0, NULL);
INSERT INTO language (id, code, englishname, nativename, pluralforms, pluralexpression, visible, direction, uuid) VALUES (412, 'tig', 'Tigre', NULL, NULL, NULL, true, 0, NULL);
INSERT INTO language (id, code, englishname, nativename, pluralforms, pluralexpression, visible, direction, uuid) VALUES (413, 'ti', 'Tigrinya', NULL, NULL, NULL, true, 0, NULL);
INSERT INTO language (id, code, englishname, nativename, pluralforms, pluralexpression, visible, direction, uuid) VALUES (414, 'tiv', 'Tiv', NULL, NULL, NULL, true, 0, NULL);
INSERT INTO language (id, code, englishname, nativename, pluralforms, pluralexpression, visible, direction, uuid) VALUES (415, 'tlh', 'Klingon; tlhIngan-Hol', NULL, NULL, NULL, true, 0, NULL);
INSERT INTO language (id, code, englishname, nativename, pluralforms, pluralexpression, visible, direction, uuid) VALUES (416, 'tkl', 'Tokelau', NULL, NULL, NULL, true, 0, NULL);
INSERT INTO language (id, code, englishname, nativename, pluralforms, pluralexpression, visible, direction, uuid) VALUES (417, 'tli', 'Tlinglit', NULL, NULL, NULL, true, 0, NULL);
INSERT INTO language (id, code, englishname, nativename, pluralforms, pluralexpression, visible, direction, uuid) VALUES (418, 'tmh', 'Tamashek', NULL, NULL, NULL, true, 0, NULL);
INSERT INTO language (id, code, englishname, nativename, pluralforms, pluralexpression, visible, direction, uuid) VALUES (419, 'tog', 'Tonga (Nyasa)', NULL, NULL, NULL, true, 0, NULL);
INSERT INTO language (id, code, englishname, nativename, pluralforms, pluralexpression, visible, direction, uuid) VALUES (420, 'to', 'Tonga (Tonga Islands)', NULL, NULL, NULL, true, 0, NULL);
INSERT INTO language (id, code, englishname, nativename, pluralforms, pluralexpression, visible, direction, uuid) VALUES (421, 'tpi', 'Tok Pisin', NULL, NULL, NULL, true, 0, NULL);
INSERT INTO language (id, code, englishname, nativename, pluralforms, pluralexpression, visible, direction, uuid) VALUES (422, 'tsi', 'Tsimshian', NULL, NULL, NULL, true, 0, NULL);
INSERT INTO language (id, code, englishname, nativename, pluralforms, pluralexpression, visible, direction, uuid) VALUES (423, 'tn', 'Tswana', NULL, NULL, NULL, true, 0, NULL);
INSERT INTO language (id, code, englishname, nativename, pluralforms, pluralexpression, visible, direction, uuid) VALUES (424, 'tk', 'Turkmen', NULL, NULL, NULL, true, 0, NULL);
INSERT INTO language (id, code, englishname, nativename, pluralforms, pluralexpression, visible, direction, uuid) VALUES (425, 'tum', 'Tumbuka', NULL, NULL, NULL, true, 0, NULL);
INSERT INTO language (id, code, englishname, nativename, pluralforms, pluralexpression, visible, direction, uuid) VALUES (426, 'tup', 'Tupi languages', NULL, NULL, NULL, true, 0, NULL);
INSERT INTO language (id, code, englishname, nativename, pluralforms, pluralexpression, visible, direction, uuid) VALUES (427, 'tr', 'Turkish', NULL, 1, '0', true, 0, '{08c0f953-0736-4989-b921-3e7ddfaf556a}');
INSERT INTO language (id, code, englishname, nativename, pluralforms, pluralexpression, visible, direction, uuid) VALUES (428, 'tut', 'Altaic (Other)', NULL, NULL, NULL, true, 0, NULL);
INSERT INTO language (id, code, englishname, nativename, pluralforms, pluralexpression, visible, direction, uuid) VALUES (429, 'tvl', 'Tuvalu', NULL, NULL, NULL, true, 0, NULL);
INSERT INTO language (id, code, englishname, nativename, pluralforms, pluralexpression, visible, direction, uuid) VALUES (430, 'tw', 'Twi', NULL, NULL, NULL, true, 0, NULL);
INSERT INTO language (id, code, englishname, nativename, pluralforms, pluralexpression, visible, direction, uuid) VALUES (431, 'tyv', 'Tuvinian', NULL, NULL, NULL, true, 0, NULL);
INSERT INTO language (id, code, englishname, nativename, pluralforms, pluralexpression, visible, direction, uuid) VALUES (432, 'udm', 'Udmurt', NULL, NULL, NULL, true, 0, NULL);
INSERT INTO language (id, code, englishname, nativename, pluralforms, pluralexpression, visible, direction, uuid) VALUES (433, 'uga', 'Ugaritic', NULL, NULL, NULL, true, 0, NULL);
INSERT INTO language (id, code, englishname, nativename, pluralforms, pluralexpression, visible, direction, uuid) VALUES (434, 'ug', 'Uighur', NULL, NULL, NULL, true, 0, NULL);
INSERT INTO language (id, code, englishname, nativename, pluralforms, pluralexpression, visible, direction, uuid) VALUES (435, 'uk', 'Ukrainian', NULL, 3, 'n%10==1 && n%100!=11 ? 0 : n%10>=2 && n%10<=4 && (n%100<10 || n%100>=20) ? 1 : 2', true, 0, '{f68df430-4534-4473-8ca4-d5de32268a8d}');
INSERT INTO language (id, code, englishname, nativename, pluralforms, pluralexpression, visible, direction, uuid) VALUES (436, 'umb', 'Umbundu', NULL, NULL, NULL, true, 0, NULL);
INSERT INTO language (id, code, englishname, nativename, pluralforms, pluralexpression, visible, direction, uuid) VALUES (437, 'und', 'Undetermined', NULL, NULL, NULL, true, 0, NULL);
INSERT INTO language (id, code, englishname, nativename, pluralforms, pluralexpression, visible, direction, uuid) VALUES (438, 'ur', 'Urdu', NULL, 2, 'n != 1', true, 0, NULL);
INSERT INTO language (id, code, englishname, nativename, pluralforms, pluralexpression, visible, direction, uuid) VALUES (439, 'uz', 'Uzbek', NULL, NULL, NULL, true, 0, NULL);
INSERT INTO language (id, code, englishname, nativename, pluralforms, pluralexpression, visible, direction, uuid) VALUES (440, 'vai', 'Vai', NULL, NULL, NULL, true, 0, NULL);
INSERT INTO language (id, code, englishname, nativename, pluralforms, pluralexpression, visible, direction, uuid) VALUES (441, 've', 'Venda', NULL, NULL, NULL, true, 0, NULL);
INSERT INTO language (id, code, englishname, nativename, pluralforms, pluralexpression, visible, direction, uuid) VALUES (442, 'vi', 'Vietnamese', NULL, 1, '0', true, 0, NULL);
INSERT INTO language (id, code, englishname, nativename, pluralforms, pluralexpression, visible, direction, uuid) VALUES (443, 'vo', 'Volapuk', NULL, NULL, NULL, true, 0, NULL);
INSERT INTO language (id, code, englishname, nativename, pluralforms, pluralexpression, visible, direction, uuid) VALUES (444, 'vot', 'Votic', NULL, NULL, NULL, true, 0, NULL);
INSERT INTO language (id, code, englishname, nativename, pluralforms, pluralexpression, visible, direction, uuid) VALUES (445, 'wak', 'Wakashan languages', NULL, NULL, NULL, true, 0, NULL);
INSERT INTO language (id, code, englishname, nativename, pluralforms, pluralexpression, visible, direction, uuid) VALUES (446, 'wal', 'Walamo', NULL, NULL, NULL, true, 0, NULL);
INSERT INTO language (id, code, englishname, nativename, pluralforms, pluralexpression, visible, direction, uuid) VALUES (447, 'war', 'Waray', NULL, NULL, NULL, true, 0, NULL);
INSERT INTO language (id, code, englishname, nativename, pluralforms, pluralexpression, visible, direction, uuid) VALUES (448, 'was', 'Washo', NULL, NULL, NULL, true, 0, NULL);
INSERT INTO language (id, code, englishname, nativename, pluralforms, pluralexpression, visible, direction, uuid) VALUES (449, 'cy', 'Welsh', NULL, 4, 'n==1 ? 0 : n==2 ? 1 : (n != 8 || n != 11) ? 2 : 3', true, 0, NULL);
INSERT INTO language (id, code, englishname, nativename, pluralforms, pluralexpression, visible, direction, uuid) VALUES (450, 'wen', 'Sorbian languages', NULL, NULL, NULL, true, 0, NULL);
INSERT INTO language (id, code, englishname, nativename, pluralforms, pluralexpression, visible, direction, uuid) VALUES (451, 'wa', 'Walloon', NULL, NULL, NULL, true, 0, NULL);
INSERT INTO language (id, code, englishname, nativename, pluralforms, pluralexpression, visible, direction, uuid) VALUES (452, 'wo', 'Wolof', NULL, NULL, NULL, true, 0, NULL);
INSERT INTO language (id, code, englishname, nativename, pluralforms, pluralexpression, visible, direction, uuid) VALUES (453, 'xal', 'Kalmyk', NULL, NULL, NULL, true, 0, NULL);
INSERT INTO language (id, code, englishname, nativename, pluralforms, pluralexpression, visible, direction, uuid) VALUES (454, 'xh', 'Xhosa', NULL, 2, 'n != 1', true, 0, NULL);
INSERT INTO language (id, code, englishname, nativename, pluralforms, pluralexpression, visible, direction, uuid) VALUES (455, 'yao', 'Yao', NULL, NULL, NULL, true, 0, NULL);
INSERT INTO language (id, code, englishname, nativename, pluralforms, pluralexpression, visible, direction, uuid) VALUES (456, 'yap', 'Yapese', NULL, NULL, NULL, true, 0, NULL);
INSERT INTO language (id, code, englishname, nativename, pluralforms, pluralexpression, visible, direction, uuid) VALUES (457, 'yi', 'Yiddish', NULL, NULL, NULL, true, 1, NULL);
INSERT INTO language (id, code, englishname, nativename, pluralforms, pluralexpression, visible, direction, uuid) VALUES (458, 'yo', 'Yoruba', NULL, NULL, NULL, true, 0, NULL);
INSERT INTO language (id, code, englishname, nativename, pluralforms, pluralexpression, visible, direction, uuid) VALUES (459, 'ypk', 'Yupik languages', NULL, NULL, NULL, true, 0, NULL);
INSERT INTO language (id, code, englishname, nativename, pluralforms, pluralexpression, visible, direction, uuid) VALUES (460, 'zap', 'Zapotec', NULL, NULL, NULL, true, 0, NULL);
INSERT INTO language (id, code, englishname, nativename, pluralforms, pluralexpression, visible, direction, uuid) VALUES (461, 'zen', 'Zenaga', NULL, NULL, NULL, true, 0, NULL);
INSERT INTO language (id, code, englishname, nativename, pluralforms, pluralexpression, visible, direction, uuid) VALUES (462, 'za', 'Chuang; Zhuang', NULL, NULL, NULL, true, 0, NULL);
INSERT INTO language (id, code, englishname, nativename, pluralforms, pluralexpression, visible, direction, uuid) VALUES (463, 'znd', 'Zande', NULL, NULL, NULL, true, 0, NULL);
INSERT INTO language (id, code, englishname, nativename, pluralforms, pluralexpression, visible, direction, uuid) VALUES (464, 'zu', 'Zulu', NULL, 2, 'n != 1', true, 0, NULL);
INSERT INTO language (id, code, englishname, nativename, pluralforms, pluralexpression, visible, direction, uuid) VALUES (465, 'zun', 'Zuni', NULL, NULL, NULL, true, 0, NULL);
INSERT INTO language (id, code, englishname, nativename, pluralforms, pluralexpression, visible, direction, uuid) VALUES (466, 'ti_ER', 'Tigrinya (Eritrea)', NULL, NULL, NULL, false, 0, NULL);
INSERT INTO language (id, code, englishname, nativename, pluralforms, pluralexpression, visible, direction, uuid) VALUES (467, 'ti_ET', 'Tigrinya (Ethiopia)', NULL, NULL, NULL, false, 0, NULL);
INSERT INTO language (id, code, englishname, nativename, pluralforms, pluralexpression, visible, direction, uuid) VALUES (468, 'gez_ER', 'Geez (Eritrea)', NULL, NULL, NULL, false, 0, NULL);
INSERT INTO language (id, code, englishname, nativename, pluralforms, pluralexpression, visible, direction, uuid) VALUES (469, 'gez_ET', 'Geez (Ethiopia)', NULL, NULL, NULL, false, 0, NULL);
INSERT INTO language (id, code, englishname, nativename, pluralforms, pluralexpression, visible, direction, uuid) VALUES (470, 'de_AT', 'German (Austria)', NULL, 2, 'n != 1', false, 0, NULL);
INSERT INTO language (id, code, englishname, nativename, pluralforms, pluralexpression, visible, direction, uuid) VALUES (471, 'de_BE', 'German (Belgium)', NULL, 2, 'n != 1', false, 0, NULL);
INSERT INTO language (id, code, englishname, nativename, pluralforms, pluralexpression, visible, direction, uuid) VALUES (472, 'de_CH', 'German (Switzerland)', NULL, 2, 'n != 1', false, 0, NULL);
INSERT INTO language (id, code, englishname, nativename, pluralforms, pluralexpression, visible, direction, uuid) VALUES (473, 'de_DE', 'German (Germany)', NULL, 2, 'n != 1', false, 0, NULL);
INSERT INTO language (id, code, englishname, nativename, pluralforms, pluralexpression, visible, direction, uuid) VALUES (474, 'de_LU', 'German (Luxembourg)', NULL, 2, 'n != 1', false, 0, NULL);
INSERT INTO language (id, code, englishname, nativename, pluralforms, pluralexpression, visible, direction, uuid) VALUES (475, 'en_AU', 'English (Australia)', NULL, 2, 'n != 1', true, 0, NULL);
INSERT INTO language (id, code, englishname, nativename, pluralforms, pluralexpression, visible, direction, uuid) VALUES (476, 'en_BW', 'English (Botswana)', NULL, 2, 'n != 1', false, 0, NULL);
INSERT INTO language (id, code, englishname, nativename, pluralforms, pluralexpression, visible, direction, uuid) VALUES (477, 'en_CA', 'English (Canada)', NULL, 2, 'n != 1', true, 0, NULL);
INSERT INTO language (id, code, englishname, nativename, pluralforms, pluralexpression, visible, direction, uuid) VALUES (478, 'en_DK', 'English (Denmark)', NULL, 2, 'n != 1', false, 0, NULL);
INSERT INTO language (id, code, englishname, nativename, pluralforms, pluralexpression, visible, direction, uuid) VALUES (479, 'en_GB', 'English (United Kingdom)', NULL, 2, 'n != 1', true, 0, NULL);
INSERT INTO language (id, code, englishname, nativename, pluralforms, pluralexpression, visible, direction, uuid) VALUES (480, 'en_HK', 'English (Hong Kong)', NULL, 2, 'n != 1', false, 0, NULL);
INSERT INTO language (id, code, englishname, nativename, pluralforms, pluralexpression, visible, direction, uuid) VALUES (481, 'en_IE', 'English (Ireland)', NULL, 2, 'n != 1', false, 0, NULL);
INSERT INTO language (id, code, englishname, nativename, pluralforms, pluralexpression, visible, direction, uuid) VALUES (482, 'en_IN', 'English (India)', NULL, 2, 'n != 1', false, 0, NULL);
INSERT INTO language (id, code, englishname, nativename, pluralforms, pluralexpression, visible, direction, uuid) VALUES (483, 'en_NZ', 'English (New Zealand)', NULL, 2, 'n != 1', false, 0, NULL);
INSERT INTO language (id, code, englishname, nativename, pluralforms, pluralexpression, visible, direction, uuid) VALUES (484, 'en_PH', 'English (Philippines)', NULL, 2, 'n != 1', false, 0, NULL);
INSERT INTO language (id, code, englishname, nativename, pluralforms, pluralexpression, visible, direction, uuid) VALUES (485, 'en_SG', 'English (Singapore)', NULL, 2, 'n != 1', false, 0, NULL);
INSERT INTO language (id, code, englishname, nativename, pluralforms, pluralexpression, visible, direction, uuid) VALUES (486, 'en_US', 'English (United States)', NULL, 2, 'n != 1', false, 0, NULL);
INSERT INTO language (id, code, englishname, nativename, pluralforms, pluralexpression, visible, direction, uuid) VALUES (487, 'en_ZA', 'English (South Africa)', NULL, 2, 'n != 1', false, 0, NULL);
INSERT INTO language (id, code, englishname, nativename, pluralforms, pluralexpression, visible, direction, uuid) VALUES (488, 'en_ZW', 'English (Zimbabwe)', NULL, 2, 'n != 1', false, 0, NULL);
INSERT INTO language (id, code, englishname, nativename, pluralforms, pluralexpression, visible, direction, uuid) VALUES (489, 'zh_CN', 'Chinese (China)', NULL, 1, '0', true, 0, '{74d253f5-1463-4de4-bc6e-a7127c066416}');
INSERT INTO language (id, code, englishname, nativename, pluralforms, pluralexpression, visible, direction, uuid) VALUES (490, 'zh_HK', 'Chinese (Hong Kong)', NULL, 1, '0', true, 0, NULL);
INSERT INTO language (id, code, englishname, nativename, pluralforms, pluralexpression, visible, direction, uuid) VALUES (491, 'zh_SG', 'Chinese (Singapore)', NULL, 1, '0', false, 0, NULL);
INSERT INTO language (id, code, englishname, nativename, pluralforms, pluralexpression, visible, direction, uuid) VALUES (492, 'zh_TW', 'Chinese (Taiwan)', NULL, 1, '0', true, 0, '{0c7ce36c-a092-4a3d-9ac3-9891d2f2727e}');
INSERT INTO language (id, code, englishname, nativename, pluralforms, pluralexpression, visible, direction, uuid) VALUES (493, 'eu_ES', 'Basque (Spain)', NULL, 2, 'n != 1', false, 0, NULL);
INSERT INTO language (id, code, englishname, nativename, pluralforms, pluralexpression, visible, direction, uuid) VALUES (494, 'eu_FR', 'Basque (France)', NULL, 2, 'n != 1', false, 0, NULL);
INSERT INTO language (id, code, englishname, nativename, pluralforms, pluralexpression, visible, direction, uuid) VALUES (495, 'es_AR', 'Spanish (Argentina)', NULL, 2, 'n != 1', false, 0, NULL);
INSERT INTO language (id, code, englishname, nativename, pluralforms, pluralexpression, visible, direction, uuid) VALUES (496, 'es_BO', 'Spanish (Bolivia)', NULL, 2, 'n != 1', false, 0, NULL);
INSERT INTO language (id, code, englishname, nativename, pluralforms, pluralexpression, visible, direction, uuid) VALUES (497, 'es_CL', 'Spanish (Chile)', NULL, 2, 'n != 1', false, 0, NULL);
INSERT INTO language (id, code, englishname, nativename, pluralforms, pluralexpression, visible, direction, uuid) VALUES (498, 'es_CO', 'Spanish (Colombia)', NULL, 2, 'n != 1', false, 0, NULL);
INSERT INTO language (id, code, englishname, nativename, pluralforms, pluralexpression, visible, direction, uuid) VALUES (499, 'es_CR', 'Spanish (Costa Rica)', NULL, 2, 'n != 1', false, 0, NULL);
INSERT INTO language (id, code, englishname, nativename, pluralforms, pluralexpression, visible, direction, uuid) VALUES (500, 'es_DO', 'Spanish (Dominican Republic)', NULL, 2, 'n != 1', false, 0, NULL);
INSERT INTO language (id, code, englishname, nativename, pluralforms, pluralexpression, visible, direction, uuid) VALUES (501, 'es_EC', 'Spanish (Ecuador)', NULL, 2, 'n != 1', false, 0, NULL);
INSERT INTO language (id, code, englishname, nativename, pluralforms, pluralexpression, visible, direction, uuid) VALUES (502, 'es_ES', 'Spanish (Spain)', NULL, 2, 'n != 1', false, 0, NULL);
INSERT INTO language (id, code, englishname, nativename, pluralforms, pluralexpression, visible, direction, uuid) VALUES (503, 'es_GT', 'Spanish (Guatemala)', NULL, 2, 'n != 1', false, 0, NULL);
INSERT INTO language (id, code, englishname, nativename, pluralforms, pluralexpression, visible, direction, uuid) VALUES (504, 'es_HN', 'Spanish (Honduras)', NULL, 2, 'n != 1', false, 0, NULL);
INSERT INTO language (id, code, englishname, nativename, pluralforms, pluralexpression, visible, direction, uuid) VALUES (505, 'es_MX', 'Spanish (Mexico)', NULL, 2, 'n != 1', false, 0, NULL);
INSERT INTO language (id, code, englishname, nativename, pluralforms, pluralexpression, visible, direction, uuid) VALUES (506, 'es_NI', 'Spanish (Nicaragua)', NULL, 2, 'n != 1', false, 0, NULL);
INSERT INTO language (id, code, englishname, nativename, pluralforms, pluralexpression, visible, direction, uuid) VALUES (507, 'es_PA', 'Spanish (Panama)', NULL, 2, 'n != 1', false, 0, NULL);
INSERT INTO language (id, code, englishname, nativename, pluralforms, pluralexpression, visible, direction, uuid) VALUES (508, 'es_PE', 'Spanish (Peru)', NULL, 2, 'n != 1', false, 0, NULL);
INSERT INTO language (id, code, englishname, nativename, pluralforms, pluralexpression, visible, direction, uuid) VALUES (509, 'es_PR', 'Spanish (Puerto Rico)', NULL, 2, 'n != 1', false, 0, NULL);
INSERT INTO language (id, code, englishname, nativename, pluralforms, pluralexpression, visible, direction, uuid) VALUES (510, 'es_PY', 'Spanish (Paraguay)', NULL, 2, 'n != 1', false, 0, NULL);
INSERT INTO language (id, code, englishname, nativename, pluralforms, pluralexpression, visible, direction, uuid) VALUES (511, 'es_SV', 'Spanish (El Salvador)', NULL, 2, 'n != 1', false, 0, NULL);
INSERT INTO language (id, code, englishname, nativename, pluralforms, pluralexpression, visible, direction, uuid) VALUES (512, 'es_US', 'Spanish (United States)', NULL, 2, 'n != 1', false, 0, NULL);
INSERT INTO language (id, code, englishname, nativename, pluralforms, pluralexpression, visible, direction, uuid) VALUES (513, 'es_UY', 'Spanish (Uruguay)', NULL, 2, 'n != 1', false, 0, NULL);
INSERT INTO language (id, code, englishname, nativename, pluralforms, pluralexpression, visible, direction, uuid) VALUES (514, 'es_VE', 'Spanish (Venezuela)', NULL, 2, 'n != 1', false, 0, NULL);
INSERT INTO language (id, code, englishname, nativename, pluralforms, pluralexpression, visible, direction, uuid) VALUES (515, 'ru_RU', 'Russian (Russian Federation)', NULL, 3, 'n%10==1 && n%100!=11 ? 0 : n%10>=2 && n%10<=4 && (n%100<10 || n%100>=20) ? 1 : 2', false, 0, NULL);
INSERT INTO language (id, code, englishname, nativename, pluralforms, pluralexpression, visible, direction, uuid) VALUES (516, 'ru_UA', 'Russian (Ukraine)', NULL, 3, 'n%10==1 && n%100!=11 ? 0 : n%10>=2 && n%10<=4 && (n%100<10 || n%100>=20) ? 1 : 2', false, 0, NULL);
INSERT INTO language (id, code, englishname, nativename, pluralforms, pluralexpression, visible, direction, uuid) VALUES (517, 'bn_BD', 'Bengali (Bangladesh)', NULL, NULL, NULL, false, 0, NULL);
INSERT INTO language (id, code, englishname, nativename, pluralforms, pluralexpression, visible, direction, uuid) VALUES (518, 'bn_IN', 'Bengali (India)', NULL, NULL, NULL, false, 0, NULL);
INSERT INTO language (id, code, englishname, nativename, pluralforms, pluralexpression, visible, direction, uuid) VALUES (519, 'om_ET', 'Oromo (Ethiopia)', NULL, NULL, NULL, false, 0, NULL);
INSERT INTO language (id, code, englishname, nativename, pluralforms, pluralexpression, visible, direction, uuid) VALUES (520, 'om_KE', 'Oromo (Kenya)', NULL, NULL, NULL, false, 0, NULL);
INSERT INTO language (id, code, englishname, nativename, pluralforms, pluralexpression, visible, direction, uuid) VALUES (521, 'pt_BR', 'Portuguese (Brazil)', NULL, 2, 'n > 1', true, 0, '{8cb7341c-bcb6-43ca-b214-c48967f2a77e}');
INSERT INTO language (id, code, englishname, nativename, pluralforms, pluralexpression, visible, direction, uuid) VALUES (522, 'pt_PT', 'Portuguese (Portugal)', NULL, 2, 'n != 1', false, 0, NULL);
INSERT INTO language (id, code, englishname, nativename, pluralforms, pluralexpression, visible, direction, uuid) VALUES (523, 'aa_DJ', 'Afar (Djibouti)', NULL, NULL, NULL, false, 0, NULL);
INSERT INTO language (id, code, englishname, nativename, pluralforms, pluralexpression, visible, direction, uuid) VALUES (524, 'aa_ER', 'Afar (Eritrea)', NULL, NULL, NULL, false, 0, NULL);
INSERT INTO language (id, code, englishname, nativename, pluralforms, pluralexpression, visible, direction, uuid) VALUES (525, 'aa_ET', 'Afar (Ethiopia)', NULL, NULL, NULL, false, 0, NULL);
INSERT INTO language (id, code, englishname, nativename, pluralforms, pluralexpression, visible, direction, uuid) VALUES (526, 'it_CH', 'Italian (Switzerland)', NULL, 2, 'n != 1', false, 0, NULL);
INSERT INTO language (id, code, englishname, nativename, pluralforms, pluralexpression, visible, direction, uuid) VALUES (527, 'it_IT', 'Italian (Italy)', NULL, 2, 'n != 1', false, 0, NULL);
INSERT INTO language (id, code, englishname, nativename, pluralforms, pluralexpression, visible, direction, uuid) VALUES (528, 'ar_AE', 'Arabic (United Arab Emirates)', NULL, 3, 'n==1 ? 0 : n==2 ? 1 : 2', false, 1, NULL);
INSERT INTO language (id, code, englishname, nativename, pluralforms, pluralexpression, visible, direction, uuid) VALUES (529, 'ar_BH', 'Arabic (Bahrain)', NULL, 3, 'n==1 ? 0 : n==2 ? 1 : 2', false, 1, NULL);
INSERT INTO language (id, code, englishname, nativename, pluralforms, pluralexpression, visible, direction, uuid) VALUES (530, 'ar_DZ', 'Arabic (Algeria)', NULL, 3, 'n==1 ? 0 : n==2 ? 1 : 2', false, 1, NULL);
INSERT INTO language (id, code, englishname, nativename, pluralforms, pluralexpression, visible, direction, uuid) VALUES (531, 'ar_EG', 'Arabic (Egypt)', NULL, 3, 'n==1 ? 0 : n==2 ? 1 : 2', false, 1, NULL);
INSERT INTO language (id, code, englishname, nativename, pluralforms, pluralexpression, visible, direction, uuid) VALUES (532, 'ar_IN', 'Arabic (India)', NULL, 3, 'n==1 ? 0 : n==2 ? 1 : 2', false, 1, NULL);
INSERT INTO language (id, code, englishname, nativename, pluralforms, pluralexpression, visible, direction, uuid) VALUES (533, 'ar_IQ', 'Arabic (Iraq)', NULL, 3, 'n==1 ? 0 : n==2 ? 1 : 2', false, 1, NULL);
INSERT INTO language (id, code, englishname, nativename, pluralforms, pluralexpression, visible, direction, uuid) VALUES (534, 'ar_JO', 'Arabic (Jordan)', NULL, 3, 'n==1 ? 0 : n==2 ? 1 : 2', false, 1, NULL);
INSERT INTO language (id, code, englishname, nativename, pluralforms, pluralexpression, visible, direction, uuid) VALUES (535, 'ar_KW', 'Arabic (Kuwait)', NULL, 3, 'n==1 ? 0 : n==2 ? 1 : 2', false, 1, NULL);
INSERT INTO language (id, code, englishname, nativename, pluralforms, pluralexpression, visible, direction, uuid) VALUES (536, 'ar_LB', 'Arabic (Lebanon)', NULL, 3, 'n==1 ? 0 : n==2 ? 1 : 2', false, 1, NULL);
INSERT INTO language (id, code, englishname, nativename, pluralforms, pluralexpression, visible, direction, uuid) VALUES (537, 'ar_LY', 'Arabic (Libyan Arab Jamahiriya)', NULL, 3, 'n==1 ? 0 : n==2 ? 1 : 2', false, 1, NULL);
INSERT INTO language (id, code, englishname, nativename, pluralforms, pluralexpression, visible, direction, uuid) VALUES (538, 'ar_MA', 'Arabic (Morocco)', NULL, 3, 'n==1 ? 0 : n==2 ? 1 : 2', false, 1, NULL);
INSERT INTO language (id, code, englishname, nativename, pluralforms, pluralexpression, visible, direction, uuid) VALUES (539, 'ar_OM', 'Arabic (Oman)', NULL, 3, 'n==1 ? 0 : n==2 ? 1 : 2', false, 1, NULL);
INSERT INTO language (id, code, englishname, nativename, pluralforms, pluralexpression, visible, direction, uuid) VALUES (540, 'ar_QA', 'Arabic (Qatar)', NULL, 3, 'n==1 ? 0 : n==2 ? 1 : 2', false, 1, NULL);
INSERT INTO language (id, code, englishname, nativename, pluralforms, pluralexpression, visible, direction, uuid) VALUES (541, 'ar_SA', 'Arabic (Saudi Arabia)', NULL, 3, 'n==1 ? 0 : n==2 ? 1 : 2', false, 1, NULL);
INSERT INTO language (id, code, englishname, nativename, pluralforms, pluralexpression, visible, direction, uuid) VALUES (542, 'ar_SD', 'Arabic (Sudan)', NULL, 3, 'n==1 ? 0 : n==2 ? 1 : 2', false, 1, NULL);
INSERT INTO language (id, code, englishname, nativename, pluralforms, pluralexpression, visible, direction, uuid) VALUES (543, 'ar_SY', 'Arabic (Syrian Arab Republic)', NULL, 3, 'n==1 ? 0 : n==2 ? 1 : 2', false, 1, NULL);
INSERT INTO language (id, code, englishname, nativename, pluralforms, pluralexpression, visible, direction, uuid) VALUES (544, 'ar_TN', 'Arabic (Tunisia)', NULL, 3, 'n==1 ? 0 : n==2 ? 1 : 2', false, 1, NULL);
INSERT INTO language (id, code, englishname, nativename, pluralforms, pluralexpression, visible, direction, uuid) VALUES (545, 'ar_YE', 'Arabic (Yemen)', NULL, 3, 'n==1 ? 0 : n==2 ? 1 : 2', false, 1, NULL);
INSERT INTO language (id, code, englishname, nativename, pluralforms, pluralexpression, visible, direction, uuid) VALUES (546, 'nl_BE', 'Dutch (Belgium)', NULL, 2, 'n != 1', false, 0, NULL);
INSERT INTO language (id, code, englishname, nativename, pluralforms, pluralexpression, visible, direction, uuid) VALUES (547, 'nl_NL', 'Dutch (Netherlands)', NULL, 2, 'n != 1', false, 0, NULL);
INSERT INTO language (id, code, englishname, nativename, pluralforms, pluralexpression, visible, direction, uuid) VALUES (548, 'fr_BE', 'French (Belgium)', NULL, 2, 'n > 1', false, 0, NULL);
INSERT INTO language (id, code, englishname, nativename, pluralforms, pluralexpression, visible, direction, uuid) VALUES (549, 'fr_CA', 'French (Canada)', NULL, 2, 'n > 1', false, 0, NULL);
INSERT INTO language (id, code, englishname, nativename, pluralforms, pluralexpression, visible, direction, uuid) VALUES (550, 'fr_CH', 'French (Switzerland)', NULL, 2, 'n > 1', false, 0, NULL);
INSERT INTO language (id, code, englishname, nativename, pluralforms, pluralexpression, visible, direction, uuid) VALUES (551, 'fr_FR', 'French (France)', NULL, 2, 'n > 1', false, 0, NULL);
INSERT INTO language (id, code, englishname, nativename, pluralforms, pluralexpression, visible, direction, uuid) VALUES (552, 'fr_LU', 'French (Luxembourg)', NULL, 2, 'n > 1', false, 0, NULL);
INSERT INTO language (id, code, englishname, nativename, pluralforms, pluralexpression, visible, direction, uuid) VALUES (553, 'sv_FI', 'Swedish (Finland)', NULL, 2, 'n != 1', false, 0, NULL);
INSERT INTO language (id, code, englishname, nativename, pluralforms, pluralexpression, visible, direction, uuid) VALUES (554, 'sv_SE', 'Swedish (Sweden)', NULL, 2, 'n != 1', false, 0, NULL);
INSERT INTO language (id, code, englishname, nativename, pluralforms, pluralexpression, visible, direction, uuid) VALUES (555, 'so_DJ', 'Somali (Djibouti)', NULL, NULL, NULL, false, 0, NULL);
INSERT INTO language (id, code, englishname, nativename, pluralforms, pluralexpression, visible, direction, uuid) VALUES (556, 'so_ET', 'Somali (Ethiopia)', NULL, NULL, NULL, false, 0, NULL);
INSERT INTO language (id, code, englishname, nativename, pluralforms, pluralexpression, visible, direction, uuid) VALUES (557, 'so_KE', 'Somali (Kenya)', NULL, NULL, NULL, false, 0, NULL);
INSERT INTO language (id, code, englishname, nativename, pluralforms, pluralexpression, visible, direction, uuid) VALUES (558, 'so_SO', 'Somali (Somalia)', NULL, NULL, NULL, false, 0, NULL);
INSERT INTO language (id, code, englishname, nativename, pluralforms, pluralexpression, visible, direction, uuid) VALUES (559, 'fil', 'Filipino', NULL, 2, 'n > 1', true, 0, NULL);
INSERT INTO language (id, code, englishname, nativename, pluralforms, pluralexpression, visible, direction, uuid) VALUES (560, 'es@test', 'Spanish test', NULL, 2, 'n != 1', false, 0, NULL);


ALTER TABLE language ENABLE TRIGGER ALL;


ALTER TABLE languagepack DISABLE TRIGGER ALL;

INSERT INTO languagepack (id, file, date_exported, date_last_used, distroseries, type, updates) VALUES (1, 71, '2007-09-10 19:14:26.037382', '2007-09-10 19:14:26.037382', 3, 1, NULL);
INSERT INTO languagepack (id, file, date_exported, date_last_used, distroseries, type, updates) VALUES (2, 72, '2007-09-10 19:15:01.67038', '2007-09-10 19:15:01.67038', 3, 2, 1);
INSERT INTO languagepack (id, file, date_exported, date_last_used, distroseries, type, updates) VALUES (3, 73, '2007-09-10 19:15:19.947543', '2007-09-10 19:15:19.947543', 3, 2, 1);
INSERT INTO languagepack (id, file, date_exported, date_last_used, distroseries, type, updates) VALUES (4, 74, '2007-09-10 19:16:01.017943', '2007-09-10 19:16:01.017943', 3, 1, NULL);


ALTER TABLE languagepack ENABLE TRIGGER ALL;


ALTER TABLE launchpaddatabaserevision DISABLE TRIGGER ALL;



ALTER TABLE launchpaddatabaserevision ENABLE TRIGGER ALL;


ALTER TABLE launchpadstatistic DISABLE TRIGGER ALL;

INSERT INTO launchpadstatistic (id, name, value, dateupdated) VALUES (1, 'potemplate_count', 10, '2007-03-18 17:27:46.221219');
INSERT INTO launchpadstatistic (id, name, value, dateupdated) VALUES (2, 'pofile_count', 29, '2007-03-18 17:27:46.247125');
INSERT INTO launchpadstatistic (id, name, value, dateupdated) VALUES (3, 'pomsgid_count', 155, '2007-03-18 17:27:46.270903');
INSERT INTO launchpadstatistic (id, name, value, dateupdated) VALUES (4, 'translator_count', 27, '2007-03-18 17:27:46.309668');
INSERT INTO launchpadstatistic (id, name, value, dateupdated) VALUES (5, 'language_count', 18, '2007-03-18 17:27:46.292439');
INSERT INTO launchpadstatistic (id, name, value, dateupdated) VALUES (6, 'products_using_rosetta', 2, '2007-03-18 17:27:46.221219');
INSERT INTO launchpadstatistic (id, name, value, dateupdated) VALUES (7, 'rosetta_translator_count', 7, '2007-03-18 17:27:46.321317');
INSERT INTO launchpadstatistic (id, name, value, dateupdated) VALUES (8, 'products_with_potemplates', 3, '2007-03-18 17:27:46.330362');
INSERT INTO launchpadstatistic (id, name, value, dateupdated) VALUES (9, 'bug_count', 12, '2007-03-18 17:27:46.341312');
INSERT INTO launchpadstatistic (id, name, value, dateupdated) VALUES (10, 'bugtask_count', 24, '2007-03-18 17:27:46.351299');
INSERT INTO launchpadstatistic (id, name, value, dateupdated) VALUES (11, 'products_using_malone', 5, '2007-03-18 17:27:46.361282');
INSERT INTO launchpadstatistic (id, name, value, dateupdated) VALUES (12, 'projects_with_bugs', 7, '2007-03-18 17:27:46.370903');
INSERT INTO launchpadstatistic (id, name, value, dateupdated) VALUES (13, 'people_count', 48, '2007-01-15 17:58:42.118694');
INSERT INTO launchpadstatistic (id, name, value, dateupdated) VALUES (14, 'teams_count', 17, '2007-01-15 17:58:42.131757');
INSERT INTO launchpadstatistic (id, name, value, dateupdated) VALUES (15, 'shared_bug_count', 4, '2007-03-18 17:27:46.381918');
INSERT INTO launchpadstatistic (id, name, value, dateupdated) VALUES (16, 'question_count', 13, '2007-03-18 17:27:46.393469');
INSERT INTO launchpadstatistic (id, name, value, dateupdated) VALUES (17, 'answered_question_count', 3, '2007-03-18 17:27:46.40443');
INSERT INTO launchpadstatistic (id, name, value, dateupdated) VALUES (18, 'solved_question_count', 1, '2007-03-18 17:27:46.413242');
INSERT INTO launchpadstatistic (id, name, value, dateupdated) VALUES (19, 'projects_with_questions_count', 2, '2007-03-18 17:27:46.421899');
INSERT INTO launchpadstatistic (id, name, value, dateupdated) VALUES (20, 'active_products', 20, '2007-04-29 23:45:04.416248');
INSERT INTO launchpadstatistic (id, name, value, dateupdated) VALUES (21, 'products_with_translations', 3, '2007-04-29 23:45:04.416248');
INSERT INTO launchpadstatistic (id, name, value, dateupdated) VALUES (22, 'products_with_blueprints', 1, '2007-04-29 23:45:04.416248');
INSERT INTO launchpadstatistic (id, name, value, dateupdated) VALUES (23, 'products_with_branches', 5, '2007-04-29 23:45:04.416248');
INSERT INTO launchpadstatistic (id, name, value, dateupdated) VALUES (24, 'products_with_bugs', 5, '2007-04-29 23:45:04.416248');
INSERT INTO launchpadstatistic (id, name, value, dateupdated) VALUES (25, 'products_with_questions', 1, '2007-04-29 23:45:04.416248');
INSERT INTO launchpadstatistic (id, name, value, dateupdated) VALUES (26, 'reviewed_products', 1, '2007-04-29 23:45:04.416248');


ALTER TABLE launchpadstatistic ENABLE TRIGGER ALL;


ALTER TABLE libraryfilealias DISABLE TRIGGER ALL;

INSERT INTO libraryfilealias (id, content, filename, mimetype, expires, last_accessed, date_created, restricted, hits) VALUES (1, 1, 'netapplet-1.0.0.tar.gz', 'application/x-gtar', NULL, '2005-11-17 16:15:32.440132', '2005-04-07 16:46:05.265391', false, 0);
INSERT INTO libraryfilealias (id, content, filename, mimetype, expires, last_accessed, date_created, restricted, hits) VALUES (2, 1, 'netapplet_1.0.0.orig.tar.gz', 'application/x-gtar', NULL, '2005-11-17 16:15:32.440132', '2005-04-07 16:46:05.265391', false, 0);
INSERT INTO libraryfilealias (id, content, filename, mimetype, expires, last_accessed, date_created, restricted, hits) VALUES (3, 2, 'firefox_0.9.2.orig.tar.gz', 'application/x-gtar', NULL, '2005-11-17 16:15:32.440132', '2005-04-07 16:46:05.266763', false, 9);
INSERT INTO libraryfilealias (id, content, filename, mimetype, expires, last_accessed, date_created, restricted, hits) VALUES (4, 3, 'evolution-1.0.tar.gz', 'application/x-gtar', NULL, '2005-11-17 16:15:32.440132', '2005-04-07 16:46:05.26727', false, 0);
INSERT INTO libraryfilealias (id, content, filename, mimetype, expires, last_accessed, date_created, restricted, hits) VALUES (5, 5, 'netapplet.pot', 'application/x-po', NULL, '2005-11-17 16:15:32.440132', '2005-05-18 08:03:28.021862', false, 0);
INSERT INTO libraryfilealias (id, content, filename, mimetype, expires, last_accessed, date_created, restricted, hits) VALUES (6, 6, 'pmount.pot', 'application/x-po', NULL, '2005-11-17 16:15:32.440132', '2005-05-18 08:03:28.021862', false, 0);
INSERT INTO libraryfilealias (id, content, filename, mimetype, expires, last_accessed, date_created, restricted, hits) VALUES (7, 7, 'evolution-2.2.pot', 'application/x-po', NULL, '2005-11-17 16:15:32.440132', '2005-05-18 08:03:28.021862', false, 0);
INSERT INTO libraryfilealias (id, content, filename, mimetype, expires, last_accessed, date_created, restricted, hits) VALUES (8, 8, 'evolution-2.2.pot', 'application/x-po', NULL, '2005-11-17 16:15:32.440132', '2005-05-18 08:03:28.021862', false, 0);
INSERT INTO libraryfilealias (id, content, filename, mimetype, expires, last_accessed, date_created, restricted, hits) VALUES (9, 9, 'pkgconf-mozilla.pot', 'application/x-po', NULL, '2005-11-17 16:15:32.440132', '2005-05-18 08:03:28.021862', false, 0);
INSERT INTO libraryfilealias (id, content, filename, mimetype, expires, last_accessed, date_created, restricted, hits) VALUES (10, 10, 'hr.po', 'application/x-po', NULL, '2005-11-17 16:15:32.440132', '2005-05-18 08:03:28.021862', false, 0);
INSERT INTO libraryfilealias (id, content, filename, mimetype, expires, last_accessed, date_created, restricted, hits) VALUES (11, 11, 'ca.po', 'application/x-po', NULL, '2005-11-17 16:15:32.440132', '2005-05-18 08:03:28.021862', false, 0);
INSERT INTO libraryfilealias (id, content, filename, mimetype, expires, last_accessed, date_created, restricted, hits) VALUES (12, 12, 'nb.po', 'application/x-po', NULL, '2005-11-17 16:15:32.440132', '2005-05-18 08:03:28.021862', false, 0);
INSERT INTO libraryfilealias (id, content, filename, mimetype, expires, last_accessed, date_created, restricted, hits) VALUES (13, 13, 'cs.po', 'application/x-po', NULL, '2005-11-17 16:15:32.440132', '2005-05-18 08:03:28.021862', false, 0);
INSERT INTO libraryfilealias (id, content, filename, mimetype, expires, last_accessed, date_created, restricted, hits) VALUES (14, 14, 'es_ES.po', 'application/x-po', NULL, '2005-11-17 16:15:32.440132', '2005-05-18 08:03:28.021862', false, 0);
INSERT INTO libraryfilealias (id, content, filename, mimetype, expires, last_accessed, date_created, restricted, hits) VALUES (15, 15, 'de.po', 'application/x-po', NULL, '2005-11-17 16:15:32.440132', '2005-05-18 08:03:28.021862', false, 0);
INSERT INTO libraryfilealias (id, content, filename, mimetype, expires, last_accessed, date_created, restricted, hits) VALUES (16, 16, 'fr.po', 'application/x-po', NULL, '2005-11-17 16:15:32.440132', '2005-05-18 08:03:28.021862', false, 0);
INSERT INTO libraryfilealias (id, content, filename, mimetype, expires, last_accessed, date_created, restricted, hits) VALUES (17, 17, 'it_IT.po', 'application/x-po', NULL, '2005-11-17 16:15:32.440132', '2005-05-18 08:03:28.021862', false, 0);
INSERT INTO libraryfilealias (id, content, filename, mimetype, expires, last_accessed, date_created, restricted, hits) VALUES (18, 18, 'es.po', 'application/x-po', NULL, '2005-11-17 16:15:32.440132', '2005-05-18 08:03:28.021862', false, 0);
INSERT INTO libraryfilealias (id, content, filename, mimetype, expires, last_accessed, date_created, restricted, hits) VALUES (19, 19, 'fr.po', 'application/x-po', NULL, '2005-11-17 16:15:32.440132', '2005-05-18 08:03:28.021862', false, 0);
INSERT INTO libraryfilealias (id, content, filename, mimetype, expires, last_accessed, date_created, restricted, hits) VALUES (20, 20, 'pt_BR.po', 'application/x-po', NULL, '2005-11-17 16:15:32.440132', '2005-05-18 08:03:28.021862', false, 0);
INSERT INTO libraryfilealias (id, content, filename, mimetype, expires, last_accessed, date_created, restricted, hits) VALUES (21, 21, 'ja.po', 'application/x-po', NULL, '2005-11-17 16:15:32.440132', '2005-05-18 08:03:28.021862', false, 0);
INSERT INTO libraryfilealias (id, content, filename, mimetype, expires, last_accessed, date_created, restricted, hits) VALUES (22, 22, 'es.po', 'application/x-po', NULL, '2005-11-17 16:15:32.440132', '2005-05-18 08:03:28.021862', false, 0);
INSERT INTO libraryfilealias (id, content, filename, mimetype, expires, last_accessed, date_created, restricted, hits) VALUES (23, 23, 'nl.po', 'application/x-po', NULL, '2005-11-17 16:15:32.440132', '2005-05-18 08:03:28.021862', false, 0);
INSERT INTO libraryfilealias (id, content, filename, mimetype, expires, last_accessed, date_created, restricted, hits) VALUES (24, 24, 'cs.po', 'application/x-po', NULL, '2005-11-17 16:15:32.440132', '2005-05-18 08:03:28.021862', false, 0);
INSERT INTO libraryfilealias (id, content, filename, mimetype, expires, last_accessed, date_created, restricted, hits) VALUES (25, 25, 'da.po', 'application/x-po', NULL, '2005-11-17 16:15:32.440132', '2005-05-18 08:03:28.021862', false, 0);
INSERT INTO libraryfilealias (id, content, filename, mimetype, expires, last_accessed, date_created, restricted, hits) VALUES (26, 26, 'fi.po', 'application/x-po', NULL, '2005-11-17 16:15:32.440132', '2005-05-18 08:03:28.021862', false, 0);
INSERT INTO libraryfilealias (id, content, filename, mimetype, expires, last_accessed, date_created, restricted, hits) VALUES (27, 27, 'gl.po', 'application/x-po', NULL, '2005-11-17 16:15:32.440132', '2005-05-18 08:03:28.021862', false, 0);
INSERT INTO libraryfilealias (id, content, filename, mimetype, expires, last_accessed, date_created, restricted, hits) VALUES (28, 28, 'lt.po', 'application/x-po', NULL, '2005-11-17 16:15:32.440132', '2005-05-18 08:03:28.021862', false, 0);
INSERT INTO libraryfilealias (id, content, filename, mimetype, expires, last_accessed, date_created, restricted, hits) VALUES (29, 29, 'it.po', 'application/x-po', NULL, '2005-11-17 16:15:32.440132', '2005-05-18 08:03:28.021862', false, 0);
INSERT INTO libraryfilealias (id, content, filename, mimetype, expires, last_accessed, date_created, restricted, hits) VALUES (30, 30, 'tr.po', 'application/x-po', NULL, '2005-11-17 16:15:32.440132', '2005-05-18 08:03:28.021862', false, 0);
INSERT INTO libraryfilealias (id, content, filename, mimetype, expires, last_accessed, date_created, restricted, hits) VALUES (31, 31, 'de.po', 'application/x-po', NULL, '2005-11-17 16:15:32.440132', '2005-05-18 08:03:28.021862', false, 0);
INSERT INTO libraryfilealias (id, content, filename, mimetype, expires, last_accessed, date_created, restricted, hits) VALUES (32, 32, 'es.po', 'application/x-po', NULL, '2005-11-17 16:15:32.440132', '2005-05-18 08:03:28.021862', false, 0);
INSERT INTO libraryfilealias (id, content, filename, mimetype, expires, last_accessed, date_created, restricted, hits) VALUES (33, 33, 'es.po', 'application/x-po', NULL, '2005-11-17 16:15:32.440132', '2005-05-18 08:03:28.021862', false, 0);
INSERT INTO libraryfilealias (id, content, filename, mimetype, expires, last_accessed, date_created, restricted, hits) VALUES (34, 34, 'evolution-2.2-test.pot', 'application/x-po', NULL, '2005-11-17 16:15:32.440132', '2005-08-10 09:31:29.606407', false, 0);
INSERT INTO libraryfilealias (id, content, filename, mimetype, expires, last_accessed, date_created, restricted, hits) VALUES (35, 35, 'Ubuntu-High-Pri-2005-08-01.csv', 'text/plain', NULL, '2005-11-17 16:15:32.440132', '2005-08-01 09:31:29.606407', false, 0);
INSERT INTO libraryfilealias (id, content, filename, mimetype, expires, last_accessed, date_created, restricted, hits) VALUES (36, NULL, 'foo.txt', 'text/plain', NULL, '2005-11-17 16:15:32.440132', '2005-10-30 18:00:27.899028', false, 0);
INSERT INTO libraryfilealias (id, content, filename, mimetype, expires, last_accessed, date_created, restricted, hits) VALUES (37, 37, 'pmount_1.9-1_all.deb', 'application/x-debian-package', NULL, '2005-11-17 16:15:32.440132', '2005-10-30 18:00:27.899028', false, 0);
INSERT INTO libraryfilealias (id, content, filename, mimetype, expires, last_accessed, date_created, restricted, hits) VALUES (38, 38, 'alsa-utils_1.0.9a-4.dsc', 'application/dsc', NULL, '2005-11-17 16:15:32.440132', '2005-10-30 18:00:27.899028', false, 0);
INSERT INTO libraryfilealias (id, content, filename, mimetype, expires, last_accessed, date_created, restricted, hits) VALUES (39, 39, 'alsa-utils_1.0.8-1ubuntu1.dsc', 'application/dsc', NULL, '2005-11-17 16:15:32.440132', '2005-10-30 18:00:27.899028', false, 0);
INSERT INTO libraryfilealias (id, content, filename, mimetype, expires, last_accessed, date_created, restricted, hits) VALUES (40, 40, 'mozilla-firefox_0.9_i386.deb', 'application/x-debian-package', NULL, '2005-11-17 16:15:32.440132', '2005-10-30 18:00:27.899028', false, 0);
INSERT INTO libraryfilealias (id, content, filename, mimetype, expires, last_accessed, date_created, restricted, hits) VALUES (42, 42, 'linux-2.6.12_2.6.12.20_i386.deb', 'application/x-debian-package', NULL, '2005-11-17 16:15:32.440132', '2005-10-30 18:00:27.899028', false, 0);
INSERT INTO libraryfilealias (id, content, filename, mimetype, expires, last_accessed, date_created, restricted, hits) VALUES (43, 43, 'alsa-utils_1.0.9a-4ubuntu1.dsc', 'application/x-debian-package', NULL, '2005-11-17 16:15:32.440132', '2005-10-30 18:00:27.899028', false, 0);
INSERT INTO libraryfilealias (id, content, filename, mimetype, expires, last_accessed, date_created, restricted, hits) VALUES (44, 44, 'at-3.14156_all.udeb', 'application/x-debian-package', NULL, '2005-11-17 16:15:32.440132', '2005-10-30 18:00:27.899028', false, 0);
INSERT INTO libraryfilealias (id, content, filename, mimetype, expires, last_accessed, date_created, restricted, hits) VALUES (45, 45, 'Ubuntu-High-Pri-2006-08-01.csv', 'text/plain', NULL, '2005-11-17 16:15:32.440132', '2006-08-01 09:31:29.606407', false, 0);
INSERT INTO libraryfilealias (id, content, filename, mimetype, expires, last_accessed, date_created, restricted, hits) VALUES (46, 46, 'non-existent-mirrorprober-logfile.txt', 'text/plain', NULL, '2006-05-24 16:15:32.440132', '2006-05-24 09:31:29.606407', false, 0);
INSERT INTO libraryfilealias (id, content, filename, mimetype, expires, last_accessed, date_created, restricted, hits) VALUES (47, 47, 'non-existent-mirrorprober-logfile.txt', 'text/plain', NULL, '2006-05-24 16:15:32.440132', '2006-05-24 09:31:29.606407', false, 0);
INSERT INTO libraryfilealias (id, content, filename, mimetype, expires, last_accessed, date_created, restricted, hits) VALUES (51, 51, 'x4cWPgneBxsZOM21ZzpRPxsZXod.msg', 'message/rfc822', NULL, '2006-07-14 16:41:34.028627', '2006-07-14 16:41:34.028627', false, 0);
INSERT INTO libraryfilealias (id, content, filename, mimetype, expires, last_accessed, date_created, restricted, hits) VALUES (52, 52, 'mozilla-firefox_0.9_i386.changes', 'text/plain', NULL, '2006-07-31 15:41:34.028627', '2006-05-24 09:31:29.606407', false, 0);
INSERT INTO libraryfilealias (id, content, filename, mimetype, expires, last_accessed, date_created, restricted, hits) VALUES (53, 53, 'cdrkit-1.0.dsc', 'application/dsc', NULL, '2006-12-01 15:41:34.028627', '2006-12-01 16:41:34.028627', false, 0);
INSERT INTO libraryfilealias (id, content, filename, mimetype, expires, last_accessed, date_created, restricted, hits) VALUES (54, 54, 'foobar-1.0.dsc', 'application/dsc', NULL, '2006-12-01 15:41:34.028627', '2006-12-01 16:41:34.028627', false, 0);
INSERT INTO libraryfilealias (id, content, filename, mimetype, expires, last_accessed, date_created, restricted, hits) VALUES (55, 55, 'cdrkit_1.0_all.deb', 'application/deb', NULL, '2006-12-01 15:41:34.028627', '2006-12-01 16:41:34.028627', false, 0);
INSERT INTO libraryfilealias (id, content, filename, mimetype, expires, last_accessed, date_created, restricted, hits) VALUES (56, 56, 'foobar_1.0_all.deb', 'application/deb', NULL, '2006-12-01 15:41:34.028627', '2006-12-01 16:41:34.028627', false, 0);
INSERT INTO libraryfilealias (id, content, filename, mimetype, expires, last_accessed, date_created, restricted, hits) VALUES (57, 57, 'evolution-2.2-test.pot', 'application/x-po', NULL, '2006-12-13 21:17:56.241901', '2006-12-13 21:17:56.241901', false, 0);
INSERT INTO libraryfilealias (id, content, filename, mimetype, expires, last_accessed, date_created, restricted, hits) VALUES (58, 58, 'pt_BR.po', 'application/x-po', NULL, '2006-12-13 21:18:28.796588', '2006-12-13 21:18:28.796588', false, 0);
INSERT INTO libraryfilealias (id, content, filename, mimetype, expires, last_accessed, date_created, restricted, hits) VALUES (59, 59, 'salgado-mugshot.jpg', 'image/jpeg', NULL, '2006-07-31 15:41:34.028627', '2006-05-24 09:31:29.606407', false, 0);
INSERT INTO libraryfilealias (id, content, filename, mimetype, expires, last_accessed, date_created, restricted, hits) VALUES (60, 60, 'es.po', 'application/x-po', NULL, '2007-01-03 17:26:27.288968', '2007-01-03 17:26:27.288968', false, 0);
INSERT INTO libraryfilealias (id, content, filename, mimetype, expires, last_accessed, date_created, restricted, hits) VALUES (61, 61, 'language-pack-ar_1.0.dsc', 'application/dsc', NULL, '2007-02-15 14:26:27.288968', '2007-02-15 14:26:27.288968', false, 0);
INSERT INTO libraryfilealias (id, content, filename, mimetype, expires, last_accessed, date_created, restricted, hits) VALUES (62, 62, 'iceweasel-1.0.dsc', 'application/dsc', NULL, '2007-05-14 23:21:11.121446', '2007-05-14 23:21:11.121446', false, 0);
INSERT INTO libraryfilealias (id, content, filename, mimetype, expires, last_accessed, date_created, restricted, hits) VALUES (63, 63, 'hwsubmission1.xml', 'text/xml', NULL, '2007-05-14 23:21:11.121446', '2007-05-14 23:21:11.121446', false, 0);
INSERT INTO libraryfilealias (id, content, filename, mimetype, expires, last_accessed, date_created, restricted, hits) VALUES (65, 65, 'commercialpackage_1.0-1_source.changes', 'text/plain', NULL, '2007-08-09 21:25:37.832976', '2007-08-09 21:25:37.832976', false, 0);
INSERT INTO libraryfilealias (id, content, filename, mimetype, expires, last_accessed, date_created, restricted, hits) VALUES (66, 66, 'commercialpackage_1.0.orig.tar.gz', 'application/gzipped-tar', NULL, '2007-08-09 21:25:37.832976', '2007-08-09 21:25:37.832976', false, 0);
INSERT INTO libraryfilealias (id, content, filename, mimetype, expires, last_accessed, date_created, restricted, hits) VALUES (67, 67, 'commercialpackage_1.0-1.diff.gz', 'application/gzipped-patch', NULL, '2007-08-09 21:25:37.832976', '2007-08-09 21:25:37.832976', false, 0);
INSERT INTO libraryfilealias (id, content, filename, mimetype, expires, last_accessed, date_created, restricted, hits) VALUES (68, 68, 'commercialpackage_1.0-1.dsc', 'text/x-debian-source-package', NULL, '2007-08-09 21:25:37.832976', '2007-08-09 21:25:37.832976', false, 0);
INSERT INTO libraryfilealias (id, content, filename, mimetype, expires, last_accessed, date_created, restricted, hits) VALUES (69, 69, 'commercialpackage_1.0-1_i386.changes', 'text/plain', NULL, '2007-08-09 21:54:18.456616', '2007-08-09 21:54:18.456616', false, 0);
INSERT INTO libraryfilealias (id, content, filename, mimetype, expires, last_accessed, date_created, restricted, hits) VALUES (70, 70, 'commercialpackage_1.0-1_i386.deb', 'application/x-debian-package', NULL, '2007-08-09 21:54:18.456616', '2007-08-09 21:54:18.456616', false, 0);
INSERT INTO libraryfilealias (id, content, filename, mimetype, expires, last_accessed, date_created, restricted, hits) VALUES (71, 71, 'ubuntu-hoary-translations.tar.gz', 'application/x-gtar', NULL, '2007-09-10 19:14:26.037382', '2007-09-10 19:14:26.037382', false, 0);
INSERT INTO libraryfilealias (id, content, filename, mimetype, expires, last_accessed, date_created, restricted, hits) VALUES (72, 72, 'ubuntu-hoary-translations-update.tar.gz', 'application/x-gtar', NULL, '2007-09-10 19:15:01.67038', '2007-09-10 19:15:01.67038', false, 0);
INSERT INTO libraryfilealias (id, content, filename, mimetype, expires, last_accessed, date_created, restricted, hits) VALUES (73, 73, 'ubuntu-hoary-translations-update.tar.gz', 'application/x-gtar', NULL, '2007-09-10 19:15:19.947543', '2007-09-10 19:15:19.947543', false, 0);
INSERT INTO libraryfilealias (id, content, filename, mimetype, expires, last_accessed, date_created, restricted, hits) VALUES (74, 74, 'ubuntu-hoary-translations.tar.gz', 'application/x-gtar', NULL, '2007-09-10 19:16:01.017943', '2007-09-10 19:16:01.017943', false, 0);
INSERT INTO libraryfilealias (id, content, filename, mimetype, expires, last_accessed, date_created, restricted, hits) VALUES (75, 75, 'cX0Ey6rIIK5MqHphucFPna1fQMt.msg', 'message/rfc822', NULL, '2007-12-18 16:31:34.790641', '2007-12-18 16:31:34.790641', false, 0);
INSERT INTO libraryfilealias (id, content, filename, mimetype, expires, last_accessed, date_created, restricted, hits) VALUES (76, 76, 'nSpn1l12p7HBplm6e7kaaX6lf86.msg', 'message/rfc822', NULL, '2007-12-18 16:31:34.790641', '2007-12-18 16:31:34.790641', false, 0);
INSERT INTO libraryfilealias (id, content, filename, mimetype, expires, last_accessed, date_created, restricted, hits) VALUES (77, 77, 'evJ9qHEN3ufdtsDUnGPb8a5hs77.msg', 'message/rfc822', NULL, '2007-12-18 16:31:34.790641', '2007-12-18 16:31:34.790641', false, 0);
INSERT INTO libraryfilealias (id, content, filename, mimetype, expires, last_accessed, date_created, restricted, hits) VALUES (78, 78, 'jqUQpLymm7f9DjBAAsQoM10WndS.msg', 'message/rfc822', NULL, '2007-12-18 16:31:34.790641', '2007-12-18 16:31:34.790641', false, 0);
INSERT INTO libraryfilealias (id, content, filename, mimetype, expires, last_accessed, date_created, restricted, hits) VALUES (79, 79, '378cZyfOfUKx6BySEK0HYKz4Tpd.msg', 'message/rfc822', NULL, '2007-12-18 16:31:34.790641', '2007-12-18 16:31:34.790641', false, 0);
INSERT INTO libraryfilealias (id, content, filename, mimetype, expires, last_accessed, date_created, restricted, hits) VALUES (80, 80, 'unnamed', 'application/pgp-signature; name="signature.asc"', NULL, '2007-12-18 16:31:34.790641', '2007-12-18 16:31:34.790641', false, 0);
INSERT INTO libraryfilealias (id, content, filename, mimetype, expires, last_accessed, date_created, restricted, hits) VALUES (81, 81, 'jm81HhLQDRDAsqbl74W7GT3cpel.msg', 'message/rfc822', NULL, '2007-12-18 16:31:34.790641', '2007-12-18 16:31:34.790641', false, 0);
INSERT INTO libraryfilealias (id, content, filename, mimetype, expires, last_accessed, date_created, restricted, hits) VALUES (82, 82, 'alsa-1.0.9a.exe', 'application/x-msdos-program', NULL, '2008-03-17 15:36:19.035615', '2008-03-17 15:36:19.035615', false, 0);
INSERT INTO libraryfilealias (id, content, filename, mimetype, expires, last_accessed, date_created, restricted, hits) VALUES (83, 83, 'alsa-1.0.9a.dmg', 'application/x-apple-diskimage', NULL, '2008-03-17 15:36:38.022812', '2008-03-17 15:36:38.022812', false, 0);
INSERT INTO libraryfilealias (id, content, filename, mimetype, expires, last_accessed, date_created, restricted, hits) VALUES (84, 84, 'README.txt', 'text/plain', NULL, '2008-03-17 15:36:48.877842', '2008-03-17 15:36:48.877842', false, 0);
INSERT INTO libraryfilealias (id, content, filename, mimetype, expires, last_accessed, date_created, restricted, hits) VALUES (85, 85, 'alsa-1.0.8.exe', 'application/x-msdos-program', NULL, '2008-03-17 15:37:10.252357', '2008-03-17 15:37:10.252357', false, 0);
INSERT INTO libraryfilealias (id, content, filename, mimetype, expires, last_accessed, date_created, restricted, hits) VALUES (86, 86, 'alsa-1.0.8.dmg', 'application/x-apple-diskimage', NULL, '2008-03-17 15:37:22.489973', '2008-03-17 15:37:22.489973', false, 0);
INSERT INTO libraryfilealias (id, content, filename, mimetype, expires, last_accessed, date_created, restricted, hits) VALUES (87, 87, 'alsa-1.0.8.tgz', 'application/x-tar', NULL, '2008-03-17 15:37:36.701686', '2008-03-17 15:37:36.701686', false, 0);
INSERT INTO libraryfilealias (id, content, filename, mimetype, expires, last_accessed, date_created, restricted, hits) VALUES (88, 88, 'README.txt', 'text/plain', NULL, '2008-03-17 15:37:48.465157', '2008-03-17 15:37:48.465157', false, 0);
INSERT INTO libraryfilealias (id, content, filename, mimetype, expires, last_accessed, date_created, restricted, hits) VALUES (89, 89, 'alsa-1.0.9a.tgz', 'application/x-tar', NULL, '2008-03-17 15:38:16.866444', '2008-03-17 15:38:16.866444', false, 0);
INSERT INTO libraryfilealias (id, content, filename, mimetype, expires, last_accessed, date_created, restricted, hits) VALUES (90, 90, 'pmount_1.0-1_all.deb', 'application/x-debian-package', NULL, '2008-05-08 10:15:32.440132', '2008-05-08 10:10:27.899028', false, 0);
INSERT INTO libraryfilealias (id, content, filename, mimetype, expires, last_accessed, date_created, restricted, hits) VALUES (91, 91, 'upload_22_log.txt', 'application/text', NULL, '2008-07-07 22:30:01.123456', '2008-07-07 22:30:01.123456', false, 0);
INSERT INTO libraryfilealias (id, content, filename, mimetype, expires, last_accessed, date_created, restricted, hits) VALUES (92, 92, 'sample-submission-2.xml', 'application/x-bzip2', NULL, '2008-09-30 08:19:00.222131', '2008-09-30 08:19:00.222131', false, 0);


ALTER TABLE libraryfilealias ENABLE TRIGGER ALL;


ALTER TABLE libraryfilecontent DISABLE TRIGGER ALL;

INSERT INTO libraryfilecontent (id, datecreated, filesize, sha1, md5, sha256) VALUES (1, '2005-04-07 16:46:05.265391', 178859, '378b3498ead213d35a82033a6e9196014a5ef25c', '01234567890123456789012345678900', NULL);
INSERT INTO libraryfilecontent (id, datecreated, filesize, sha1, md5, sha256) VALUES (2, '2005-04-07 16:46:05.266763', 9922560, 'a57faa6287aee2c58e115673a119c6083d31d1b9', '01234567890123456789012345678902', NULL);
INSERT INTO libraryfilecontent (id, datecreated, filesize, sha1, md5, sha256) VALUES (3, '2005-04-07 16:46:05.26727', 309386, 'b218ca7b52fa813550e3f14cdcf3ba68606e4446', '01234567890123456789012345678903', NULL);
INSERT INTO libraryfilecontent (id, datecreated, filesize, sha1, md5, sha256) VALUES (4, '2005-04-07 16:46:05.267803', 162927750, 'cfbd3ee1f510c66d49be465b900a3334e8488184', '01234567890123456789012345678904', NULL);
INSERT INTO libraryfilecontent (id, datecreated, filesize, sha1, md5, sha256) VALUES (5, '2005-05-18 08:03:28.021862', 4381, '9b1f78faa39fb09a9fd955d744002c2d8f32d88d', '01234567890123456789012345678905', NULL);
INSERT INTO libraryfilecontent (id, datecreated, filesize, sha1, md5, sha256) VALUES (6, '2005-05-18 08:03:28.021862', 7910, 'afdf21d698587a6601e2ffed0f44292b7ad5dd07', '01234567890123456789012345678906', NULL);
INSERT INTO libraryfilecontent (id, datecreated, filesize, sha1, md5, sha256) VALUES (7, '2005-05-18 08:03:28.021862', 10826, '502828e7591277535abe9015ffbc6918dbba8ef4', '01234567890123456789012345678907', NULL);
INSERT INTO libraryfilecontent (id, datecreated, filesize, sha1, md5, sha256) VALUES (8, '2005-05-18 08:03:28.021862', 10826, '502828e7591277535abe9015ffbc6918dbba8ef4', '01234567890123456789012345678907', NULL);
INSERT INTO libraryfilecontent (id, datecreated, filesize, sha1, md5, sha256) VALUES (9, '2005-05-18 08:03:28.021862', 2655, 'ca3b107af84c05eaf98ba073376153986566ec28', '01234567890123456789012345678908', NULL);
INSERT INTO libraryfilecontent (id, datecreated, filesize, sha1, md5, sha256) VALUES (10, '2005-05-18 08:03:28.021862', 13110, 'bc7bebca1e3c5c166838b19f0eeb7f171e51805d', '01234567890123456789012345678909', NULL);
INSERT INTO libraryfilecontent (id, datecreated, filesize, sha1, md5, sha256) VALUES (11, '2005-05-18 08:03:28.021862', 13499, '78a26efee75a54f113063b78783b2d4612fee409', '0123456789012345678901234567890a', NULL);
INSERT INTO libraryfilecontent (id, datecreated, filesize, sha1, md5, sha256) VALUES (12, '2005-05-18 08:03:28.021862', 12695, '8812d04c170ca90bb1423e188ce9706869aa03d7', '0123456789012345678901234567890b', NULL);
INSERT INTO libraryfilecontent (id, datecreated, filesize, sha1, md5, sha256) VALUES (13, '2005-05-18 08:03:28.021862', 13133, 'db1b50cbde7142d344bd8ef9b2e1fe3b3116f77c', '0123456789012345678901234567890c', NULL);
INSERT INTO libraryfilecontent (id, datecreated, filesize, sha1, md5, sha256) VALUES (14, '2005-05-18 08:03:28.021862', 13641, 'e19cc1446e3004f10475c37b2cd363f75b8ae89a', '0123456789012345678901234567890d', NULL);
INSERT INTO libraryfilecontent (id, datecreated, filesize, sha1, md5, sha256) VALUES (15, '2005-05-18 08:03:28.021862', 13269, 'fc8cab1cb1e5fb1efa3c3c475b8f7c8dc5038d50', '0123456789012345678901234567890f', NULL);
INSERT INTO libraryfilecontent (id, datecreated, filesize, sha1, md5, sha256) VALUES (16, '2005-05-18 08:03:28.021862', 13983, 'e17ee3031bd29dcd1e5905c0fd17945600a91ccf', '01234567890123456789012345678910', NULL);
INSERT INTO libraryfilecontent (id, datecreated, filesize, sha1, md5, sha256) VALUES (17, '2005-05-18 08:03:28.021862', 12652, '07b01d1e6fe9a729f911e72dfe674a5e0abdc4ee', '01234567890123456789012345678911', NULL);
INSERT INTO libraryfilecontent (id, datecreated, filesize, sha1, md5, sha256) VALUES (18, '2005-05-18 08:03:28.021862', 13240, '801dc911c2bd67e17eff087516fdc63a2ac322ce', '01234567890123456789012345678912', NULL);
INSERT INTO libraryfilecontent (id, datecreated, filesize, sha1, md5, sha256) VALUES (19, '2005-05-18 08:03:28.021862', 4165, 'fca78a2292e4034b8dfbb2de6f69e17ebeecaaa1', '01234567890123456789012345678913', NULL);
INSERT INTO libraryfilecontent (id, datecreated, filesize, sha1, md5, sha256) VALUES (20, '2005-05-18 08:03:28.021862', 4093, 'fc67a1770f78c45c396b4724195aeb10683aa2fd', '01234567890123456789012345678914', NULL);
INSERT INTO libraryfilecontent (id, datecreated, filesize, sha1, md5, sha256) VALUES (21, '2005-05-18 08:03:28.021862', 3635, '4ab2ca308dafe152789640942488e23a33e4f46c', '01234567890123456789012345678915', NULL);
INSERT INTO libraryfilecontent (id, datecreated, filesize, sha1, md5, sha256) VALUES (22, '2005-05-18 08:03:28.021862', 3553, '20815563ee33368d51e3213354f97c05b4685968', '01234567890123456789012345678916', NULL);
INSERT INTO libraryfilecontent (id, datecreated, filesize, sha1, md5, sha256) VALUES (23, '2005-05-18 08:03:28.021862', 3778, '965968d3e6668f39ebc64bc11a3f1a5cd07c213b', '01234567890123456789012345678917', NULL);
INSERT INTO libraryfilecontent (id, datecreated, filesize, sha1, md5, sha256) VALUES (24, '2005-05-18 08:03:28.021862', 3666, 'cca8fb78e05a34481e07683cea8c3a47f01c609e', '01234567890123456789012345678918', NULL);
INSERT INTO libraryfilecontent (id, datecreated, filesize, sha1, md5, sha256) VALUES (25, '2005-05-18 08:03:28.021862', 3793, '28a7accfb491a2b4895b49b810ca7cda0badc787', '01234567890123456789012345678919', NULL);
INSERT INTO libraryfilecontent (id, datecreated, filesize, sha1, md5, sha256) VALUES (26, '2005-05-18 08:03:28.021862', 4773, '03efb176f04f3897de7d5e6484864b0559fd6cd6', '0123456789012345678901234567891a', NULL);
INSERT INTO libraryfilecontent (id, datecreated, filesize, sha1, md5, sha256) VALUES (27, '2005-05-18 08:03:28.021862', 2961, '4468039e1d2cbdfc78d2e53477e5fe0537bae302', '0123456789012345678901234567891b', NULL);
INSERT INTO libraryfilecontent (id, datecreated, filesize, sha1, md5, sha256) VALUES (28, '2005-05-18 08:03:28.021862', 3558, 'd6c2ddacdab7618ce2a555c20a4a730fcdb42600', '0123456789012345678901234567891c', NULL);
INSERT INTO libraryfilecontent (id, datecreated, filesize, sha1, md5, sha256) VALUES (29, '2005-05-18 08:03:28.021862', 3561, '9eb09455e6a568605c1bbab4cdf1936eee92222d', '0123456789012345678901234567891d', NULL);
INSERT INTO libraryfilecontent (id, datecreated, filesize, sha1, md5, sha256) VALUES (30, '2005-05-18 08:03:28.021862', 3305, 'b45b170da29f9b22650315657505124766c93720', '0123456789012345678901234567891e', NULL);
INSERT INTO libraryfilecontent (id, datecreated, filesize, sha1, md5, sha256) VALUES (31, '2005-05-18 08:03:28.021862', 3987, '9668ba9f0a59f9e6e6bc73fc5dc9f116b202bceb', '0123456789012345678901234567891f', NULL);
INSERT INTO libraryfilecontent (id, datecreated, filesize, sha1, md5, sha256) VALUES (32, '2005-05-18 08:03:28.021862', 4908, '874a6ef9cd1aaef17653c6c12f4b83ef9487c1c3', '01234567890123456789012345678920', NULL);
INSERT INTO libraryfilecontent (id, datecreated, filesize, sha1, md5, sha256) VALUES (33, '2005-05-18 08:03:28.021862', 4908, '874a6ef9cd1aaef17653c6c12f4b83ef9487c1c3', '01234567890123456789012345678920', NULL);
INSERT INTO libraryfilecontent (id, datecreated, filesize, sha1, md5, sha256) VALUES (34, '2005-08-10 09:31:29.606407', 2, '71853c6197a6a7f222db0f1978c7cb232b87c5ee', '01234567890123456789012345678921', NULL);
INSERT INTO libraryfilecontent (id, datecreated, filesize, sha1, md5, sha256) VALUES (35, '2005-08-01 09:31:29.606407', 2, '71853c6197a6a7f222db0f1978c7cb232b87c5ee', '01234567890123456789012345678921', NULL);
INSERT INTO libraryfilecontent (id, datecreated, filesize, sha1, md5, sha256) VALUES (36, '2005-10-30 18:00:27.899028', 3, '0beec7b5ea3f0fdbc95d0dd47f3c5bc275da8a33', '01234567890123456789012345678922', NULL);
INSERT INTO libraryfilecontent (id, datecreated, filesize, sha1, md5, sha256) VALUES (37, '2005-10-30 18:00:27.899028', 3, '1e04c7b5ea3f0fdbc95d0dd47f3c5bc275da8a33', '01234567890123456789012345678923', NULL);
INSERT INTO libraryfilecontent (id, datecreated, filesize, sha1, md5, sha256) VALUES (38, '2005-10-30 18:00:27.899028', 3, 'ae04c7b5ea3f0bdb095d0dd47f3c5bc275da8a33', '01234567890123456789012345678924', NULL);
INSERT INTO libraryfilecontent (id, datecreated, filesize, sha1, md5, sha256) VALUES (39, '2005-10-30 18:00:27.899028', 3, 'a10856bfea3f0bdb09550dd41f3c5bc275da8a33', '01234567890123456789012345678925', NULL);
INSERT INTO libraryfilecontent (id, datecreated, filesize, sha1, md5, sha256) VALUES (40, '2005-10-30 18:00:27.899028', 3, '5a04c7b5ea3f0fdbc95d0dd47f3c5bc275da8a33', '01234567890123456789012345678926', NULL);
INSERT INTO libraryfilecontent (id, datecreated, filesize, sha1, md5, sha256) VALUES (42, '2005-10-30 18:00:27.899028', 3, 'a45ed906e4f56fdbc95d0dd47f3c5bc275da8a33', '01234567890123456789012345678927', NULL);
INSERT INTO libraryfilecontent (id, datecreated, filesize, sha1, md5, sha256) VALUES (43, '2005-10-30 18:00:27.899028', 3, '4e3961baf4f56fdbc95d0dd47f3c5bc275da8a33', '01234567890123456789012345678928', NULL);
INSERT INTO libraryfilecontent (id, datecreated, filesize, sha1, md5, sha256) VALUES (44, '2005-10-30 18:00:27.899028', 3, 'b45ed906e4f5afdbc95d0dd47f3c5bc275da8a33', '01234567890123456789012345678929', NULL);
INSERT INTO libraryfilecontent (id, datecreated, filesize, sha1, md5, sha256) VALUES (45, '2006-08-01 09:31:29.606407', 2, '43853c6197a6a7f222db0f1978c7cb232b87c5ee', '0123456789012345678901234567892a', NULL);
INSERT INTO libraryfilecontent (id, datecreated, filesize, sha1, md5, sha256) VALUES (46, '2006-05-24 09:31:29.606407', 2, 'ab43246197a6a7f222db0f1978c7cb232b87c5ee', '0123456789012345678901234567892b', NULL);
INSERT INTO libraryfilecontent (id, datecreated, filesize, sha1, md5, sha256) VALUES (47, '2006-05-24 09:31:29.606407', 2, 'cabf42e197a6a7f222db0f1978c7cb232b87c5ee', '0123456789012345678901234567892c', NULL);
INSERT INTO libraryfilecontent (id, datecreated, filesize, sha1, md5, sha256) VALUES (51, '2006-07-14 16:41:34.028627', 716, '86d537a0d8b5b346d02752a853cc6ea648a0ebd7', 'eeb4c1e00a2e17a1eb51bd8b92fa5437', NULL);
INSERT INTO libraryfilecontent (id, datecreated, filesize, sha1, md5, sha256) VALUES (52, '2006-05-24 09:31:29.606407', 2, '1622db354faa9fa653804d018f3b9d5291e37d6b', 'e4a7193a8f72fa2755e2162512069093', NULL);
INSERT INTO libraryfilecontent (id, datecreated, filesize, sha1, md5, sha256) VALUES (53, '2006-12-01 16:41:34.028627', 716, '86d537a0d8b5b346d02752a853cc6ea648a0ebd7', 'eeb4c1e00a2e17a1eb51bd8b92fa5437', NULL);
INSERT INTO libraryfilecontent (id, datecreated, filesize, sha1, md5, sha256) VALUES (54, '2006-12-01 16:41:34.028627', 716, '86d537a0d8b5b346d02752a853cc6ea648a0ebd7', 'eeb4c1e00a2e17a1eb51bd8b92fa5438', NULL);
INSERT INTO libraryfilecontent (id, datecreated, filesize, sha1, md5, sha256) VALUES (55, '2006-12-01 16:41:34.028627', 716, '86d537a0d8b5b346d02752a853cc6ea648a0ebd7', 'eeb4c1e00a2e17a1eb51bd8b92fa5439', NULL);
INSERT INTO libraryfilecontent (id, datecreated, filesize, sha1, md5, sha256) VALUES (56, '2006-12-01 16:41:34.028627', 716, '86d537a0d8b5b346d02752a853cc6ea648a0ebd7', 'eeb4c1e00a2e17a1eb51bd8b92fa5440', NULL);
INSERT INTO libraryfilecontent (id, datecreated, filesize, sha1, md5, sha256) VALUES (57, '2006-12-13 21:17:56.241901', 1599, 'acdf6b9b99c39b1585f829ec7d68598a8e10816d', '5c6fa250b612e7e4d17261268a4d8400', NULL);
INSERT INTO libraryfilecontent (id, datecreated, filesize, sha1, md5, sha256) VALUES (58, '2006-12-13 21:18:28.796588', 1599, 'acdf6b9b99c39b1585f829ec7d68598a8e10816d', '5c6fa250b612e7e4d17261268a4d8401', NULL);
INSERT INTO libraryfilecontent (id, datecreated, filesize, sha1, md5, sha256) VALUES (59, '2006-05-24 09:31:29.606407', 2, 'fabb42e197a6a7f222db0f1978c7cb232b87c5ee', '0123456789012345678901234567892d', NULL);
INSERT INTO libraryfilecontent (id, datecreated, filesize, sha1, md5, sha256) VALUES (60, '2007-01-03 17:26:27.288968', 11793, 'df3a6670671781d5e08d7795ca1ada776815d87f', 'e8120781cd606202fd259a4f0d4585bb', NULL);
INSERT INTO libraryfilecontent (id, datecreated, filesize, sha1, md5, sha256) VALUES (61, '2007-02-15 14:26:27.288968', 100, 'df3a6670671781d5e08d7795ca1ada776815d87f', 'e8120781cd606202fd259a4f0d4585b1', NULL);
INSERT INTO libraryfilecontent (id, datecreated, filesize, sha1, md5, sha256) VALUES (62, '2007-05-14 23:21:11.121446', 123, 'd06b970f258e57547ef1104fba3499eb4ab43ff6', '767e1635f55ff5e833410523decec438', NULL);
INSERT INTO libraryfilecontent (id, datecreated, filesize, sha1, md5, sha256) VALUES (63, '2007-05-14 23:21:11.121446', 123, 'd06b970f258e57547ef1104fba3499eb4ab43ff6', '767e1635f55ff5e833410523decec438', NULL);
INSERT INTO libraryfilecontent (id, datecreated, filesize, sha1, md5, sha256) VALUES (65, '2007-08-09 21:25:37.832976', 958, 'df4adf483eb24fec455e8411ca3dceb0bee51b44', 'b85b447f88c326c4124f0554e175097f', NULL);
INSERT INTO libraryfilecontent (id, datecreated, filesize, sha1, md5, sha256) VALUES (66, '2007-08-09 21:25:37.832976', 179, '3e00fea68e91f6e03de6333b4c8e60c2ce441926', 'f27fb7494c5afbb0fb10b78d16f7da37', NULL);
INSERT INTO libraryfilecontent (id, datecreated, filesize, sha1, md5, sha256) VALUES (67, '2007-08-09 21:25:37.832976', 610, '01bedc249af59cb80abb40b4898eced10f5d5e20', '7d6fa416334c6da3b954bf9ebff6e9ae', NULL);
INSERT INTO libraryfilecontent (id, datecreated, filesize, sha1, md5, sha256) VALUES (68, '2007-08-09 21:25:37.832976', 567, 'b5aeb55faeb86a1d8c1a93dd58131b387a604c5a', '95f2b067e046d73f4e93eca44c034b97', NULL);
INSERT INTO libraryfilecontent (id, datecreated, filesize, sha1, md5, sha256) VALUES (69, '2007-08-09 21:54:18.456616', 749, '0526ef40da99af5c1c97c91f9aca77e7ae564838', '8afa3dbc21b2dcdad7f31ab28c041ad9', NULL);
INSERT INTO libraryfilecontent (id, datecreated, filesize, sha1, md5, sha256) VALUES (70, '2007-08-09 21:54:18.456616', 652, '0ce85c0cf331d05f76aa4977c43e87e9ffbd0480', '05a37db4ba50ba5f28650ee74b450c2c', NULL);
INSERT INTO libraryfilecontent (id, datecreated, filesize, sha1, md5, sha256) VALUES (71, '2007-09-10 19:14:26.037382', 22897, 'd7ebed9e00fc134ebc79eaf7deebb30a4f5f6859', '0113f983ff8beba46ad64c4ae8899091', NULL);
INSERT INTO libraryfilecontent (id, datecreated, filesize, sha1, md5, sha256) VALUES (72, '2007-09-10 19:15:01.67038', 221, '0ddef36534d59da64790eeffa55cc0221a01736d', 'df6ce34951747929ca9c6a4e2cb78f94', NULL);
INSERT INTO libraryfilecontent (id, datecreated, filesize, sha1, md5, sha256) VALUES (73, '2007-09-10 19:15:19.947543', 217, 'ea265925f6214628dc46e731ca1e131f1e632127', '9d19d15feffc620c0d16523e0ce00a54', NULL);
INSERT INTO libraryfilecontent (id, datecreated, filesize, sha1, md5, sha256) VALUES (74, '2007-09-10 19:16:01.017943', 22899, '234acbb3dc11b2af9bc46b6e33f0e453c3b1289d', '6d2d916ea729bc875ca0bd739f6be476', NULL);
INSERT INTO libraryfilecontent (id, datecreated, filesize, sha1, md5, sha256) VALUES (75, '2007-12-18 16:31:34.790641', 4296, 'e8b25389964bc3bd471c20a1508d00852ee7de40', 'e6b759498b7cde49e9d34e7b8c8b4542', NULL);
INSERT INTO libraryfilecontent (id, datecreated, filesize, sha1, md5, sha256) VALUES (76, '2007-12-18 16:31:34.790641', 2103, 'c154e1c1c2407d9b80c96b63c48d61a94248bf95', 'd86630cafdf624a3aa32aba0c41078c5', NULL);
INSERT INTO libraryfilecontent (id, datecreated, filesize, sha1, md5, sha256) VALUES (77, '2007-12-18 16:31:34.790641', 2787, '2d94c4a6a014895f93b581fb0134efe73ae4e2c8', '315ef57e5f6ad295e98db65607c5c18a', NULL);
INSERT INTO libraryfilecontent (id, datecreated, filesize, sha1, md5, sha256) VALUES (78, '2007-12-18 16:31:34.790641', 3534, '2bd22db53f2b9e47df50ed731128ff1fc54a5775', 'e0d510b49f803a0a4c2b2712d0a80522', NULL);
INSERT INTO libraryfilecontent (id, datecreated, filesize, sha1, md5, sha256) VALUES (79, '2007-12-18 16:31:34.790641', 3327, 'a57356e4cbf97bbb47df202449a95d909d50614a', '8c5ffb558a0d0f520887f3d4cbd619c5', NULL);
INSERT INTO libraryfilecontent (id, datecreated, filesize, sha1, md5, sha256) VALUES (80, '2007-12-18 16:31:34.790641', 189, '9800f54c65017e1bafe2d09a13af6176ba0ab244', 'a94677aabcd34b0901f1f75a35f7dff3', NULL);
INSERT INTO libraryfilecontent (id, datecreated, filesize, sha1, md5, sha256) VALUES (81, '2007-12-18 16:31:34.790641', 2926, 'b53bb11bc40c42b0f9ecd981561fe9d6f265b275', '496cf1cbb97c17a67998478402520ab5', NULL);
INSERT INTO libraryfilecontent (id, datecreated, filesize, sha1, md5, sha256) VALUES (82, '2008-03-17 15:36:19.035615', 18, '0c805a60b31058a1018680f99447033dcb9d4cf8', '8a8a67b8dbc5f203ae8712092c68c780', NULL);
INSERT INTO libraryfilecontent (id, datecreated, filesize, sha1, md5, sha256) VALUES (83, '2008-03-17 15:36:38.022812', 18, '0c805a60b31058a1018680f99447033dcb9d4cf8', '8a8a67b8dbc5f203ae8712092c68c780', NULL);
INSERT INTO libraryfilecontent (id, datecreated, filesize, sha1, md5, sha256) VALUES (84, '2008-03-17 15:36:48.877842', 3, '55ca6286e3e4f4fba5d0448333fa99fc5a404a73', '764efa883dda1e11db47671c4a3bbd9e', NULL);
INSERT INTO libraryfilecontent (id, datecreated, filesize, sha1, md5, sha256) VALUES (85, '2008-03-17 15:37:10.252357', 18, '0c805a60b31058a1018680f99447033dcb9d4cf8', '8a8a67b8dbc5f203ae8712092c68c780', NULL);
INSERT INTO libraryfilecontent (id, datecreated, filesize, sha1, md5, sha256) VALUES (86, '2008-03-17 15:37:22.489973', 18, '0c805a60b31058a1018680f99447033dcb9d4cf8', '8a8a67b8dbc5f203ae8712092c68c780', NULL);
INSERT INTO libraryfilecontent (id, datecreated, filesize, sha1, md5, sha256) VALUES (87, '2008-03-17 15:37:36.701686', 18, '0c805a60b31058a1018680f99447033dcb9d4cf8', '8a8a67b8dbc5f203ae8712092c68c780', NULL);
INSERT INTO libraryfilecontent (id, datecreated, filesize, sha1, md5, sha256) VALUES (88, '2008-03-17 15:37:48.465157', 3, '55ca6286e3e4f4fba5d0448333fa99fc5a404a73', '764efa883dda1e11db47671c4a3bbd9e', NULL);
INSERT INTO libraryfilecontent (id, datecreated, filesize, sha1, md5, sha256) VALUES (89, '2008-03-17 15:38:16.866444', 18, '0c805a60b31058a1018680f99447033dcb9d4cf8', '8a8a67b8dbc5f203ae8712092c68c780', NULL);
INSERT INTO libraryfilecontent (id, datecreated, filesize, sha1, md5, sha256) VALUES (90, '2008-05-08 10:10:16.866444', 18, '0c805a60b31058a1018680f99447033dcb9d4caa', '8a8a67b8dbc5f203ae8712092c68c7aa', NULL);
INSERT INTO libraryfilecontent (id, datecreated, filesize, sha1, md5, sha256) VALUES (91, '2008-07-07 22:30:01.123456', 10, '0c805a60b31058a1018680f99447033dcb9d4c01', '8a8a67b8dbc5f203ae8712092c68c701', NULL);
INSERT INTO libraryfilecontent (id, datecreated, filesize, sha1, md5, sha256) VALUES (92, '2008-09-30 08:19:00.222131', 10, 'f10e2821bbbea527ea02200352313bc059445190', '7815696ecbf1c96e6894b779456d330e', NULL);


ALTER TABLE libraryfilecontent ENABLE TRIGGER ALL;


ALTER TABLE libraryfiledownloadcount DISABLE TRIGGER ALL;

INSERT INTO libraryfiledownloadcount (id, libraryfilealias, day, count, country) VALUES (1, 3, '2008-02-01', 9, NULL);


ALTER TABLE libraryfiledownloadcount ENABLE TRIGGER ALL;


ALTER TABLE logintoken DISABLE TRIGGER ALL;

INSERT INTO logintoken (id, requester, requesteremail, email, created, tokentype, token, fingerprint, redirection_url, date_consumed) VALUES (1, NULL, NULL, 'bac@canonical.com', '2008-06-27 14:48:38.308457', 3, 'mzsJ6LBvNKjFqP1Csfw7', NULL, 'http://launchpad.dev', '2008-06-27 14:49:11.149508');
INSERT INTO logintoken (id, requester, requesteremail, email, created, tokentype, token, fingerprint, redirection_url, date_consumed) VALUES (2, 16, 'foo.bar@canonical.com', 'admin@canonical.com', '2008-08-05 11:59:42.448213', 4, 'QjhD4dRT341fmk51pphn', NULL, NULL, '2008-08-05 12:01:32.086327');


ALTER TABLE logintoken ENABLE TRIGGER ALL;


ALTER TABLE lp_account DISABLE TRIGGER ALL;

INSERT INTO lp_account (id, openid_identifier) VALUES (1, 'mark_oid');
INSERT INTO lp_account (id, openid_identifier) VALUES (2, 'lifeless_oid');
INSERT INTO lp_account (id, openid_identifier) VALUES (3, 'justdave_oid');
INSERT INTO lp_account (id, openid_identifier) VALUES (4, 'kamion_oid');
INSERT INTO lp_account (id, openid_identifier) VALUES (5, 'keybuk_oid');
INSERT INTO lp_account (id, openid_identifier) VALUES (6, 'jdub_oid');
INSERT INTO lp_account (id, openid_identifier) VALUES (7, 'spiv_oid');
INSERT INTO lp_account (id, openid_identifier) VALUES (8, 'jblack_oid');
INSERT INTO lp_account (id, openid_identifier) VALUES (9, 'kiko_oid');
INSERT INTO lp_account (id, openid_identifier) VALUES (10, 'limi_oid');
INSERT INTO lp_account (id, openid_identifier) VALUES (11, 'stevea_oid');
INSERT INTO lp_account (id, openid_identifier) VALUES (12, 'name12_oid');
INSERT INTO lp_account (id, openid_identifier) VALUES (13, 'carlos_oid');
INSERT INTO lp_account (id, openid_identifier) VALUES (14, 'daf_oid');
INSERT INTO lp_account (id, openid_identifier) VALUES (16, 'name16_oid');
INSERT INTO lp_account (id, openid_identifier) VALUES (22, 'stub_oid');
INSERT INTO lp_account (id, openid_identifier) VALUES (23, 'ddaa_oid');
INSERT INTO lp_account (id, openid_identifier) VALUES (26, 'kinnison_oid');
INSERT INTO lp_account (id, openid_identifier) VALUES (27, 'debonzi_oid');
INSERT INTO lp_account (id, openid_identifier) VALUES (28, 'cprov_oid');
INSERT INTO lp_account (id, openid_identifier) VALUES (29, 'salgado_oid');
INSERT INTO lp_account (id, openid_identifier) VALUES (33, 'edgar_oid');
INSERT INTO lp_account (id, openid_identifier) VALUES (34, 'jvprat_oid');
INSERT INTO lp_account (id, openid_identifier) VALUES (35, 'sigurd-ubuntu_oid');
INSERT INTO lp_account (id, openid_identifier) VALUES (36, 'skacel_oid');
INSERT INTO lp_account (id, openid_identifier) VALUES (37, 'danner_oid');
INSERT INTO lp_account (id, openid_identifier) VALUES (38, 'martin-pitt_oid');
INSERT INTO lp_account (id, openid_identifier) VALUES (39, 'nsv_oid');
INSERT INTO lp_account (id, openid_identifier) VALUES (40, 'callipeo_oid');
INSERT INTO lp_account (id, openid_identifier) VALUES (41, 'jorge-gonzalez-gonzalez_oid');
INSERT INTO lp_account (id, openid_identifier) VALUES (42, 'barbier_oid');
INSERT INTO lp_account (id, openid_identifier) VALUES (43, 'andrelop_oid');
INSERT INTO lp_account (id, openid_identifier) VALUES (44, 'valyag_oid');
INSERT INTO lp_account (id, openid_identifier) VALUES (45, 'luk-claes_oid');
INSERT INTO lp_account (id, openid_identifier) VALUES (46, 'kurem_oid');
INSERT INTO lp_account (id, openid_identifier) VALUES (47, 'morten_oid');
INSERT INTO lp_account (id, openid_identifier) VALUES (48, 'mpo_oid');
INSERT INTO lp_account (id, openid_identifier) VALUES (49, 'kebil_oid');
INSERT INTO lp_account (id, openid_identifier) VALUES (50, 'tsukimi_oid');
INSERT INTO lp_account (id, openid_identifier) VALUES (51, 'kreutzm_oid');
INSERT INTO lp_account (id, openid_identifier) VALUES (52, 'no-priv_oid');
INSERT INTO lp_account (id, openid_identifier) VALUES (55, 'marilize_oid');
INSERT INTO lp_account (id, openid_identifier) VALUES (56, 'jordi_oid');
INSERT INTO lp_account (id, openid_identifier) VALUES (58, 'bug-importer_oid');
INSERT INTO lp_account (id, openid_identifier) VALUES (62, 'bug-watch-updater_oid');
INSERT INTO lp_account (id, openid_identifier) VALUES (63, 'karl_oid');
INSERT INTO lp_account (id, openid_identifier) VALUES (65, 'launchpad-janitor_oid');
INSERT INTO lp_account (id, openid_identifier) VALUES (66, 'matsubara_oid');
INSERT INTO lp_account (id, openid_identifier) VALUES (67, 'team-membership-janitor_oid');
INSERT INTO lp_account (id, openid_identifier) VALUES (68, 'launchpad-beta-owner_oid');
INSERT INTO lp_account (id, openid_identifier) VALUES (70, 'former-user_oid');
INSERT INTO lp_account (id, openid_identifier) VALUES (243602, 'no-team-memberships_oid');
INSERT INTO lp_account (id, openid_identifier) VALUES (243603, 'one-membership_oid');
INSERT INTO lp_account (id, openid_identifier) VALUES (243606, 'neMCQNd');
INSERT INTO lp_account (id, openid_identifier) VALUES (243608, 'WQPMHdf');
INSERT INTO lp_account (id, openid_identifier) VALUES (243609, '6w7kmzC');
INSERT INTO lp_account (id, openid_identifier) VALUES (243610, 'cCGE3LA');
INSERT INTO lp_account (id, openid_identifier) VALUES (243611, 'MGWJnTL');
INSERT INTO lp_account (id, openid_identifier) VALUES (243614, '6KHNEe3');
INSERT INTO lp_account (id, openid_identifier) VALUES (243615, 'yEzBPbd');
INSERT INTO lp_account (id, openid_identifier) VALUES (243616, 'R8FpwXd');
INSERT INTO lp_account (id, openid_identifier) VALUES (243617, 'CALDpFr');
INSERT INTO lp_account (id, openid_identifier) VALUES (243622, 'rPwGRk4');
INSERT INTO lp_account (id, openid_identifier) VALUES (243623, 'mTmeENb');
INSERT INTO lp_account (id, openid_identifier) VALUES (243624, 'cF4PNk3');
INSERT INTO lp_account (id, openid_identifier) VALUES (243625, '3sbtGMy');
INSERT INTO lp_account (id, openid_identifier) VALUES (243626, 'LQCGF4D');
INSERT INTO lp_account (id, openid_identifier) VALUES (243627, 'tMRLhWD');
INSERT INTO lp_account (id, openid_identifier) VALUES (243628, 'MY7Gzdp');
INSERT INTO lp_account (id, openid_identifier) VALUES (243629, 'DX4rknT');
INSERT INTO lp_account (id, openid_identifier) VALUES (243630, 'f8mXQsW');
INSERT INTO lp_account (id, openid_identifier) VALUES (243631, 'DeKE6Tx');
INSERT INTO lp_account (id, openid_identifier) VALUES (243632, 'wwnwXxy');
INSERT INTO lp_account (id, openid_identifier) VALUES (243633, 'YEBL6yn');
INSERT INTO lp_account (id, openid_identifier) VALUES (243634, 'HHN3kCp');
INSERT INTO lp_account (id, openid_identifier) VALUES (243635, 'NbFGnBx');
INSERT INTO lp_account (id, openid_identifier) VALUES (243636, 'e3eENYJ');
INSERT INTO lp_account (id, openid_identifier) VALUES (243637, 'zRtPxw8');


ALTER TABLE lp_account ENABLE TRIGGER ALL;


ALTER TABLE lp_person DISABLE TRIGGER ALL;

INSERT INTO lp_person (id, displayname, teamowner, teamdescription, name, language, fti, defaultmembershipperiod, defaultrenewalperiod, subscriptionpolicy, merged, datecreated, addressline1, addressline2, organization, city, province, country, postcode, phone, homepage_content, icon, mugshot, hide_email_addresses, creation_rationale, creation_comment, registrant, logo, renewal_policy, personal_standing, personal_standing_reason, mail_resumption_date, mailing_list_auto_subscribe_policy, mailing_list_receive_duplicates, visibility, verbose_bugnotifications, account) VALUES (1, 'Mark Shuttleworth', NULL, NULL, 'mark', NULL, NULL, NULL, NULL, 1, NULL, '2005-06-06 08:59:51.591618', NULL, NULL, NULL, NULL, NULL, NULL, NULL, NULL, NULL, NULL, NULL, false, 8, NULL, NULL, NULL, 10, 0, NULL, NULL, 1, true, 1, false, 1);
INSERT INTO lp_person (id, displayname, teamowner, teamdescription, name, language, fti, defaultmembershipperiod, defaultrenewalperiod, subscriptionpolicy, merged, datecreated, addressline1, addressline2, organization, city, province, country, postcode, phone, homepage_content, icon, mugshot, hide_email_addresses, creation_rationale, creation_comment, registrant, logo, renewal_policy, personal_standing, personal_standing_reason, mail_resumption_date, mailing_list_auto_subscribe_policy, mailing_list_receive_duplicates, visibility, verbose_bugnotifications, account) VALUES (2, 'Robert Collins', NULL, NULL, 'lifeless', NULL, NULL, NULL, NULL, 1, NULL, '2005-06-06 08:59:51.598107', NULL, NULL, NULL, NULL, NULL, NULL, NULL, NULL, NULL, NULL, NULL, false, 8, NULL, NULL, NULL, 10, 0, NULL, NULL, 1, true, 1, false, 2);
INSERT INTO lp_person (id, displayname, teamowner, teamdescription, name, language, fti, defaultmembershipperiod, defaultrenewalperiod, subscriptionpolicy, merged, datecreated, addressline1, addressline2, organization, city, province, country, postcode, phone, homepage_content, icon, mugshot, hide_email_addresses, creation_rationale, creation_comment, registrant, logo, renewal_policy, personal_standing, personal_standing_reason, mail_resumption_date, mailing_list_auto_subscribe_policy, mailing_list_receive_duplicates, visibility, verbose_bugnotifications, account) VALUES (3, 'Dave Miller', NULL, NULL, 'justdave', NULL, NULL, NULL, NULL, 1, NULL, '2005-06-06 08:59:51.610048', NULL, NULL, NULL, NULL, NULL, NULL, NULL, NULL, NULL, NULL, NULL, false, 1, NULL, NULL, NULL, 10, 0, NULL, NULL, 1, true, 1, false, 3);
INSERT INTO lp_person (id, displayname, teamowner, teamdescription, name, language, fti, defaultmembershipperiod, defaultrenewalperiod, subscriptionpolicy, merged, datecreated, addressline1, addressline2, organization, city, province, country, postcode, phone, homepage_content, icon, mugshot, hide_email_addresses, creation_rationale, creation_comment, registrant, logo, renewal_policy, personal_standing, personal_standing_reason, mail_resumption_date, mailing_list_auto_subscribe_policy, mailing_list_receive_duplicates, visibility, verbose_bugnotifications, account) VALUES (4, 'Colin Watson', NULL, NULL, 'kamion', NULL, NULL, NULL, NULL, 1, NULL, '2005-06-06 08:59:51.611185', NULL, NULL, NULL, NULL, NULL, NULL, NULL, NULL, NULL, NULL, NULL, false, 8, NULL, NULL, NULL, 10, 0, NULL, NULL, 1, true, 1, false, 4);
INSERT INTO lp_person (id, displayname, teamowner, teamdescription, name, language, fti, defaultmembershipperiod, defaultrenewalperiod, subscriptionpolicy, merged, datecreated, addressline1, addressline2, organization, city, province, country, postcode, phone, homepage_content, icon, mugshot, hide_email_addresses, creation_rationale, creation_comment, registrant, logo, renewal_policy, personal_standing, personal_standing_reason, mail_resumption_date, mailing_list_auto_subscribe_policy, mailing_list_receive_duplicates, visibility, verbose_bugnotifications, account) VALUES (5, 'Scott James Remnant', NULL, NULL, 'keybuk', NULL, NULL, NULL, NULL, 1, NULL, '2005-06-06 08:59:51.608802', NULL, NULL, NULL, NULL, NULL, NULL, NULL, NULL, NULL, NULL, NULL, false, 1, NULL, NULL, NULL, 10, 0, NULL, NULL, 1, true, 1, false, 5);
INSERT INTO lp_person (id, displayname, teamowner, teamdescription, name, language, fti, defaultmembershipperiod, defaultrenewalperiod, subscriptionpolicy, merged, datecreated, addressline1, addressline2, organization, city, province, country, postcode, phone, homepage_content, icon, mugshot, hide_email_addresses, creation_rationale, creation_comment, registrant, logo, renewal_policy, personal_standing, personal_standing_reason, mail_resumption_date, mailing_list_auto_subscribe_policy, mailing_list_receive_duplicates, visibility, verbose_bugnotifications, account) VALUES (6, 'Jeff Waugh', NULL, NULL, 'jdub', NULL, NULL, NULL, NULL, 1, NULL, '2005-06-06 08:59:51.600523', NULL, NULL, NULL, NULL, NULL, NULL, NULL, NULL, NULL, NULL, NULL, false, 8, NULL, NULL, NULL, 10, 0, NULL, NULL, 1, true, 1, false, 6);
INSERT INTO lp_person (id, displayname, teamowner, teamdescription, name, language, fti, defaultmembershipperiod, defaultrenewalperiod, subscriptionpolicy, merged, datecreated, addressline1, addressline2, organization, city, province, country, postcode, phone, homepage_content, icon, mugshot, hide_email_addresses, creation_rationale, creation_comment, registrant, logo, renewal_policy, personal_standing, personal_standing_reason, mail_resumption_date, mailing_list_auto_subscribe_policy, mailing_list_receive_duplicates, visibility, verbose_bugnotifications, account) VALUES (7, 'Andrew Bennetts', NULL, NULL, 'spiv', NULL, NULL, NULL, NULL, 1, NULL, '2005-06-06 08:59:51.551196', NULL, NULL, NULL, NULL, NULL, NULL, NULL, NULL, NULL, NULL, NULL, false, 2, 'when importing bugs from http://bugzilla.ubuntu.com/', NULL, NULL, 10, 0, NULL, NULL, 1, true, 1, false, 7);
INSERT INTO lp_person (id, displayname, teamowner, teamdescription, name, language, fti, defaultmembershipperiod, defaultrenewalperiod, subscriptionpolicy, merged, datecreated, addressline1, addressline2, organization, city, province, country, postcode, phone, homepage_content, icon, mugshot, hide_email_addresses, creation_rationale, creation_comment, registrant, logo, renewal_policy, personal_standing, personal_standing_reason, mail_resumption_date, mailing_list_auto_subscribe_policy, mailing_list_receive_duplicates, visibility, verbose_bugnotifications, account) VALUES (8, 'James Blackwell', NULL, NULL, 'jblack', NULL, NULL, NULL, NULL, 1, NULL, '2005-06-06 08:59:51.601584', NULL, NULL, NULL, NULL, NULL, NULL, NULL, NULL, NULL, NULL, NULL, false, 8, NULL, NULL, NULL, 10, 0, NULL, NULL, 1, true, 1, false, 8);
INSERT INTO lp_person (id, displayname, teamowner, teamdescription, name, language, fti, defaultmembershipperiod, defaultrenewalperiod, subscriptionpolicy, merged, datecreated, addressline1, addressline2, organization, city, province, country, postcode, phone, homepage_content, icon, mugshot, hide_email_addresses, creation_rationale, creation_comment, registrant, logo, renewal_policy, personal_standing, personal_standing_reason, mail_resumption_date, mailing_list_auto_subscribe_policy, mailing_list_receive_duplicates, visibility, verbose_bugnotifications, account) VALUES (9, 'Christian Reis', NULL, NULL, 'kiko', NULL, NULL, NULL, NULL, 1, NULL, '2005-06-06 08:59:51.594941', NULL, NULL, NULL, NULL, NULL, NULL, NULL, NULL, NULL, NULL, NULL, false, 1, NULL, NULL, NULL, 10, 0, NULL, NULL, 1, true, 1, false, 9);
INSERT INTO lp_person (id, displayname, teamowner, teamdescription, name, language, fti, defaultmembershipperiod, defaultrenewalperiod, subscriptionpolicy, merged, datecreated, addressline1, addressline2, organization, city, province, country, postcode, phone, homepage_content, icon, mugshot, hide_email_addresses, creation_rationale, creation_comment, registrant, logo, renewal_policy, personal_standing, personal_standing_reason, mail_resumption_date, mailing_list_auto_subscribe_policy, mailing_list_receive_duplicates, visibility, verbose_bugnotifications, account) VALUES (10, 'Alexander Limi', NULL, NULL, 'limi', NULL, NULL, NULL, NULL, 1, NULL, '2005-06-06 08:59:51.619713', NULL, NULL, NULL, NULL, NULL, NULL, NULL, NULL, NULL, NULL, NULL, false, 2, 'when importing bugs from http://bugzilla.ubuntu.com/', NULL, NULL, 10, 0, NULL, NULL, 1, true, 1, false, 10);
INSERT INTO lp_person (id, displayname, teamowner, teamdescription, name, language, fti, defaultmembershipperiod, defaultrenewalperiod, subscriptionpolicy, merged, datecreated, addressline1, addressline2, organization, city, province, country, postcode, phone, homepage_content, icon, mugshot, hide_email_addresses, creation_rationale, creation_comment, registrant, logo, renewal_policy, personal_standing, personal_standing_reason, mail_resumption_date, mailing_list_auto_subscribe_policy, mailing_list_receive_duplicates, visibility, verbose_bugnotifications, account) VALUES (11, 'Steve Alexander', NULL, NULL, 'stevea', NULL, NULL, NULL, NULL, 1, NULL, '2005-06-06 08:59:51.599234', NULL, NULL, NULL, NULL, NULL, NULL, NULL, NULL, NULL, NULL, NULL, false, 8, NULL, NULL, NULL, 10, 0, NULL, NULL, 1, true, 1, false, 11);
INSERT INTO lp_person (id, displayname, teamowner, teamdescription, name, language, fti, defaultmembershipperiod, defaultrenewalperiod, subscriptionpolicy, merged, datecreated, addressline1, addressline2, organization, city, province, country, postcode, phone, homepage_content, icon, mugshot, hide_email_addresses, creation_rationale, creation_comment, registrant, logo, renewal_policy, personal_standing, personal_standing_reason, mail_resumption_date, mailing_list_auto_subscribe_policy, mailing_list_receive_duplicates, visibility, verbose_bugnotifications, account) VALUES (12, 'Sample Person', NULL, NULL, 'name12', NULL, NULL, NULL, NULL, 1, NULL, '2005-06-06 08:59:51.612277', NULL, NULL, NULL, NULL, NULL, NULL, NULL, NULL, NULL, NULL, NULL, true, 8, NULL, NULL, NULL, 10, 0, NULL, NULL, 1, true, 1, false, 12);
INSERT INTO lp_person (id, displayname, teamowner, teamdescription, name, language, fti, defaultmembershipperiod, defaultrenewalperiod, subscriptionpolicy, merged, datecreated, addressline1, addressline2, organization, city, province, country, postcode, phone, homepage_content, icon, mugshot, hide_email_addresses, creation_rationale, creation_comment, registrant, logo, renewal_policy, personal_standing, personal_standing_reason, mail_resumption_date, mailing_list_auto_subscribe_policy, mailing_list_receive_duplicates, visibility, verbose_bugnotifications, account) VALUES (13, 'Carlos Perelló Marín', NULL, NULL, 'carlos', NULL, NULL, NULL, NULL, 1, NULL, '2005-06-06 08:59:51.615543', NULL, NULL, NULL, NULL, NULL, NULL, NULL, NULL, NULL, NULL, NULL, false, 8, NULL, NULL, NULL, 10, 0, NULL, NULL, 1, true, 1, false, 13);
INSERT INTO lp_person (id, displayname, teamowner, teamdescription, name, language, fti, defaultmembershipperiod, defaultrenewalperiod, subscriptionpolicy, merged, datecreated, addressline1, addressline2, organization, city, province, country, postcode, phone, homepage_content, icon, mugshot, hide_email_addresses, creation_rationale, creation_comment, registrant, logo, renewal_policy, personal_standing, personal_standing_reason, mail_resumption_date, mailing_list_auto_subscribe_policy, mailing_list_receive_duplicates, visibility, verbose_bugnotifications, account) VALUES (14, 'Dafydd Harries', NULL, NULL, 'daf', NULL, NULL, NULL, NULL, 1, NULL, '2005-06-06 08:59:51.616666', NULL, NULL, NULL, NULL, NULL, NULL, NULL, NULL, NULL, NULL, NULL, false, 8, NULL, NULL, NULL, 10, 0, NULL, NULL, 1, true, 1, false, 14);
INSERT INTO lp_person (id, displayname, teamowner, teamdescription, name, language, fti, defaultmembershipperiod, defaultrenewalperiod, subscriptionpolicy, merged, datecreated, addressline1, addressline2, organization, city, province, country, postcode, phone, homepage_content, icon, mugshot, hide_email_addresses, creation_rationale, creation_comment, registrant, logo, renewal_policy, personal_standing, personal_standing_reason, mail_resumption_date, mailing_list_auto_subscribe_policy, mailing_list_receive_duplicates, visibility, verbose_bugnotifications, account) VALUES (16, 'Foo Bar', NULL, NULL, 'name16', NULL, NULL, NULL, NULL, 1, NULL, '2005-06-06 08:59:51.593849', NULL, NULL, NULL, NULL, NULL, NULL, NULL, NULL, NULL, NULL, NULL, false, 8, NULL, NULL, NULL, 10, 0, NULL, NULL, 1, true, 1, false, 16);
INSERT INTO lp_person (id, displayname, teamowner, teamdescription, name, language, fti, defaultmembershipperiod, defaultrenewalperiod, subscriptionpolicy, merged, datecreated, addressline1, addressline2, organization, city, province, country, postcode, phone, homepage_content, icon, mugshot, hide_email_addresses, creation_rationale, creation_comment, registrant, logo, renewal_policy, personal_standing, personal_standing_reason, mail_resumption_date, mailing_list_auto_subscribe_policy, mailing_list_receive_duplicates, visibility, verbose_bugnotifications, account) VALUES (17, 'Ubuntu Team', 1, 'This Team is responsible for the Ubuntu Distribution', 'ubuntu-team', NULL, NULL, NULL, NULL, 1, NULL, '2005-06-06 08:59:51.60576', NULL, NULL, NULL, NULL, NULL, NULL, NULL, NULL, NULL, NULL, NULL, false, NULL, NULL, NULL, NULL, 10, 0, NULL, NULL, 1, true, 1, false, NULL);
INSERT INTO lp_person (id, displayname, teamowner, teamdescription, name, language, fti, defaultmembershipperiod, defaultrenewalperiod, subscriptionpolicy, merged, datecreated, addressline1, addressline2, organization, city, province, country, postcode, phone, homepage_content, icon, mugshot, hide_email_addresses, creation_rationale, creation_comment, registrant, logo, renewal_policy, personal_standing, personal_standing_reason, mail_resumption_date, mailing_list_auto_subscribe_policy, mailing_list_receive_duplicates, visibility, verbose_bugnotifications, account) VALUES (18, 'Ubuntu Gnome Team', 1, 'This Team is responsible for the GNOME releases Issues on whole Ubuntu Distribution', 'name18', NULL, NULL, NULL, NULL, 1, NULL, '2005-06-06 08:59:51.607744', NULL, NULL, NULL, NULL, NULL, NULL, NULL, NULL, NULL, NULL, NULL, false, NULL, NULL, NULL, NULL, 10, 0, NULL, NULL, 1, true, 1, false, NULL);
INSERT INTO lp_person (id, displayname, teamowner, teamdescription, name, language, fti, defaultmembershipperiod, defaultrenewalperiod, subscriptionpolicy, merged, datecreated, addressline1, addressline2, organization, city, province, country, postcode, phone, homepage_content, icon, mugshot, hide_email_addresses, creation_rationale, creation_comment, registrant, logo, renewal_policy, personal_standing, personal_standing_reason, mail_resumption_date, mailing_list_auto_subscribe_policy, mailing_list_receive_duplicates, visibility, verbose_bugnotifications, account) VALUES (19, 'Warty Gnome Team', 1, 'This Team is responsible for GNOME release Issues on Warty Distribution Release', 'warty-gnome', NULL, NULL, NULL, NULL, 1, NULL, '2005-06-06 08:59:51.602661', NULL, NULL, NULL, NULL, NULL, NULL, NULL, NULL, NULL, NULL, NULL, false, NULL, NULL, NULL, NULL, 10, 0, NULL, NULL, 1, true, 1, false, NULL);
INSERT INTO lp_person (id, displayname, teamowner, teamdescription, name, language, fti, defaultmembershipperiod, defaultrenewalperiod, subscriptionpolicy, merged, datecreated, addressline1, addressline2, organization, city, province, country, postcode, phone, homepage_content, icon, mugshot, hide_email_addresses, creation_rationale, creation_comment, registrant, logo, renewal_policy, personal_standing, personal_standing_reason, mail_resumption_date, mailing_list_auto_subscribe_policy, mailing_list_receive_duplicates, visibility, verbose_bugnotifications, account) VALUES (20, 'Warty Security Team', 1, 'This Team is responsible for Security Issues on Warty Distribution Release', 'name20', NULL, NULL, NULL, NULL, 1, NULL, '2005-06-06 08:59:51.614468', NULL, NULL, NULL, NULL, NULL, NULL, NULL, NULL, NULL, NULL, NULL, false, NULL, NULL, NULL, NULL, 10, 0, NULL, NULL, 1, true, 1, false, NULL);
INSERT INTO lp_person (id, displayname, teamowner, teamdescription, name, language, fti, defaultmembershipperiod, defaultrenewalperiod, subscriptionpolicy, merged, datecreated, addressline1, addressline2, organization, city, province, country, postcode, phone, homepage_content, icon, mugshot, hide_email_addresses, creation_rationale, creation_comment, registrant, logo, renewal_policy, personal_standing, personal_standing_reason, mail_resumption_date, mailing_list_auto_subscribe_policy, mailing_list_receive_duplicates, visibility, verbose_bugnotifications, account) VALUES (21, 'Hoary Gnome Team', 1, 'This team is responsible for Security Issues on Hoary Distribution Release', 'name21', NULL, NULL, NULL, NULL, 1, NULL, '2005-06-06 08:59:51.603691', NULL, NULL, NULL, NULL, NULL, NULL, NULL, NULL, NULL, NULL, NULL, false, NULL, NULL, NULL, NULL, 10, 0, NULL, NULL, 1, true, 1, false, NULL);
INSERT INTO lp_person (id, displayname, teamowner, teamdescription, name, language, fti, defaultmembershipperiod, defaultrenewalperiod, subscriptionpolicy, merged, datecreated, addressline1, addressline2, organization, city, province, country, postcode, phone, homepage_content, icon, mugshot, hide_email_addresses, creation_rationale, creation_comment, registrant, logo, renewal_policy, personal_standing, personal_standing_reason, mail_resumption_date, mailing_list_auto_subscribe_policy, mailing_list_receive_duplicates, visibility, verbose_bugnotifications, account) VALUES (22, 'Stuart Bishop', NULL, NULL, 'stub', NULL, NULL, NULL, NULL, 1, NULL, '2005-06-06 08:59:51.59276', 'Somewhere', 'in this world', 'Something', 'whatever', 'not mandatory', 75, '999432423', '+55 16 3374-2027', NULL, NULL, NULL, false, 8, NULL, NULL, NULL, 10, 0, NULL, NULL, 1, true, 1, false, 22);
INSERT INTO lp_person (id, displayname, teamowner, teamdescription, name, language, fti, defaultmembershipperiod, defaultrenewalperiod, subscriptionpolicy, merged, datecreated, addressline1, addressline2, organization, city, province, country, postcode, phone, homepage_content, icon, mugshot, hide_email_addresses, creation_rationale, creation_comment, registrant, logo, renewal_policy, personal_standing, personal_standing_reason, mail_resumption_date, mailing_list_auto_subscribe_policy, mailing_list_receive_duplicates, visibility, verbose_bugnotifications, account) VALUES (23, 'David Allouche', NULL, NULL, 'ddaa', NULL, NULL, NULL, NULL, 1, NULL, '2005-06-06 08:59:51.620823', 'Somewhere', 'in this world', 'Something', 'whatever', 'not mandatory', 35, '999432423', '+55 16 3374-2027', NULL, NULL, NULL, false, 8, NULL, NULL, NULL, 10, 0, NULL, NULL, 1, true, 1, true, 23);
INSERT INTO lp_person (id, displayname, teamowner, teamdescription, name, language, fti, defaultmembershipperiod, defaultrenewalperiod, subscriptionpolicy, merged, datecreated, addressline1, addressline2, organization, city, province, country, postcode, phone, homepage_content, icon, mugshot, hide_email_addresses, creation_rationale, creation_comment, registrant, logo, renewal_policy, personal_standing, personal_standing_reason, mail_resumption_date, mailing_list_auto_subscribe_policy, mailing_list_receive_duplicates, visibility, verbose_bugnotifications, account) VALUES (24, 'VCS imports', 2, 'Owner of branches imported from non-bzr VCS', 'vcs-imports', NULL, NULL, NULL, NULL, 1, NULL, '2005-06-06 08:59:51.604746', NULL, NULL, NULL, NULL, NULL, NULL, NULL, NULL, NULL, NULL, NULL, false, NULL, NULL, NULL, NULL, 10, 0, NULL, NULL, 1, true, 1, false, NULL);
INSERT INTO lp_person (id, displayname, teamowner, teamdescription, name, language, fti, defaultmembershipperiod, defaultrenewalperiod, subscriptionpolicy, merged, datecreated, addressline1, addressline2, organization, city, province, country, postcode, phone, homepage_content, icon, mugshot, hide_email_addresses, creation_rationale, creation_comment, registrant, logo, renewal_policy, personal_standing, personal_standing_reason, mail_resumption_date, mailing_list_auto_subscribe_policy, mailing_list_receive_duplicates, visibility, verbose_bugnotifications, account) VALUES (25, 'Launchpad Administrators', 1, 'Launchpad Administrators', 'admins', NULL, NULL, NULL, NULL, 1, NULL, '2005-06-06 08:59:51.571899', NULL, NULL, NULL, NULL, NULL, NULL, NULL, NULL, NULL, NULL, NULL, false, NULL, NULL, NULL, NULL, 10, 0, NULL, NULL, 1, true, 1, false, NULL);
INSERT INTO lp_person (id, displayname, teamowner, teamdescription, name, language, fti, defaultmembershipperiod, defaultrenewalperiod, subscriptionpolicy, merged, datecreated, addressline1, addressline2, organization, city, province, country, postcode, phone, homepage_content, icon, mugshot, hide_email_addresses, creation_rationale, creation_comment, registrant, logo, renewal_policy, personal_standing, personal_standing_reason, mail_resumption_date, mailing_list_auto_subscribe_policy, mailing_list_receive_duplicates, visibility, verbose_bugnotifications, account) VALUES (26, 'Daniel Silverstone', NULL, NULL, 'kinnison', NULL, NULL, NULL, NULL, 1, NULL, '2005-06-06 08:59:51.618722', NULL, NULL, NULL, NULL, NULL, NULL, NULL, NULL, NULL, NULL, NULL, false, 2, 'when importing bugs from http://bugzilla.ubuntu.com/', NULL, NULL, 10, 0, NULL, NULL, 1, true, 1, false, 26);
INSERT INTO lp_person (id, displayname, teamowner, teamdescription, name, language, fti, defaultmembershipperiod, defaultrenewalperiod, subscriptionpolicy, merged, datecreated, addressline1, addressline2, organization, city, province, country, postcode, phone, homepage_content, icon, mugshot, hide_email_addresses, creation_rationale, creation_comment, registrant, logo, renewal_policy, personal_standing, personal_standing_reason, mail_resumption_date, mailing_list_auto_subscribe_policy, mailing_list_receive_duplicates, visibility, verbose_bugnotifications, account) VALUES (27, 'Daniel Henrique Debonzi', NULL, NULL, 'debonzi', NULL, NULL, NULL, NULL, 1, NULL, '2005-06-06 08:59:51.557224', NULL, NULL, NULL, NULL, NULL, NULL, NULL, NULL, NULL, NULL, NULL, false, 8, NULL, NULL, NULL, 10, 0, NULL, NULL, 1, true, 1, false, 27);
INSERT INTO lp_person (id, displayname, teamowner, teamdescription, name, language, fti, defaultmembershipperiod, defaultrenewalperiod, subscriptionpolicy, merged, datecreated, addressline1, addressline2, organization, city, province, country, postcode, phone, homepage_content, icon, mugshot, hide_email_addresses, creation_rationale, creation_comment, registrant, logo, renewal_policy, personal_standing, personal_standing_reason, mail_resumption_date, mailing_list_auto_subscribe_policy, mailing_list_receive_duplicates, visibility, verbose_bugnotifications, account) VALUES (28, 'Celso Providelo', NULL, NULL, 'cprov', NULL, NULL, NULL, NULL, 1, NULL, '2005-06-06 08:59:51.59705', 'Somewhere', 'in this world', 'Something', 'whatever', 'not mandatory', 75, '999432423', '+55 16 3374-2027', NULL, NULL, NULL, false, 8, NULL, NULL, NULL, 10, 0, NULL, NULL, 1, true, 1, false, 28);
INSERT INTO lp_person (id, displayname, teamowner, teamdescription, name, language, fti, defaultmembershipperiod, defaultrenewalperiod, subscriptionpolicy, merged, datecreated, addressline1, addressline2, organization, city, province, country, postcode, phone, homepage_content, icon, mugshot, hide_email_addresses, creation_rationale, creation_comment, registrant, logo, renewal_policy, personal_standing, personal_standing_reason, mail_resumption_date, mailing_list_auto_subscribe_policy, mailing_list_receive_duplicates, visibility, verbose_bugnotifications, account) VALUES (29, 'Guilherme Salgado', NULL, NULL, 'salgado', NULL, NULL, NULL, NULL, 1, NULL, '2005-06-06 08:59:51.596025', 'Somewhere', 'in this world', 'Something', 'whatever', 'not mandatory', 75, '999432423', '+55 16 3374-2027', NULL, NULL, NULL, false, 8, NULL, NULL, NULL, 10, 0, NULL, NULL, 1, true, 1, false, 29);
INSERT INTO lp_person (id, displayname, teamowner, teamdescription, name, language, fti, defaultmembershipperiod, defaultrenewalperiod, subscriptionpolicy, merged, datecreated, addressline1, addressline2, organization, city, province, country, postcode, phone, homepage_content, icon, mugshot, hide_email_addresses, creation_rationale, creation_comment, registrant, logo, renewal_policy, personal_standing, personal_standing_reason, mail_resumption_date, mailing_list_auto_subscribe_policy, mailing_list_receive_duplicates, visibility, verbose_bugnotifications, account) VALUES (30, 'Rosetta Administrators', 25, 'Rosetta Administrators', 'rosetta-admins', NULL, NULL, NULL, NULL, 1, NULL, '2005-06-06 08:59:51.613368', NULL, NULL, NULL, NULL, NULL, NULL, NULL, NULL, NULL, NULL, NULL, false, NULL, NULL, NULL, NULL, 10, 0, NULL, NULL, 1, true, 1, false, NULL);
INSERT INTO lp_person (id, displayname, teamowner, teamdescription, name, language, fti, defaultmembershipperiod, defaultrenewalperiod, subscriptionpolicy, merged, datecreated, addressline1, addressline2, organization, city, province, country, postcode, phone, homepage_content, icon, mugshot, hide_email_addresses, creation_rationale, creation_comment, registrant, logo, renewal_policy, personal_standing, personal_standing_reason, mail_resumption_date, mailing_list_auto_subscribe_policy, mailing_list_receive_duplicates, visibility, verbose_bugnotifications, account) VALUES (31, 'Ubuntu Translators', 30, 'Ubuntu Translators', 'ubuntu-translators', NULL, NULL, NULL, NULL, 1, NULL, '2005-06-06 08:59:51.617651', NULL, NULL, NULL, NULL, NULL, NULL, NULL, NULL, NULL, NULL, NULL, false, NULL, NULL, NULL, NULL, 10, 0, NULL, NULL, 1, true, 1, false, NULL);
INSERT INTO lp_person (id, displayname, teamowner, teamdescription, name, language, fti, defaultmembershipperiod, defaultrenewalperiod, subscriptionpolicy, merged, datecreated, addressline1, addressline2, organization, city, province, country, postcode, phone, homepage_content, icon, mugshot, hide_email_addresses, creation_rationale, creation_comment, registrant, logo, renewal_policy, personal_standing, personal_standing_reason, mail_resumption_date, mailing_list_auto_subscribe_policy, mailing_list_receive_duplicates, visibility, verbose_bugnotifications, account) VALUES (32, 'GuadaMen', 16, 'The guadalinex maintainers team', 'guadamen', NULL, NULL, 700, 300, 1, NULL, '2005-06-06 08:59:51.606755', NULL, NULL, NULL, NULL, NULL, NULL, NULL, NULL, NULL, NULL, NULL, false, NULL, NULL, NULL, NULL, 10, 0, NULL, NULL, 1, true, 1, false, NULL);
INSERT INTO lp_person (id, displayname, teamowner, teamdescription, name, language, fti, defaultmembershipperiod, defaultrenewalperiod, subscriptionpolicy, merged, datecreated, addressline1, addressline2, organization, city, province, country, postcode, phone, homepage_content, icon, mugshot, hide_email_addresses, creation_rationale, creation_comment, registrant, logo, renewal_policy, personal_standing, personal_standing_reason, mail_resumption_date, mailing_list_auto_subscribe_policy, mailing_list_receive_duplicates, visibility, verbose_bugnotifications, account) VALUES (33, 'Edgar Bursic', NULL, NULL, 'edgar', NULL, NULL, NULL, NULL, 1, NULL, '2005-06-06 08:59:51.621892', NULL, NULL, NULL, NULL, NULL, NULL, NULL, NULL, NULL, NULL, NULL, false, 8, NULL, NULL, NULL, 10, 0, NULL, NULL, 1, true, 1, false, 33);
INSERT INTO lp_person (id, displayname, teamowner, teamdescription, name, language, fti, defaultmembershipperiod, defaultrenewalperiod, subscriptionpolicy, merged, datecreated, addressline1, addressline2, organization, city, province, country, postcode, phone, homepage_content, icon, mugshot, hide_email_addresses, creation_rationale, creation_comment, registrant, logo, renewal_policy, personal_standing, personal_standing_reason, mail_resumption_date, mailing_list_auto_subscribe_policy, mailing_list_receive_duplicates, visibility, verbose_bugnotifications, account) VALUES (34, 'Jordi Vilalta', NULL, NULL, 'jvprat', NULL, NULL, NULL, NULL, 1, NULL, '2005-06-06 08:59:51.622908', NULL, NULL, NULL, NULL, NULL, NULL, NULL, NULL, NULL, NULL, NULL, false, 4, 'when importing the Catalan (ca) translation of pmount in Ubuntu Hoary package "pmount"', NULL, NULL, 10, 0, NULL, NULL, 1, true, 1, false, 34);
INSERT INTO lp_person (id, displayname, teamowner, teamdescription, name, language, fti, defaultmembershipperiod, defaultrenewalperiod, subscriptionpolicy, merged, datecreated, addressline1, addressline2, organization, city, province, country, postcode, phone, homepage_content, icon, mugshot, hide_email_addresses, creation_rationale, creation_comment, registrant, logo, renewal_policy, personal_standing, personal_standing_reason, mail_resumption_date, mailing_list_auto_subscribe_policy, mailing_list_receive_duplicates, visibility, verbose_bugnotifications, account) VALUES (35, 'Sigurd Gartmann', NULL, NULL, 'sigurd-ubuntu', NULL, NULL, NULL, NULL, 1, NULL, '2005-06-06 08:59:51.623962', NULL, NULL, NULL, NULL, NULL, NULL, NULL, NULL, NULL, NULL, NULL, false, 4, 'when importing the Norwegian Bokmål (nb) translation of pmount in Ubuntu Hoary package "pmount"', NULL, NULL, 10, 0, NULL, NULL, 1, true, 1, false, 35);
INSERT INTO lp_person (id, displayname, teamowner, teamdescription, name, language, fti, defaultmembershipperiod, defaultrenewalperiod, subscriptionpolicy, merged, datecreated, addressline1, addressline2, organization, city, province, country, postcode, phone, homepage_content, icon, mugshot, hide_email_addresses, creation_rationale, creation_comment, registrant, logo, renewal_policy, personal_standing, personal_standing_reason, mail_resumption_date, mailing_list_auto_subscribe_policy, mailing_list_receive_duplicates, visibility, verbose_bugnotifications, account) VALUES (36, 'Vlastimil Skacel', NULL, NULL, 'skacel', NULL, NULL, NULL, NULL, 1, NULL, '2005-06-06 08:59:51.5244', NULL, NULL, NULL, NULL, NULL, NULL, NULL, NULL, NULL, NULL, NULL, false, 4, 'when importing the Czech (cs) translation of pmount in Ubuntu Hoary package "pmount"', NULL, NULL, 10, 0, NULL, NULL, 1, true, 1, false, 36);
INSERT INTO lp_person (id, displayname, teamowner, teamdescription, name, language, fti, defaultmembershipperiod, defaultrenewalperiod, subscriptionpolicy, merged, datecreated, addressline1, addressline2, organization, city, province, country, postcode, phone, homepage_content, icon, mugshot, hide_email_addresses, creation_rationale, creation_comment, registrant, logo, renewal_policy, personal_standing, personal_standing_reason, mail_resumption_date, mailing_list_auto_subscribe_policy, mailing_list_receive_duplicates, visibility, verbose_bugnotifications, account) VALUES (37, 'Daniel Aguayo', NULL, NULL, 'danner', NULL, NULL, NULL, NULL, 1, NULL, '2005-06-06 08:59:51.549651', NULL, NULL, NULL, NULL, NULL, NULL, NULL, NULL, NULL, NULL, NULL, false, 8, NULL, NULL, NULL, 10, 0, NULL, NULL, 1, true, 1, false, 37);
INSERT INTO lp_person (id, displayname, teamowner, teamdescription, name, language, fti, defaultmembershipperiod, defaultrenewalperiod, subscriptionpolicy, merged, datecreated, addressline1, addressline2, organization, city, province, country, postcode, phone, homepage_content, icon, mugshot, hide_email_addresses, creation_rationale, creation_comment, registrant, logo, renewal_policy, personal_standing, personal_standing_reason, mail_resumption_date, mailing_list_auto_subscribe_policy, mailing_list_receive_duplicates, visibility, verbose_bugnotifications, account) VALUES (38, 'Martin Pitt', NULL, NULL, 'martin-pitt', NULL, NULL, NULL, NULL, 1, NULL, '2005-06-06 08:59:51.555051', NULL, NULL, NULL, NULL, NULL, NULL, NULL, NULL, NULL, NULL, NULL, false, 4, 'when importing the German (de) translation of pmount in Ubuntu Hoary package "pmount"', NULL, NULL, 10, 0, NULL, NULL, 1, true, 1, false, 38);
INSERT INTO lp_person (id, displayname, teamowner, teamdescription, name, language, fti, defaultmembershipperiod, defaultrenewalperiod, subscriptionpolicy, merged, datecreated, addressline1, addressline2, organization, city, province, country, postcode, phone, homepage_content, icon, mugshot, hide_email_addresses, creation_rationale, creation_comment, registrant, logo, renewal_policy, personal_standing, personal_standing_reason, mail_resumption_date, mailing_list_auto_subscribe_policy, mailing_list_receive_duplicates, visibility, verbose_bugnotifications, account) VALUES (39, 'Nicolas Velin', NULL, NULL, 'nsv', NULL, NULL, NULL, NULL, 1, NULL, '2005-06-06 08:59:51.556132', NULL, NULL, NULL, NULL, NULL, NULL, NULL, NULL, NULL, NULL, NULL, false, 4, 'when importing the French (fr) translation of pmount in Ubuntu Hoary package "pmount"', NULL, NULL, 10, 0, NULL, NULL, 1, true, 1, false, 39);
INSERT INTO lp_person (id, displayname, teamowner, teamdescription, name, language, fti, defaultmembershipperiod, defaultrenewalperiod, subscriptionpolicy, merged, datecreated, addressline1, addressline2, organization, city, province, country, postcode, phone, homepage_content, icon, mugshot, hide_email_addresses, creation_rationale, creation_comment, registrant, logo, renewal_policy, personal_standing, personal_standing_reason, mail_resumption_date, mailing_list_auto_subscribe_policy, mailing_list_receive_duplicates, visibility, verbose_bugnotifications, account) VALUES (40, 'Francesco Accattapà', NULL, NULL, 'callipeo', NULL, NULL, NULL, NULL, 1, NULL, '2005-06-06 08:59:51.558429', NULL, NULL, NULL, NULL, NULL, NULL, NULL, NULL, NULL, NULL, NULL, false, 4, 'when importing the Italian (Italy) (it_IT) translation of pmount in Ubuntu Hoary package "pmount"', NULL, NULL, 10, 0, NULL, NULL, 1, true, 1, false, 40);
INSERT INTO lp_person (id, displayname, teamowner, teamdescription, name, language, fti, defaultmembershipperiod, defaultrenewalperiod, subscriptionpolicy, merged, datecreated, addressline1, addressline2, organization, city, province, country, postcode, phone, homepage_content, icon, mugshot, hide_email_addresses, creation_rationale, creation_comment, registrant, logo, renewal_policy, personal_standing, personal_standing_reason, mail_resumption_date, mailing_list_auto_subscribe_policy, mailing_list_receive_duplicates, visibility, verbose_bugnotifications, account) VALUES (41, 'Aloriel', NULL, NULL, 'jorge-gonzalez-gonzalez', NULL, NULL, NULL, NULL, 1, NULL, '2005-06-06 08:59:51.559519', NULL, NULL, NULL, NULL, NULL, NULL, NULL, NULL, NULL, NULL, NULL, false, 4, 'when importing the Spanish (es) translation of pmount in Ubuntu Hoary package "pmount"', NULL, NULL, 10, 0, NULL, NULL, 1, true, 1, false, 41);
INSERT INTO lp_person (id, displayname, teamowner, teamdescription, name, language, fti, defaultmembershipperiod, defaultrenewalperiod, subscriptionpolicy, merged, datecreated, addressline1, addressline2, organization, city, province, country, postcode, phone, homepage_content, icon, mugshot, hide_email_addresses, creation_rationale, creation_comment, registrant, logo, renewal_policy, personal_standing, personal_standing_reason, mail_resumption_date, mailing_list_auto_subscribe_policy, mailing_list_receive_duplicates, visibility, verbose_bugnotifications, account) VALUES (42, 'Denis Barbier', NULL, NULL, 'barbier', NULL, NULL, NULL, NULL, 1, NULL, '2005-06-06 08:59:51.560604', NULL, NULL, NULL, NULL, NULL, NULL, NULL, NULL, NULL, NULL, NULL, false, 4, 'when importing the French (fr) translation of pkgconf-mozilla in Ubuntu Hoary package "mozilla"', NULL, NULL, 10, 0, NULL, NULL, 1, true, 1, false, 42);
INSERT INTO lp_person (id, displayname, teamowner, teamdescription, name, language, fti, defaultmembershipperiod, defaultrenewalperiod, subscriptionpolicy, merged, datecreated, addressline1, addressline2, organization, city, province, country, postcode, phone, homepage_content, icon, mugshot, hide_email_addresses, creation_rationale, creation_comment, registrant, logo, renewal_policy, personal_standing, personal_standing_reason, mail_resumption_date, mailing_list_auto_subscribe_policy, mailing_list_receive_duplicates, visibility, verbose_bugnotifications, account) VALUES (43, 'André Luís Lopes', NULL, NULL, 'andrelop', NULL, NULL, NULL, NULL, 1, NULL, '2005-06-06 08:59:51.561685', NULL, NULL, NULL, NULL, NULL, NULL, NULL, NULL, NULL, NULL, NULL, false, 4, 'when importing the Portuguese (Brazil) (pt_BR) translation of pkgconf-mozilla in Ubuntu Hoary package "mozilla"', NULL, NULL, 10, 0, NULL, NULL, 1, true, 1, false, 43);
INSERT INTO lp_person (id, displayname, teamowner, teamdescription, name, language, fti, defaultmembershipperiod, defaultrenewalperiod, subscriptionpolicy, merged, datecreated, addressline1, addressline2, organization, city, province, country, postcode, phone, homepage_content, icon, mugshot, hide_email_addresses, creation_rationale, creation_comment, registrant, logo, renewal_policy, personal_standing, personal_standing_reason, mail_resumption_date, mailing_list_auto_subscribe_policy, mailing_list_receive_duplicates, visibility, verbose_bugnotifications, account) VALUES (44, 'Carlos Valdivia Yagüe', NULL, NULL, 'valyag', NULL, NULL, NULL, NULL, 1, NULL, '2005-06-06 08:59:51.562857', NULL, NULL, NULL, NULL, NULL, NULL, NULL, NULL, NULL, NULL, NULL, false, 4, 'when importing the Spanish (es) translation of pkgconf-mozilla in Ubuntu Hoary package "mozilla"', NULL, NULL, 10, 0, NULL, NULL, 1, true, 1, false, 44);
INSERT INTO lp_person (id, displayname, teamowner, teamdescription, name, language, fti, defaultmembershipperiod, defaultrenewalperiod, subscriptionpolicy, merged, datecreated, addressline1, addressline2, organization, city, province, country, postcode, phone, homepage_content, icon, mugshot, hide_email_addresses, creation_rationale, creation_comment, registrant, logo, renewal_policy, personal_standing, personal_standing_reason, mail_resumption_date, mailing_list_auto_subscribe_policy, mailing_list_receive_duplicates, visibility, verbose_bugnotifications, account) VALUES (45, 'Luk Claes', NULL, NULL, 'luk-claes', NULL, NULL, NULL, NULL, 1, NULL, '2005-06-06 08:59:51.563952', NULL, NULL, NULL, NULL, NULL, NULL, NULL, NULL, NULL, NULL, NULL, false, 4, 'when importing the Dutch (nl) translation of pkgconf-mozilla in Ubuntu Hoary package "mozilla"', NULL, NULL, 10, 0, NULL, NULL, 1, true, 1, false, 45);
INSERT INTO lp_person (id, displayname, teamowner, teamdescription, name, language, fti, defaultmembershipperiod, defaultrenewalperiod, subscriptionpolicy, merged, datecreated, addressline1, addressline2, organization, city, province, country, postcode, phone, homepage_content, icon, mugshot, hide_email_addresses, creation_rationale, creation_comment, registrant, logo, renewal_policy, personal_standing, personal_standing_reason, mail_resumption_date, mailing_list_auto_subscribe_policy, mailing_list_receive_duplicates, visibility, verbose_bugnotifications, account) VALUES (46, 'Miroslav Kure', NULL, NULL, 'kurem', NULL, NULL, NULL, NULL, 1, NULL, '2005-06-06 08:59:51.565033', NULL, NULL, NULL, NULL, NULL, NULL, NULL, NULL, NULL, NULL, NULL, false, 8, NULL, NULL, NULL, 10, 0, NULL, NULL, 1, true, 1, false, 46);
INSERT INTO lp_person (id, displayname, teamowner, teamdescription, name, language, fti, defaultmembershipperiod, defaultrenewalperiod, subscriptionpolicy, merged, datecreated, addressline1, addressline2, organization, city, province, country, postcode, phone, homepage_content, icon, mugshot, hide_email_addresses, creation_rationale, creation_comment, registrant, logo, renewal_policy, personal_standing, personal_standing_reason, mail_resumption_date, mailing_list_auto_subscribe_policy, mailing_list_receive_duplicates, visibility, verbose_bugnotifications, account) VALUES (47, 'Morten Brix Pedersen', NULL, NULL, 'morten', NULL, NULL, NULL, NULL, 1, NULL, '2005-06-06 08:59:51.56614', NULL, NULL, NULL, NULL, NULL, NULL, NULL, NULL, NULL, NULL, NULL, false, 4, 'when importing the Danish (da) translation of pkgconf-mozilla in Ubuntu Hoary package "mozilla"', NULL, NULL, 10, 0, NULL, NULL, 1, true, 1, false, 47);
INSERT INTO lp_person (id, displayname, teamowner, teamdescription, name, language, fti, defaultmembershipperiod, defaultrenewalperiod, subscriptionpolicy, merged, datecreated, addressline1, addressline2, organization, city, province, country, postcode, phone, homepage_content, icon, mugshot, hide_email_addresses, creation_rationale, creation_comment, registrant, logo, renewal_policy, personal_standing, personal_standing_reason, mail_resumption_date, mailing_list_auto_subscribe_policy, mailing_list_receive_duplicates, visibility, verbose_bugnotifications, account) VALUES (48, 'Matti Pöllä', NULL, NULL, 'mpo', NULL, NULL, NULL, NULL, 1, NULL, '2005-06-06 08:59:51.567224', NULL, NULL, NULL, NULL, NULL, NULL, NULL, NULL, NULL, NULL, NULL, false, 4, 'when importing the Finnish (fi) translation of pkgconf-mozilla in Ubuntu Hoary package "mozilla"', NULL, NULL, 10, 0, NULL, NULL, 1, true, 1, false, 48);
INSERT INTO lp_person (id, displayname, teamowner, teamdescription, name, language, fti, defaultmembershipperiod, defaultrenewalperiod, subscriptionpolicy, merged, datecreated, addressline1, addressline2, organization, city, province, country, postcode, phone, homepage_content, icon, mugshot, hide_email_addresses, creation_rationale, creation_comment, registrant, logo, renewal_policy, personal_standing, personal_standing_reason, mail_resumption_date, mailing_list_auto_subscribe_policy, mailing_list_receive_duplicates, visibility, verbose_bugnotifications, account) VALUES (49, 'Kęstutis Biliūnas', NULL, NULL, 'kebil', NULL, NULL, NULL, NULL, 1, NULL, '2005-06-06 08:59:51.568323', NULL, NULL, NULL, NULL, NULL, NULL, NULL, NULL, NULL, NULL, NULL, false, 4, 'when importing the Lithuanian (lt) translation of pkgconf-mozilla in Ubuntu Hoary package "mozilla"', NULL, NULL, 10, 0, NULL, NULL, 1, true, 1, false, 49);
INSERT INTO lp_person (id, displayname, teamowner, teamdescription, name, language, fti, defaultmembershipperiod, defaultrenewalperiod, subscriptionpolicy, merged, datecreated, addressline1, addressline2, organization, city, province, country, postcode, phone, homepage_content, icon, mugshot, hide_email_addresses, creation_rationale, creation_comment, registrant, logo, renewal_policy, personal_standing, personal_standing_reason, mail_resumption_date, mailing_list_auto_subscribe_policy, mailing_list_receive_duplicates, visibility, verbose_bugnotifications, account) VALUES (50, 'Valentina Commissari', NULL, NULL, 'tsukimi', NULL, NULL, NULL, NULL, 1, NULL, '2005-06-06 08:59:51.569518', NULL, NULL, NULL, NULL, NULL, NULL, NULL, NULL, NULL, NULL, NULL, false, 8, NULL, NULL, NULL, 10, 0, NULL, NULL, 1, true, 1, false, 50);
INSERT INTO lp_person (id, displayname, teamowner, teamdescription, name, language, fti, defaultmembershipperiod, defaultrenewalperiod, subscriptionpolicy, merged, datecreated, addressline1, addressline2, organization, city, province, country, postcode, phone, homepage_content, icon, mugshot, hide_email_addresses, creation_rationale, creation_comment, registrant, logo, renewal_policy, personal_standing, personal_standing_reason, mail_resumption_date, mailing_list_auto_subscribe_policy, mailing_list_receive_duplicates, visibility, verbose_bugnotifications, account) VALUES (51, 'Helge Kreutzmann', NULL, NULL, 'kreutzm', NULL, NULL, NULL, NULL, 1, NULL, '2005-06-06 08:59:51.570701', 'Somewhere', 'in this world', 'Something', 'whatever', 'not mandatory', 25, '999432423', '+55 16 3374-2027', NULL, NULL, NULL, false, 8, NULL, NULL, NULL, 10, 0, NULL, NULL, 1, true, 1, false, 51);
INSERT INTO lp_person (id, displayname, teamowner, teamdescription, name, language, fti, defaultmembershipperiod, defaultrenewalperiod, subscriptionpolicy, merged, datecreated, addressline1, addressline2, organization, city, province, country, postcode, phone, homepage_content, icon, mugshot, hide_email_addresses, creation_rationale, creation_comment, registrant, logo, renewal_policy, personal_standing, personal_standing_reason, mail_resumption_date, mailing_list_auto_subscribe_policy, mailing_list_receive_duplicates, visibility, verbose_bugnotifications, account) VALUES (52, 'No Privileges Person', NULL, NULL, 'no-priv', NULL, NULL, NULL, NULL, 1, NULL, '2005-06-06 08:59:51.593849', 'Somewhere', 'in this world', 'Something', 'whatever', 'not mandatory', 95, '999432423', '+55 16 3374-2027', NULL, NULL, NULL, false, 8, NULL, NULL, NULL, 10, 0, NULL, NULL, 1, true, 1, false, 52);
INSERT INTO lp_person (id, displayname, teamowner, teamdescription, name, language, fti, defaultmembershipperiod, defaultrenewalperiod, subscriptionpolicy, merged, datecreated, addressline1, addressline2, organization, city, province, country, postcode, phone, homepage_content, icon, mugshot, hide_email_addresses, creation_rationale, creation_comment, registrant, logo, renewal_policy, personal_standing, personal_standing_reason, mail_resumption_date, mailing_list_auto_subscribe_policy, mailing_list_receive_duplicates, visibility, verbose_bugnotifications, account) VALUES (53, 'testing Spanish team', 13, NULL, 'testing-spanish-team', NULL, NULL, NULL, NULL, 1, NULL, '2005-07-12 14:32:01.84779', NULL, NULL, NULL, NULL, NULL, NULL, NULL, NULL, NULL, NULL, NULL, false, NULL, NULL, NULL, NULL, 10, 0, NULL, NULL, 1, true, 1, false, NULL);
INSERT INTO lp_person (id, displayname, teamowner, teamdescription, name, language, fti, defaultmembershipperiod, defaultrenewalperiod, subscriptionpolicy, merged, datecreated, addressline1, addressline2, organization, city, province, country, postcode, phone, homepage_content, icon, mugshot, hide_email_addresses, creation_rationale, creation_comment, registrant, logo, renewal_policy, personal_standing, personal_standing_reason, mail_resumption_date, mailing_list_auto_subscribe_policy, mailing_list_receive_duplicates, visibility, verbose_bugnotifications, account) VALUES (55, 'Marilize Coetzee', NULL, NULL, 'marilize', NULL, NULL, NULL, NULL, 1, NULL, '2005-06-06 08:59:51.593849', NULL, NULL, NULL, NULL, NULL, NULL, NULL, NULL, NULL, NULL, NULL, false, 8, NULL, NULL, NULL, 10, 0, NULL, NULL, 1, true, 1, false, 55);
INSERT INTO lp_person (id, displayname, teamowner, teamdescription, name, language, fti, defaultmembershipperiod, defaultrenewalperiod, subscriptionpolicy, merged, datecreated, addressline1, addressline2, organization, city, province, country, postcode, phone, homepage_content, icon, mugshot, hide_email_addresses, creation_rationale, creation_comment, registrant, logo, renewal_policy, personal_standing, personal_standing_reason, mail_resumption_date, mailing_list_auto_subscribe_policy, mailing_list_receive_duplicates, visibility, verbose_bugnotifications, account) VALUES (56, 'Jordi Mallach', NULL, NULL, 'jordi', NULL, NULL, NULL, NULL, 1, NULL, '2005-10-07 14:17:51.593849', 'Somewhere', 'in this world', 'Something', 'whatever', 'not mandatory', 95, '999432423', '+55 16 3374-2027', NULL, NULL, NULL, false, 8, NULL, NULL, NULL, 10, 0, NULL, NULL, 1, true, 1, false, 56);
INSERT INTO lp_person (id, displayname, teamowner, teamdescription, name, language, fti, defaultmembershipperiod, defaultrenewalperiod, subscriptionpolicy, merged, datecreated, addressline1, addressline2, organization, city, province, country, postcode, phone, homepage_content, icon, mugshot, hide_email_addresses, creation_rationale, creation_comment, registrant, logo, renewal_policy, personal_standing, personal_standing_reason, mail_resumption_date, mailing_list_auto_subscribe_policy, mailing_list_receive_duplicates, visibility, verbose_bugnotifications, account) VALUES (57, 'Launchpad Developers', 16, 'Launchpad developers', 'launchpad', NULL, NULL, NULL, NULL, 3, NULL, '2005-10-13 13:03:41.668724', NULL, NULL, NULL, NULL, NULL, NULL, NULL, NULL, NULL, NULL, NULL, false, NULL, NULL, NULL, NULL, 10, 0, NULL, NULL, 1, true, 1, false, NULL);
INSERT INTO lp_person (id, displayname, teamowner, teamdescription, name, language, fti, defaultmembershipperiod, defaultrenewalperiod, subscriptionpolicy, merged, datecreated, addressline1, addressline2, organization, city, province, country, postcode, phone, homepage_content, icon, mugshot, hide_email_addresses, creation_rationale, creation_comment, registrant, logo, renewal_policy, personal_standing, personal_standing_reason, mail_resumption_date, mailing_list_auto_subscribe_policy, mailing_list_receive_duplicates, visibility, verbose_bugnotifications, account) VALUES (58, 'Bug Importer', NULL, NULL, 'bug-importer', NULL, NULL, NULL, NULL, 1, NULL, '2005-12-06 09:48:58.287679', NULL, NULL, NULL, NULL, NULL, NULL, NULL, NULL, NULL, NULL, NULL, false, 8, NULL, NULL, NULL, 10, 0, NULL, NULL, 1, true, 1, false, 58);
INSERT INTO lp_person (id, displayname, teamowner, teamdescription, name, language, fti, defaultmembershipperiod, defaultrenewalperiod, subscriptionpolicy, merged, datecreated, addressline1, addressline2, organization, city, province, country, postcode, phone, homepage_content, icon, mugshot, hide_email_addresses, creation_rationale, creation_comment, registrant, logo, renewal_policy, personal_standing, personal_standing_reason, mail_resumption_date, mailing_list_auto_subscribe_policy, mailing_list_receive_duplicates, visibility, verbose_bugnotifications, account) VALUES (59, 'Mirror Administrators', 1, 'Mirror Administrators', 'ubuntu-mirror-admins', NULL, NULL, NULL, NULL, 1, NULL, '2005-06-06 08:59:51.571899', NULL, NULL, NULL, NULL, NULL, NULL, NULL, NULL, NULL, NULL, NULL, false, NULL, NULL, NULL, NULL, 10, 0, NULL, NULL, 1, true, 1, false, NULL);
INSERT INTO lp_person (id, displayname, teamowner, teamdescription, name, language, fti, defaultmembershipperiod, defaultrenewalperiod, subscriptionpolicy, merged, datecreated, addressline1, addressline2, organization, city, province, country, postcode, phone, homepage_content, icon, mugshot, hide_email_addresses, creation_rationale, creation_comment, registrant, logo, renewal_policy, personal_standing, personal_standing_reason, mail_resumption_date, mailing_list_auto_subscribe_policy, mailing_list_receive_duplicates, visibility, verbose_bugnotifications, account) VALUES (60, 'Registry Administrators', 1, 'Launchpad Registry Administrators Team', 'registry', NULL, NULL, NULL, NULL, 1, NULL, '2006-04-06 10:17:11.833824', NULL, NULL, NULL, NULL, NULL, NULL, NULL, NULL, NULL, NULL, NULL, false, NULL, NULL, NULL, NULL, 10, 0, NULL, NULL, 1, true, 1, false, NULL);
INSERT INTO lp_person (id, displayname, teamowner, teamdescription, name, language, fti, defaultmembershipperiod, defaultrenewalperiod, subscriptionpolicy, merged, datecreated, addressline1, addressline2, organization, city, province, country, postcode, phone, homepage_content, icon, mugshot, hide_email_addresses, creation_rationale, creation_comment, registrant, logo, renewal_policy, personal_standing, personal_standing_reason, mail_resumption_date, mailing_list_auto_subscribe_policy, mailing_list_receive_duplicates, visibility, verbose_bugnotifications, account) VALUES (61, 'Launchpad Buildd Admins', 16, 'Buildd System administrators', 'launchpad-buildd-admins', NULL, NULL, NULL, NULL, 1, NULL, '2006-05-15 22:23:29.062603', NULL, NULL, NULL, NULL, NULL, NULL, NULL, NULL, NULL, NULL, NULL, false, NULL, NULL, NULL, NULL, 10, 0, NULL, NULL, 1, true, 1, false, NULL);
INSERT INTO lp_person (id, displayname, teamowner, teamdescription, name, language, fti, defaultmembershipperiod, defaultrenewalperiod, subscriptionpolicy, merged, datecreated, addressline1, addressline2, organization, city, province, country, postcode, phone, homepage_content, icon, mugshot, hide_email_addresses, creation_rationale, creation_comment, registrant, logo, renewal_policy, personal_standing, personal_standing_reason, mail_resumption_date, mailing_list_auto_subscribe_policy, mailing_list_receive_duplicates, visibility, verbose_bugnotifications, account) VALUES (62, 'Bug Watch Updater', NULL, NULL, 'bug-watch-updater', NULL, NULL, NULL, NULL, 1, NULL, '2006-05-23 12:49:30.483464', NULL, NULL, NULL, NULL, NULL, NULL, NULL, NULL, NULL, NULL, NULL, true, 1, NULL, NULL, NULL, 10, 0, NULL, NULL, 1, true, 1, false, 62);
INSERT INTO lp_person (id, displayname, teamowner, teamdescription, name, language, fti, defaultmembershipperiod, defaultrenewalperiod, subscriptionpolicy, merged, datecreated, addressline1, addressline2, organization, city, province, country, postcode, phone, homepage_content, icon, mugshot, hide_email_addresses, creation_rationale, creation_comment, registrant, logo, renewal_policy, personal_standing, personal_standing_reason, mail_resumption_date, mailing_list_auto_subscribe_policy, mailing_list_receive_duplicates, visibility, verbose_bugnotifications, account) VALUES (63, 'Karl Tilbury', NULL, NULL, 'karl', NULL, NULL, NULL, NULL, 1, NULL, '2006-05-23 12:49:30.483464', NULL, NULL, NULL, NULL, NULL, NULL, NULL, NULL, NULL, NULL, NULL, true, 8, NULL, NULL, NULL, 10, 0, NULL, NULL, 1, true, 1, false, 63);
INSERT INTO lp_person (id, displayname, teamowner, teamdescription, name, language, fti, defaultmembershipperiod, defaultrenewalperiod, subscriptionpolicy, merged, datecreated, addressline1, addressline2, organization, city, province, country, postcode, phone, homepage_content, icon, mugshot, hide_email_addresses, creation_rationale, creation_comment, registrant, logo, renewal_policy, personal_standing, personal_standing_reason, mail_resumption_date, mailing_list_auto_subscribe_policy, mailing_list_receive_duplicates, visibility, verbose_bugnotifications, account) VALUES (64, 'Landscape Developers', 12, NULL, 'landscape-developers', NULL, NULL, NULL, NULL, 1, NULL, '2006-07-11 20:01:09.874128', NULL, NULL, NULL, NULL, NULL, NULL, NULL, NULL, NULL, NULL, NULL, false, NULL, NULL, NULL, NULL, 10, 0, NULL, NULL, 1, true, 1, false, NULL);
INSERT INTO lp_person (id, displayname, teamowner, teamdescription, name, language, fti, defaultmembershipperiod, defaultrenewalperiod, subscriptionpolicy, merged, datecreated, addressline1, addressline2, organization, city, province, country, postcode, phone, homepage_content, icon, mugshot, hide_email_addresses, creation_rationale, creation_comment, registrant, logo, renewal_policy, personal_standing, personal_standing_reason, mail_resumption_date, mailing_list_auto_subscribe_policy, mailing_list_receive_duplicates, visibility, verbose_bugnotifications, account) VALUES (65, 'Launchpad Janitor', NULL, NULL, 'janitor', NULL, NULL, NULL, NULL, 1, NULL, '2006-10-04 16:20:51.19954', NULL, NULL, NULL, NULL, NULL, NULL, NULL, NULL, NULL, NULL, NULL, true, 1, NULL, NULL, NULL, 10, 0, NULL, NULL, 1, true, 1, false, 65);
INSERT INTO lp_person (id, displayname, teamowner, teamdescription, name, language, fti, defaultmembershipperiod, defaultrenewalperiod, subscriptionpolicy, merged, datecreated, addressline1, addressline2, organization, city, province, country, postcode, phone, homepage_content, icon, mugshot, hide_email_addresses, creation_rationale, creation_comment, registrant, logo, renewal_policy, personal_standing, personal_standing_reason, mail_resumption_date, mailing_list_auto_subscribe_policy, mailing_list_receive_duplicates, visibility, verbose_bugnotifications, account) VALUES (66, 'Diogo Matsubara', NULL, NULL, 'matsubara', NULL, NULL, NULL, NULL, 1, NULL, '2006-12-13 21:19:06.369142', NULL, NULL, NULL, NULL, NULL, NULL, NULL, NULL, NULL, NULL, NULL, false, 4, 'when importing the Portuguese (Brazil) (pt_BR) translation of evolution-2.2-test in Evolution trunk', NULL, NULL, 10, 0, NULL, NULL, 1, true, 1, false, 66);
INSERT INTO lp_person (id, displayname, teamowner, teamdescription, name, language, fti, defaultmembershipperiod, defaultrenewalperiod, subscriptionpolicy, merged, datecreated, addressline1, addressline2, organization, city, province, country, postcode, phone, homepage_content, icon, mugshot, hide_email_addresses, creation_rationale, creation_comment, registrant, logo, renewal_policy, personal_standing, personal_standing_reason, mail_resumption_date, mailing_list_auto_subscribe_policy, mailing_list_receive_duplicates, visibility, verbose_bugnotifications, account) VALUES (67, 'Team Membership Janitor', NULL, NULL, 'team-membership-janitor', NULL, NULL, NULL, NULL, 1, NULL, '2006-10-04 16:20:51.19954', NULL, NULL, NULL, NULL, NULL, NULL, NULL, NULL, NULL, NULL, NULL, true, 1, NULL, NULL, NULL, 10, 0, NULL, NULL, 1, true, 1, false, 67);
INSERT INTO lp_person (id, displayname, teamowner, teamdescription, name, language, fti, defaultmembershipperiod, defaultrenewalperiod, subscriptionpolicy, merged, datecreated, addressline1, addressline2, organization, city, province, country, postcode, phone, homepage_content, icon, mugshot, hide_email_addresses, creation_rationale, creation_comment, registrant, logo, renewal_policy, personal_standing, personal_standing_reason, mail_resumption_date, mailing_list_auto_subscribe_policy, mailing_list_receive_duplicates, visibility, verbose_bugnotifications, account) VALUES (68, 'Launchpad Beta Testers Owner', NULL, NULL, 'launchpad-beta-owner', NULL, NULL, NULL, NULL, 1, NULL, '2007-01-31 06:56:25.096519', NULL, NULL, NULL, NULL, NULL, NULL, NULL, NULL, NULL, NULL, NULL, false, 8, NULL, NULL, NULL, 10, 0, NULL, NULL, 1, true, 1, false, 68);
INSERT INTO lp_person (id, displayname, teamowner, teamdescription, name, language, fti, defaultmembershipperiod, defaultrenewalperiod, subscriptionpolicy, merged, datecreated, addressline1, addressline2, organization, city, province, country, postcode, phone, homepage_content, icon, mugshot, hide_email_addresses, creation_rationale, creation_comment, registrant, logo, renewal_policy, personal_standing, personal_standing_reason, mail_resumption_date, mailing_list_auto_subscribe_policy, mailing_list_receive_duplicates, visibility, verbose_bugnotifications, account) VALUES (69, 'Launchpad Beta Testers', 68, 'People who are testing the new Launchpad "beta" UI.', 'launchpad-beta-testers', NULL, NULL, NULL, NULL, 1, NULL, '2007-01-31 06:57:54.592917', NULL, NULL, NULL, NULL, NULL, NULL, NULL, NULL, NULL, NULL, NULL, false, NULL, NULL, NULL, NULL, 10, 0, NULL, NULL, 1, true, 1, false, NULL);
INSERT INTO lp_person (id, displayname, teamowner, teamdescription, name, language, fti, defaultmembershipperiod, defaultrenewalperiod, subscriptionpolicy, merged, datecreated, addressline1, addressline2, organization, city, province, country, postcode, phone, homepage_content, icon, mugshot, hide_email_addresses, creation_rationale, creation_comment, registrant, logo, renewal_policy, personal_standing, personal_standing_reason, mail_resumption_date, mailing_list_auto_subscribe_policy, mailing_list_receive_duplicates, visibility, verbose_bugnotifications, account) VALUES (70, 'Former User', NULL, NULL, 'former-user-deactivatedaccount', NULL, NULL, NULL, NULL, 1, NULL, '2006-12-13 21:19:06.369142', NULL, NULL, NULL, NULL, NULL, NULL, NULL, NULL, NULL, NULL, NULL, true, 2, 'when importing bugs from http://bugzilla.gnome.org/', NULL, NULL, 10, 0, NULL, NULL, 1, true, 1, false, 70);
INSERT INTO lp_person (id, displayname, teamowner, teamdescription, name, language, fti, defaultmembershipperiod, defaultrenewalperiod, subscriptionpolicy, merged, datecreated, addressline1, addressline2, organization, city, province, country, postcode, phone, homepage_content, icon, mugshot, hide_email_addresses, creation_rationale, creation_comment, registrant, logo, renewal_policy, personal_standing, personal_standing_reason, mail_resumption_date, mailing_list_auto_subscribe_policy, mailing_list_receive_duplicates, visibility, verbose_bugnotifications, account) VALUES (243601, 'ShipIt Administrators', 1, 'ShipIt Administrators', 'shipit-admins', NULL, NULL, NULL, NULL, 1, NULL, '2007-02-05 06:24:03.06971', NULL, NULL, NULL, NULL, NULL, NULL, NULL, NULL, NULL, NULL, NULL, false, NULL, NULL, NULL, NULL, 10, 0, NULL, NULL, 1, true, 1, false, NULL);
INSERT INTO lp_person (id, displayname, teamowner, teamdescription, name, language, fti, defaultmembershipperiod, defaultrenewalperiod, subscriptionpolicy, merged, datecreated, addressline1, addressline2, organization, city, province, country, postcode, phone, homepage_content, icon, mugshot, hide_email_addresses, creation_rationale, creation_comment, registrant, logo, renewal_policy, personal_standing, personal_standing_reason, mail_resumption_date, mailing_list_auto_subscribe_policy, mailing_list_receive_duplicates, visibility, verbose_bugnotifications, account) VALUES (243602, 'No Team Memberships', NULL, NULL, 'no-team-memberships', NULL, NULL, NULL, NULL, 1, NULL, '2007-02-19 11:17:57.755666', NULL, NULL, NULL, NULL, NULL, NULL, NULL, NULL, NULL, NULL, NULL, false, 8, NULL, NULL, NULL, 10, 0, NULL, NULL, 1, true, 1, false, 243602);
INSERT INTO lp_person (id, displayname, teamowner, teamdescription, name, language, fti, defaultmembershipperiod, defaultrenewalperiod, subscriptionpolicy, merged, datecreated, addressline1, addressline2, organization, city, province, country, postcode, phone, homepage_content, icon, mugshot, hide_email_addresses, creation_rationale, creation_comment, registrant, logo, renewal_policy, personal_standing, personal_standing_reason, mail_resumption_date, mailing_list_auto_subscribe_policy, mailing_list_receive_duplicates, visibility, verbose_bugnotifications, account) VALUES (243603, 'One Membership', NULL, NULL, 'one-membership', NULL, NULL, NULL, NULL, 1, NULL, '2007-02-21 10:53:59.700105', NULL, NULL, NULL, NULL, NULL, NULL, NULL, NULL, NULL, NULL, NULL, false, 8, NULL, NULL, NULL, 10, 0, NULL, NULL, 1, true, 1, false, 243603);
INSERT INTO lp_person (id, displayname, teamowner, teamdescription, name, language, fti, defaultmembershipperiod, defaultrenewalperiod, subscriptionpolicy, merged, datecreated, addressline1, addressline2, organization, city, province, country, postcode, phone, homepage_content, icon, mugshot, hide_email_addresses, creation_rationale, creation_comment, registrant, logo, renewal_policy, personal_standing, personal_standing_reason, mail_resumption_date, mailing_list_auto_subscribe_policy, mailing_list_receive_duplicates, visibility, verbose_bugnotifications, account) VALUES (243604, 'Simple Team', 243603, 'This team should have only one member, the "One Membership" user.', 'simple-team', NULL, NULL, NULL, NULL, 3, NULL, '2007-02-21 10:55:03.899255', NULL, NULL, NULL, NULL, NULL, NULL, NULL, NULL, NULL, NULL, NULL, false, NULL, NULL, NULL, NULL, 10, 0, NULL, NULL, 1, true, 1, false, NULL);
INSERT INTO lp_person (id, displayname, teamowner, teamdescription, name, language, fti, defaultmembershipperiod, defaultrenewalperiod, subscriptionpolicy, merged, datecreated, addressline1, addressline2, organization, city, province, country, postcode, phone, homepage_content, icon, mugshot, hide_email_addresses, creation_rationale, creation_comment, registrant, logo, renewal_policy, personal_standing, personal_standing_reason, mail_resumption_date, mailing_list_auto_subscribe_policy, mailing_list_receive_duplicates, visibility, verbose_bugnotifications, account) VALUES (243606, 'Julian Edwards', NULL, NULL, 'launchpad-julian-edwards', NULL, NULL, NULL, NULL, 1, NULL, '2007-08-09 21:25:37.832976', NULL, NULL, NULL, NULL, NULL, NULL, NULL, NULL, NULL, NULL, NULL, false, 7, 'when the commercialpackage_1.0-1 package was uploaded to breezy-autotest/RELEASE', NULL, NULL, 10, 0, NULL, NULL, 1, true, 1, false, 243606);
INSERT INTO lp_person (id, displayname, teamowner, teamdescription, name, language, fti, defaultmembershipperiod, defaultrenewalperiod, subscriptionpolicy, merged, datecreated, addressline1, addressline2, organization, city, province, country, postcode, phone, homepage_content, icon, mugshot, hide_email_addresses, creation_rationale, creation_comment, registrant, logo, renewal_policy, personal_standing, personal_standing_reason, mail_resumption_date, mailing_list_auto_subscribe_policy, mailing_list_receive_duplicates, visibility, verbose_bugnotifications, account) VALUES (243607, 'Mailing List Experts', 25, 'This team is responsible for the management of Launchpad-hosted mailing lists.', 'mailing-list-experts', NULL, NULL, NULL, NULL, 3, NULL, '2007-10-04 19:59:03.615674', NULL, NULL, NULL, NULL, NULL, NULL, NULL, NULL, NULL, NULL, NULL, false, NULL, NULL, NULL, NULL, 10, 0, NULL, NULL, 1, true, 1, false, NULL);
INSERT INTO lp_person (id, displayname, teamowner, teamdescription, name, language, fti, defaultmembershipperiod, defaultrenewalperiod, subscriptionpolicy, merged, datecreated, addressline1, addressline2, organization, city, province, country, postcode, phone, homepage_content, icon, mugshot, hide_email_addresses, creation_rationale, creation_comment, registrant, logo, renewal_policy, personal_standing, personal_standing_reason, mail_resumption_date, mailing_list_auto_subscribe_policy, mailing_list_receive_duplicates, visibility, verbose_bugnotifications, account) VALUES (243608, 'Ubuntu Doc Team', NULL, NULL, 'doc', NULL, NULL, NULL, NULL, 1, NULL, '2007-11-12 15:23:19.847132', NULL, NULL, NULL, NULL, NULL, NULL, NULL, NULL, NULL, NULL, NULL, false, 3, NULL, NULL, NULL, 10, 0, NULL, NULL, 1, true, 1, false, 243608);
INSERT INTO lp_person (id, displayname, teamowner, teamdescription, name, language, fti, defaultmembershipperiod, defaultrenewalperiod, subscriptionpolicy, merged, datecreated, addressline1, addressline2, organization, city, province, country, postcode, phone, homepage_content, icon, mugshot, hide_email_addresses, creation_rationale, creation_comment, registrant, logo, renewal_policy, personal_standing, personal_standing_reason, mail_resumption_date, mailing_list_auto_subscribe_policy, mailing_list_receive_duplicates, visibility, verbose_bugnotifications, account) VALUES (243609, 'Katie', NULL, NULL, 'katie', NULL, NULL, NULL, NULL, 1, NULL, '2007-12-07 13:43:20.393704', NULL, NULL, NULL, NULL, NULL, NULL, NULL, NULL, NULL, NULL, NULL, false, 8, NULL, NULL, NULL, 10, 0, NULL, NULL, 1, true, 1, false, 243609);
INSERT INTO lp_person (id, displayname, teamowner, teamdescription, name, language, fti, defaultmembershipperiod, defaultrenewalperiod, subscriptionpolicy, merged, datecreated, addressline1, addressline2, organization, city, province, country, postcode, phone, homepage_content, icon, mugshot, hide_email_addresses, creation_rationale, creation_comment, registrant, logo, renewal_policy, personal_standing, personal_standing_reason, mail_resumption_date, mailing_list_auto_subscribe_policy, mailing_list_receive_duplicates, visibility, verbose_bugnotifications, account) VALUES (243610, 'Gold Member', NULL, NULL, 'member', NULL, NULL, NULL, NULL, 1, NULL, '2007-12-14 16:52:15.403833', NULL, NULL, NULL, NULL, NULL, NULL, NULL, NULL, NULL, NULL, NULL, false, 1, NULL, NULL, NULL, 10, 0, NULL, NULL, 1, true, 1, false, 243610);
INSERT INTO lp_person (id, displayname, teamowner, teamdescription, name, language, fti, defaultmembershipperiod, defaultrenewalperiod, subscriptionpolicy, merged, datecreated, addressline1, addressline2, organization, city, province, country, postcode, phone, homepage_content, icon, mugshot, hide_email_addresses, creation_rationale, creation_comment, registrant, logo, renewal_policy, personal_standing, personal_standing_reason, mail_resumption_date, mailing_list_auto_subscribe_policy, mailing_list_receive_duplicates, visibility, verbose_bugnotifications, account) VALUES (243611, 'Owner', NULL, NULL, 'owner', NULL, NULL, NULL, NULL, 1, NULL, '2007-12-14 16:52:15.403833', NULL, NULL, NULL, NULL, NULL, NULL, NULL, NULL, NULL, NULL, NULL, false, 1, NULL, NULL, NULL, 10, 0, NULL, NULL, 1, true, 1, false, 243611);
INSERT INTO lp_person (id, displayname, teamowner, teamdescription, name, language, fti, defaultmembershipperiod, defaultrenewalperiod, subscriptionpolicy, merged, datecreated, addressline1, addressline2, organization, city, province, country, postcode, phone, homepage_content, icon, mugshot, hide_email_addresses, creation_rationale, creation_comment, registrant, logo, renewal_policy, personal_standing, personal_standing_reason, mail_resumption_date, mailing_list_auto_subscribe_policy, mailing_list_receive_duplicates, visibility, verbose_bugnotifications, account) VALUES (243612, 'My Team', 243611, NULL, 'myteam', NULL, NULL, NULL, NULL, 1, NULL, '2007-12-14 16:52:15.403833', NULL, NULL, NULL, NULL, NULL, NULL, NULL, NULL, NULL, NULL, NULL, false, NULL, NULL, NULL, NULL, 10, 0, NULL, NULL, 1, true, 30, false, NULL);
INSERT INTO lp_person (id, displayname, teamowner, teamdescription, name, language, fti, defaultmembershipperiod, defaultrenewalperiod, subscriptionpolicy, merged, datecreated, addressline1, addressline2, organization, city, province, country, postcode, phone, homepage_content, icon, mugshot, hide_email_addresses, creation_rationale, creation_comment, registrant, logo, renewal_policy, personal_standing, personal_standing_reason, mail_resumption_date, mailing_list_auto_subscribe_policy, mailing_list_receive_duplicates, visibility, verbose_bugnotifications, account) VALUES (243613, 'Other Team', 243611, NULL, 'otherteam', NULL, NULL, NULL, NULL, 1, NULL, '2007-12-14 16:52:15.403833', NULL, NULL, NULL, NULL, NULL, NULL, NULL, NULL, NULL, NULL, NULL, false, NULL, NULL, NULL, NULL, 10, 0, NULL, NULL, 1, true, 1, false, NULL);
INSERT INTO lp_person (id, displayname, teamowner, teamdescription, name, language, fti, defaultmembershipperiod, defaultrenewalperiod, subscriptionpolicy, merged, datecreated, addressline1, addressline2, organization, city, province, country, postcode, phone, homepage_content, icon, mugshot, hide_email_addresses, creation_rationale, creation_comment, registrant, logo, renewal_policy, personal_standing, personal_standing_reason, mail_resumption_date, mailing_list_auto_subscribe_policy, mailing_list_receive_duplicates, visibility, verbose_bugnotifications, account) VALUES (243614, 'josh', NULL, NULL, 'jbuhl-nospam', NULL, NULL, NULL, NULL, 1, NULL, '2007-12-18 16:31:34.790641', NULL, NULL, NULL, NULL, NULL, NULL, NULL, NULL, NULL, NULL, NULL, false, 15, 'when the comments for debbugs #308994 were imported into Launchpad.', 62, NULL, 10, 0, NULL, NULL, 1, true, 1, false, 243614);
INSERT INTO lp_person (id, displayname, teamowner, teamdescription, name, language, fti, defaultmembershipperiod, defaultrenewalperiod, subscriptionpolicy, merged, datecreated, addressline1, addressline2, organization, city, province, country, postcode, phone, homepage_content, icon, mugshot, hide_email_addresses, creation_rationale, creation_comment, registrant, logo, renewal_policy, personal_standing, personal_standing_reason, mail_resumption_date, mailing_list_auto_subscribe_policy, mailing_list_receive_duplicates, visibility, verbose_bugnotifications, account) VALUES (243615, 'Sjoerd Simons', NULL, NULL, 'sjoerd', NULL, NULL, NULL, NULL, 1, NULL, '2007-12-18 16:31:34.790641', NULL, NULL, NULL, NULL, NULL, NULL, NULL, NULL, NULL, NULL, NULL, false, 15, 'when the comments for debbugs #308994 were imported into Launchpad.', 62, NULL, 10, 0, NULL, NULL, 1, true, 1, false, 243615);
INSERT INTO lp_person (id, displayname, teamowner, teamdescription, name, language, fti, defaultmembershipperiod, defaultrenewalperiod, subscriptionpolicy, merged, datecreated, addressline1, addressline2, organization, city, province, country, postcode, phone, homepage_content, icon, mugshot, hide_email_addresses, creation_rationale, creation_comment, registrant, logo, renewal_policy, personal_standing, personal_standing_reason, mail_resumption_date, mailing_list_auto_subscribe_policy, mailing_list_receive_duplicates, visibility, verbose_bugnotifications, account) VALUES (243616, 'Martin Pitt', NULL, NULL, 'mpitt', NULL, NULL, NULL, NULL, 1, NULL, '2007-12-18 16:31:34.790641', NULL, NULL, NULL, NULL, NULL, NULL, NULL, NULL, NULL, NULL, NULL, false, 15, 'when the comments for debbugs #308994 were imported into Launchpad.', 62, NULL, 10, 0, NULL, NULL, 1, true, 1, false, 243616);
INSERT INTO lp_person (id, displayname, teamowner, teamdescription, name, language, fti, defaultmembershipperiod, defaultrenewalperiod, subscriptionpolicy, merged, datecreated, addressline1, addressline2, organization, city, province, country, postcode, phone, homepage_content, icon, mugshot, hide_email_addresses, creation_rationale, creation_comment, registrant, logo, renewal_policy, personal_standing, personal_standing_reason, mail_resumption_date, mailing_list_auto_subscribe_policy, mailing_list_receive_duplicates, visibility, verbose_bugnotifications, account) VALUES (243617, 'Tim Penhey', NULL, NULL, 'dumper', NULL, NULL, NULL, NULL, 1, NULL, '2008-03-06 09:55:27.289842', NULL, NULL, NULL, NULL, NULL, NULL, NULL, NULL, NULL, NULL, NULL, false, 1, NULL, NULL, NULL, 10, 0, NULL, NULL, 1, true, 1, true, 243617);
INSERT INTO lp_person (id, displayname, teamowner, teamdescription, name, language, fti, defaultmembershipperiod, defaultrenewalperiod, subscriptionpolicy, merged, datecreated, addressline1, addressline2, organization, city, province, country, postcode, phone, homepage_content, icon, mugshot, hide_email_addresses, creation_rationale, creation_comment, registrant, logo, renewal_policy, personal_standing, personal_standing_reason, mail_resumption_date, mailing_list_auto_subscribe_policy, mailing_list_receive_duplicates, visibility, verbose_bugnotifications, account) VALUES (243618, 'Bazaar Experts', 243617, 'This team is responsible for the management of Bazaar branches in Launchpad.', 'bazaar-experts', NULL, NULL, NULL, NULL, 3, NULL, '2008-03-06 09:57:59.957489', NULL, NULL, NULL, NULL, NULL, NULL, NULL, NULL, NULL, NULL, NULL, false, NULL, NULL, NULL, NULL, 10, 0, NULL, NULL, 1, true, 1, true, NULL);
INSERT INTO lp_person (id, displayname, teamowner, teamdescription, name, language, fti, defaultmembershipperiod, defaultrenewalperiod, subscriptionpolicy, merged, datecreated, addressline1, addressline2, organization, city, province, country, postcode, phone, homepage_content, icon, mugshot, hide_email_addresses, creation_rationale, creation_comment, registrant, logo, renewal_policy, personal_standing, personal_standing_reason, mail_resumption_date, mailing_list_auto_subscribe_policy, mailing_list_receive_duplicates, visibility, verbose_bugnotifications, account) VALUES (243620, 'Canonical Partner Developers', 28, NULL, 'canonical-partner-dev', NULL, NULL, NULL, NULL, 2, NULL, '2008-05-14 10:29:17.539543', NULL, NULL, NULL, NULL, NULL, NULL, NULL, NULL, NULL, NULL, NULL, false, NULL, NULL, NULL, NULL, 10, 0, NULL, NULL, 1, true, 1, true, NULL);
INSERT INTO lp_person (id, displayname, teamowner, teamdescription, name, language, fti, defaultmembershipperiod, defaultrenewalperiod, subscriptionpolicy, merged, datecreated, addressline1, addressline2, organization, city, province, country, postcode, phone, homepage_content, icon, mugshot, hide_email_addresses, creation_rationale, creation_comment, registrant, logo, renewal_policy, personal_standing, personal_standing_reason, mail_resumption_date, mailing_list_auto_subscribe_policy, mailing_list_receive_duplicates, visibility, verbose_bugnotifications, account) VALUES (243621, 'Commercial Subscription Admins', 243622, NULL, 'commercial-admins', NULL, NULL, NULL, NULL, 3, NULL, '2008-04-21 21:29:56.881698', NULL, NULL, NULL, NULL, NULL, NULL, NULL, NULL, NULL, NULL, NULL, false, NULL, NULL, NULL, NULL, 10, 0, NULL, NULL, 1, true, 1, true, NULL);
INSERT INTO lp_person (id, displayname, teamowner, teamdescription, name, language, fti, defaultmembershipperiod, defaultrenewalperiod, subscriptionpolicy, merged, datecreated, addressline1, addressline2, organization, city, province, country, postcode, phone, homepage_content, icon, mugshot, hide_email_addresses, creation_rationale, creation_comment, registrant, logo, renewal_policy, personal_standing, personal_standing_reason, mail_resumption_date, mailing_list_auto_subscribe_policy, mailing_list_receive_duplicates, visibility, verbose_bugnotifications, account) VALUES (243622, 'Commercial Member', NULL, NULL, 'commercial-member', NULL, NULL, NULL, NULL, 1, NULL, '2008-05-12 17:38:38.798696', NULL, NULL, NULL, NULL, NULL, NULL, NULL, NULL, NULL, NULL, NULL, false, 8, NULL, NULL, NULL, 10, 0, NULL, NULL, 1, true, 1, true, 243622);
INSERT INTO lp_person (id, displayname, teamowner, teamdescription, name, language, fti, defaultmembershipperiod, defaultrenewalperiod, subscriptionpolicy, merged, datecreated, addressline1, addressline2, organization, city, province, country, postcode, phone, homepage_content, icon, mugshot, hide_email_addresses, creation_rationale, creation_comment, registrant, logo, renewal_policy, personal_standing, personal_standing_reason, mail_resumption_date, mailing_list_auto_subscribe_policy, mailing_list_receive_duplicates, visibility, verbose_bugnotifications, account) VALUES (243623, 'Brad Crittenden', NULL, NULL, 'bac', NULL, NULL, NULL, NULL, 1, NULL, '2008-06-27 14:49:11.149508', NULL, NULL, NULL, NULL, NULL, NULL, NULL, NULL, NULL, NULL, NULL, false, 8, NULL, NULL, NULL, 10, 0, NULL, NULL, 1, true, 1, true, 243623);
INSERT INTO lp_person (id, displayname, teamowner, teamdescription, name, language, fti, defaultmembershipperiod, defaultrenewalperiod, subscriptionpolicy, merged, datecreated, addressline1, addressline2, organization, city, province, country, postcode, phone, homepage_content, icon, mugshot, hide_email_addresses, creation_rationale, creation_comment, registrant, logo, renewal_policy, personal_standing, personal_standing_reason, mail_resumption_date, mailing_list_auto_subscribe_policy, mailing_list_receive_duplicates, visibility, verbose_bugnotifications, account) VALUES (243625, 'PPA key guard', NULL, NULL, 'ppa-key-guard', NULL, NULL, NULL, NULL, 1, NULL, '2008-11-04 12:59:26.965843', NULL, NULL, NULL, NULL, NULL, NULL, NULL, NULL, NULL, NULL, NULL, true, 1, '', NULL, NULL, 10, 0, NULL, NULL, 1, true, 1, true, 243624);
INSERT INTO lp_person (id, displayname, teamowner, teamdescription, name, language, fti, defaultmembershipperiod, defaultrenewalperiod, subscriptionpolicy, merged, datecreated, addressline1, addressline2, organization, city, province, country, postcode, phone, homepage_content, icon, mugshot, hide_email_addresses, creation_rationale, creation_comment, registrant, logo, renewal_policy, personal_standing, personal_standing_reason, mail_resumption_date, mailing_list_auto_subscribe_policy, mailing_list_receive_duplicates, visibility, verbose_bugnotifications, account) VALUES (243626, 'Commercial Subscription Approvers', 243623, NULL, 'commercial-approvers', NULL, NULL, NULL, NULL, 1, NULL, '2008-06-27 14:49:38.676264', NULL, NULL, NULL, NULL, NULL, NULL, NULL, NULL, NULL, NULL, NULL, false, NULL, NULL, NULL, NULL, 10, 0, NULL, NULL, 1, true, 1, true, NULL);
INSERT INTO lp_person (id, displayname, teamowner, teamdescription, name, language, fti, defaultmembershipperiod, defaultrenewalperiod, subscriptionpolicy, merged, datecreated, addressline1, addressline2, organization, city, province, country, postcode, phone, homepage_content, icon, mugshot, hide_email_addresses, creation_rationale, creation_comment, registrant, logo, renewal_policy, personal_standing, personal_standing_reason, mail_resumption_date, mailing_list_auto_subscribe_policy, mailing_list_receive_duplicates, visibility, verbose_bugnotifications, account) VALUES (243627, 'Ubuntu-branches-owner', NULL, NULL, 'ubuntu-branches-owner', NULL, NULL, NULL, NULL, 1, NULL, '2009-03-17 07:28:15.948042', NULL, NULL, NULL, NULL, NULL, NULL, NULL, NULL, NULL, NULL, NULL, false, 1, NULL, NULL, NULL, 10, 0, NULL, NULL, 1, true, 1, true, 243625);
INSERT INTO lp_person (id, displayname, teamowner, teamdescription, name, language, fti, defaultmembershipperiod, defaultrenewalperiod, subscriptionpolicy, merged, datecreated, addressline1, addressline2, organization, city, province, country, postcode, phone, homepage_content, icon, mugshot, hide_email_addresses, creation_rationale, creation_comment, registrant, logo, renewal_policy, personal_standing, personal_standing_reason, mail_resumption_date, mailing_list_auto_subscribe_policy, mailing_list_receive_duplicates, visibility, verbose_bugnotifications, account) VALUES (243628, 'Ubuntu branches', 243627, 'Celebrity team that controls Ubuntu source package branches.', 'ubuntu-branches', NULL, NULL, NULL, NULL, 3, NULL, '2009-03-17 07:29:13.259033', NULL, NULL, NULL, NULL, NULL, NULL, NULL, NULL, NULL, NULL, NULL, false, NULL, NULL, NULL, NULL, 10, 0, NULL, NULL, 1, true, 1, true, NULL);
INSERT INTO lp_person (id, displayname, teamowner, teamdescription, name, language, fti, defaultmembershipperiod, defaultrenewalperiod, subscriptionpolicy, merged, datecreated, addressline1, addressline2, organization, city, province, country, postcode, phone, homepage_content, icon, mugshot, hide_email_addresses, creation_rationale, creation_comment, registrant, logo, renewal_policy, personal_standing, personal_standing_reason, mail_resumption_date, mailing_list_auto_subscribe_policy, mailing_list_receive_duplicates, visibility, verbose_bugnotifications, account) VALUES (243629, 'Ubuntu Security Team', 4, NULL, 'ubuntu-security', NULL, NULL, NULL, NULL, 2, NULL, '2009-07-14 20:23:59.698654', NULL, NULL, NULL, NULL, NULL, NULL, NULL, NULL, NULL, NULL, NULL, false, NULL, NULL, NULL, NULL, 10, 0, NULL, NULL, 1, true, 1, true, NULL);
INSERT INTO lp_person (id, displayname, teamowner, teamdescription, name, language, fti, defaultmembershipperiod, defaultrenewalperiod, subscriptionpolicy, merged, datecreated, addressline1, addressline2, organization, city, province, country, postcode, phone, homepage_content, icon, mugshot, hide_email_addresses, creation_rationale, creation_comment, registrant, logo, renewal_policy, personal_standing, personal_standing_reason, mail_resumption_date, mailing_list_auto_subscribe_policy, mailing_list_receive_duplicates, visibility, verbose_bugnotifications, account) VALUES (243630, 'HWDB Team', 16, NULL, 'hwdb-team', NULL, NULL, NULL, NULL, 3, NULL, '2009-07-09 09:12:39.400351', NULL, NULL, NULL, NULL, NULL, NULL, NULL, NULL, NULL, NULL, NULL, false, NULL, NULL, NULL, NULL, 10, 0, NULL, NULL, 1, true, 1, true, NULL);
INSERT INTO lp_person (id, displayname, teamowner, teamdescription, name, language, fti, defaultmembershipperiod, defaultrenewalperiod, subscriptionpolicy, merged, datecreated, addressline1, addressline2, organization, city, province, country, postcode, phone, homepage_content, icon, mugshot, hide_email_addresses, creation_rationale, creation_comment, registrant, logo, renewal_policy, personal_standing, personal_standing_reason, mail_resumption_date, mailing_list_auto_subscribe_policy, mailing_list_receive_duplicates, visibility, verbose_bugnotifications, account) VALUES (243631, 'Techboard Owner', NULL, NULL, 'techboard-owner', NULL, NULL, NULL, NULL, 1, NULL, '2009-08-04 10:49:59.775114', NULL, NULL, NULL, NULL, NULL, NULL, NULL, NULL, NULL, NULL, NULL, true, 1, NULL, NULL, NULL, 10, 0, NULL, NULL, 1, true, 1, true, 243626);
INSERT INTO lp_person (id, displayname, teamowner, teamdescription, name, language, fti, defaultmembershipperiod, defaultrenewalperiod, subscriptionpolicy, merged, datecreated, addressline1, addressline2, organization, city, province, country, postcode, phone, homepage_content, icon, mugshot, hide_email_addresses, creation_rationale, creation_comment, registrant, logo, renewal_policy, personal_standing, personal_standing_reason, mail_resumption_date, mailing_list_auto_subscribe_policy, mailing_list_receive_duplicates, visibility, verbose_bugnotifications, account) VALUES (243632, 'Ubuntu Technical Board', 243631, NULL, 'techboard', NULL, NULL, NULL, NULL, 3, NULL, '2009-08-04 10:50:07.351252', NULL, NULL, NULL, NULL, NULL, NULL, NULL, NULL, NULL, NULL, NULL, false, NULL, NULL, NULL, NULL, 10, 0, NULL, NULL, 1, true, 1, true, NULL);
INSERT INTO lp_person (id, displayname, teamowner, teamdescription, name, language, fti, defaultmembershipperiod, defaultrenewalperiod, subscriptionpolicy, merged, datecreated, addressline1, addressline2, organization, city, province, country, postcode, phone, homepage_content, icon, mugshot, hide_email_addresses, creation_rationale, creation_comment, registrant, logo, renewal_policy, personal_standing, personal_standing_reason, mail_resumption_date, mailing_list_auto_subscribe_policy, mailing_list_receive_duplicates, visibility, verbose_bugnotifications, account) VALUES (243633, 'Translator Deity', NULL, NULL, 'translations-deity', NULL, NULL, NULL, NULL, 1, NULL, '2009-08-24 13:10:40.715375', NULL, NULL, NULL, NULL, NULL, NULL, NULL, NULL, 'This person is the master of Launchpad Translations. ', NULL, NULL, false, 1, NULL, NULL, NULL, 10, 0, NULL, NULL, 1, true, 1, false, 243627);
INSERT INTO lp_person (id, displayname, teamowner, teamdescription, name, language, fti, defaultmembershipperiod, defaultrenewalperiod, subscriptionpolicy, merged, datecreated, addressline1, addressline2, organization, city, province, country, postcode, phone, homepage_content, icon, mugshot, hide_email_addresses, creation_rationale, creation_comment, registrant, logo, renewal_policy, personal_standing, personal_standing_reason, mail_resumption_date, mailing_list_auto_subscribe_policy, mailing_list_receive_duplicates, visibility, verbose_bugnotifications, account) VALUES (243634, 'Срба Србић', NULL, NULL, 'srba', NULL, NULL, NULL, NULL, 1, NULL, '2009-08-24 14:09:47.901489', NULL, NULL, NULL, NULL, NULL, NULL, NULL, NULL, NULL, NULL, NULL, false, 1, NULL, NULL, NULL, 10, 0, NULL, NULL, 1, true, 1, true, 243628);
INSERT INTO lp_person (id, displayname, teamowner, teamdescription, name, language, fti, defaultmembershipperiod, defaultrenewalperiod, subscriptionpolicy, merged, datecreated, addressline1, addressline2, organization, city, province, country, postcode, phone, homepage_content, icon, mugshot, hide_email_addresses, creation_rationale, creation_comment, registrant, logo, renewal_policy, personal_standing, personal_standing_reason, mail_resumption_date, mailing_list_auto_subscribe_policy, mailing_list_receive_duplicates, visibility, verbose_bugnotifications, account) VALUES (243635, 'João da Silva', NULL, NULL, 'joao', NULL, NULL, NULL, NULL, 1, NULL, '2009-08-24 14:09:47.976997', NULL, NULL, NULL, NULL, NULL, NULL, NULL, NULL, NULL, NULL, NULL, false, 1, NULL, NULL, NULL, 10, 0, NULL, NULL, 1, true, 1, true, 243629);
INSERT INTO lp_person (id, displayname, teamowner, teamdescription, name, language, fti, defaultmembershipperiod, defaultrenewalperiod, subscriptionpolicy, merged, datecreated, addressline1, addressline2, organization, city, province, country, postcode, phone, homepage_content, icon, mugshot, hide_email_addresses, creation_rationale, creation_comment, registrant, logo, renewal_policy, personal_standing, personal_standing_reason, mail_resumption_date, mailing_list_auto_subscribe_policy, mailing_list_receive_duplicates, visibility, verbose_bugnotifications, account) VALUES (243636, 'Jürgen Müller', NULL, NULL, 'jurgen', NULL, NULL, NULL, NULL, 1, NULL, '2009-08-24 14:09:48.010545', NULL, NULL, NULL, NULL, NULL, NULL, NULL, NULL, NULL, NULL, NULL, false, 1, NULL, NULL, NULL, 10, 0, NULL, NULL, 1, true, 1, true, 243630);
INSERT INTO lp_person (id, displayname, teamowner, teamdescription, name, language, fti, defaultmembershipperiod, defaultrenewalperiod, subscriptionpolicy, merged, datecreated, addressline1, addressline2, organization, city, province, country, postcode, phone, homepage_content, icon, mugshot, hide_email_addresses, creation_rationale, creation_comment, registrant, logo, renewal_policy, personal_standing, personal_standing_reason, mail_resumption_date, mailing_list_auto_subscribe_policy, mailing_list_receive_duplicates, visibility, verbose_bugnotifications, account) VALUES (243637, 'Dolores Dominguez', NULL, NULL, 'dolores', NULL, NULL, NULL, NULL, 1, NULL, '2009-08-24 14:09:48.045639', NULL, NULL, NULL, NULL, NULL, NULL, NULL, NULL, NULL, NULL, NULL, false, 1, NULL, NULL, NULL, 10, 0, NULL, NULL, 1, true, 1, true, 243631);
INSERT INTO lp_person (id, displayname, teamowner, teamdescription, name, language, fti, defaultmembershipperiod, defaultrenewalperiod, subscriptionpolicy, merged, datecreated, addressline1, addressline2, organization, city, province, country, postcode, phone, homepage_content, icon, mugshot, hide_email_addresses, creation_rationale, creation_comment, registrant, logo, renewal_policy, personal_standing, personal_standing_reason, mail_resumption_date, mailing_list_auto_subscribe_policy, mailing_list_receive_duplicates, visibility, verbose_bugnotifications, account) VALUES (243638, 'Ubuntu Serbian translators', 243634, NULL, 'ubuntu-l10n-sr', NULL, NULL, NULL, NULL, 2, NULL, '2009-08-24 14:09:48.0782', NULL, NULL, NULL, NULL, NULL, NULL, NULL, NULL, NULL, NULL, NULL, false, NULL, NULL, NULL, NULL, 10, 0, NULL, NULL, 1, true, 1, true, NULL);
INSERT INTO lp_person (id, displayname, teamowner, teamdescription, name, language, fti, defaultmembershipperiod, defaultrenewalperiod, subscriptionpolicy, merged, datecreated, addressline1, addressline2, organization, city, province, country, postcode, phone, homepage_content, icon, mugshot, hide_email_addresses, creation_rationale, creation_comment, registrant, logo, renewal_policy, personal_standing, personal_standing_reason, mail_resumption_date, mailing_list_auto_subscribe_policy, mailing_list_receive_duplicates, visibility, verbose_bugnotifications, account) VALUES (243639, 'Ubuntu German translators', 243636, NULL, 'ubuntu-l10n-de', NULL, NULL, NULL, NULL, 2, NULL, '2009-08-24 14:09:48.110941', NULL, NULL, NULL, NULL, NULL, NULL, NULL, NULL, NULL, NULL, NULL, false, NULL, NULL, NULL, NULL, 10, 0, NULL, NULL, 1, true, 1, true, NULL);
INSERT INTO lp_person (id, displayname, teamowner, teamdescription, name, language, fti, defaultmembershipperiod, defaultrenewalperiod, subscriptionpolicy, merged, datecreated, addressline1, addressline2, organization, city, province, country, postcode, phone, homepage_content, icon, mugshot, hide_email_addresses, creation_rationale, creation_comment, registrant, logo, renewal_policy, personal_standing, personal_standing_reason, mail_resumption_date, mailing_list_auto_subscribe_policy, mailing_list_receive_duplicates, visibility, verbose_bugnotifications, account) VALUES (243640, 'Ubuntu Brazilian translators', 243635, NULL, 'ubuntu-l10n-pt-br', NULL, NULL, NULL, NULL, 2, NULL, '2009-08-24 14:09:48.137519', NULL, NULL, NULL, NULL, NULL, NULL, NULL, NULL, NULL, NULL, NULL, false, NULL, NULL, NULL, NULL, 10, 0, NULL, NULL, 1, true, 1, true, NULL);
INSERT INTO lp_person (id, displayname, teamowner, teamdescription, name, language, fti, defaultmembershipperiod, defaultrenewalperiod, subscriptionpolicy, merged, datecreated, addressline1, addressline2, organization, city, province, country, postcode, phone, homepage_content, icon, mugshot, hide_email_addresses, creation_rationale, creation_comment, registrant, logo, renewal_policy, personal_standing, personal_standing_reason, mail_resumption_date, mailing_list_auto_subscribe_policy, mailing_list_receive_duplicates, visibility, verbose_bugnotifications, account) VALUES (243641, 'Ubuntu Spanish translators', 243637, NULL, 'ubuntu-l10n-es', NULL, NULL, NULL, NULL, 2, NULL, '2009-08-24 14:09:48.163482', NULL, NULL, NULL, NULL, NULL, NULL, NULL, NULL, NULL, NULL, NULL, false, NULL, NULL, NULL, NULL, 10, 0, NULL, NULL, 1, true, 1, true, NULL);
INSERT INTO lp_person (id, displayname, teamowner, teamdescription, name, language, fti, defaultmembershipperiod, defaultrenewalperiod, subscriptionpolicy, merged, datecreated, addressline1, addressline2, organization, city, province, country, postcode, phone, homepage_content, icon, mugshot, hide_email_addresses, creation_rationale, creation_comment, registrant, logo, renewal_policy, personal_standing, personal_standing_reason, mail_resumption_date, mailing_list_auto_subscribe_policy, mailing_list_receive_duplicates, visibility, verbose_bugnotifications, account) VALUES (243642, 'Ubuntu Translation Coordinators', 30, NULL, 'ubuntu-l10n-coordinator', NULL, NULL, NULL, NULL, 2, NULL, '2009-08-24 14:11:57.31059', NULL, NULL, NULL, NULL, NULL, NULL, NULL, NULL, NULL, NULL, NULL, false, NULL, NULL, NULL, NULL, 10, 0, NULL, NULL, 1, true, 1, true, NULL);
INSERT INTO lp_person (id, displayname, teamowner, teamdescription, name, language, fti, defaultmembershipperiod, defaultrenewalperiod, subscriptionpolicy, merged, datecreated, addressline1, addressline2, organization, city, province, country, postcode, phone, homepage_content, icon, mugshot, hide_email_addresses, creation_rationale, creation_comment, registrant, logo, renewal_policy, personal_standing, personal_standing_reason, mail_resumption_date, mailing_list_auto_subscribe_policy, mailing_list_receive_duplicates, visibility, verbose_bugnotifications, account) VALUES (243643, 'Иван Петровић', NULL, NULL, 'ivan', NULL, NULL, NULL, NULL, 1, NULL, '2009-08-24 14:15:22.574451', NULL, NULL, NULL, NULL, NULL, NULL, NULL, NULL, NULL, NULL, NULL, false, 1, NULL, NULL, NULL, 10, 0, NULL, NULL, 1, true, 1, true, 243632);
INSERT INTO lp_person (id, displayname, teamowner, teamdescription, name, language, fti, defaultmembershipperiod, defaultrenewalperiod, subscriptionpolicy, merged, datecreated, addressline1, addressline2, organization, city, province, country, postcode, phone, homepage_content, icon, mugshot, hide_email_addresses, creation_rationale, creation_comment, registrant, logo, renewal_policy, personal_standing, personal_standing_reason, mail_resumption_date, mailing_list_auto_subscribe_policy, mailing_list_receive_duplicates, visibility, verbose_bugnotifications, account) VALUES (243644, 'Launchpad Serbian translators', 243643, NULL, 'lp-l10n-sr', NULL, NULL, NULL, NULL, 2, NULL, '2009-08-24 14:18:51.965352', NULL, NULL, NULL, NULL, NULL, NULL, NULL, NULL, NULL, NULL, NULL, false, NULL, NULL, NULL, NULL, 10, 0, NULL, NULL, 1, true, 1, true, NULL);
INSERT INTO lp_person (id, displayname, teamowner, teamdescription, name, language, fti, defaultmembershipperiod, defaultrenewalperiod, subscriptionpolicy, merged, datecreated, addressline1, addressline2, organization, city, province, country, postcode, phone, homepage_content, icon, mugshot, hide_email_addresses, creation_rationale, creation_comment, registrant, logo, renewal_policy, personal_standing, personal_standing_reason, mail_resumption_date, mailing_list_auto_subscribe_policy, mailing_list_receive_duplicates, visibility, verbose_bugnotifications, account) VALUES (243645, 'Launchpad German translators', 243636, NULL, 'lp-l10n-de', NULL, NULL, NULL, NULL, 2, NULL, '2009-08-24 14:18:52.001021', NULL, NULL, NULL, NULL, NULL, NULL, NULL, NULL, NULL, NULL, NULL, false, NULL, NULL, NULL, NULL, 10, 0, NULL, NULL, 1, true, 1, true, NULL);
INSERT INTO lp_person (id, displayname, teamowner, teamdescription, name, language, fti, defaultmembershipperiod, defaultrenewalperiod, subscriptionpolicy, merged, datecreated, addressline1, addressline2, organization, city, province, country, postcode, phone, homepage_content, icon, mugshot, hide_email_addresses, creation_rationale, creation_comment, registrant, logo, renewal_policy, personal_standing, personal_standing_reason, mail_resumption_date, mailing_list_auto_subscribe_policy, mailing_list_receive_duplicates, visibility, verbose_bugnotifications, account) VALUES (243646, 'Juanita Perez', NULL, NULL, 'juanita', NULL, NULL, NULL, NULL, 1, NULL, '2009-08-24 14:19:01.372767', NULL, NULL, NULL, NULL, NULL, NULL, NULL, NULL, NULL, NULL, NULL, false, 1, NULL, NULL, NULL, 10, 0, NULL, NULL, 1, true, 1, true, 243633);
INSERT INTO lp_person (id, displayname, teamowner, teamdescription, name, language, fti, defaultmembershipperiod, defaultrenewalperiod, subscriptionpolicy, merged, datecreated, addressline1, addressline2, organization, city, province, country, postcode, phone, homepage_content, icon, mugshot, hide_email_addresses, creation_rationale, creation_comment, registrant, logo, renewal_policy, personal_standing, personal_standing_reason, mail_resumption_date, mailing_list_auto_subscribe_policy, mailing_list_receive_duplicates, visibility, verbose_bugnotifications, account) VALUES (243647, 'Ubuntu Brazilian translators', 243635, NULL, 'lp-l10n-pt-br', NULL, NULL, NULL, NULL, 2, NULL, '2009-08-24 14:19:05.539273', NULL, NULL, NULL, NULL, NULL, NULL, NULL, NULL, NULL, NULL, NULL, false, NULL, NULL, NULL, NULL, 10, 0, NULL, NULL, 1, true, 1, true, NULL);
INSERT INTO lp_person (id, displayname, teamowner, teamdescription, name, language, fti, defaultmembershipperiod, defaultrenewalperiod, subscriptionpolicy, merged, datecreated, addressline1, addressline2, organization, city, province, country, postcode, phone, homepage_content, icon, mugshot, hide_email_addresses, creation_rationale, creation_comment, registrant, logo, renewal_policy, personal_standing, personal_standing_reason, mail_resumption_date, mailing_list_auto_subscribe_policy, mailing_list_receive_duplicates, visibility, verbose_bugnotifications, account) VALUES (243648, 'Epiphany Maintainer', NULL, NULL, 'epiphany-maintainer', NULL, NULL, NULL, NULL, 1, NULL, '2009-08-24 14:36:04.668409', NULL, NULL, NULL, NULL, NULL, NULL, NULL, NULL, NULL, NULL, NULL, false, 1, NULL, NULL, NULL, 10, 0, NULL, NULL, 1, true, 1, true, 243634);
INSERT INTO lp_person (id, displayname, teamowner, teamdescription, name, language, fti, defaultmembershipperiod, defaultrenewalperiod, subscriptionpolicy, merged, datecreated, addressline1, addressline2, organization, city, province, country, postcode, phone, homepage_content, icon, mugshot, hide_email_addresses, creation_rationale, creation_comment, registrant, logo, renewal_policy, personal_standing, personal_standing_reason, mail_resumption_date, mailing_list_auto_subscribe_policy, mailing_list_receive_duplicates, visibility, verbose_bugnotifications, account) VALUES (243649, 'intltool maintainer', NULL, NULL, 'intltool-maintainer', NULL, NULL, NULL, NULL, 1, NULL, '2009-08-24 14:38:22.003195', NULL, NULL, NULL, NULL, NULL, NULL, NULL, NULL, NULL, NULL, NULL, false, 1, NULL, NULL, NULL, 10, 0, NULL, NULL, 1, true, 1, true, 243635);
INSERT INTO lp_person (id, displayname, teamowner, teamdescription, name, language, fti, defaultmembershipperiod, defaultrenewalperiod, subscriptionpolicy, merged, datecreated, addressline1, addressline2, organization, city, province, country, postcode, phone, homepage_content, icon, mugshot, hide_email_addresses, creation_rationale, creation_comment, registrant, logo, renewal_policy, personal_standing, personal_standing_reason, mail_resumption_date, mailing_list_auto_subscribe_policy, mailing_list_receive_duplicates, visibility, verbose_bugnotifications, account) VALUES (243650, 'Lies Maintainer', NULL, NULL, 'lies-maintainer', NULL, NULL, NULL, NULL, 1, NULL, '2009-08-24 14:39:04.740018', NULL, NULL, NULL, NULL, NULL, NULL, NULL, NULL, NULL, NULL, NULL, false, 1, NULL, NULL, NULL, 10, 0, NULL, NULL, 1, true, 1, true, 243636);
INSERT INTO lp_person (id, displayname, teamowner, teamdescription, name, language, fti, defaultmembershipperiod, defaultrenewalperiod, subscriptionpolicy, merged, datecreated, addressline1, addressline2, organization, city, province, country, postcode, phone, homepage_content, icon, mugshot, hide_email_addresses, creation_rationale, creation_comment, registrant, logo, renewal_policy, personal_standing, personal_standing_reason, mail_resumption_date, mailing_list_auto_subscribe_policy, mailing_list_receive_duplicates, visibility, verbose_bugnotifications, account) VALUES (243651, 'Software-center-agent', NULL, NULL, 'software-center-agent', NULL, NULL, NULL, NULL, 1, NULL, '2010-07-12 09:48:27.198885', NULL, NULL, NULL, NULL, NULL, NULL, NULL, NULL, NULL, NULL, NULL, false, 1, NULL, NULL, NULL, 10, 0, NULL, NULL, 1, true, 1, true, 243637);


ALTER TABLE lp_person ENABLE TRIGGER ALL;


ALTER TABLE lp_personlocation DISABLE TRIGGER ALL;

INSERT INTO lp_personlocation (id, date_created, person, latitude, longitude, time_zone, last_modified_by, date_last_modified, visible, locked) VALUES (1, '2007-06-05 18:34:52.127945', 12, NULL, NULL, 'Australia/Perth', 12, '2007-06-05 18:34:52.127945', true, false);
INSERT INTO lp_personlocation (id, date_created, person, latitude, longitude, time_zone, last_modified_by, date_last_modified, visible, locked) VALUES (2, '2007-06-05 18:34:52.127945', 16, NULL, NULL, 'Africa/Johannesburg', 55, '2007-06-05 18:34:52.127945', true, false);
INSERT INTO lp_personlocation (id, date_created, person, latitude, longitude, time_zone, last_modified_by, date_last_modified, visible, locked) VALUES (3, '2007-06-05 18:34:52.127945', 55, NULL, NULL, 'Africa/Maseru', 16, '2007-06-05 18:34:52.127945', true, false);
INSERT INTO lp_personlocation (id, date_created, person, latitude, longitude, time_zone, last_modified_by, date_last_modified, visible, locked) VALUES (4, '2007-07-05 18:34:52.127945', 23, NULL, NULL, 'UTC', 55, '2007-08-09 18:24:00.50', true, false);
INSERT INTO lp_personlocation (id, date_created, person, latitude, longitude, time_zone, last_modified_by, date_last_modified, visible, locked) VALUES (5, '2007-07-08 18:34:52', 52, NULL, NULL, 'Europe/Paris', 55, '2007-09-02 11:54:10', true, false);
INSERT INTO lp_personlocation (id, date_created, person, latitude, longitude, time_zone, last_modified_by, date_last_modified, visible, locked) VALUES (6, '2007-09-08 13:44:51', 4, 52.200000000000003, 0.29999999999999999, 'Europe/London', 4, '2007-12-22 10:24:15', true, false);


ALTER TABLE lp_personlocation ENABLE TRIGGER ALL;


ALTER TABLE lp_teamparticipation DISABLE TRIGGER ALL;

INSERT INTO lp_teamparticipation (id, team, person) VALUES (1, 17, 1);
INSERT INTO lp_teamparticipation (id, team, person) VALUES (2, 17, 11);
INSERT INTO lp_teamparticipation (id, team, person) VALUES (3, 17, 10);
INSERT INTO lp_teamparticipation (id, team, person) VALUES (4, 17, 4);
INSERT INTO lp_teamparticipation (id, team, person) VALUES (5, 18, 11);
INSERT INTO lp_teamparticipation (id, team, person) VALUES (6, 18, 10);
INSERT INTO lp_teamparticipation (id, team, person) VALUES (7, 18, 7);
INSERT INTO lp_teamparticipation (id, team, person) VALUES (8, 17, 6);
INSERT INTO lp_teamparticipation (id, team, person) VALUES (9, 17, 16);
INSERT INTO lp_teamparticipation (id, team, person) VALUES (10, 18, 16);
INSERT INTO lp_teamparticipation (id, team, person) VALUES (11, 24, 23);
INSERT INTO lp_teamparticipation (id, team, person) VALUES (12, 24, 2);
INSERT INTO lp_teamparticipation (id, team, person) VALUES (14, 25, 22);
INSERT INTO lp_teamparticipation (id, team, person) VALUES (15, 25, 2);
INSERT INTO lp_teamparticipation (id, team, person) VALUES (16, 25, 11);
INSERT INTO lp_teamparticipation (id, team, person) VALUES (18, 25, 7);
INSERT INTO lp_teamparticipation (id, team, person) VALUES (20, 25, 14);
INSERT INTO lp_teamparticipation (id, team, person) VALUES (21, 25, 13);
INSERT INTO lp_teamparticipation (id, team, person) VALUES (22, 25, 26);
INSERT INTO lp_teamparticipation (id, team, person) VALUES (23, 25, 27);
INSERT INTO lp_teamparticipation (id, team, person) VALUES (24, 25, 16);
INSERT INTO lp_teamparticipation (id, team, person) VALUES (25, 25, 29);
INSERT INTO lp_teamparticipation (id, team, person) VALUES (26, 30, 14);
INSERT INTO lp_teamparticipation (id, team, person) VALUES (27, 30, 13);
INSERT INTO lp_teamparticipation (id, team, person) VALUES (28, 2, 2);
INSERT INTO lp_teamparticipation (id, team, person) VALUES (29, 5, 5);
INSERT INTO lp_teamparticipation (id, team, person) VALUES (30, 26, 26);
INSERT INTO lp_teamparticipation (id, team, person) VALUES (31, 27, 27);
INSERT INTO lp_teamparticipation (id, team, person) VALUES (32, 29, 29);
INSERT INTO lp_teamparticipation (id, team, person) VALUES (33, 3, 3);
INSERT INTO lp_teamparticipation (id, team, person) VALUES (34, 8, 8);
INSERT INTO lp_teamparticipation (id, team, person) VALUES (35, 10, 10);
INSERT INTO lp_teamparticipation (id, team, person) VALUES (36, 13, 13);
INSERT INTO lp_teamparticipation (id, team, person) VALUES (37, 14, 14);
INSERT INTO lp_teamparticipation (id, team, person) VALUES (38, 23, 23);
INSERT INTO lp_teamparticipation (id, team, person) VALUES (39, 9, 9);
INSERT INTO lp_teamparticipation (id, team, person) VALUES (40, 1, 1);
INSERT INTO lp_teamparticipation (id, team, person) VALUES (42, 22, 22);
INSERT INTO lp_teamparticipation (id, team, person) VALUES (43, 16, 16);
INSERT INTO lp_teamparticipation (id, team, person) VALUES (44, 28, 28);
INSERT INTO lp_teamparticipation (id, team, person) VALUES (45, 7, 7);
INSERT INTO lp_teamparticipation (id, team, person) VALUES (46, 6, 6);
INSERT INTO lp_teamparticipation (id, team, person) VALUES (47, 11, 11);
INSERT INTO lp_teamparticipation (id, team, person) VALUES (48, 4, 4);
INSERT INTO lp_teamparticipation (id, team, person) VALUES (49, 12, 12);
INSERT INTO lp_teamparticipation (id, team, person) VALUES (58, 24, 16);
INSERT INTO lp_teamparticipation (id, team, person) VALUES (59, 32, 16);
INSERT INTO lp_teamparticipation (id, team, person) VALUES (60, 33, 33);
INSERT INTO lp_teamparticipation (id, team, person) VALUES (61, 34, 34);
INSERT INTO lp_teamparticipation (id, team, person) VALUES (62, 35, 35);
INSERT INTO lp_teamparticipation (id, team, person) VALUES (63, 36, 36);
INSERT INTO lp_teamparticipation (id, team, person) VALUES (64, 37, 37);
INSERT INTO lp_teamparticipation (id, team, person) VALUES (65, 38, 38);
INSERT INTO lp_teamparticipation (id, team, person) VALUES (66, 39, 39);
INSERT INTO lp_teamparticipation (id, team, person) VALUES (67, 40, 40);
INSERT INTO lp_teamparticipation (id, team, person) VALUES (68, 41, 41);
INSERT INTO lp_teamparticipation (id, team, person) VALUES (69, 42, 42);
INSERT INTO lp_teamparticipation (id, team, person) VALUES (70, 43, 43);
INSERT INTO lp_teamparticipation (id, team, person) VALUES (71, 44, 44);
INSERT INTO lp_teamparticipation (id, team, person) VALUES (72, 45, 45);
INSERT INTO lp_teamparticipation (id, team, person) VALUES (73, 46, 46);
INSERT INTO lp_teamparticipation (id, team, person) VALUES (74, 47, 47);
INSERT INTO lp_teamparticipation (id, team, person) VALUES (75, 48, 48);
INSERT INTO lp_teamparticipation (id, team, person) VALUES (76, 49, 49);
INSERT INTO lp_teamparticipation (id, team, person) VALUES (77, 50, 50);
INSERT INTO lp_teamparticipation (id, team, person) VALUES (78, 51, 51);
INSERT INTO lp_teamparticipation (id, team, person) VALUES (79, 31, 13);
INSERT INTO lp_teamparticipation (id, team, person) VALUES (80, 25, 1);
INSERT INTO lp_teamparticipation (id, team, person) VALUES (81, 32, 17);
INSERT INTO lp_teamparticipation (id, team, person) VALUES (82, 53, 13);
INSERT INTO lp_teamparticipation (id, team, person) VALUES (83, 53, 1);
INSERT INTO lp_teamparticipation (id, team, person) VALUES (84, 53, 50);
INSERT INTO lp_teamparticipation (id, team, person) VALUES (85, 53, 46);
INSERT INTO lp_teamparticipation (id, team, person) VALUES (86, 53, 16);
INSERT INTO lp_teamparticipation (id, team, person) VALUES (87, 243601, 55);
INSERT INTO lp_teamparticipation (id, team, person) VALUES (88, 52, 52);
INSERT INTO lp_teamparticipation (id, team, person) VALUES (89, 56, 56);
INSERT INTO lp_teamparticipation (id, team, person) VALUES (90, 30, 56);
INSERT INTO lp_teamparticipation (id, team, person) VALUES (91, 57, 16);
INSERT INTO lp_teamparticipation (id, team, person) VALUES (92, 17, 26);
INSERT INTO lp_teamparticipation (id, team, person) VALUES (93, 59, 1);
INSERT INTO lp_teamparticipation (id, team, person) VALUES (94, 60, 1);
INSERT INTO lp_teamparticipation (id, team, person) VALUES (95, 17, 28);
INSERT INTO lp_teamparticipation (id, team, person) VALUES (96, 61, 16);
INSERT INTO lp_teamparticipation (id, team, person) VALUES (97, 61, 28);
INSERT INTO lp_teamparticipation (id, team, person) VALUES (98, 62, 62);
INSERT INTO lp_teamparticipation (id, team, person) VALUES (99, 63, 63);
INSERT INTO lp_teamparticipation (id, team, person) VALUES (100, 59, 63);
INSERT INTO lp_teamparticipation (id, team, person) VALUES (101, 64, 12);
INSERT INTO lp_teamparticipation (id, team, person) VALUES (102, 65, 65);
INSERT INTO lp_teamparticipation (id, team, person) VALUES (103, 66, 66);
INSERT INTO lp_teamparticipation (id, team, person) VALUES (104, 18, 20);
INSERT INTO lp_teamparticipation (id, team, person) VALUES (105, 18, 12);
INSERT INTO lp_teamparticipation (id, team, person) VALUES (106, 20, 12);
INSERT INTO lp_teamparticipation (id, team, person) VALUES (107, 68, 68);
INSERT INTO lp_teamparticipation (id, team, person) VALUES (108, 69, 68);
INSERT INTO lp_teamparticipation (id, team, person) VALUES (109, 59, 59);
INSERT INTO lp_teamparticipation (id, team, person) VALUES (110, 60, 60);
INSERT INTO lp_teamparticipation (id, team, person) VALUES (111, 61, 61);
INSERT INTO lp_teamparticipation (id, team, person) VALUES (112, 64, 64);
INSERT INTO lp_teamparticipation (id, team, person) VALUES (113, 67, 67);
INSERT INTO lp_teamparticipation (id, team, person) VALUES (114, 69, 69);
INSERT INTO lp_teamparticipation (id, team, person) VALUES (115, 243601, 243601);
INSERT INTO lp_teamparticipation (id, team, person) VALUES (116, 53, 53);
INSERT INTO lp_teamparticipation (id, team, person) VALUES (117, 55, 55);
INSERT INTO lp_teamparticipation (id, team, person) VALUES (118, 17, 17);
INSERT INTO lp_teamparticipation (id, team, person) VALUES (119, 18, 18);
INSERT INTO lp_teamparticipation (id, team, person) VALUES (120, 19, 19);
INSERT INTO lp_teamparticipation (id, team, person) VALUES (121, 20, 20);
INSERT INTO lp_teamparticipation (id, team, person) VALUES (122, 21, 21);
INSERT INTO lp_teamparticipation (id, team, person) VALUES (123, 24, 24);
INSERT INTO lp_teamparticipation (id, team, person) VALUES (124, 25, 25);
INSERT INTO lp_teamparticipation (id, team, person) VALUES (125, 30, 30);
INSERT INTO lp_teamparticipation (id, team, person) VALUES (126, 31, 31);
INSERT INTO lp_teamparticipation (id, team, person) VALUES (127, 32, 32);
INSERT INTO lp_teamparticipation (id, team, person) VALUES (128, 57, 57);
INSERT INTO lp_teamparticipation (id, team, person) VALUES (129, 58, 58);
INSERT INTO lp_teamparticipation (id, team, person) VALUES (130, 243602, 243602);
INSERT INTO lp_teamparticipation (id, team, person) VALUES (131, 243603, 243603);
INSERT INTO lp_teamparticipation (id, team, person) VALUES (132, 243604, 243603);
INSERT INTO lp_teamparticipation (id, team, person) VALUES (133, 243604, 243604);
INSERT INTO lp_teamparticipation (id, team, person) VALUES (134, 64, 29);
INSERT INTO lp_teamparticipation (id, team, person) VALUES (140, 243606, 243606);
INSERT INTO lp_teamparticipation (id, team, person) VALUES (141, 243607, 243607);
INSERT INTO lp_teamparticipation (id, team, person) VALUES (142, 243607, 25);
INSERT INTO lp_teamparticipation (id, team, person) VALUES (143, 243607, 7);
INSERT INTO lp_teamparticipation (id, team, person) VALUES (144, 243607, 13);
INSERT INTO lp_teamparticipation (id, team, person) VALUES (145, 243607, 14);
INSERT INTO lp_teamparticipation (id, team, person) VALUES (146, 243607, 27);
INSERT INTO lp_teamparticipation (id, team, person) VALUES (147, 243607, 26);
INSERT INTO lp_teamparticipation (id, team, person) VALUES (148, 243607, 16);
INSERT INTO lp_teamparticipation (id, team, person) VALUES (149, 243607, 29);
INSERT INTO lp_teamparticipation (id, team, person) VALUES (150, 243607, 1);
INSERT INTO lp_teamparticipation (id, team, person) VALUES (151, 243607, 2);
INSERT INTO lp_teamparticipation (id, team, person) VALUES (152, 243607, 11);
INSERT INTO lp_teamparticipation (id, team, person) VALUES (153, 243607, 22);
INSERT INTO lp_teamparticipation (id, team, person) VALUES (154, 243608, 243608);
INSERT INTO lp_teamparticipation (id, team, person) VALUES (155, 243609, 243609);
INSERT INTO lp_teamparticipation (id, team, person) VALUES (156, 243610, 243610);
INSERT INTO lp_teamparticipation (id, team, person) VALUES (157, 243611, 243611);
INSERT INTO lp_teamparticipation (id, team, person) VALUES (158, 243612, 243612);
INSERT INTO lp_teamparticipation (id, team, person) VALUES (159, 243612, 243611);
INSERT INTO lp_teamparticipation (id, team, person) VALUES (160, 243612, 243610);
INSERT INTO lp_teamparticipation (id, team, person) VALUES (161, 243613, 243613);
INSERT INTO lp_teamparticipation (id, team, person) VALUES (162, 243613, 243611);
INSERT INTO lp_teamparticipation (id, team, person) VALUES (163, 243614, 243614);
INSERT INTO lp_teamparticipation (id, team, person) VALUES (164, 243615, 243615);
INSERT INTO lp_teamparticipation (id, team, person) VALUES (165, 243616, 243616);
INSERT INTO lp_teamparticipation (id, team, person) VALUES (166, 19, 4);
INSERT INTO lp_teamparticipation (id, team, person) VALUES (167, 19, 33);
INSERT INTO lp_teamparticipation (id, team, person) VALUES (168, 32, 19);
INSERT INTO lp_teamparticipation (id, team, person) VALUES (169, 17, 19);
INSERT INTO lp_teamparticipation (id, team, person) VALUES (170, 32, 4);
INSERT INTO lp_teamparticipation (id, team, person) VALUES (171, 32, 33);
INSERT INTO lp_teamparticipation (id, team, person) VALUES (172, 17, 33);
INSERT INTO lp_teamparticipation (id, team, person) VALUES (173, 243617, 243617);
INSERT INTO lp_teamparticipation (id, team, person) VALUES (174, 243618, 243618);
INSERT INTO lp_teamparticipation (id, team, person) VALUES (175, 243618, 243617);
INSERT INTO lp_teamparticipation (id, team, person) VALUES (178, 243620, 243620);
INSERT INTO lp_teamparticipation (id, team, person) VALUES (179, 243620, 28);
INSERT INTO lp_teamparticipation (id, team, person) VALUES (180, 243620, 16);
INSERT INTO lp_teamparticipation (id, team, person) VALUES (181, 243621, 243621);
INSERT INTO lp_teamparticipation (id, team, person) VALUES (182, 243621, 243622);
INSERT INTO lp_teamparticipation (id, team, person) VALUES (183, 243622, 243622);
INSERT INTO lp_teamparticipation (id, team, person) VALUES (184, 70, 70);
INSERT INTO lp_teamparticipation (id, team, person) VALUES (185, 243623, 243623);
INSERT INTO lp_teamparticipation (id, team, person) VALUES (188, 32, 1);
INSERT INTO lp_teamparticipation (id, team, person) VALUES (189, 32, 11);
INSERT INTO lp_teamparticipation (id, team, person) VALUES (190, 32, 26);
INSERT INTO lp_teamparticipation (id, team, person) VALUES (191, 32, 28);
INSERT INTO lp_teamparticipation (id, team, person) VALUES (192, 32, 6);
INSERT INTO lp_teamparticipation (id, team, person) VALUES (193, 32, 10);
INSERT INTO lp_teamparticipation (id, team, person) VALUES (194, 243627, 243627);
INSERT INTO lp_teamparticipation (id, team, person) VALUES (195, 243628, 243628);
INSERT INTO lp_teamparticipation (id, team, person) VALUES (196, 243628, 243627);
INSERT INTO lp_teamparticipation (id, team, person) VALUES (197, 243629, 243629);
INSERT INTO lp_teamparticipation (id, team, person) VALUES (198, 243629, 4);
INSERT INTO lp_teamparticipation (id, team, person) VALUES (199, 243630, 243630);
INSERT INTO lp_teamparticipation (id, team, person) VALUES (200, 243630, 1);
INSERT INTO lp_teamparticipation (id, team, person) VALUES (201, 243630, 12);
INSERT INTO lp_teamparticipation (id, team, person) VALUES (202, 243630, 16);
INSERT INTO lp_teamparticipation (id, team, person) VALUES (203, 243630, 22);
INSERT INTO lp_teamparticipation (id, team, person) VALUES (204, 243630, 23);
INSERT INTO lp_teamparticipation (id, team, person) VALUES (205, 243630, 26);
INSERT INTO lp_teamparticipation (id, team, person) VALUES (206, 243630, 27);
INSERT INTO lp_teamparticipation (id, team, person) VALUES (207, 243630, 28);
INSERT INTO lp_teamparticipation (id, team, person) VALUES (208, 243630, 29);
INSERT INTO lp_teamparticipation (id, team, person) VALUES (209, 243630, 38);
INSERT INTO lp_teamparticipation (id, team, person) VALUES (210, 243630, 63);
INSERT INTO lp_teamparticipation (id, team, person) VALUES (211, 243630, 70);
INSERT INTO lp_teamparticipation (id, team, person) VALUES (212, 243630, 243610);
INSERT INTO lp_teamparticipation (id, team, person) VALUES (213, 243630, 243611);
INSERT INTO lp_teamparticipation (id, team, person) VALUES (214, 243630, 243617);
INSERT INTO lp_teamparticipation (id, team, person) VALUES (215, 243630, 243622);
INSERT INTO lp_teamparticipation (id, team, person) VALUES (216, 243630, 243623);
INSERT INTO lp_teamparticipation (id, team, person) VALUES (217, 243631, 243631);
INSERT INTO lp_teamparticipation (id, team, person) VALUES (218, 243632, 243632);
INSERT INTO lp_teamparticipation (id, team, person) VALUES (219, 243632, 243631);
INSERT INTO lp_teamparticipation (id, team, person) VALUES (220, 243633, 243633);
INSERT INTO lp_teamparticipation (id, team, person) VALUES (221, 30, 243633);
INSERT INTO lp_teamparticipation (id, team, person) VALUES (222, 243634, 243634);
INSERT INTO lp_teamparticipation (id, team, person) VALUES (223, 243635, 243635);
INSERT INTO lp_teamparticipation (id, team, person) VALUES (224, 243636, 243636);
INSERT INTO lp_teamparticipation (id, team, person) VALUES (225, 243637, 243637);
INSERT INTO lp_teamparticipation (id, team, person) VALUES (226, 243638, 243638);
INSERT INTO lp_teamparticipation (id, team, person) VALUES (227, 243638, 243634);
INSERT INTO lp_teamparticipation (id, team, person) VALUES (228, 243639, 243639);
INSERT INTO lp_teamparticipation (id, team, person) VALUES (229, 243639, 243636);
INSERT INTO lp_teamparticipation (id, team, person) VALUES (230, 243640, 243640);
INSERT INTO lp_teamparticipation (id, team, person) VALUES (231, 243640, 243635);
INSERT INTO lp_teamparticipation (id, team, person) VALUES (232, 243641, 243641);
INSERT INTO lp_teamparticipation (id, team, person) VALUES (233, 243641, 243637);
INSERT INTO lp_teamparticipation (id, team, person) VALUES (234, 243642, 243642);
INSERT INTO lp_teamparticipation (id, team, person) VALUES (235, 243642, 30);
INSERT INTO lp_teamparticipation (id, team, person) VALUES (236, 243642, 13);
INSERT INTO lp_teamparticipation (id, team, person) VALUES (237, 243642, 14);
INSERT INTO lp_teamparticipation (id, team, person) VALUES (238, 243642, 56);
INSERT INTO lp_teamparticipation (id, team, person) VALUES (239, 243642, 243633);
INSERT INTO lp_teamparticipation (id, team, person) VALUES (240, 243643, 243643);
INSERT INTO lp_teamparticipation (id, team, person) VALUES (241, 243644, 243644);
INSERT INTO lp_teamparticipation (id, team, person) VALUES (242, 243644, 243643);
INSERT INTO lp_teamparticipation (id, team, person) VALUES (243, 243645, 243645);
INSERT INTO lp_teamparticipation (id, team, person) VALUES (244, 243645, 243636);
INSERT INTO lp_teamparticipation (id, team, person) VALUES (245, 243646, 243646);
INSERT INTO lp_teamparticipation (id, team, person) VALUES (246, 243647, 243647);
INSERT INTO lp_teamparticipation (id, team, person) VALUES (247, 243647, 243635);
INSERT INTO lp_teamparticipation (id, team, person) VALUES (248, 243644, 243634);
INSERT INTO lp_teamparticipation (id, team, person) VALUES (249, 243641, 243646);
INSERT INTO lp_teamparticipation (id, team, person) VALUES (250, 243648, 243648);
INSERT INTO lp_teamparticipation (id, team, person) VALUES (251, 243649, 243649);
INSERT INTO lp_teamparticipation (id, team, person) VALUES (252, 243650, 243650);
INSERT INTO lp_teamparticipation (id, team, person) VALUES (253, 243651, 243651);


ALTER TABLE lp_teamparticipation ENABLE TRIGGER ALL;


ALTER TABLE mailinglist DISABLE TRIGGER ALL;

INSERT INTO mailinglist (id, team, registrant, date_registered, reviewer, date_reviewed, date_activated, status, welcome_message) VALUES (1, 32, 16, '2009-06-23 18:11:37.569761', 16, '2009-06-23 18:13:36.487715', '2009-06-24 00:33:53.018804', 5, NULL);


ALTER TABLE mailinglist ENABLE TRIGGER ALL;


ALTER TABLE mailinglistban DISABLE TRIGGER ALL;



ALTER TABLE mailinglistban ENABLE TRIGGER ALL;


ALTER TABLE mailinglistsubscription DISABLE TRIGGER ALL;

INSERT INTO mailinglistsubscription (id, person, mailing_list, date_joined, email_address) VALUES (1, 29, 1, '2009-06-24 00:36:29.91428', NULL);
INSERT INTO mailinglistsubscription (id, person, mailing_list, date_joined, email_address) VALUES (2, 28, 1, '2009-06-24 00:36:29.91428', NULL);
INSERT INTO mailinglistsubscription (id, person, mailing_list, date_joined, email_address) VALUES (3, 10, 1, '2009-06-24 00:36:29.91428', NULL);
INSERT INTO mailinglistsubscription (id, person, mailing_list, date_joined, email_address) VALUES (4, 4, 1, '2009-06-24 00:36:29.91428', NULL);
INSERT INTO mailinglistsubscription (id, person, mailing_list, date_joined, email_address) VALUES (5, 16, 1, '2009-06-24 00:36:29.91428', NULL);
INSERT INTO mailinglistsubscription (id, person, mailing_list, date_joined, email_address) VALUES (6, 26, 1, '2009-06-24 00:36:29.91428', NULL);


ALTER TABLE mailinglistsubscription ENABLE TRIGGER ALL;


ALTER TABLE mentoringoffer DISABLE TRIGGER ALL;



ALTER TABLE mentoringoffer ENABLE TRIGGER ALL;


ALTER TABLE mergedirectivejob DISABLE TRIGGER ALL;



ALTER TABLE mergedirectivejob ENABLE TRIGGER ALL;


ALTER TABLE message DISABLE TRIGGER ALL;

INSERT INTO message (id, datecreated, subject, owner, parent, distribution, rfc822msgid, fti, raw) VALUES (1, '2004-09-24 20:58:04.684057', 'PEBCAK', 16, NULL, NULL, 'foo@example.com-332342--1231', NULL, NULL);
INSERT INTO message (id, datecreated, subject, owner, parent, distribution, rfc822msgid, fti, raw) VALUES (3, '2004-09-24 21:17:17.153792', 'Reproduced on AIX', 12, NULL, NULL, 'sdsdfsfd', NULL, NULL);
INSERT INTO message (id, datecreated, subject, owner, parent, distribution, rfc822msgid, fti, raw) VALUES (4, '2004-09-24 21:24:03.922564', 'Re: Reproduced on AIX', 12, NULL, NULL, 'sdfssfdfsd', NULL, NULL);
INSERT INTO message (id, datecreated, subject, owner, parent, distribution, rfc822msgid, fti, raw) VALUES (5, '2004-09-24 21:29:27.407354', 'Fantastic idea, I''d really like to see this', 12, NULL, NULL, 'dxssdfsdgf', NULL, NULL);
INSERT INTO message (id, datecreated, subject, owner, parent, distribution, rfc822msgid, fti, raw) VALUES (6, '2004-09-24 21:35:20.125564', 'Strange bug with duplicate messages.', 12, NULL, NULL, 'sdfsfwew', NULL, NULL);
INSERT INTO message (id, datecreated, subject, owner, parent, distribution, rfc822msgid, fti, raw) VALUES (7, '2005-01-14 17:20:12.820778', 'Reflow problems with complex page layouts', 12, NULL, NULL, '<20050114172012.6687.51124.malonedeb@localhost.localdomain>', NULL, NULL);
INSERT INTO message (id, datecreated, subject, owner, parent, distribution, rfc822msgid, fti, raw) VALUES (8, '2005-01-14 17:27:03.702622', 'Firefox install instructions should be complete', 12, NULL, NULL, '<20050114172703.6687.71983.malonedeb@localhost.localdomain>', NULL, NULL);
INSERT INTO message (id, datecreated, subject, owner, parent, distribution, rfc822msgid, fti, raw) VALUES (9, '2005-01-14 17:35:39.548665', 'Firefox crashes when Save As dialog for a nonexistent window is closed', 12, NULL, NULL, '<20050114173539.6687.81610.malonedeb@localhost.localdomain>', NULL, NULL);
INSERT INTO message (id, datecreated, subject, owner, parent, distribution, rfc822msgid, fti, raw) VALUES (10, '2004-10-05 00:00:00', 'Re: Bug Title Test', 12, NULL, NULL, '<20050831114528.7616.78129.malone@localhost.localdomain>', NULL, NULL);
INSERT INTO message (id, datecreated, subject, owner, parent, distribution, rfc822msgid, fti, raw) VALUES (11, '2005-10-14 15:12:29.602117', 'A test bug', 16, NULL, NULL, '<20051014151229.28962.1536.malonedeb@localhost.localdomain>', NULL, NULL);
INSERT INTO message (id, datecreated, subject, owner, parent, distribution, rfc822msgid, fti, raw) VALUES (12, '2005-10-14 12:25:21.508923', 'Re: Newly installed plug-in doesn''t seem to be used', 16, NULL, NULL, '<20051014122521.14276.39260.lptickets@localhost.localdomain>', NULL, NULL);
INSERT INTO message (id, datecreated, subject, owner, parent, distribution, rfc822msgid, fti, raw) VALUES (13, '2005-10-14 13:28:11.554476', 'Re: Slow system', 12, NULL, NULL, '<20051014132811.14276.65873.lptickets@localhost.localdomain>', NULL, NULL);
INSERT INTO message (id, datecreated, subject, owner, parent, distribution, rfc822msgid, fti, raw) VALUES (14, '2005-10-28 09:10:17.13237', 'Printing doesn''t work', 12, NULL, 3, '<20051028091017.6690.9505.malonedeb@localhost.localdomain>', NULL, NULL);
INSERT INTO message (id, datecreated, subject, owner, parent, distribution, rfc822msgid, fti, raw) VALUES (15, '2006-02-23 16:42:14.080227', 'Thunderbird crashes', 16, NULL, 1, '<20060223164214.9126.7558.malonedeb@localhost.localdomain>', NULL, NULL);
INSERT INTO message (id, datecreated, subject, owner, parent, distribution, rfc822msgid, fti, raw) VALUES (16, '2006-06-16 17:12:54', 'Unicode™', 16, NULL, NULL, '<20060616141252.22134.71562@localhost.localdomain>', NULL, 51);
INSERT INTO message (id, datecreated, subject, owner, parent, distribution, rfc822msgid, fti, raw) VALUES (17, '2006-02-22 19:42:21.890299', 'another test bug', 16, NULL, 1, '<20060222194221.25842.69665.malonedeb@banzai.async.com.br>', NULL, NULL);
INSERT INTO message (id, datecreated, subject, owner, parent, distribution, rfc822msgid, fti, raw) VALUES (18, '2006-07-20 20:48:24.975495', 'Re: Continue playing after shutdown', 16, NULL, NULL, '<20060720204825.13277.37433.lptickets@Bourdieu.Contre.COM>', NULL, NULL);
INSERT INTO message (id, datecreated, subject, owner, parent, distribution, rfc822msgid, fti, raw) VALUES (19, '2006-07-20 20:49:47.551344', 'Re: mailto: problem in webpage', 16, NULL, NULL, '<20060720204947.13277.79684.lptickets@Bourdieu.Contre.COM>', NULL, NULL);
INSERT INTO message (id, datecreated, subject, owner, parent, distribution, rfc822msgid, fti, raw) VALUES (20, '2006-07-20 20:52:07.054216', 'Re: Installation of Java Runtime Environment for Mozilla', 16, NULL, NULL, '<20060720205207.13277.68582.lptickets@Bourdieu.Contre.COM>', NULL, NULL);
INSERT INTO message (id, datecreated, subject, owner, parent, distribution, rfc822msgid, fti, raw) VALUES (21, '2006-07-20 20:53:53.684848', 'Re: Play DVDs in Totem', 16, NULL, NULL, '<20060720205354.13277.37000.lptickets@Bourdieu.Contre.COM>', NULL, NULL);
INSERT INTO message (id, datecreated, subject, owner, parent, distribution, rfc822msgid, fti, raw) VALUES (22, '2006-07-20 20:56:35.442839', 'Re: mailto: problem in webpage', 12, NULL, NULL, '<20060720205635.13277.87295.lptickets@Bourdieu.Contre.COM>', NULL, NULL);
INSERT INTO message (id, datecreated, subject, owner, parent, distribution, rfc822msgid, fti, raw) VALUES (23, '2006-07-20 23:11:24.975495', 'Re: Continue playing after shutdown', 12, NULL, NULL, '<20061201222020.597.97888.lptickets@Huxley.Contre.COM>', NULL, NULL);
INSERT INTO message (id, datecreated, subject, owner, parent, distribution, rfc822msgid, fti, raw) VALUES (24, '2007-03-15 20:33:56.67893', 'Make Jokosher use autoaudiosink', 26, NULL, NULL, '<20070315203356.12919.76581.malonedeb@localhost>', NULL, NULL);
INSERT INTO message (id, datecreated, subject, owner, parent, distribution, rfc822msgid, fti, raw) VALUES (25, '2007-03-15 20:34:26.518114', 'Re: Make Jokosher use autoaudiosink', 50, NULL, NULL, '<20070315203426.12919.54628.malone@localhost>', NULL, NULL);
INSERT INTO message (id, datecreated, subject, owner, parent, distribution, rfc822msgid, fti, raw) VALUES (26, '2007-03-15 20:35:10.133383', 'Re: Make Jokosher use autoaudiosink', 66, NULL, NULL, '<20070315203510.12919.22697.malone@localhost>', NULL, NULL);
INSERT INTO message (id, datecreated, subject, owner, parent, distribution, rfc822msgid, fti, raw) VALUES (27, '2007-03-15 20:36:01.779544', 'Autoaudiosink is no longer under development', 63, NULL, NULL, '<20070315203601.12919.29640.malone@localhost>', NULL, NULL);
INSERT INTO message (id, datecreated, subject, owner, parent, distribution, rfc822msgid, fti, raw) VALUES (28, '2007-03-15 20:36:57.133832', 'Re: Autoaudiosink is no longer under development', 27, NULL, NULL, '<20070315203657.12919.48585.malone@localhost>', NULL, NULL);
INSERT INTO message (id, datecreated, subject, owner, parent, distribution, rfc822msgid, fti, raw) VALUES (29, '2007-03-15 20:37:27.991571', 'This is a really new title', 33, NULL, NULL, '<20070315203728.12919.76787.malone@localhost>', NULL, NULL);
INSERT INTO message (id, datecreated, subject, owner, parent, distribution, rfc822msgid, fti, raw) VALUES (30, '2007-03-15 20:37:51.544376', 'Re: Make Jokosher use autoaudiosink', 3, NULL, NULL, '<20070315203751.12919.49072.malone@localhost>', NULL, NULL);
INSERT INTO message (id, datecreated, subject, owner, parent, distribution, rfc822msgid, fti, raw) VALUES (31, '2007-03-15 20:41:18.635493', 'Copy, Cut and Delete operations should work on selections', 8, NULL, NULL, '<20070315204118.14326.61124.malonedeb@localhost>', NULL, NULL);
INSERT INTO message (id, datecreated, subject, owner, parent, distribution, rfc822msgid, fti, raw) VALUES (32, '2007-03-15 20:41:42.154264', 'Re: Copy, Cut and Delete operations should work on selections', 16, NULL, NULL, '<20070315204142.14326.82988.launchpad@localhost>', NULL, NULL);
INSERT INTO message (id, datecreated, subject, owner, parent, distribution, rfc822msgid, fti, raw) VALUES (33, '2007-03-15 20:43:14.981111', 'Re: Copy, Cut and Delete operations should work on selections', 45, NULL, NULL, '<20070315204315.14326.75272.malone@localhost>', NULL, NULL);
INSERT INTO message (id, datecreated, subject, owner, parent, distribution, rfc822msgid, fti, raw) VALUES (34, '2007-03-15 20:45:15.852052', 'Re: Copy, Cut and Delete operations should work on selections', 13, NULL, NULL, '<20070315204515.14326.38817.malone@localhost>', NULL, NULL);
INSERT INTO message (id, datecreated, subject, owner, parent, distribution, rfc822msgid, fti, raw) VALUES (35, '2007-03-15 20:45:51.817826', 'Re: Copy, Cut and Delete operations should work on selections', 9, NULL, NULL, '<20070315204551.14326.36994.malone@localhost>', NULL, NULL);
INSERT INTO message (id, datecreated, subject, owner, parent, distribution, rfc822msgid, fti, raw) VALUES (36, '2007-03-15 20:46:49.83307', 'Re: Copy, Cut and Delete operations should work on selections', 6, NULL, NULL, '<20070315204649.14326.69581.malone@localhost>', NULL, NULL);
INSERT INTO message (id, datecreated, subject, owner, parent, distribution, rfc822msgid, fti, raw) VALUES (37, '2007-07-27 20:00:58.299796', 'Launchpad CSS and JS is not testible', 12, NULL, NULL, '<20070727200058.25131.76173.malonedeb@autumn.annrky-sinzui.local>', NULL, NULL);
INSERT INTO message (id, datecreated, subject, owner, parent, distribution, rfc822msgid, fti, raw) VALUES (38, '2007-07-27 20:29:46.25854', 'Re: Launchpad CSS and JS is not testible', 12, NULL, NULL, '<20070727202946.25131.16206.malone@autumn.annrky-sinzui.local>', NULL, NULL);
INSERT INTO message (id, datecreated, subject, owner, parent, distribution, rfc822msgid, fti, raw) VALUES (39, '2007-08-09 11:39:16.836856', 'jokosher exposes personal details in its actions portlet', 63, NULL, NULL, '<20070809113916.26819.83859.malonedeb@localhost.localdomain>', NULL, NULL);
INSERT INTO message (id, datecreated, subject, owner, parent, distribution, rfc822msgid, fti, raw) VALUES (40, '2004-12-18 16:30:19.103679', 'Nonsensical bugs are useless', 16, NULL, NULL, '<20071218163019.18924.87555.malonedeb@localhost>', NULL, NULL);
INSERT INTO message (id, datecreated, subject, owner, parent, distribution, rfc822msgid, fti, raw) VALUES (41, '2007-12-18 16:30:47.889614', 'Re: Nonsensical bugs are useless', 16, NULL, NULL, '<20071218163048.18924.13348.launchpad@localhost>', NULL, NULL);
INSERT INTO message (id, datecreated, subject, owner, parent, distribution, rfc822msgid, fti, raw) VALUES (42, '2007-12-18 16:30:47.889614', 'Re: Nonsensical bugs are useless', 16, NULL, NULL, '<20071218163048.18924.86681.launchpad@localhost>', NULL, NULL);
INSERT INTO message (id, datecreated, subject, owner, parent, distribution, rfc822msgid, fti, raw) VALUES (43, '2007-12-18 16:31:34.790641', 'Re: Nonsensical bugs are useless', 62, NULL, NULL, '<20071218163134.18996.53651.launchpad@localhost>', NULL, NULL);
INSERT INTO message (id, datecreated, subject, owner, parent, distribution, rfc822msgid, fti, raw) VALUES (44, '2005-05-13 16:37:37', 'gnome-volume-manager: dvd+rw unreadable when automounted in burner because mounted read/write', 243614, NULL, NULL, '<4284D7D1.6010208@gmx.de>', NULL, 75);
INSERT INTO message (id, datecreated, subject, owner, parent, distribution, rfc822msgid, fti, raw) VALUES (45, '2005-05-17 18:54:29', 'Re: Bug#308994: gnome-volume-manager: dvd+rw unreadable when automounted in burner because mounted read/write', 243615, 44, NULL, '<20050517185429.GB20786@spring.luon.net>', NULL, 76);
INSERT INTO message (id, datecreated, subject, owner, parent, distribution, rfc822msgid, fti, raw) VALUES (46, '2005-05-17 19:24:25', 'Re: Bug#308994: gnome-volume-manager: dvd+rw unreadable when automounted in burner because mounted read/write', 243614, 45, NULL, '<428A44E9.6090802@gmx.de>', NULL, 77);
INSERT INTO message (id, datecreated, subject, owner, parent, distribution, rfc822msgid, fti, raw) VALUES (47, '2005-05-17 20:20:44', 'Re: Bug#308994: gnome-volume-manager: dvd+rw unreadable when automounted in burner because mounted read/write', 243615, 46, NULL, '<20050517202044.GA23231@spring.luon.net>', NULL, 78);
INSERT INTO message (id, datecreated, subject, owner, parent, distribution, rfc822msgid, fti, raw) VALUES (48, '2005-06-17 14:00:11', 'Re: Bug#308994: gnome-volume-manager: dvd+rw unreadable when automounted in burner because mounted read/write', 243616, 46, NULL, '<20050617140011.GA15638@piware.de>', NULL, 79);
INSERT INTO message (id, datecreated, subject, owner, parent, distribution, rfc822msgid, fti, raw) VALUES (49, '2005-06-25 10:13:10', 'Re: Bug#308994: gnome-volume-manager: dvd+rw unreadable when automounted in burner because mounted read/write', 243614, NULL, NULL, '<42BD2E36.9090809@gmx.de>', NULL, 81);


ALTER TABLE message ENABLE TRIGGER ALL;


ALTER TABLE messageapproval DISABLE TRIGGER ALL;



ALTER TABLE messageapproval ENABLE TRIGGER ALL;


ALTER TABLE messagechunk DISABLE TRIGGER ALL;

INSERT INTO messagechunk (id, message, sequence, content, blob, fti) VALUES (1, 7, 1, 'Malone pages that use more complex layouts with portlets and fancy CSS are sometimes not getting properly reflowed after rendering.', NULL, NULL);
INSERT INTO messagechunk (id, message, sequence, content, blob, fti) VALUES (2, 8, 1, 'All ways of downloading firefox should provide complete install instructions. At present, they are only visible on the Release Notes page.', NULL, NULL);
INSERT INTO messagechunk (id, message, sequence, content, blob, fti) VALUES (3, 9, 1, 'User-Agent:       
Build Identifier: Mozilla/5.0 (X11; U; Linux i686; en-US; rv:1.6) Gecko/20040207 Firefox/0.8

If a Save As dialog for a nonexistent window exists, when the dialog is closed Firefox will crash.  It''s possible to cause this to happen using the "Open With/Save As" dialog.

Reproducible: Always
Steps to Reproduce:
1. Visit http://www.mozilla.org/products/firefox/
2. Click on "Download Now!"  An "Open With/Save" dialog will appear.
4. Press OK.
5. Switch back to the "Open With/Save" dialog, and press OK again.  There are now two Save As dialogs.  This is bug 58777.
6. Close the second dialog with "Cancel"
7. Close the browser window that started all of this.
8. Close the first dialog with "Cancel".

Actual Results:  
Crash!

Expected Results:  
Not crashed.', NULL, NULL);
INSERT INTO messagechunk (id, message, sequence, content, blob, fti) VALUES (4, 1, 1, 'Problem exists between chair and keyboard', NULL, NULL);
INSERT INTO messagechunk (id, message, sequence, content, blob, fti) VALUES (5, 3, 1, 'We''ve seen something very similar on AIX with Gnome 2.6 when it is compiled with XFT support. It might be that the anti-aliasing is causing loopback devices to degrade, resulting in a loss of transparency at the system cache level and decoherence in the undelete function. This is only known to be a problem when the moon is gibbous.', NULL, NULL);
INSERT INTO messagechunk (id, message, sequence, content, blob, fti) VALUES (6, 4, 1, 'Sorry, it was SCO unix which appears to have the same bug. For a brief moment I was confused there, since so much code is known to have been copied from SCO into AIX.', NULL, NULL);
INSERT INTO messagechunk (id, message, sequence, content, blob, fti) VALUES (7, 5, 1, 'This would be a real killer feature. If there is already code to make it possible, why aren''t there tons of press announcements about the secuirty possibilities. Imagine - no more embarrassing emails for Mr Gates... everything they delete would actually disappear! I''m sure Redmond will switch over as soon as they hear about this. It''s not a bug, it''s a feature!', NULL, NULL);
INSERT INTO messagechunk (id, message, sequence, content, blob, fti) VALUES (8, 6, 1, 'Oddly enough the bug system seems only capable of displaying the first two comments that are made against a bug. I wonder why that is? Lets have a few more decent legth comments in here so we can see what the spacing is like. Also, at some stage, we''ll need a few comments that get displayed in a fixed-width font, so we have a clue about code-in-bug-comments etc.', NULL, NULL);
INSERT INTO messagechunk (id, message, sequence, content, blob, fti) VALUES (9, 10, 1, 'Initial bug report.', NULL, NULL);
INSERT INTO messagechunk (id, message, sequence, content, blob, fti) VALUES (10, 11, 1, 'A test description', NULL, NULL);
INSERT INTO messagechunk (id, message, sequence, content, blob, fti) VALUES (11, 12, 1, 'After you''ve installed a new plugin, you need to restart the browser. Does it work if you restart Firefox?', NULL, NULL);
INSERT INTO messagechunk (id, message, sequence, content, blob, fti) VALUES (12, 13, 1, 'Maybe DMA isn''t enabled?', NULL, NULL);
INSERT INTO messagechunk (id, message, sequence, content, blob, fti) VALUES (13, 14, 1, 'When I press print in Firefox, nothing happens, not even a print dialog comes up.', NULL, NULL);
INSERT INTO messagechunk (id, message, sequence, content, blob, fti) VALUES (14, 15, 1, 'Every time I start Thunderbird it crashes.', NULL, NULL);
INSERT INTO messagechunk (id, message, sequence, content, blob, fti) VALUES (15, 16, 1, 'Welcome to Canada!', NULL, NULL);
INSERT INTO messagechunk (id, message, sequence, content, blob, fti) VALUES (16, 17, 1, 'test bug', NULL, NULL);
INSERT INTO messagechunk (id, message, sequence, content, blob, fti) VALUES (17, 16, 2, 'Unicode™ text', NULL, NULL);
INSERT INTO messagechunk (id, message, sequence, content, blob, fti) VALUES (18, 18, 1, 'XMMS has a plugin for that.', NULL, NULL);
INSERT INTO messagechunk (id, message, sequence, content, blob, fti) VALUES (19, 19, 1, 'Have you tried changing the preferences in system->preferences->preferred applications?', NULL, NULL);
INSERT INTO messagechunk (id, message, sequence, content, blob, fti) VALUES (20, 20, 1, 'Hi, see https://help.ubuntu.com/community/Java for the proper way to install Java.', NULL, NULL);
INSERT INTO messagechunk (id, message, sequence, content, blob, fti) VALUES (21, 21, 1, 'Please refer to the RestrictedFormats wiki page (http://help.ubuntu.com/RestrictedFormats).

Install libdvdcss2.

After this open totem with command ''totem dvd://'' either form terminal or from ''Run'' dialog (Alt + F2)', NULL, NULL);
INSERT INTO messagechunk (id, message, sequence, content, blob, fti) VALUES (22, 22, 1, 'Problem is solved. Thanks very much. Firefox now works after the changes were made in system ->preferences', NULL, NULL);
INSERT INTO messagechunk (id, message, sequence, content, blob, fti) VALUES (23, 23, 1, 'What plugin does that? And how can I install it?', NULL, NULL);
INSERT INTO messagechunk (id, message, sequence, content, blob, fti) VALUES (24, 24, 1, 'I''ve had problems when switching from Jokosher to Totem to play an Ogg.

Totem appears to be playing normally but does not produce any sound.
If I close Jokosher then you can hear totem.

I''ve also had a problem when trying to playback sound within jokosher
after switch from another app (I think it was xmms). I get a dialog
with the following text:

     Argh! Something went wrong and a serious error occurred:

     Resource busy or not available.

     gstalsasink.c(636): gst_alsasink_open (): /timeline/playbackbin/
     alsasink0:
     Device ''hw:0'' is busy

After closing and reopening Jokosher, i got the same error again.
After logging out of gnome and logging in again - I still got the same
error message.

I had to restart!

Is there some way to reset alsa or the device driver - with out having
to restart?

Running on Ubuntu - with Jokosher 0.2 runscript.', NULL, NULL);
INSERT INTO messagechunk (id, message, sequence, content, blob, fti) VALUES (25, 25, 1, 'The solution to this is to make Jokosher use autoaudiosink which will respect gnome preferences) be default, and provide an option to override it.', NULL, NULL);
INSERT INTO messagechunk (id, message, sequence, content, blob, fti) VALUES (26, 26, 1, 'I''m not sure that autoaudiosink is in fact the best solution. We need a better UI to allow the user to select audio sinks for the system as a whole and for specific applications.', NULL, NULL);
INSERT INTO messagechunk (id, message, sequence, content, blob, fti) VALUES (27, 27, 1, 'Unfortunately, the lead developer of autoaudiosink has resigned and the project is dormant.', NULL, NULL);
INSERT INTO messagechunk (id, message, sequence, content, blob, fti) VALUES (28, 28, 1, 'The strangest thing should be happening here. My subject titles don''t show up! Why is that? Well, because there is no new information there.', NULL, NULL);
INSERT INTO messagechunk (id, message, sequence, content, blob, fti) VALUES (29, 29, 1, 'And so it should be displayed again.', NULL, NULL);
INSERT INTO messagechunk (id, message, sequence, content, blob, fti) VALUES (30, 30, 1, 'This title, however, is the same as the bug title and so it will be suppressed in the UI.', NULL, NULL);
INSERT INTO messagechunk (id, message, sequence, content, blob, fti) VALUES (31, 31, 1, 'When trying to copy, cut or delete just a selected portion of an event, the operations affect the event completely. That is, you can''t select a portion and cut that piece. The whole event will be cut. Same goes for the other 2 operations.', NULL, NULL);
INSERT INTO messagechunk (id, message, sequence, content, blob, fti) VALUES (32, 32, 1, '** Changed in: jokosher (upstream)
   Importance: Undecided => Critical
       Status: Unconfirmed => Confirmed', NULL, NULL);
INSERT INTO messagechunk (id, message, sequence, content, blob, fti) VALUES (33, 33, 1, 'This is a very substantial amount of work, though. The whole event model will need to be aware of the selection of specific portions. This should really be specified in some detail and then implemented in a separate branch because it will certainly destabilise the tree for a long time.', NULL, NULL);
INSERT INTO messagechunk (id, message, sequence, content, blob, fti) VALUES (34, 34, 1, 'It would be a remarkable feat of engineering to do this before the 0.3 release. Lets target this for fixing before 1.0 though.', NULL, NULL);
INSERT INTO messagechunk (id, message, sequence, content, blob, fti) VALUES (35, 35, 1, 'Does it make sense to mark it critical if it''s not going to be fixed for a year, though?', NULL, NULL);
INSERT INTO messagechunk (id, message, sequence, content, blob, fti) VALUES (36, 36, 1, 'Yes, I think so, because that means it shows up near the top of our open bugs report and it really is a huge gaping omission.', NULL, NULL);
INSERT INTO messagechunk (id, message, sequence, content, blob, fti) VALUES (37, 37, 1, 'The messages placed on this bug are for eyeball viewing of JS and CSS behaviour.', NULL, NULL);
INSERT INTO messagechunk (id, message, sequence, content, blob, fti) VALUES (38, 38, 1, '-----BEGIN PGP SIGNED MESSAGE-----
Hash: SHA1

(^) Hidden with an ellipsis.

The middle of the paragraph is hidden with an ellipsis
because it is quoted with >. The first 3 lines and the
last line are visible.(v):
> 1. Remove the letters  c, j, q, x, w from the English Language.
> 2. Remove the penny from US currency.
> 3. more...
>> 4. more...
>> 5. more...
>> 6. more...
>>> 7. more...
>>> 8. more...
>>> 9. more...
>> 10. more...
> 11. more...
> 12. more...
> 13. To much.
You should see this line because it is not quoted.

| 1. Remove the letters  c, j, q, x, w from the English Language.
| 2. Remove the penny from US currency.
|>| 3. more...
|>| 4. more...
|>| 5. more...
|>| 6. more...
|> 7. more...
|> 8. more...
| 9. more...
| 10. more...
| 11. more...
| 12. more...
| 13. To much.

(^) The entire paragraph is hidden with an ellipsis.

Mister X wrote:
> This is a short quoted line that is always visible.
This is a reply to the line above.

we@always:show$ dpkg -l libdvdread3
Desired=Unknown/Install/Remove/Purge/Hold
| Status=Not/Installed/Config-files/Unpacked/Failed-co
|/ Err?=(none)/Hold/Reinst-required/X=both-problems
||/ Name Version Description
+++-==============-==============-====================
ii libdvdread3 0.9.7-2ubuntu1 library for reading DVDs

We like to show python too (V).

>>> import pytz
>>>
>>> # We will not hide Python interpreter
>>> # output with an ellipsis.
>>>
>>> fruit = []
>>> fruit.append(''apple'')
>>> citrus_fruit = [''orange'', ''lemon'', ''lime'']
>>> fruit.extend(citrus_fruit)
>>> fruit[:] fruit.sort()
>>> tz = pytz.timezone("Asia/Calcutta")
>>> mydate = datetime.datetime(2007, 2, 18, 15, 35)
>>> print tz.localize(mydate)
2007-02-18 15:35:00+05:30

We do not want to see signatures and END PGP.
We want to see two ellipses (V).

__PERSON SURNAME_______
person.surname@example.org
Guilty of stealing everything I am.

Version: GnuPG v1.4.1 (GNU/Linux)
Comment: Using GnuPG with Thunderbird

iD8DBQFED60Y0F+nu1YWqI0RAqrNAJ9hTww5vqDbxp4xJS8ek58W
T2PIWy0CUJsX8RXSt/M51WE=
=J2S5
', NULL, NULL);
INSERT INTO messagechunk (id, message, sequence, content, blob, fti) VALUES (39, 39, 1, 'Jokosher discloses to any passerby the fact that I am single and unwed in its actions portlet. Please fix this blatant violacion of privacy now!!', NULL, NULL);
INSERT INTO messagechunk (id, message, sequence, content, blob, fti) VALUES (40, 40, 1, 'Like this one, natch.', NULL, NULL);
INSERT INTO messagechunk (id, message, sequence, content, blob, fti) VALUES (41, 41, 1, '** Bug watch added: Debian Bug tracker #308994
   http://bugs.debian.org/cgi-bin/bugreport.cgi?bug=308994', NULL, NULL);
INSERT INTO messagechunk (id, message, sequence, content, blob, fti) VALUES (42, 42, 1, '** Also affects: thunderbird via
   http://bugs.debian.org/cgi-bin/bugreport.cgi?bug=308994
   Importance: Unknown
       Status: Unknown', NULL, NULL);
INSERT INTO messagechunk (id, message, sequence, content, blob, fti) VALUES (43, 43, 1, '** Changed in: thunderbird
       Status: Unknown => New', NULL, NULL);
INSERT INTO messagechunk (id, message, sequence, content, blob, fti) VALUES (44, 44, 1, 'Package: gnome-volume-manager
Version: 1.2.0-1
Severity: important

When gnome-volume-manager automounts a dvd+rw containing an fs in my dvd
burner on my system, the volume is unreadable, since it gets pmounted
rw, and blocks get changed. unmounting the volume reports a dirty
dvd+rw. the same volume is readable if mounted by hand with the
read-only flag.


I''ve filed a bug upstream for this, which is here:

http://bugzilla.gnome.org/show_bug.cgi?id=304070

but wanted it in the debian bug database for user and maintainer reference.


-j


Debian Release: 3.1
  APT prefers testing
  APT policy: (990, ''testing'')
Architecture: i386 (i686)
Kernel: Linux 2.6.10
Locale: LANG=en_US.UTF-8, LC_CTYPE=en_US.UTF-8 (charmap=UTF-8)

Versions of packages gnome-volume-manager depends on:
ii  dbus-1               0.23.2-3            simple interprocess
messaging syst
ii  dbus-glib-1          0.23.2-3            simple interprocess
messaging syst
ii  gconf2               2.8.1-5             GNOME configuration
database syste
ii  hal                  0.4.7-3             Hardware Abstraction Layer
ii  libart-2.0-2         2.3.17-1            Library of functions for 2D
graphi
ii  libatk1.0-0          1.8.0-4             The ATK accessibility toolkit
ii  libbonobo2-0         2.8.1-2             Bonobo CORBA interfaces library
ii  libbonoboui2-0       2.8.1-2             The Bonobo UI library
ii  libc6                2.3.2.ds1-21        GNU C Library: Shared
libraries an
ii  libgconf2-4          2.8.1-5             GNOME configuration
database syste
ii  libglade2-0          1:2.4.2-2           library to load .glade
files at ru
ii  libglib2.0-0         2.6.4-1             The GLib library of C routines
ii  libgnome2-0          2.8.1-2             The GNOME 2 library -
runtime file
ii  libgnomecanvas2-0    2.8.0-1             A powerful object-oriented
display
ii  libgnomeui-0         2.8.1-3             The GNOME 2 libraries (User
Interf
ii  libgnomevfs2-0       2.8.4-2             The GNOME virtual
file-system libr
ii  libgtk2.0-0          2.6.4-1             The GTK+ graphical user
interface
ii  libhal0              0.4.7-3             Hardware Abstraction Layer
- share
ii  libice6              4.3.0.dfsg.1-12.0.1 Inter-Client Exchange library
ii  liborbit2            1:2.12.1-1          libraries for ORBit2 - a
CORBA ORB
ii  libpango1.0-0        1.8.1-1             Layout and rendering of
internatio
ii  libpopt0             1.7-5               lib for parsing cmdline
parameters
ii  libsm6               4.3.0.dfsg.1-12.0.1 X Window System Session
Management
ii  libx11-6             4.3.0.dfsg.1-12.0.1 X Window System protocol
client li
ii  libxml2              2.6.16-4            GNOME XML library
ii  pmount               0.7.1-1             mount removable devices as
normal
ii  xlibs                4.3.0.dfsg.1-12     X Keyboard Extension (XKB)
configu
ii  zlib1g               1:1.2.2-3           compression library - runtime




', NULL, NULL);
INSERT INTO messagechunk (id, message, sequence, content, blob, fti) VALUES (45, 45, 1, 'reassign 308994 pmount
thanks, 

On Fri, May 13, 2005 at 06:37:37PM +0200, josh wrote:
> When gnome-volume-manager automounts a dvd+rw containing an fs in my dvd
> burner on my system, the volume is unreadable, since it gets pmounted
> rw, and blocks get changed. unmounting the volume reports a dirty
> dvd+rw. the same volume is readable if mounted by hand with the
> read-only flag.
> 

I guess that''s a pmount issue.. Although i don''t completely understand the 
issue (don''t have a dvd writer).

  Sjoerd
Air is water with holes in it.


', NULL, NULL);
INSERT INTO messagechunk (id, message, sequence, content, blob, fti) VALUES (46, 46, 1, 'reassign 308994 gnome-volume-manager

Sjoerd Simons wrote:
> reassign 308994 pmount
> thanks, 
> 
> On Fri, May 13, 2005 at 06:37:37PM +0200, josh wrote:
> 
>>When gnome-volume-manager automounts a dvd+rw containing an fs in my dvd
>>burner on my system, the volume is unreadable, since it gets pmounted
>>rw, and blocks get changed. unmounting the volume reports a dirty
>>dvd+rw. the same volume is readable if mounted by hand with the
>>read-only flag.
>>
> 
> 
> I guess that''s a pmount issue.. Although i don''t completely understand the 
> issue (don''t have a dvd writer).

hope you don''t mind my re-re-assigning back to you even though I''m not a
debian-developer.

It''s not a pmount thing, rather gnome-volume-manager has pmount
hardcoded into it:

josh@spleen:~$  strings /usr/bin/gnome-volume-manager | grep pmount
/usr/bin/pmount-hal %h
josh@spleen:~$

and it doesn''t let the user pass options to pmount. Also, the
gnome-volume-properties dialog has no option to set to mount volumes
read-only. This is a bug with how gnome-volume-manager uses pmount, not
with pmount itself.

I think instead of reassigning, you should mark as "forwarded to
upstream". I already filed the upsteam bug for you:

http://bugzilla.gnome.org/show_bug.cgi?id=304070


-josh


', NULL, NULL);
INSERT INTO messagechunk (id, message, sequence, content, blob, fti) VALUES (47, 47, 1, 'reassign 308994 pmount
thanks,

On Tue, May 17, 2005 at 09:24:25PM +0200, josh wrote:
> reassign 308994 gnome-volume-manager
> 
> Sjoerd Simons wrote:
> > reassign 308994 pmount
> > thanks, 
> > 
> > On Fri, May 13, 2005 at 06:37:37PM +0200, josh wrote:
> > 
> >>When gnome-volume-manager automounts a dvd+rw containing an fs in my dvd
> >>burner on my system, the volume is unreadable, since it gets pmounted
> >>rw, and blocks get changed. unmounting the volume reports a dirty
> >>dvd+rw. the same volume is readable if mounted by hand with the
> >>read-only flag.
> >>
> > 
> > 
> > I guess that''s a pmount issue.. Although i don''t completely understand the 
> > issue (don''t have a dvd writer).
> 
> hope you don''t mind my re-re-assigning back to you even though I''m not a
> debian-developer.
> 
> It''s not a pmount thing, rather gnome-volume-manager has pmount
> hardcoded into it:
> 
> josh@spleen:~$  strings /usr/bin/gnome-volume-manager | grep pmount
> /usr/bin/pmount-hal %h
> josh@spleen:~$
> 
> and it doesn''t let the user pass options to pmount. Also, the
> gnome-volume-properties dialog has no option to set to mount volumes
> read-only. This is a bug with how gnome-volume-manager uses pmount, not
> with pmount itself.

pmount-hal''s job is to figure out the right options, so it should
handle dvd+rw''s right. Worst-case it should be changed to decide mounting ro or
rw based on an hal property. 
  
> I think instead of reassigning, you should mark as "forwarded to
> upstream". I already filed the upsteam bug for you:
> 
> http://bugzilla.gnome.org/show_bug.cgi?id=304070

Upstream doesn''t use pmount, so it''s useless forwarding to upstream. Even more,
debian''s gnome-volume-manager is so heavily patched that reporting upstream is
basically useless.. (Not that upstream reacts to us anyway)

  Sjoerd
The clearest way into the Universe is through a forest wilderness.
		-- John Muir


', NULL, NULL);
INSERT INTO messagechunk (id, message, sequence, content, blob, fti) VALUES (48, 48, 1, 'Hi!

Usually CD-ROMs are handled in /etc/fstab, so this might not even be a
pmount bug. However, I do not understand the problem properly. Can you
please post your /etc/fstab and the output of "mount" here? This will
tell me the file system of your dvd (UDF, I suppose), and what you
changed in fstab.

Thanks,

Martin
Martin Pitt        http://www.piware.de
Ubuntu Developer   http://www.ubuntu.com
Debian Developer   http://www.debian.org
', NULL, NULL);
INSERT INTO messagechunk (id, message, sequence, content, blob, fti) VALUES (49, 48, 2, NULL, 80, NULL);
INSERT INTO messagechunk (id, message, sequence, content, blob, fti) VALUES (50, 49, 1, 'I''ll be happy to add the info you request to the bug report if it will
help, but I don''t think it will.

The gnome-volume-manager automounts media-volumes for users *without*
having a mountpoint exist or having any mountpoint info, etc,. in
/etc/fstab. The debian version uses hal, udev and pmount to do this.
gnome-volume-manager has pmount with fixed options hardcoded into it:

josh@spleen:~$  strings /usr/bin/gnome-volume-manager | grep pmount
/usr/bin/pmount-hal %h
josh@spleen:~$


The problem is that dvdrw''s get auto-pmounted by gnome-volume-manager in
rw mode, which makes the volume unreadable, since blocks get changed
when mount rw. unmounting the volume by hand in a terminal window
reports a dirty dvd+rw. the same volume is readable if mounted by hand
with the read-only flag.

Either gnome-volume-manager needs to be able to pass a read-only mount
flag to pmount when it automounts a dvdrw, or pmount/hal needs to detect
an rw and automagically mount readonly.

I didn''t change anything in fstab and there is no entry for cdroms or
similar in it (well, actually, I did change it...I removed all those
entries that I had added years ago to user mount cdroms, since
gnome-volume-manager mounts them for the user...), so this wouldn''t tell
you anything.

-j

Martin Pitt wrote:
> Hi!
> 
> Usually CD-ROMs are handled in /etc/fstab, so this might not even be a
> pmount bug. However, I do not understand the problem properly. Can you
> please post your /etc/fstab and the output of "mount" here? This will
> tell me the file system of your dvd (UDF, I suppose), and what you
> changed in fstab.
> 
> Thanks,
> 
> Martin




', NULL, NULL);


ALTER TABLE messagechunk ENABLE TRIGGER ALL;


ALTER TABLE milestone DISABLE TRIGGER ALL;

INSERT INTO milestone (id, product, name, distribution, dateexpected, active, productseries, distroseries, date_created, summary, codename) VALUES (1, 4, '1.0', NULL, '2056-10-16 18:31:44.293448', true, 1, NULL, '2006-10-16 18:31:44.293448', NULL, NULL);
INSERT INTO milestone (id, product, name, distribution, dateexpected, active, productseries, distroseries, date_created, summary, codename) VALUES (2, NULL, '3.1', 3, '2056-05-16 18:31:44.293448', true, NULL, 6, '2006-10-16 18:31:44.29574', NULL, NULL);
INSERT INTO milestone (id, product, name, distribution, dateexpected, active, productseries, distroseries, date_created, summary, codename) VALUES (3, NULL, '3.1-rc1', 3, '2056-02-16 18:31:44.293448', true, NULL, 6, '2006-10-16 18:31:44.29574', NULL, NULL);
INSERT INTO milestone (id, product, name, distribution, dateexpected, active, productseries, distroseries, date_created, summary, codename) VALUES (4, 4, '0.9.2', NULL, NULL, false, 1, NULL, '2009-03-02 18:31:45.594504', 'This was a security fix release for 0.9.', 'One (secure) Tree Hill');
INSERT INTO milestone (id, product, name, distribution, dateexpected, active, productseries, distroseries, date_created, summary, codename) VALUES (5, 4, '0.9.1', NULL, NULL, false, 1, NULL, '2009-03-02 18:31:45.594504', 'This was a bugfix release to patch up problems with the new extension system.', 'One Tree Hill (v2)');
INSERT INTO milestone (id, product, name, distribution, dateexpected, active, productseries, distroseries, date_created, summary, codename) VALUES (6, 4, '0.9', NULL, NULL, false, 1, NULL, '2009-03-02 18:31:45.594504', 'Release 0.9 of Firefox introduced a new theme as well as improved migration tools for people switching to Firefox.', 'One Tree Hill');
INSERT INTO milestone (id, product, name, distribution, dateexpected, active, productseries, distroseries, date_created, summary, codename) VALUES (7, 4, '1.0.0', NULL, NULL, false, 2, NULL, '2009-03-02 18:31:45.594504', 'After four years of work the Mozilla project makes its first public stable release. Mozilla 1.0.0 is a major milestone in open source history.', 'First Stable Release');
INSERT INTO milestone (id, product, name, distribution, dateexpected, active, productseries, distroseries, date_created, summary, codename) VALUES (8, 5, '2.1.6', NULL, NULL, false, 3, NULL, '2009-03-02 18:31:45.594504', '', NULL);
INSERT INTO milestone (id, product, name, distribution, dateexpected, active, productseries, distroseries, date_created, summary, codename) VALUES (9, 8, '0.8', NULL, NULL, false, 4, NULL, '2009-03-02 18:31:45.594504', '', NULL);
INSERT INTO milestone (id, product, name, distribution, dateexpected, active, productseries, distroseries, date_created, summary, codename) VALUES (10, 11, '1.0', NULL, NULL, false, 5, NULL, '2009-03-02 18:31:45.594504', '', NULL);
INSERT INTO milestone (id, product, name, distribution, dateexpected, active, productseries, distroseries, date_created, summary, codename) VALUES (11, 15, '1.0.9a', NULL, NULL, false, 8, NULL, '2009-03-02 18:31:45.594504', '', NULL);
INSERT INTO milestone (id, product, name, distribution, dateexpected, active, productseries, distroseries, date_created, summary, codename) VALUES (12, 15, '1.0.8', NULL, NULL, false, 8, NULL, '2009-03-02 18:31:45.594504', '', NULL);


ALTER TABLE milestone ENABLE TRIGGER ALL;


ALTER TABLE mirror DISABLE TRIGGER ALL;



ALTER TABLE mirror ENABLE TRIGGER ALL;


ALTER TABLE mirrorcdimagedistroseries DISABLE TRIGGER ALL;

INSERT INTO mirrorcdimagedistroseries (id, distribution_mirror, distroseries, flavour, date_created) VALUES (1, 6, 1, 'ubuntu', '2006-10-16 18:31:44.303183');
INSERT INTO mirrorcdimagedistroseries (id, distribution_mirror, distroseries, flavour, date_created) VALUES (2, 6, 1, 'kubuntu', '2006-10-16 18:31:44.304323');
INSERT INTO mirrorcdimagedistroseries (id, distribution_mirror, distroseries, flavour, date_created) VALUES (3, 6, 3, 'ubuntu', '2006-10-16 18:31:44.304693');
INSERT INTO mirrorcdimagedistroseries (id, distribution_mirror, distroseries, flavour, date_created) VALUES (4, 6, 3, 'edubuntu', '2006-10-16 18:31:44.305046');


ALTER TABLE mirrorcdimagedistroseries ENABLE TRIGGER ALL;


ALTER TABLE mirrorcontent DISABLE TRIGGER ALL;



ALTER TABLE mirrorcontent ENABLE TRIGGER ALL;


ALTER TABLE mirrordistroarchseries DISABLE TRIGGER ALL;

INSERT INTO mirrordistroarchseries (id, distribution_mirror, distroarchseries, freshness, pocket, component, date_created) VALUES (1, 7, 1, 2, 10, 1, '2006-10-16 18:31:44.309753');
INSERT INTO mirrordistroarchseries (id, distribution_mirror, distroarchseries, freshness, pocket, component, date_created) VALUES (2, 7, 1, 2, 10, 2, '2006-10-16 18:31:44.31093');
INSERT INTO mirrordistroarchseries (id, distribution_mirror, distroarchseries, freshness, pocket, component, date_created) VALUES (3, 7, 1, 3, 10, 3, '2006-10-16 18:31:44.311317');
INSERT INTO mirrordistroarchseries (id, distribution_mirror, distroarchseries, freshness, pocket, component, date_created) VALUES (4, 7, 6, 2, 10, 1, '2006-10-16 18:31:44.311687');


ALTER TABLE mirrordistroarchseries ENABLE TRIGGER ALL;


ALTER TABLE mirrordistroseriessource DISABLE TRIGGER ALL;

INSERT INTO mirrordistroseriessource (id, distribution_mirror, distroseries, freshness, pocket, component, date_created) VALUES (1, 7, 1, 1, 10, 1, '2006-10-16 18:31:44.314175');
INSERT INTO mirrordistroseriessource (id, distribution_mirror, distroseries, freshness, pocket, component, date_created) VALUES (2, 7, 3, 1, 10, 1, '2006-10-16 18:31:44.315297');
INSERT INTO mirrordistroseriessource (id, distribution_mirror, distroseries, freshness, pocket, component, date_created) VALUES (3, 7, 1, 4, 20, 1, '2006-10-16 18:31:44.315707');
INSERT INTO mirrordistroseriessource (id, distribution_mirror, distroseries, freshness, pocket, component, date_created) VALUES (4, 7, 3, 1, 20, 1, '2006-10-16 18:31:44.316079');
INSERT INTO mirrordistroseriessource (id, distribution_mirror, distroseries, freshness, pocket, component, date_created) VALUES (5, 7, 1, 2, 10, 2, '2006-10-16 18:31:44.316449');


ALTER TABLE mirrordistroseriessource ENABLE TRIGGER ALL;


ALTER TABLE mirrorproberecord DISABLE TRIGGER ALL;

INSERT INTO mirrorproberecord (id, distribution_mirror, log_file, date_created) VALUES (1, 6, 46, '2006-05-24 17:11:59.37369');
INSERT INTO mirrorproberecord (id, distribution_mirror, log_file, date_created) VALUES (2, 7, 47, '2006-05-24 17:12:03.714206');


ALTER TABLE mirrorproberecord ENABLE TRIGGER ALL;


ALTER TABLE mirrorsourcecontent DISABLE TRIGGER ALL;



ALTER TABLE mirrorsourcecontent ENABLE TRIGGER ALL;


ALTER TABLE nameblacklist DISABLE TRIGGER ALL;

INSERT INTO nameblacklist (id, regexp, comment) VALUES (1, 'blacklist', 'For testing purposes');
INSERT INTO nameblacklist (id, regexp, comment) VALUES (2, '^admin', NULL);


ALTER TABLE nameblacklist ENABLE TRIGGER ALL;


ALTER TABLE oauthaccesstoken DISABLE TRIGGER ALL;

INSERT INTO oauthaccesstoken (id, consumer, person, permission, date_created, date_expires, key, secret, product, project, distribution, sourcepackagename) VALUES (1, 1, 29, 20, '2008-03-18 20:57:44.710251', NULL, 'salgado-read-nonprivate', 'secret', NULL, NULL, NULL, NULL);
INSERT INTO oauthaccesstoken (id, consumer, person, permission, date_created, date_expires, key, secret, product, project, distribution, sourcepackagename) VALUES (2, 2, 29, 50, '2008-03-18 20:57:44.710251', NULL, 'salgado-change-anything', 'test', NULL, NULL, NULL, NULL);
INSERT INTO oauthaccesstoken (id, consumer, person, permission, date_created, date_expires, key, secret, product, project, distribution, sourcepackagename) VALUES (3, 2, 52, 20, '2008-05-19 21:36:47.994029', NULL, 'nopriv-read-nonprivate', 'mystery', NULL, NULL, NULL, NULL);


ALTER TABLE oauthaccesstoken ENABLE TRIGGER ALL;


ALTER TABLE oauthconsumer DISABLE TRIGGER ALL;

INSERT INTO oauthconsumer (id, date_created, disabled, key, secret) VALUES (1, '2008-03-18 20:57:19.108004', false, 'foobar123451432', '');
INSERT INTO oauthconsumer (id, date_created, disabled, key, secret) VALUES (2, '2008-03-18 20:57:44.710251', false, 'launchpad-library', '');


ALTER TABLE oauthconsumer ENABLE TRIGGER ALL;


ALTER TABLE oauthnonce DISABLE TRIGGER ALL;



ALTER TABLE oauthnonce ENABLE TRIGGER ALL;


ALTER TABLE oauthrequesttoken DISABLE TRIGGER ALL;



ALTER TABLE oauthrequesttoken ENABLE TRIGGER ALL;


ALTER TABLE officialbugtag DISABLE TRIGGER ALL;



ALTER TABLE officialbugtag ENABLE TRIGGER ALL;


ALTER TABLE openidassociation DISABLE TRIGGER ALL;



ALTER TABLE openidassociation ENABLE TRIGGER ALL;


ALTER TABLE openidauthorization DISABLE TRIGGER ALL;



ALTER TABLE openidauthorization ENABLE TRIGGER ALL;


ALTER TABLE openidconsumerassociation DISABLE TRIGGER ALL;



ALTER TABLE openidconsumerassociation ENABLE TRIGGER ALL;


ALTER TABLE openidconsumernonce DISABLE TRIGGER ALL;



ALTER TABLE openidconsumernonce ENABLE TRIGGER ALL;


ALTER TABLE openidnonce DISABLE TRIGGER ALL;



ALTER TABLE openidnonce ENABLE TRIGGER ALL;


ALTER TABLE openidrpconfig DISABLE TRIGGER ALL;



ALTER TABLE openidrpconfig ENABLE TRIGGER ALL;


ALTER TABLE openidrpsummary DISABLE TRIGGER ALL;

INSERT INTO openidrpsummary (id, account, openid_identifier, trust_root, date_created, date_last_used, total_logins) VALUES (1, 52, 'http://openid.launchpad.dev/+id/no-priv_old_oid', 'https://shop.canonical.com', '2008-01-01 13:01:01.000001', '2008-01-01 13:01:01.000001', 1);
INSERT INTO openidrpsummary (id, account, openid_identifier, trust_root, date_created, date_last_used, total_logins) VALUES (2, 70, 'http://openid.launchpad.dev/+id/former-user_oid', 'https://shop.canonical.com', '2008-01-05 14:01:01.000001', '2008-01-05 14:01:01.000001', 1);
INSERT INTO openidrpsummary (id, account, openid_identifier, trust_root, date_created, date_last_used, total_logins) VALUES (3, 52, 'http://openid.launchpad.dev/+id/no-priv_oid', 'https://shop.canonical.com', '2008-02-01 13:01:01.000001', '2008-04-01 18:01:01.000001', 3);
INSERT INTO openidrpsummary (id, account, openid_identifier, trust_root, date_created, date_last_used, total_logins) VALUES (4, 52, 'http://openid.launchpad.dev/+id/no-priv_oid', 'http://moodle.org', '2008-02-02 14:01:01.000001', '2008-02-02 14:01:01.000001', 1);
INSERT INTO openidrpsummary (id, account, openid_identifier, trust_root, date_created, date_last_used, total_logins) VALUES (5, 12, 'http://openid.launchpad.dev/+id/name12_oid', 'https://shop.canonical.com', '2008-02-04 13:01:01.000001', '2008-02-04 13:01:01.000001', 1);
INSERT INTO openidrpsummary (id, account, openid_identifier, trust_root, date_created, date_last_used, total_logins) VALUES (6, 55, 'http://openid.launchpad.dev/+id/marilize_oid', 'https://shop.canonical.com', '2008-01-12 13:01:01.000001', '2008-01-12 13:01:01.000001', 1);


ALTER TABLE openidrpsummary ENABLE TRIGGER ALL;


ALTER TABLE packagebugsupervisor DISABLE TRIGGER ALL;



ALTER TABLE packagebugsupervisor ENABLE TRIGGER ALL;


ALTER TABLE packagebuild DISABLE TRIGGER ALL;

INSERT INTO packagebuild (id, build_farm_job, archive, pocket, upload_log, dependencies) VALUES (1, 2, 1, 0, NULL, NULL);
INSERT INTO packagebuild (id, build_farm_job, archive, pocket, upload_log, dependencies) VALUES (2, 6, 1, 0, NULL, NULL);
INSERT INTO packagebuild (id, build_farm_job, archive, pocket, upload_log, dependencies) VALUES (3, 7, 1, 0, NULL, NULL);
INSERT INTO packagebuild (id, build_farm_job, archive, pocket, upload_log, dependencies) VALUES (4, 8, 1, 0, NULL, NULL);
INSERT INTO packagebuild (id, build_farm_job, archive, pocket, upload_log, dependencies) VALUES (5, 9, 1, 0, NULL, NULL);
INSERT INTO packagebuild (id, build_farm_job, archive, pocket, upload_log, dependencies) VALUES (6, 10, 1, 0, NULL, NULL);
INSERT INTO packagebuild (id, build_farm_job, archive, pocket, upload_log, dependencies) VALUES (7, 11, 1, 0, NULL, NULL);
INSERT INTO packagebuild (id, build_farm_job, archive, pocket, upload_log, dependencies) VALUES (8, 12, 1, 0, NULL, 'cpp (>= 4:4.0.1-3), gcc-4.0 (>= 4.0.1-2)');
INSERT INTO packagebuild (id, build_farm_job, archive, pocket, upload_log, dependencies) VALUES (9, 13, 1, 0, NULL, NULL);
INSERT INTO packagebuild (id, build_farm_job, archive, pocket, upload_log, dependencies) VALUES (10, 14, 1, 0, NULL, NULL);
INSERT INTO packagebuild (id, build_farm_job, archive, pocket, upload_log, dependencies) VALUES (11, 15, 1, 0, NULL, NULL);
INSERT INTO packagebuild (id, build_farm_job, archive, pocket, upload_log, dependencies) VALUES (12, 16, 1, 0, NULL, NULL);
INSERT INTO packagebuild (id, build_farm_job, archive, pocket, upload_log, dependencies) VALUES (13, 18, 1, 0, NULL, NULL);
INSERT INTO packagebuild (id, build_farm_job, archive, pocket, upload_log, dependencies) VALUES (14, 19, 1, 0, NULL, NULL);
INSERT INTO packagebuild (id, build_farm_job, archive, pocket, upload_log, dependencies) VALUES (15, 21, 1, 0, NULL, NULL);
INSERT INTO packagebuild (id, build_farm_job, archive, pocket, upload_log, dependencies) VALUES (16, 22, 1, 0, 91, NULL);
INSERT INTO packagebuild (id, build_farm_job, archive, pocket, upload_log, dependencies) VALUES (17, 23, 1, 0, NULL, NULL);
INSERT INTO packagebuild (id, build_farm_job, archive, pocket, upload_log, dependencies) VALUES (18, 24, 11, 0, NULL, NULL);
INSERT INTO packagebuild (id, build_farm_job, archive, pocket, upload_log, dependencies) VALUES (19, 25, 9, 0, NULL, NULL);
INSERT INTO packagebuild (id, build_farm_job, archive, pocket, upload_log, dependencies) VALUES (20, 26, 9, 0, NULL, NULL);
INSERT INTO packagebuild (id, build_farm_job, archive, pocket, upload_log, dependencies) VALUES (21, 27, 9, 0, NULL, NULL);
INSERT INTO packagebuild (id, build_farm_job, archive, pocket, upload_log, dependencies) VALUES (22, 28, 9, 0, NULL, NULL);
INSERT INTO packagebuild (id, build_farm_job, archive, pocket, upload_log, dependencies) VALUES (23, 29, 12, 0, NULL, NULL);
INSERT INTO packagebuild (id, build_farm_job, archive, pocket, upload_log, dependencies) VALUES (24, 30, 1, 0, NULL, NULL);


ALTER TABLE packagebuild ENABLE TRIGGER ALL;


ALTER TABLE packagecopyrequest DISABLE TRIGGER ALL;



ALTER TABLE packagecopyrequest ENABLE TRIGGER ALL;


ALTER TABLE packagediff DISABLE TRIGGER ALL;



ALTER TABLE packagediff ENABLE TRIGGER ALL;


ALTER TABLE packageselection DISABLE TRIGGER ALL;



ALTER TABLE packageselection ENABLE TRIGGER ALL;


ALTER TABLE packageset DISABLE TRIGGER ALL;



ALTER TABLE packageset ENABLE TRIGGER ALL;


ALTER TABLE packagesetgroup DISABLE TRIGGER ALL;



ALTER TABLE packagesetgroup ENABLE TRIGGER ALL;


ALTER TABLE packagesetinclusion DISABLE TRIGGER ALL;



ALTER TABLE packagesetinclusion ENABLE TRIGGER ALL;


ALTER TABLE packagesetsources DISABLE TRIGGER ALL;



ALTER TABLE packagesetsources ENABLE TRIGGER ALL;


ALTER TABLE packageupload DISABLE TRIGGER ALL;

INSERT INTO packageupload (id, status, distroseries, pocket, changesfile, date_created, signing_key, archive) VALUES (1, 0, 10, 0, 52, '2006-10-16 18:31:43.522813', NULL, 1);
INSERT INTO packageupload (id, status, distroseries, pocket, changesfile, date_created, signing_key, archive) VALUES (2, 0, 10, 0, 1, '2006-10-16 18:31:43.523987', NULL, 1);
INSERT INTO packageupload (id, status, distroseries, pocket, changesfile, date_created, signing_key, archive) VALUES (3, 0, 10, 0, 1, '2006-10-16 18:31:43.524367', NULL, 1);
INSERT INTO packageupload (id, status, distroseries, pocket, changesfile, date_created, signing_key, archive) VALUES (4, 0, 10, 0, 1, '2006-10-16 18:31:43.524734', NULL, 1);
INSERT INTO packageupload (id, status, distroseries, pocket, changesfile, date_created, signing_key, archive) VALUES (5, 1, 10, 20, 1, '2006-10-16 18:31:43.5251', NULL, 1);
INSERT INTO packageupload (id, status, distroseries, pocket, changesfile, date_created, signing_key, archive) VALUES (6, 0, 10, 0, 1, '2006-10-16 18:31:43.525466', NULL, 1);
INSERT INTO packageupload (id, status, distroseries, pocket, changesfile, date_created, signing_key, archive) VALUES (7, 0, 10, 0, 1, '2006-10-16 18:31:43.525832', NULL, 1);
INSERT INTO packageupload (id, status, distroseries, pocket, changesfile, date_created, signing_key, archive) VALUES (8, 1, 10, 0, 1, '2006-10-16 18:31:43.526197', NULL, 1);
INSERT INTO packageupload (id, status, distroseries, pocket, changesfile, date_created, signing_key, archive) VALUES (9, 1, 10, 0, 1, '2006-10-16 18:31:43.526624', NULL, 1);
INSERT INTO packageupload (id, status, distroseries, pocket, changesfile, date_created, signing_key, archive) VALUES (10, 1, 10, 40, 1, '2006-10-16 18:31:43.526624', NULL, 1);
INSERT INTO packageupload (id, status, distroseries, pocket, changesfile, date_created, signing_key, archive) VALUES (11, 3, 1, 0, 52, '2006-11-14 18:39:27.186515', NULL, 1);
INSERT INTO packageupload (id, status, distroseries, pocket, changesfile, date_created, signing_key, archive) VALUES (12, 1, 10, 30, 1, '2007-02-15 14:39:27.186515', NULL, 1);
INSERT INTO packageupload (id, status, distroseries, pocket, changesfile, date_created, signing_key, archive) VALUES (13, 3, 10, 0, 65, '2007-08-09 21:25:37.832976', NULL, 12);
INSERT INTO packageupload (id, status, distroseries, pocket, changesfile, date_created, signing_key, archive) VALUES (14, 3, 10, 0, 69, '2007-08-09 21:54:18.456616', NULL, 12);
INSERT INTO packageupload (id, status, distroseries, pocket, changesfile, date_created, signing_key, archive) VALUES (15, 3, 1, 0, 52, '2008-05-25 20:39:27.186515', NULL, 10);


ALTER TABLE packageupload ENABLE TRIGGER ALL;


ALTER TABLE packageuploadbuild DISABLE TRIGGER ALL;

INSERT INTO packageuploadbuild (id, packageupload, build, date_created) VALUES (1, 1, 18, '2006-10-16 18:31:43.529327');
INSERT INTO packageuploadbuild (id, packageupload, build, date_created) VALUES (2, 2, 19, '2006-10-16 18:31:43.530599');
INSERT INTO packageuploadbuild (id, packageupload, build, date_created) VALUES (3, 14, 27, '2007-08-09 21:54:18.456616');


ALTER TABLE packageuploadbuild ENABLE TRIGGER ALL;


ALTER TABLE packageuploadcustom DISABLE TRIGGER ALL;

INSERT INTO packageuploadcustom (id, packageupload, customformat, libraryfilealias, date_created) VALUES (1, 5, 1, 1, '2006-10-16 18:31:43.532702');
INSERT INTO packageuploadcustom (id, packageupload, customformat, libraryfilealias, date_created) VALUES (2, 6, 2, 1, '2006-10-16 18:31:43.533511');
INSERT INTO packageuploadcustom (id, packageupload, customformat, libraryfilealias, date_created) VALUES (3, 7, 3, 1, '2006-10-16 18:31:43.533853');
INSERT INTO packageuploadcustom (id, packageupload, customformat, libraryfilealias, date_created) VALUES (4, 10, 3, 1, '2006-10-16 18:31:43.533853');


ALTER TABLE packageuploadcustom ENABLE TRIGGER ALL;


ALTER TABLE packageuploadsource DISABLE TRIGGER ALL;

INSERT INTO packageuploadsource (id, packageupload, sourcepackagerelease, date_created) VALUES (1, 3, 17, '2006-10-16 18:31:43.536296');
INSERT INTO packageuploadsource (id, packageupload, sourcepackagerelease, date_created) VALUES (2, 4, 25, '2006-10-16 18:31:43.537586');
INSERT INTO packageuploadsource (id, packageupload, sourcepackagerelease, date_created) VALUES (3, 8, 30, '2006-10-16 18:31:43.53795');
INSERT INTO packageuploadsource (id, packageupload, sourcepackagerelease, date_created) VALUES (4, 9, 31, '2006-10-16 18:31:43.538319');
INSERT INTO packageuploadsource (id, packageupload, sourcepackagerelease, date_created) VALUES (5, 11, 14, '2006-11-14 18:40:09.479212');
INSERT INTO packageuploadsource (id, packageupload, sourcepackagerelease, date_created) VALUES (6, 12, 34, '2007-02-15 14:40:09.479212');
INSERT INTO packageuploadsource (id, packageupload, sourcepackagerelease, date_created) VALUES (7, 13, 36, '2007-08-09 21:25:37.832976');
INSERT INTO packageuploadsource (id, packageupload, sourcepackagerelease, date_created) VALUES (8, 15, 35, '2006-10-16 18:31:43.832976');


ALTER TABLE packageuploadsource ENABLE TRIGGER ALL;


ALTER TABLE packaging DISABLE TRIGGER ALL;

INSERT INTO packaging (packaging, id, sourcepackagename, distroseries, productseries, datecreated, owner, date_created) VALUES (1, 1, 1, 3, 2, '2005-07-05 14:20:26.577312', NULL, '2006-10-16 18:31:44.336247');
INSERT INTO packaging (packaging, id, sourcepackagename, distroseries, productseries, datecreated, owner, date_created) VALUES (1, 10, 19, 1, 8, '2005-09-15 11:55:38.640138', NULL, '2006-10-16 18:31:44.337965');
INSERT INTO packaging (packaging, id, sourcepackagename, distroseries, productseries, datecreated, owner, date_created) VALUES (1, 11, 19, 8, 8, '2005-09-15 11:55:48.109778', NULL, '2006-10-16 18:31:44.338488');
INSERT INTO packaging (packaging, id, sourcepackagename, distroseries, productseries, datecreated, owner, date_created) VALUES (1, 2, 9, 3, 3, '2005-07-05 14:20:26.577312', NULL, '2006-10-16 18:31:44.338912');
INSERT INTO packaging (packaging, id, sourcepackagename, distroseries, productseries, datecreated, owner, date_created) VALUES (1, 3, 10, 1, 5, '2005-07-05 14:20:26.577312', NULL, '2006-10-16 18:31:44.339361');
INSERT INTO packaging (packaging, id, sourcepackagename, distroseries, productseries, datecreated, owner, date_created) VALUES (1, 4, 9, 1, 3, '2005-07-05 14:20:26.577312', NULL, '2006-10-16 18:31:44.339782');
INSERT INTO packaging (packaging, id, sourcepackagename, distroseries, productseries, datecreated, owner, date_created) VALUES (1, 6, 10, 3, 5, '2005-07-05 14:20:26.577312', NULL, '2006-10-16 18:31:44.340203');
INSERT INTO packaging (packaging, id, sourcepackagename, distroseries, productseries, datecreated, owner, date_created) VALUES (1, 7, 15, 1, 6, '2005-07-05 14:20:26.577312', NULL, '2006-10-16 18:31:44.340624');
INSERT INTO packaging (packaging, id, sourcepackagename, distroseries, productseries, datecreated, owner, date_created) VALUES (1, 9, 1, 1, 1, '2005-07-05 14:20:26.577312', NULL, '2006-10-16 18:31:44.341055');


ALTER TABLE packaging ENABLE TRIGGER ALL;


ALTER TABLE parsedapachelog DISABLE TRIGGER ALL;



ALTER TABLE parsedapachelog ENABLE TRIGGER ALL;


ALTER TABLE person DISABLE TRIGGER ALL;

INSERT INTO person (id, displayname, teamowner, teamdescription, name, language, fti, defaultmembershipperiod, defaultrenewalperiod, subscriptionpolicy, merged, datecreated, homepage_content, icon, mugshot, hide_email_addresses, creation_rationale, creation_comment, registrant, logo, renewal_policy, personal_standing, personal_standing_reason, mail_resumption_date, mailing_list_auto_subscribe_policy, mailing_list_receive_duplicates, visibility, verbose_bugnotifications, account) VALUES (1, 'Mark Shuttleworth', NULL, NULL, 'mark', NULL, NULL, NULL, NULL, 1, NULL, '2005-06-06 08:59:51.591618', NULL, NULL, NULL, false, 8, NULL, NULL, NULL, 10, 0, NULL, NULL, 1, true, 1, false, 1);
INSERT INTO person (id, displayname, teamowner, teamdescription, name, language, fti, defaultmembershipperiod, defaultrenewalperiod, subscriptionpolicy, merged, datecreated, homepage_content, icon, mugshot, hide_email_addresses, creation_rationale, creation_comment, registrant, logo, renewal_policy, personal_standing, personal_standing_reason, mail_resumption_date, mailing_list_auto_subscribe_policy, mailing_list_receive_duplicates, visibility, verbose_bugnotifications, account) VALUES (2, 'Robert Collins', NULL, NULL, 'lifeless', NULL, NULL, NULL, NULL, 1, NULL, '2005-06-06 08:59:51.598107', NULL, NULL, NULL, false, 8, NULL, NULL, NULL, 10, 0, NULL, NULL, 1, true, 1, false, 2);
INSERT INTO person (id, displayname, teamowner, teamdescription, name, language, fti, defaultmembershipperiod, defaultrenewalperiod, subscriptionpolicy, merged, datecreated, homepage_content, icon, mugshot, hide_email_addresses, creation_rationale, creation_comment, registrant, logo, renewal_policy, personal_standing, personal_standing_reason, mail_resumption_date, mailing_list_auto_subscribe_policy, mailing_list_receive_duplicates, visibility, verbose_bugnotifications, account) VALUES (3, 'Dave Miller', NULL, NULL, 'justdave', NULL, NULL, NULL, NULL, 1, NULL, '2005-06-06 08:59:51.610048', NULL, NULL, NULL, false, 1, NULL, NULL, NULL, 10, 0, NULL, NULL, 1, true, 1, false, 3);
INSERT INTO person (id, displayname, teamowner, teamdescription, name, language, fti, defaultmembershipperiod, defaultrenewalperiod, subscriptionpolicy, merged, datecreated, homepage_content, icon, mugshot, hide_email_addresses, creation_rationale, creation_comment, registrant, logo, renewal_policy, personal_standing, personal_standing_reason, mail_resumption_date, mailing_list_auto_subscribe_policy, mailing_list_receive_duplicates, visibility, verbose_bugnotifications, account) VALUES (4, 'Colin Watson', NULL, NULL, 'kamion', NULL, NULL, NULL, NULL, 1, NULL, '2005-06-06 08:59:51.611185', NULL, NULL, NULL, false, 8, NULL, NULL, NULL, 10, 0, NULL, NULL, 1, true, 1, false, 4);
INSERT INTO person (id, displayname, teamowner, teamdescription, name, language, fti, defaultmembershipperiod, defaultrenewalperiod, subscriptionpolicy, merged, datecreated, homepage_content, icon, mugshot, hide_email_addresses, creation_rationale, creation_comment, registrant, logo, renewal_policy, personal_standing, personal_standing_reason, mail_resumption_date, mailing_list_auto_subscribe_policy, mailing_list_receive_duplicates, visibility, verbose_bugnotifications, account) VALUES (5, 'Scott James Remnant', NULL, NULL, 'keybuk', NULL, NULL, NULL, NULL, 1, NULL, '2005-06-06 08:59:51.608802', NULL, NULL, NULL, false, 1, NULL, NULL, NULL, 10, 0, NULL, NULL, 1, true, 1, false, 5);
INSERT INTO person (id, displayname, teamowner, teamdescription, name, language, fti, defaultmembershipperiod, defaultrenewalperiod, subscriptionpolicy, merged, datecreated, homepage_content, icon, mugshot, hide_email_addresses, creation_rationale, creation_comment, registrant, logo, renewal_policy, personal_standing, personal_standing_reason, mail_resumption_date, mailing_list_auto_subscribe_policy, mailing_list_receive_duplicates, visibility, verbose_bugnotifications, account) VALUES (6, 'Jeff Waugh', NULL, NULL, 'jdub', NULL, NULL, NULL, NULL, 1, NULL, '2005-06-06 08:59:51.600523', NULL, NULL, NULL, false, 8, NULL, NULL, NULL, 10, 0, NULL, NULL, 1, true, 1, false, 6);
INSERT INTO person (id, displayname, teamowner, teamdescription, name, language, fti, defaultmembershipperiod, defaultrenewalperiod, subscriptionpolicy, merged, datecreated, homepage_content, icon, mugshot, hide_email_addresses, creation_rationale, creation_comment, registrant, logo, renewal_policy, personal_standing, personal_standing_reason, mail_resumption_date, mailing_list_auto_subscribe_policy, mailing_list_receive_duplicates, visibility, verbose_bugnotifications, account) VALUES (7, 'Andrew Bennetts', NULL, NULL, 'spiv', NULL, NULL, NULL, NULL, 1, NULL, '2005-06-06 08:59:51.551196', NULL, NULL, NULL, false, 2, 'when importing bugs from http://bugzilla.ubuntu.com/', NULL, NULL, 10, 0, NULL, NULL, 1, true, 1, false, 7);
INSERT INTO person (id, displayname, teamowner, teamdescription, name, language, fti, defaultmembershipperiod, defaultrenewalperiod, subscriptionpolicy, merged, datecreated, homepage_content, icon, mugshot, hide_email_addresses, creation_rationale, creation_comment, registrant, logo, renewal_policy, personal_standing, personal_standing_reason, mail_resumption_date, mailing_list_auto_subscribe_policy, mailing_list_receive_duplicates, visibility, verbose_bugnotifications, account) VALUES (8, 'James Blackwell', NULL, NULL, 'jblack', NULL, NULL, NULL, NULL, 1, NULL, '2005-06-06 08:59:51.601584', NULL, NULL, NULL, false, 8, NULL, NULL, NULL, 10, 0, NULL, NULL, 1, true, 1, false, 8);
INSERT INTO person (id, displayname, teamowner, teamdescription, name, language, fti, defaultmembershipperiod, defaultrenewalperiod, subscriptionpolicy, merged, datecreated, homepage_content, icon, mugshot, hide_email_addresses, creation_rationale, creation_comment, registrant, logo, renewal_policy, personal_standing, personal_standing_reason, mail_resumption_date, mailing_list_auto_subscribe_policy, mailing_list_receive_duplicates, visibility, verbose_bugnotifications, account) VALUES (9, 'Christian Reis', NULL, NULL, 'kiko', NULL, NULL, NULL, NULL, 1, NULL, '2005-06-06 08:59:51.594941', NULL, NULL, NULL, false, 1, NULL, NULL, NULL, 10, 0, NULL, NULL, 1, true, 1, false, 9);
INSERT INTO person (id, displayname, teamowner, teamdescription, name, language, fti, defaultmembershipperiod, defaultrenewalperiod, subscriptionpolicy, merged, datecreated, homepage_content, icon, mugshot, hide_email_addresses, creation_rationale, creation_comment, registrant, logo, renewal_policy, personal_standing, personal_standing_reason, mail_resumption_date, mailing_list_auto_subscribe_policy, mailing_list_receive_duplicates, visibility, verbose_bugnotifications, account) VALUES (10, 'Alexander Limi', NULL, NULL, 'limi', NULL, NULL, NULL, NULL, 1, NULL, '2005-06-06 08:59:51.619713', NULL, NULL, NULL, false, 2, 'when importing bugs from http://bugzilla.ubuntu.com/', NULL, NULL, 10, 0, NULL, NULL, 1, true, 1, false, 10);
INSERT INTO person (id, displayname, teamowner, teamdescription, name, language, fti, defaultmembershipperiod, defaultrenewalperiod, subscriptionpolicy, merged, datecreated, homepage_content, icon, mugshot, hide_email_addresses, creation_rationale, creation_comment, registrant, logo, renewal_policy, personal_standing, personal_standing_reason, mail_resumption_date, mailing_list_auto_subscribe_policy, mailing_list_receive_duplicates, visibility, verbose_bugnotifications, account) VALUES (11, 'Steve Alexander', NULL, NULL, 'stevea', NULL, NULL, NULL, NULL, 1, NULL, '2005-06-06 08:59:51.599234', NULL, NULL, NULL, false, 8, NULL, NULL, NULL, 10, 0, NULL, NULL, 1, true, 1, false, 11);
INSERT INTO person (id, displayname, teamowner, teamdescription, name, language, fti, defaultmembershipperiod, defaultrenewalperiod, subscriptionpolicy, merged, datecreated, homepage_content, icon, mugshot, hide_email_addresses, creation_rationale, creation_comment, registrant, logo, renewal_policy, personal_standing, personal_standing_reason, mail_resumption_date, mailing_list_auto_subscribe_policy, mailing_list_receive_duplicates, visibility, verbose_bugnotifications, account) VALUES (12, 'Sample Person', NULL, NULL, 'name12', NULL, NULL, NULL, NULL, 1, NULL, '2005-06-06 08:59:51.612277', NULL, NULL, NULL, true, 8, NULL, NULL, NULL, 10, 0, NULL, NULL, 1, true, 1, false, 12);
INSERT INTO person (id, displayname, teamowner, teamdescription, name, language, fti, defaultmembershipperiod, defaultrenewalperiod, subscriptionpolicy, merged, datecreated, homepage_content, icon, mugshot, hide_email_addresses, creation_rationale, creation_comment, registrant, logo, renewal_policy, personal_standing, personal_standing_reason, mail_resumption_date, mailing_list_auto_subscribe_policy, mailing_list_receive_duplicates, visibility, verbose_bugnotifications, account) VALUES (13, 'Carlos Perelló Marín', NULL, NULL, 'carlos', NULL, NULL, NULL, NULL, 1, NULL, '2005-06-06 08:59:51.615543', NULL, NULL, NULL, false, 8, NULL, NULL, NULL, 10, 0, NULL, NULL, 1, true, 1, false, 13);
INSERT INTO person (id, displayname, teamowner, teamdescription, name, language, fti, defaultmembershipperiod, defaultrenewalperiod, subscriptionpolicy, merged, datecreated, homepage_content, icon, mugshot, hide_email_addresses, creation_rationale, creation_comment, registrant, logo, renewal_policy, personal_standing, personal_standing_reason, mail_resumption_date, mailing_list_auto_subscribe_policy, mailing_list_receive_duplicates, visibility, verbose_bugnotifications, account) VALUES (14, 'Dafydd Harries', NULL, NULL, 'daf', NULL, NULL, NULL, NULL, 1, NULL, '2005-06-06 08:59:51.616666', NULL, NULL, NULL, false, 8, NULL, NULL, NULL, 10, 0, NULL, NULL, 1, true, 1, false, 14);
INSERT INTO person (id, displayname, teamowner, teamdescription, name, language, fti, defaultmembershipperiod, defaultrenewalperiod, subscriptionpolicy, merged, datecreated, homepage_content, icon, mugshot, hide_email_addresses, creation_rationale, creation_comment, registrant, logo, renewal_policy, personal_standing, personal_standing_reason, mail_resumption_date, mailing_list_auto_subscribe_policy, mailing_list_receive_duplicates, visibility, verbose_bugnotifications, account) VALUES (16, 'Foo Bar', NULL, NULL, 'name16', NULL, NULL, NULL, NULL, 1, NULL, '2005-06-06 08:59:51.593849', NULL, NULL, NULL, false, 8, NULL, NULL, NULL, 10, 0, NULL, NULL, 1, true, 1, false, 16);
INSERT INTO person (id, displayname, teamowner, teamdescription, name, language, fti, defaultmembershipperiod, defaultrenewalperiod, subscriptionpolicy, merged, datecreated, homepage_content, icon, mugshot, hide_email_addresses, creation_rationale, creation_comment, registrant, logo, renewal_policy, personal_standing, personal_standing_reason, mail_resumption_date, mailing_list_auto_subscribe_policy, mailing_list_receive_duplicates, visibility, verbose_bugnotifications, account) VALUES (17, 'Ubuntu Team', 1, 'This Team is responsible for the Ubuntu Distribution', 'ubuntu-team', NULL, NULL, NULL, NULL, 1, NULL, '2005-06-06 08:59:51.60576', NULL, NULL, NULL, false, NULL, NULL, NULL, NULL, 10, 0, NULL, NULL, 1, true, 1, false, NULL);
INSERT INTO person (id, displayname, teamowner, teamdescription, name, language, fti, defaultmembershipperiod, defaultrenewalperiod, subscriptionpolicy, merged, datecreated, homepage_content, icon, mugshot, hide_email_addresses, creation_rationale, creation_comment, registrant, logo, renewal_policy, personal_standing, personal_standing_reason, mail_resumption_date, mailing_list_auto_subscribe_policy, mailing_list_receive_duplicates, visibility, verbose_bugnotifications, account) VALUES (18, 'Ubuntu Gnome Team', 1, 'This Team is responsible for the GNOME releases Issues on whole Ubuntu Distribution', 'name18', NULL, NULL, NULL, NULL, 1, NULL, '2005-06-06 08:59:51.607744', NULL, NULL, NULL, false, NULL, NULL, NULL, NULL, 10, 0, NULL, NULL, 1, true, 1, false, NULL);
INSERT INTO person (id, displayname, teamowner, teamdescription, name, language, fti, defaultmembershipperiod, defaultrenewalperiod, subscriptionpolicy, merged, datecreated, homepage_content, icon, mugshot, hide_email_addresses, creation_rationale, creation_comment, registrant, logo, renewal_policy, personal_standing, personal_standing_reason, mail_resumption_date, mailing_list_auto_subscribe_policy, mailing_list_receive_duplicates, visibility, verbose_bugnotifications, account) VALUES (19, 'Warty Gnome Team', 1, 'This Team is responsible for GNOME release Issues on Warty Distribution Release', 'warty-gnome', NULL, NULL, NULL, NULL, 1, NULL, '2005-06-06 08:59:51.602661', NULL, NULL, NULL, false, NULL, NULL, NULL, NULL, 10, 0, NULL, NULL, 1, true, 1, false, NULL);
INSERT INTO person (id, displayname, teamowner, teamdescription, name, language, fti, defaultmembershipperiod, defaultrenewalperiod, subscriptionpolicy, merged, datecreated, homepage_content, icon, mugshot, hide_email_addresses, creation_rationale, creation_comment, registrant, logo, renewal_policy, personal_standing, personal_standing_reason, mail_resumption_date, mailing_list_auto_subscribe_policy, mailing_list_receive_duplicates, visibility, verbose_bugnotifications, account) VALUES (20, 'Warty Security Team', 1, 'This Team is responsible for Security Issues on Warty Distribution Release', 'name20', NULL, NULL, NULL, NULL, 1, NULL, '2005-06-06 08:59:51.614468', NULL, NULL, NULL, false, NULL, NULL, NULL, NULL, 10, 0, NULL, NULL, 1, true, 1, false, NULL);
INSERT INTO person (id, displayname, teamowner, teamdescription, name, language, fti, defaultmembershipperiod, defaultrenewalperiod, subscriptionpolicy, merged, datecreated, homepage_content, icon, mugshot, hide_email_addresses, creation_rationale, creation_comment, registrant, logo, renewal_policy, personal_standing, personal_standing_reason, mail_resumption_date, mailing_list_auto_subscribe_policy, mailing_list_receive_duplicates, visibility, verbose_bugnotifications, account) VALUES (21, 'Hoary Gnome Team', 1, 'This team is responsible for Security Issues on Hoary Distribution Release', 'name21', NULL, NULL, NULL, NULL, 1, NULL, '2005-06-06 08:59:51.603691', NULL, NULL, NULL, false, NULL, NULL, NULL, NULL, 10, 0, NULL, NULL, 1, true, 1, false, NULL);
INSERT INTO person (id, displayname, teamowner, teamdescription, name, language, fti, defaultmembershipperiod, defaultrenewalperiod, subscriptionpolicy, merged, datecreated, homepage_content, icon, mugshot, hide_email_addresses, creation_rationale, creation_comment, registrant, logo, renewal_policy, personal_standing, personal_standing_reason, mail_resumption_date, mailing_list_auto_subscribe_policy, mailing_list_receive_duplicates, visibility, verbose_bugnotifications, account) VALUES (22, 'Stuart Bishop', NULL, NULL, 'stub', NULL, NULL, NULL, NULL, 1, NULL, '2005-06-06 08:59:51.59276', NULL, NULL, NULL, false, 8, NULL, NULL, NULL, 10, 0, NULL, NULL, 1, true, 1, false, 22);
INSERT INTO person (id, displayname, teamowner, teamdescription, name, language, fti, defaultmembershipperiod, defaultrenewalperiod, subscriptionpolicy, merged, datecreated, homepage_content, icon, mugshot, hide_email_addresses, creation_rationale, creation_comment, registrant, logo, renewal_policy, personal_standing, personal_standing_reason, mail_resumption_date, mailing_list_auto_subscribe_policy, mailing_list_receive_duplicates, visibility, verbose_bugnotifications, account) VALUES (23, 'David Allouche', NULL, NULL, 'ddaa', NULL, NULL, NULL, NULL, 1, NULL, '2005-06-06 08:59:51.620823', NULL, NULL, NULL, false, 8, NULL, NULL, NULL, 10, 0, NULL, NULL, 1, true, 1, true, 23);
INSERT INTO person (id, displayname, teamowner, teamdescription, name, language, fti, defaultmembershipperiod, defaultrenewalperiod, subscriptionpolicy, merged, datecreated, homepage_content, icon, mugshot, hide_email_addresses, creation_rationale, creation_comment, registrant, logo, renewal_policy, personal_standing, personal_standing_reason, mail_resumption_date, mailing_list_auto_subscribe_policy, mailing_list_receive_duplicates, visibility, verbose_bugnotifications, account) VALUES (24, 'VCS imports', 2, 'Owner of branches imported from non-bzr VCS', 'vcs-imports', NULL, NULL, NULL, NULL, 1, NULL, '2005-06-06 08:59:51.604746', NULL, NULL, NULL, false, NULL, NULL, NULL, NULL, 10, 0, NULL, NULL, 1, true, 1, false, NULL);
INSERT INTO person (id, displayname, teamowner, teamdescription, name, language, fti, defaultmembershipperiod, defaultrenewalperiod, subscriptionpolicy, merged, datecreated, homepage_content, icon, mugshot, hide_email_addresses, creation_rationale, creation_comment, registrant, logo, renewal_policy, personal_standing, personal_standing_reason, mail_resumption_date, mailing_list_auto_subscribe_policy, mailing_list_receive_duplicates, visibility, verbose_bugnotifications, account) VALUES (25, 'Launchpad Administrators', 1, 'Launchpad Administrators', 'admins', NULL, NULL, NULL, NULL, 1, NULL, '2005-06-06 08:59:51.571899', NULL, NULL, NULL, false, NULL, NULL, NULL, NULL, 10, 0, NULL, NULL, 1, true, 1, false, NULL);
INSERT INTO person (id, displayname, teamowner, teamdescription, name, language, fti, defaultmembershipperiod, defaultrenewalperiod, subscriptionpolicy, merged, datecreated, homepage_content, icon, mugshot, hide_email_addresses, creation_rationale, creation_comment, registrant, logo, renewal_policy, personal_standing, personal_standing_reason, mail_resumption_date, mailing_list_auto_subscribe_policy, mailing_list_receive_duplicates, visibility, verbose_bugnotifications, account) VALUES (26, 'Daniel Silverstone', NULL, NULL, 'kinnison', NULL, NULL, NULL, NULL, 1, NULL, '2005-06-06 08:59:51.618722', NULL, NULL, NULL, false, 2, 'when importing bugs from http://bugzilla.ubuntu.com/', NULL, NULL, 10, 0, NULL, NULL, 1, true, 1, false, 26);
INSERT INTO person (id, displayname, teamowner, teamdescription, name, language, fti, defaultmembershipperiod, defaultrenewalperiod, subscriptionpolicy, merged, datecreated, homepage_content, icon, mugshot, hide_email_addresses, creation_rationale, creation_comment, registrant, logo, renewal_policy, personal_standing, personal_standing_reason, mail_resumption_date, mailing_list_auto_subscribe_policy, mailing_list_receive_duplicates, visibility, verbose_bugnotifications, account) VALUES (27, 'Daniel Henrique Debonzi', NULL, NULL, 'debonzi', NULL, NULL, NULL, NULL, 1, NULL, '2005-06-06 08:59:51.557224', NULL, NULL, NULL, false, 8, NULL, NULL, NULL, 10, 0, NULL, NULL, 1, true, 1, false, 27);
INSERT INTO person (id, displayname, teamowner, teamdescription, name, language, fti, defaultmembershipperiod, defaultrenewalperiod, subscriptionpolicy, merged, datecreated, homepage_content, icon, mugshot, hide_email_addresses, creation_rationale, creation_comment, registrant, logo, renewal_policy, personal_standing, personal_standing_reason, mail_resumption_date, mailing_list_auto_subscribe_policy, mailing_list_receive_duplicates, visibility, verbose_bugnotifications, account) VALUES (28, 'Celso Providelo', NULL, NULL, 'cprov', NULL, NULL, NULL, NULL, 1, NULL, '2005-06-06 08:59:51.59705', NULL, NULL, NULL, false, 8, NULL, NULL, NULL, 10, 0, NULL, NULL, 1, true, 1, false, 28);
INSERT INTO person (id, displayname, teamowner, teamdescription, name, language, fti, defaultmembershipperiod, defaultrenewalperiod, subscriptionpolicy, merged, datecreated, homepage_content, icon, mugshot, hide_email_addresses, creation_rationale, creation_comment, registrant, logo, renewal_policy, personal_standing, personal_standing_reason, mail_resumption_date, mailing_list_auto_subscribe_policy, mailing_list_receive_duplicates, visibility, verbose_bugnotifications, account) VALUES (29, 'Guilherme Salgado', NULL, NULL, 'salgado', NULL, NULL, NULL, NULL, 1, NULL, '2005-06-06 08:59:51.596025', NULL, NULL, NULL, false, 8, NULL, NULL, NULL, 10, 0, NULL, NULL, 1, true, 1, false, 29);
INSERT INTO person (id, displayname, teamowner, teamdescription, name, language, fti, defaultmembershipperiod, defaultrenewalperiod, subscriptionpolicy, merged, datecreated, homepage_content, icon, mugshot, hide_email_addresses, creation_rationale, creation_comment, registrant, logo, renewal_policy, personal_standing, personal_standing_reason, mail_resumption_date, mailing_list_auto_subscribe_policy, mailing_list_receive_duplicates, visibility, verbose_bugnotifications, account) VALUES (30, 'Rosetta Administrators', 25, 'Rosetta Administrators', 'rosetta-admins', NULL, NULL, NULL, NULL, 1, NULL, '2005-06-06 08:59:51.613368', NULL, NULL, NULL, false, NULL, NULL, NULL, NULL, 10, 0, NULL, NULL, 1, true, 1, false, NULL);
INSERT INTO person (id, displayname, teamowner, teamdescription, name, language, fti, defaultmembershipperiod, defaultrenewalperiod, subscriptionpolicy, merged, datecreated, homepage_content, icon, mugshot, hide_email_addresses, creation_rationale, creation_comment, registrant, logo, renewal_policy, personal_standing, personal_standing_reason, mail_resumption_date, mailing_list_auto_subscribe_policy, mailing_list_receive_duplicates, visibility, verbose_bugnotifications, account) VALUES (31, 'Ubuntu Translators', 30, 'Ubuntu Translators', 'ubuntu-translators', NULL, NULL, NULL, NULL, 1, NULL, '2005-06-06 08:59:51.617651', NULL, NULL, NULL, false, NULL, NULL, NULL, NULL, 10, 0, NULL, NULL, 1, true, 1, false, NULL);
INSERT INTO person (id, displayname, teamowner, teamdescription, name, language, fti, defaultmembershipperiod, defaultrenewalperiod, subscriptionpolicy, merged, datecreated, homepage_content, icon, mugshot, hide_email_addresses, creation_rationale, creation_comment, registrant, logo, renewal_policy, personal_standing, personal_standing_reason, mail_resumption_date, mailing_list_auto_subscribe_policy, mailing_list_receive_duplicates, visibility, verbose_bugnotifications, account) VALUES (32, 'GuadaMen', 16, 'The guadalinex maintainers team', 'guadamen', NULL, NULL, 700, 300, 1, NULL, '2005-06-06 08:59:51.606755', NULL, NULL, NULL, false, NULL, NULL, NULL, NULL, 10, 0, NULL, NULL, 1, true, 1, false, NULL);
INSERT INTO person (id, displayname, teamowner, teamdescription, name, language, fti, defaultmembershipperiod, defaultrenewalperiod, subscriptionpolicy, merged, datecreated, homepage_content, icon, mugshot, hide_email_addresses, creation_rationale, creation_comment, registrant, logo, renewal_policy, personal_standing, personal_standing_reason, mail_resumption_date, mailing_list_auto_subscribe_policy, mailing_list_receive_duplicates, visibility, verbose_bugnotifications, account) VALUES (33, 'Edgar Bursic', NULL, NULL, 'edgar', NULL, NULL, NULL, NULL, 1, NULL, '2005-06-06 08:59:51.621892', NULL, NULL, NULL, false, 8, NULL, NULL, NULL, 10, 0, NULL, NULL, 1, true, 1, false, 33);
INSERT INTO person (id, displayname, teamowner, teamdescription, name, language, fti, defaultmembershipperiod, defaultrenewalperiod, subscriptionpolicy, merged, datecreated, homepage_content, icon, mugshot, hide_email_addresses, creation_rationale, creation_comment, registrant, logo, renewal_policy, personal_standing, personal_standing_reason, mail_resumption_date, mailing_list_auto_subscribe_policy, mailing_list_receive_duplicates, visibility, verbose_bugnotifications, account) VALUES (34, 'Jordi Vilalta', NULL, NULL, 'jvprat', NULL, NULL, NULL, NULL, 1, NULL, '2005-06-06 08:59:51.622908', NULL, NULL, NULL, false, 4, 'when importing the Catalan (ca) translation of pmount in Ubuntu Hoary package "pmount"', NULL, NULL, 10, 0, NULL, NULL, 1, true, 1, false, 34);
INSERT INTO person (id, displayname, teamowner, teamdescription, name, language, fti, defaultmembershipperiod, defaultrenewalperiod, subscriptionpolicy, merged, datecreated, homepage_content, icon, mugshot, hide_email_addresses, creation_rationale, creation_comment, registrant, logo, renewal_policy, personal_standing, personal_standing_reason, mail_resumption_date, mailing_list_auto_subscribe_policy, mailing_list_receive_duplicates, visibility, verbose_bugnotifications, account) VALUES (35, 'Sigurd Gartmann', NULL, NULL, 'sigurd-ubuntu', NULL, NULL, NULL, NULL, 1, NULL, '2005-06-06 08:59:51.623962', NULL, NULL, NULL, false, 4, 'when importing the Norwegian Bokmål (nb) translation of pmount in Ubuntu Hoary package "pmount"', NULL, NULL, 10, 0, NULL, NULL, 1, true, 1, false, 35);
INSERT INTO person (id, displayname, teamowner, teamdescription, name, language, fti, defaultmembershipperiod, defaultrenewalperiod, subscriptionpolicy, merged, datecreated, homepage_content, icon, mugshot, hide_email_addresses, creation_rationale, creation_comment, registrant, logo, renewal_policy, personal_standing, personal_standing_reason, mail_resumption_date, mailing_list_auto_subscribe_policy, mailing_list_receive_duplicates, visibility, verbose_bugnotifications, account) VALUES (36, 'Vlastimil Skacel', NULL, NULL, 'skacel', NULL, NULL, NULL, NULL, 1, NULL, '2005-06-06 08:59:51.5244', NULL, NULL, NULL, false, 4, 'when importing the Czech (cs) translation of pmount in Ubuntu Hoary package "pmount"', NULL, NULL, 10, 0, NULL, NULL, 1, true, 1, false, 36);
INSERT INTO person (id, displayname, teamowner, teamdescription, name, language, fti, defaultmembershipperiod, defaultrenewalperiod, subscriptionpolicy, merged, datecreated, homepage_content, icon, mugshot, hide_email_addresses, creation_rationale, creation_comment, registrant, logo, renewal_policy, personal_standing, personal_standing_reason, mail_resumption_date, mailing_list_auto_subscribe_policy, mailing_list_receive_duplicates, visibility, verbose_bugnotifications, account) VALUES (37, 'Daniel Aguayo', NULL, NULL, 'danner', NULL, NULL, NULL, NULL, 1, NULL, '2005-06-06 08:59:51.549651', NULL, NULL, NULL, false, 8, NULL, NULL, NULL, 10, 0, NULL, NULL, 1, true, 1, false, 37);
INSERT INTO person (id, displayname, teamowner, teamdescription, name, language, fti, defaultmembershipperiod, defaultrenewalperiod, subscriptionpolicy, merged, datecreated, homepage_content, icon, mugshot, hide_email_addresses, creation_rationale, creation_comment, registrant, logo, renewal_policy, personal_standing, personal_standing_reason, mail_resumption_date, mailing_list_auto_subscribe_policy, mailing_list_receive_duplicates, visibility, verbose_bugnotifications, account) VALUES (38, 'Martin Pitt', NULL, NULL, 'martin-pitt', NULL, NULL, NULL, NULL, 1, NULL, '2005-06-06 08:59:51.555051', NULL, NULL, NULL, false, 4, 'when importing the German (de) translation of pmount in Ubuntu Hoary package "pmount"', NULL, NULL, 10, 0, NULL, NULL, 1, true, 1, false, 38);
INSERT INTO person (id, displayname, teamowner, teamdescription, name, language, fti, defaultmembershipperiod, defaultrenewalperiod, subscriptionpolicy, merged, datecreated, homepage_content, icon, mugshot, hide_email_addresses, creation_rationale, creation_comment, registrant, logo, renewal_policy, personal_standing, personal_standing_reason, mail_resumption_date, mailing_list_auto_subscribe_policy, mailing_list_receive_duplicates, visibility, verbose_bugnotifications, account) VALUES (39, 'Nicolas Velin', NULL, NULL, 'nsv', NULL, NULL, NULL, NULL, 1, NULL, '2005-06-06 08:59:51.556132', NULL, NULL, NULL, false, 4, 'when importing the French (fr) translation of pmount in Ubuntu Hoary package "pmount"', NULL, NULL, 10, 0, NULL, NULL, 1, true, 1, false, 39);
INSERT INTO person (id, displayname, teamowner, teamdescription, name, language, fti, defaultmembershipperiod, defaultrenewalperiod, subscriptionpolicy, merged, datecreated, homepage_content, icon, mugshot, hide_email_addresses, creation_rationale, creation_comment, registrant, logo, renewal_policy, personal_standing, personal_standing_reason, mail_resumption_date, mailing_list_auto_subscribe_policy, mailing_list_receive_duplicates, visibility, verbose_bugnotifications, account) VALUES (40, 'Francesco Accattapà', NULL, NULL, 'callipeo', NULL, NULL, NULL, NULL, 1, NULL, '2005-06-06 08:59:51.558429', NULL, NULL, NULL, false, 4, 'when importing the Italian (Italy) (it_IT) translation of pmount in Ubuntu Hoary package "pmount"', NULL, NULL, 10, 0, NULL, NULL, 1, true, 1, false, 40);
INSERT INTO person (id, displayname, teamowner, teamdescription, name, language, fti, defaultmembershipperiod, defaultrenewalperiod, subscriptionpolicy, merged, datecreated, homepage_content, icon, mugshot, hide_email_addresses, creation_rationale, creation_comment, registrant, logo, renewal_policy, personal_standing, personal_standing_reason, mail_resumption_date, mailing_list_auto_subscribe_policy, mailing_list_receive_duplicates, visibility, verbose_bugnotifications, account) VALUES (41, 'Aloriel', NULL, NULL, 'jorge-gonzalez-gonzalez', NULL, NULL, NULL, NULL, 1, NULL, '2005-06-06 08:59:51.559519', NULL, NULL, NULL, false, 4, 'when importing the Spanish (es) translation of pmount in Ubuntu Hoary package "pmount"', NULL, NULL, 10, 0, NULL, NULL, 1, true, 1, false, 41);
INSERT INTO person (id, displayname, teamowner, teamdescription, name, language, fti, defaultmembershipperiod, defaultrenewalperiod, subscriptionpolicy, merged, datecreated, homepage_content, icon, mugshot, hide_email_addresses, creation_rationale, creation_comment, registrant, logo, renewal_policy, personal_standing, personal_standing_reason, mail_resumption_date, mailing_list_auto_subscribe_policy, mailing_list_receive_duplicates, visibility, verbose_bugnotifications, account) VALUES (42, 'Denis Barbier', NULL, NULL, 'barbier', NULL, NULL, NULL, NULL, 1, NULL, '2005-06-06 08:59:51.560604', NULL, NULL, NULL, false, 4, 'when importing the French (fr) translation of pkgconf-mozilla in Ubuntu Hoary package "mozilla"', NULL, NULL, 10, 0, NULL, NULL, 1, true, 1, false, 42);
INSERT INTO person (id, displayname, teamowner, teamdescription, name, language, fti, defaultmembershipperiod, defaultrenewalperiod, subscriptionpolicy, merged, datecreated, homepage_content, icon, mugshot, hide_email_addresses, creation_rationale, creation_comment, registrant, logo, renewal_policy, personal_standing, personal_standing_reason, mail_resumption_date, mailing_list_auto_subscribe_policy, mailing_list_receive_duplicates, visibility, verbose_bugnotifications, account) VALUES (43, 'André Luís Lopes', NULL, NULL, 'andrelop', NULL, NULL, NULL, NULL, 1, NULL, '2005-06-06 08:59:51.561685', NULL, NULL, NULL, false, 4, 'when importing the Portuguese (Brazil) (pt_BR) translation of pkgconf-mozilla in Ubuntu Hoary package "mozilla"', NULL, NULL, 10, 0, NULL, NULL, 1, true, 1, false, 43);
INSERT INTO person (id, displayname, teamowner, teamdescription, name, language, fti, defaultmembershipperiod, defaultrenewalperiod, subscriptionpolicy, merged, datecreated, homepage_content, icon, mugshot, hide_email_addresses, creation_rationale, creation_comment, registrant, logo, renewal_policy, personal_standing, personal_standing_reason, mail_resumption_date, mailing_list_auto_subscribe_policy, mailing_list_receive_duplicates, visibility, verbose_bugnotifications, account) VALUES (44, 'Carlos Valdivia Yagüe', NULL, NULL, 'valyag', NULL, NULL, NULL, NULL, 1, NULL, '2005-06-06 08:59:51.562857', NULL, NULL, NULL, false, 4, 'when importing the Spanish (es) translation of pkgconf-mozilla in Ubuntu Hoary package "mozilla"', NULL, NULL, 10, 0, NULL, NULL, 1, true, 1, false, 44);
INSERT INTO person (id, displayname, teamowner, teamdescription, name, language, fti, defaultmembershipperiod, defaultrenewalperiod, subscriptionpolicy, merged, datecreated, homepage_content, icon, mugshot, hide_email_addresses, creation_rationale, creation_comment, registrant, logo, renewal_policy, personal_standing, personal_standing_reason, mail_resumption_date, mailing_list_auto_subscribe_policy, mailing_list_receive_duplicates, visibility, verbose_bugnotifications, account) VALUES (45, 'Luk Claes', NULL, NULL, 'luk-claes', NULL, NULL, NULL, NULL, 1, NULL, '2005-06-06 08:59:51.563952', NULL, NULL, NULL, false, 4, 'when importing the Dutch (nl) translation of pkgconf-mozilla in Ubuntu Hoary package "mozilla"', NULL, NULL, 10, 0, NULL, NULL, 1, true, 1, false, 45);
INSERT INTO person (id, displayname, teamowner, teamdescription, name, language, fti, defaultmembershipperiod, defaultrenewalperiod, subscriptionpolicy, merged, datecreated, homepage_content, icon, mugshot, hide_email_addresses, creation_rationale, creation_comment, registrant, logo, renewal_policy, personal_standing, personal_standing_reason, mail_resumption_date, mailing_list_auto_subscribe_policy, mailing_list_receive_duplicates, visibility, verbose_bugnotifications, account) VALUES (46, 'Miroslav Kure', NULL, NULL, 'kurem', NULL, NULL, NULL, NULL, 1, NULL, '2005-06-06 08:59:51.565033', NULL, NULL, NULL, false, 8, NULL, NULL, NULL, 10, 0, NULL, NULL, 1, true, 1, false, 46);
INSERT INTO person (id, displayname, teamowner, teamdescription, name, language, fti, defaultmembershipperiod, defaultrenewalperiod, subscriptionpolicy, merged, datecreated, homepage_content, icon, mugshot, hide_email_addresses, creation_rationale, creation_comment, registrant, logo, renewal_policy, personal_standing, personal_standing_reason, mail_resumption_date, mailing_list_auto_subscribe_policy, mailing_list_receive_duplicates, visibility, verbose_bugnotifications, account) VALUES (47, 'Morten Brix Pedersen', NULL, NULL, 'morten', NULL, NULL, NULL, NULL, 1, NULL, '2005-06-06 08:59:51.56614', NULL, NULL, NULL, false, 4, 'when importing the Danish (da) translation of pkgconf-mozilla in Ubuntu Hoary package "mozilla"', NULL, NULL, 10, 0, NULL, NULL, 1, true, 1, false, 47);
INSERT INTO person (id, displayname, teamowner, teamdescription, name, language, fti, defaultmembershipperiod, defaultrenewalperiod, subscriptionpolicy, merged, datecreated, homepage_content, icon, mugshot, hide_email_addresses, creation_rationale, creation_comment, registrant, logo, renewal_policy, personal_standing, personal_standing_reason, mail_resumption_date, mailing_list_auto_subscribe_policy, mailing_list_receive_duplicates, visibility, verbose_bugnotifications, account) VALUES (48, 'Matti Pöllä', NULL, NULL, 'mpo', NULL, NULL, NULL, NULL, 1, NULL, '2005-06-06 08:59:51.567224', NULL, NULL, NULL, false, 4, 'when importing the Finnish (fi) translation of pkgconf-mozilla in Ubuntu Hoary package "mozilla"', NULL, NULL, 10, 0, NULL, NULL, 1, true, 1, false, 48);
INSERT INTO person (id, displayname, teamowner, teamdescription, name, language, fti, defaultmembershipperiod, defaultrenewalperiod, subscriptionpolicy, merged, datecreated, homepage_content, icon, mugshot, hide_email_addresses, creation_rationale, creation_comment, registrant, logo, renewal_policy, personal_standing, personal_standing_reason, mail_resumption_date, mailing_list_auto_subscribe_policy, mailing_list_receive_duplicates, visibility, verbose_bugnotifications, account) VALUES (49, 'Kęstutis Biliūnas', NULL, NULL, 'kebil', NULL, NULL, NULL, NULL, 1, NULL, '2005-06-06 08:59:51.568323', NULL, NULL, NULL, false, 4, 'when importing the Lithuanian (lt) translation of pkgconf-mozilla in Ubuntu Hoary package "mozilla"', NULL, NULL, 10, 0, NULL, NULL, 1, true, 1, false, 49);
INSERT INTO person (id, displayname, teamowner, teamdescription, name, language, fti, defaultmembershipperiod, defaultrenewalperiod, subscriptionpolicy, merged, datecreated, homepage_content, icon, mugshot, hide_email_addresses, creation_rationale, creation_comment, registrant, logo, renewal_policy, personal_standing, personal_standing_reason, mail_resumption_date, mailing_list_auto_subscribe_policy, mailing_list_receive_duplicates, visibility, verbose_bugnotifications, account) VALUES (50, 'Valentina Commissari', NULL, NULL, 'tsukimi', NULL, NULL, NULL, NULL, 1, NULL, '2005-06-06 08:59:51.569518', NULL, NULL, NULL, false, 8, NULL, NULL, NULL, 10, 0, NULL, NULL, 1, true, 1, false, 50);
INSERT INTO person (id, displayname, teamowner, teamdescription, name, language, fti, defaultmembershipperiod, defaultrenewalperiod, subscriptionpolicy, merged, datecreated, homepage_content, icon, mugshot, hide_email_addresses, creation_rationale, creation_comment, registrant, logo, renewal_policy, personal_standing, personal_standing_reason, mail_resumption_date, mailing_list_auto_subscribe_policy, mailing_list_receive_duplicates, visibility, verbose_bugnotifications, account) VALUES (51, 'Helge Kreutzmann', NULL, NULL, 'kreutzm', NULL, NULL, NULL, NULL, 1, NULL, '2005-06-06 08:59:51.570701', NULL, NULL, NULL, false, 8, NULL, NULL, NULL, 10, 0, NULL, NULL, 1, true, 1, false, 51);
INSERT INTO person (id, displayname, teamowner, teamdescription, name, language, fti, defaultmembershipperiod, defaultrenewalperiod, subscriptionpolicy, merged, datecreated, homepage_content, icon, mugshot, hide_email_addresses, creation_rationale, creation_comment, registrant, logo, renewal_policy, personal_standing, personal_standing_reason, mail_resumption_date, mailing_list_auto_subscribe_policy, mailing_list_receive_duplicates, visibility, verbose_bugnotifications, account) VALUES (52, 'No Privileges Person', NULL, NULL, 'no-priv', NULL, NULL, NULL, NULL, 1, NULL, '2005-06-06 08:59:51.593849', NULL, NULL, NULL, false, 8, NULL, NULL, NULL, 10, 0, NULL, NULL, 1, true, 1, false, 52);
INSERT INTO person (id, displayname, teamowner, teamdescription, name, language, fti, defaultmembershipperiod, defaultrenewalperiod, subscriptionpolicy, merged, datecreated, homepage_content, icon, mugshot, hide_email_addresses, creation_rationale, creation_comment, registrant, logo, renewal_policy, personal_standing, personal_standing_reason, mail_resumption_date, mailing_list_auto_subscribe_policy, mailing_list_receive_duplicates, visibility, verbose_bugnotifications, account) VALUES (53, 'testing Spanish team', 13, NULL, 'testing-spanish-team', NULL, NULL, NULL, NULL, 1, NULL, '2005-07-12 14:32:01.84779', NULL, NULL, NULL, false, NULL, NULL, NULL, NULL, 10, 0, NULL, NULL, 1, true, 1, false, NULL);
INSERT INTO person (id, displayname, teamowner, teamdescription, name, language, fti, defaultmembershipperiod, defaultrenewalperiod, subscriptionpolicy, merged, datecreated, homepage_content, icon, mugshot, hide_email_addresses, creation_rationale, creation_comment, registrant, logo, renewal_policy, personal_standing, personal_standing_reason, mail_resumption_date, mailing_list_auto_subscribe_policy, mailing_list_receive_duplicates, visibility, verbose_bugnotifications, account) VALUES (55, 'Marilize Coetzee', NULL, NULL, 'marilize', NULL, NULL, NULL, NULL, 1, NULL, '2005-06-06 08:59:51.593849', NULL, NULL, NULL, false, 8, NULL, NULL, NULL, 10, 0, NULL, NULL, 1, true, 1, false, 55);
INSERT INTO person (id, displayname, teamowner, teamdescription, name, language, fti, defaultmembershipperiod, defaultrenewalperiod, subscriptionpolicy, merged, datecreated, homepage_content, icon, mugshot, hide_email_addresses, creation_rationale, creation_comment, registrant, logo, renewal_policy, personal_standing, personal_standing_reason, mail_resumption_date, mailing_list_auto_subscribe_policy, mailing_list_receive_duplicates, visibility, verbose_bugnotifications, account) VALUES (56, 'Jordi Mallach', NULL, NULL, 'jordi', NULL, NULL, NULL, NULL, 1, NULL, '2005-10-07 14:17:51.593849', NULL, NULL, NULL, false, 8, NULL, NULL, NULL, 10, 0, NULL, NULL, 1, true, 1, false, 56);
INSERT INTO person (id, displayname, teamowner, teamdescription, name, language, fti, defaultmembershipperiod, defaultrenewalperiod, subscriptionpolicy, merged, datecreated, homepage_content, icon, mugshot, hide_email_addresses, creation_rationale, creation_comment, registrant, logo, renewal_policy, personal_standing, personal_standing_reason, mail_resumption_date, mailing_list_auto_subscribe_policy, mailing_list_receive_duplicates, visibility, verbose_bugnotifications, account) VALUES (57, 'Launchpad Developers', 16, 'Launchpad developers', 'launchpad', NULL, NULL, NULL, NULL, 3, NULL, '2005-10-13 13:03:41.668724', NULL, NULL, NULL, false, NULL, NULL, NULL, NULL, 10, 0, NULL, NULL, 1, true, 1, false, NULL);
INSERT INTO person (id, displayname, teamowner, teamdescription, name, language, fti, defaultmembershipperiod, defaultrenewalperiod, subscriptionpolicy, merged, datecreated, homepage_content, icon, mugshot, hide_email_addresses, creation_rationale, creation_comment, registrant, logo, renewal_policy, personal_standing, personal_standing_reason, mail_resumption_date, mailing_list_auto_subscribe_policy, mailing_list_receive_duplicates, visibility, verbose_bugnotifications, account) VALUES (58, 'Bug Importer', NULL, NULL, 'bug-importer', NULL, NULL, NULL, NULL, 1, NULL, '2005-12-06 09:48:58.287679', NULL, NULL, NULL, false, 8, NULL, NULL, NULL, 10, 0, NULL, NULL, 1, true, 1, false, 58);
INSERT INTO person (id, displayname, teamowner, teamdescription, name, language, fti, defaultmembershipperiod, defaultrenewalperiod, subscriptionpolicy, merged, datecreated, homepage_content, icon, mugshot, hide_email_addresses, creation_rationale, creation_comment, registrant, logo, renewal_policy, personal_standing, personal_standing_reason, mail_resumption_date, mailing_list_auto_subscribe_policy, mailing_list_receive_duplicates, visibility, verbose_bugnotifications, account) VALUES (59, 'Mirror Administrators', 1, 'Mirror Administrators', 'ubuntu-mirror-admins', NULL, NULL, NULL, NULL, 1, NULL, '2005-06-06 08:59:51.571899', NULL, NULL, NULL, false, NULL, NULL, NULL, NULL, 10, 0, NULL, NULL, 1, true, 1, false, NULL);
INSERT INTO person (id, displayname, teamowner, teamdescription, name, language, fti, defaultmembershipperiod, defaultrenewalperiod, subscriptionpolicy, merged, datecreated, homepage_content, icon, mugshot, hide_email_addresses, creation_rationale, creation_comment, registrant, logo, renewal_policy, personal_standing, personal_standing_reason, mail_resumption_date, mailing_list_auto_subscribe_policy, mailing_list_receive_duplicates, visibility, verbose_bugnotifications, account) VALUES (60, 'Registry Administrators', 1, 'Launchpad Registry Administrators Team', 'registry', NULL, NULL, NULL, NULL, 1, NULL, '2006-04-06 10:17:11.833824', NULL, NULL, NULL, false, NULL, NULL, NULL, NULL, 10, 0, NULL, NULL, 1, true, 1, false, NULL);
INSERT INTO person (id, displayname, teamowner, teamdescription, name, language, fti, defaultmembershipperiod, defaultrenewalperiod, subscriptionpolicy, merged, datecreated, homepage_content, icon, mugshot, hide_email_addresses, creation_rationale, creation_comment, registrant, logo, renewal_policy, personal_standing, personal_standing_reason, mail_resumption_date, mailing_list_auto_subscribe_policy, mailing_list_receive_duplicates, visibility, verbose_bugnotifications, account) VALUES (61, 'Launchpad Buildd Admins', 16, 'Buildd System administrators', 'launchpad-buildd-admins', NULL, NULL, NULL, NULL, 1, NULL, '2006-05-15 22:23:29.062603', NULL, NULL, NULL, false, NULL, NULL, NULL, NULL, 10, 0, NULL, NULL, 1, true, 1, false, NULL);
INSERT INTO person (id, displayname, teamowner, teamdescription, name, language, fti, defaultmembershipperiod, defaultrenewalperiod, subscriptionpolicy, merged, datecreated, homepage_content, icon, mugshot, hide_email_addresses, creation_rationale, creation_comment, registrant, logo, renewal_policy, personal_standing, personal_standing_reason, mail_resumption_date, mailing_list_auto_subscribe_policy, mailing_list_receive_duplicates, visibility, verbose_bugnotifications, account) VALUES (62, 'Bug Watch Updater', NULL, NULL, 'bug-watch-updater', NULL, NULL, NULL, NULL, 1, NULL, '2006-05-23 12:49:30.483464', NULL, NULL, NULL, true, 1, NULL, NULL, NULL, 10, 0, NULL, NULL, 1, true, 1, false, 62);
INSERT INTO person (id, displayname, teamowner, teamdescription, name, language, fti, defaultmembershipperiod, defaultrenewalperiod, subscriptionpolicy, merged, datecreated, homepage_content, icon, mugshot, hide_email_addresses, creation_rationale, creation_comment, registrant, logo, renewal_policy, personal_standing, personal_standing_reason, mail_resumption_date, mailing_list_auto_subscribe_policy, mailing_list_receive_duplicates, visibility, verbose_bugnotifications, account) VALUES (63, 'Karl Tilbury', NULL, NULL, 'karl', NULL, NULL, NULL, NULL, 1, NULL, '2006-05-23 12:49:30.483464', NULL, NULL, NULL, true, 8, NULL, NULL, NULL, 10, 0, NULL, NULL, 1, true, 1, false, 63);
INSERT INTO person (id, displayname, teamowner, teamdescription, name, language, fti, defaultmembershipperiod, defaultrenewalperiod, subscriptionpolicy, merged, datecreated, homepage_content, icon, mugshot, hide_email_addresses, creation_rationale, creation_comment, registrant, logo, renewal_policy, personal_standing, personal_standing_reason, mail_resumption_date, mailing_list_auto_subscribe_policy, mailing_list_receive_duplicates, visibility, verbose_bugnotifications, account) VALUES (64, 'Landscape Developers', 12, NULL, 'landscape-developers', NULL, NULL, NULL, NULL, 1, NULL, '2006-07-11 20:01:09.874128', NULL, NULL, NULL, false, NULL, NULL, NULL, NULL, 10, 0, NULL, NULL, 1, true, 1, false, NULL);
INSERT INTO person (id, displayname, teamowner, teamdescription, name, language, fti, defaultmembershipperiod, defaultrenewalperiod, subscriptionpolicy, merged, datecreated, homepage_content, icon, mugshot, hide_email_addresses, creation_rationale, creation_comment, registrant, logo, renewal_policy, personal_standing, personal_standing_reason, mail_resumption_date, mailing_list_auto_subscribe_policy, mailing_list_receive_duplicates, visibility, verbose_bugnotifications, account) VALUES (65, 'Launchpad Janitor', NULL, NULL, 'janitor', NULL, NULL, NULL, NULL, 1, NULL, '2006-10-04 16:20:51.19954', NULL, NULL, NULL, true, 1, NULL, NULL, NULL, 10, 0, NULL, NULL, 1, true, 1, false, 65);
INSERT INTO person (id, displayname, teamowner, teamdescription, name, language, fti, defaultmembershipperiod, defaultrenewalperiod, subscriptionpolicy, merged, datecreated, homepage_content, icon, mugshot, hide_email_addresses, creation_rationale, creation_comment, registrant, logo, renewal_policy, personal_standing, personal_standing_reason, mail_resumption_date, mailing_list_auto_subscribe_policy, mailing_list_receive_duplicates, visibility, verbose_bugnotifications, account) VALUES (66, 'Diogo Matsubara', NULL, NULL, 'matsubara', NULL, NULL, NULL, NULL, 1, NULL, '2006-12-13 21:19:06.369142', NULL, NULL, NULL, false, 4, 'when importing the Portuguese (Brazil) (pt_BR) translation of evolution-2.2-test in Evolution trunk', NULL, NULL, 10, 0, NULL, NULL, 1, true, 1, false, 66);
INSERT INTO person (id, displayname, teamowner, teamdescription, name, language, fti, defaultmembershipperiod, defaultrenewalperiod, subscriptionpolicy, merged, datecreated, homepage_content, icon, mugshot, hide_email_addresses, creation_rationale, creation_comment, registrant, logo, renewal_policy, personal_standing, personal_standing_reason, mail_resumption_date, mailing_list_auto_subscribe_policy, mailing_list_receive_duplicates, visibility, verbose_bugnotifications, account) VALUES (67, 'Team Membership Janitor', NULL, NULL, 'team-membership-janitor', NULL, NULL, NULL, NULL, 1, NULL, '2006-10-04 16:20:51.19954', NULL, NULL, NULL, true, 1, NULL, NULL, NULL, 10, 0, NULL, NULL, 1, true, 1, false, 67);
INSERT INTO person (id, displayname, teamowner, teamdescription, name, language, fti, defaultmembershipperiod, defaultrenewalperiod, subscriptionpolicy, merged, datecreated, homepage_content, icon, mugshot, hide_email_addresses, creation_rationale, creation_comment, registrant, logo, renewal_policy, personal_standing, personal_standing_reason, mail_resumption_date, mailing_list_auto_subscribe_policy, mailing_list_receive_duplicates, visibility, verbose_bugnotifications, account) VALUES (68, 'Launchpad Beta Testers Owner', NULL, NULL, 'launchpad-beta-owner', NULL, NULL, NULL, NULL, 1, NULL, '2007-01-31 06:56:25.096519', NULL, NULL, NULL, false, 8, NULL, NULL, NULL, 10, 0, NULL, NULL, 1, true, 1, false, 68);
INSERT INTO person (id, displayname, teamowner, teamdescription, name, language, fti, defaultmembershipperiod, defaultrenewalperiod, subscriptionpolicy, merged, datecreated, homepage_content, icon, mugshot, hide_email_addresses, creation_rationale, creation_comment, registrant, logo, renewal_policy, personal_standing, personal_standing_reason, mail_resumption_date, mailing_list_auto_subscribe_policy, mailing_list_receive_duplicates, visibility, verbose_bugnotifications, account) VALUES (69, 'Launchpad Beta Testers', 68, 'People who are testing the new Launchpad "beta" UI.', 'launchpad-beta-testers', NULL, NULL, NULL, NULL, 1, NULL, '2007-01-31 06:57:54.592917', NULL, NULL, NULL, false, NULL, NULL, NULL, NULL, 10, 0, NULL, NULL, 1, true, 1, false, NULL);
INSERT INTO person (id, displayname, teamowner, teamdescription, name, language, fti, defaultmembershipperiod, defaultrenewalperiod, subscriptionpolicy, merged, datecreated, homepage_content, icon, mugshot, hide_email_addresses, creation_rationale, creation_comment, registrant, logo, renewal_policy, personal_standing, personal_standing_reason, mail_resumption_date, mailing_list_auto_subscribe_policy, mailing_list_receive_duplicates, visibility, verbose_bugnotifications, account) VALUES (70, 'Former User', NULL, NULL, 'former-user-deactivatedaccount', NULL, NULL, NULL, NULL, 1, NULL, '2006-12-13 21:19:06.369142', NULL, NULL, NULL, true, 2, 'when importing bugs from http://bugzilla.gnome.org/', NULL, NULL, 10, 0, NULL, NULL, 1, true, 1, false, 70);
INSERT INTO person (id, displayname, teamowner, teamdescription, name, language, fti, defaultmembershipperiod, defaultrenewalperiod, subscriptionpolicy, merged, datecreated, homepage_content, icon, mugshot, hide_email_addresses, creation_rationale, creation_comment, registrant, logo, renewal_policy, personal_standing, personal_standing_reason, mail_resumption_date, mailing_list_auto_subscribe_policy, mailing_list_receive_duplicates, visibility, verbose_bugnotifications, account) VALUES (243601, 'ShipIt Administrators', 1, 'ShipIt Administrators', 'shipit-admins', NULL, NULL, NULL, NULL, 1, NULL, '2007-02-05 06:24:03.06971', NULL, NULL, NULL, false, NULL, NULL, NULL, NULL, 10, 0, NULL, NULL, 1, true, 1, false, NULL);
INSERT INTO person (id, displayname, teamowner, teamdescription, name, language, fti, defaultmembershipperiod, defaultrenewalperiod, subscriptionpolicy, merged, datecreated, homepage_content, icon, mugshot, hide_email_addresses, creation_rationale, creation_comment, registrant, logo, renewal_policy, personal_standing, personal_standing_reason, mail_resumption_date, mailing_list_auto_subscribe_policy, mailing_list_receive_duplicates, visibility, verbose_bugnotifications, account) VALUES (243602, 'No Team Memberships', NULL, NULL, 'no-team-memberships', NULL, NULL, NULL, NULL, 1, NULL, '2007-02-19 11:17:57.755666', NULL, NULL, NULL, false, 8, NULL, NULL, NULL, 10, 0, NULL, NULL, 1, true, 1, false, 243602);
INSERT INTO person (id, displayname, teamowner, teamdescription, name, language, fti, defaultmembershipperiod, defaultrenewalperiod, subscriptionpolicy, merged, datecreated, homepage_content, icon, mugshot, hide_email_addresses, creation_rationale, creation_comment, registrant, logo, renewal_policy, personal_standing, personal_standing_reason, mail_resumption_date, mailing_list_auto_subscribe_policy, mailing_list_receive_duplicates, visibility, verbose_bugnotifications, account) VALUES (243603, 'One Membership', NULL, NULL, 'one-membership', NULL, NULL, NULL, NULL, 1, NULL, '2007-02-21 10:53:59.700105', NULL, NULL, NULL, false, 8, NULL, NULL, NULL, 10, 0, NULL, NULL, 1, true, 1, false, 243603);
INSERT INTO person (id, displayname, teamowner, teamdescription, name, language, fti, defaultmembershipperiod, defaultrenewalperiod, subscriptionpolicy, merged, datecreated, homepage_content, icon, mugshot, hide_email_addresses, creation_rationale, creation_comment, registrant, logo, renewal_policy, personal_standing, personal_standing_reason, mail_resumption_date, mailing_list_auto_subscribe_policy, mailing_list_receive_duplicates, visibility, verbose_bugnotifications, account) VALUES (243604, 'Simple Team', 243603, 'This team should have only one member, the "One Membership" user.', 'simple-team', NULL, NULL, NULL, NULL, 3, NULL, '2007-02-21 10:55:03.899255', NULL, NULL, NULL, false, NULL, NULL, NULL, NULL, 10, 0, NULL, NULL, 1, true, 1, false, NULL);
INSERT INTO person (id, displayname, teamowner, teamdescription, name, language, fti, defaultmembershipperiod, defaultrenewalperiod, subscriptionpolicy, merged, datecreated, homepage_content, icon, mugshot, hide_email_addresses, creation_rationale, creation_comment, registrant, logo, renewal_policy, personal_standing, personal_standing_reason, mail_resumption_date, mailing_list_auto_subscribe_policy, mailing_list_receive_duplicates, visibility, verbose_bugnotifications, account) VALUES (243606, 'Julian Edwards', NULL, NULL, 'launchpad-julian-edwards', NULL, NULL, NULL, NULL, 1, NULL, '2007-08-09 21:25:37.832976', NULL, NULL, NULL, false, 7, 'when the commercialpackage_1.0-1 package was uploaded to breezy-autotest/RELEASE', NULL, NULL, 10, 0, NULL, NULL, 1, true, 1, false, 243606);
INSERT INTO person (id, displayname, teamowner, teamdescription, name, language, fti, defaultmembershipperiod, defaultrenewalperiod, subscriptionpolicy, merged, datecreated, homepage_content, icon, mugshot, hide_email_addresses, creation_rationale, creation_comment, registrant, logo, renewal_policy, personal_standing, personal_standing_reason, mail_resumption_date, mailing_list_auto_subscribe_policy, mailing_list_receive_duplicates, visibility, verbose_bugnotifications, account) VALUES (243607, 'Mailing List Experts', 25, 'This team is responsible for the management of Launchpad-hosted mailing lists.', 'mailing-list-experts', NULL, NULL, NULL, NULL, 3, NULL, '2007-10-04 19:59:03.615674', NULL, NULL, NULL, false, NULL, NULL, NULL, NULL, 10, 0, NULL, NULL, 1, true, 1, false, NULL);
INSERT INTO person (id, displayname, teamowner, teamdescription, name, language, fti, defaultmembershipperiod, defaultrenewalperiod, subscriptionpolicy, merged, datecreated, homepage_content, icon, mugshot, hide_email_addresses, creation_rationale, creation_comment, registrant, logo, renewal_policy, personal_standing, personal_standing_reason, mail_resumption_date, mailing_list_auto_subscribe_policy, mailing_list_receive_duplicates, visibility, verbose_bugnotifications, account) VALUES (243608, 'Ubuntu Doc Team', NULL, NULL, 'doc', NULL, NULL, NULL, NULL, 1, NULL, '2007-11-12 15:23:19.847132', NULL, NULL, NULL, false, 3, NULL, NULL, NULL, 10, 0, NULL, NULL, 1, true, 1, false, 243608);
INSERT INTO person (id, displayname, teamowner, teamdescription, name, language, fti, defaultmembershipperiod, defaultrenewalperiod, subscriptionpolicy, merged, datecreated, homepage_content, icon, mugshot, hide_email_addresses, creation_rationale, creation_comment, registrant, logo, renewal_policy, personal_standing, personal_standing_reason, mail_resumption_date, mailing_list_auto_subscribe_policy, mailing_list_receive_duplicates, visibility, verbose_bugnotifications, account) VALUES (243609, 'Katie', NULL, NULL, 'katie', NULL, NULL, NULL, NULL, 1, NULL, '2007-12-07 13:43:20.393704', NULL, NULL, NULL, false, 8, NULL, NULL, NULL, 10, 0, NULL, NULL, 1, true, 1, false, 243609);
INSERT INTO person (id, displayname, teamowner, teamdescription, name, language, fti, defaultmembershipperiod, defaultrenewalperiod, subscriptionpolicy, merged, datecreated, homepage_content, icon, mugshot, hide_email_addresses, creation_rationale, creation_comment, registrant, logo, renewal_policy, personal_standing, personal_standing_reason, mail_resumption_date, mailing_list_auto_subscribe_policy, mailing_list_receive_duplicates, visibility, verbose_bugnotifications, account) VALUES (243610, 'Gold Member', NULL, NULL, 'member', NULL, NULL, NULL, NULL, 1, NULL, '2007-12-14 16:52:15.403833', NULL, NULL, NULL, false, 1, NULL, NULL, NULL, 10, 0, NULL, NULL, 1, true, 1, false, 243610);
INSERT INTO person (id, displayname, teamowner, teamdescription, name, language, fti, defaultmembershipperiod, defaultrenewalperiod, subscriptionpolicy, merged, datecreated, homepage_content, icon, mugshot, hide_email_addresses, creation_rationale, creation_comment, registrant, logo, renewal_policy, personal_standing, personal_standing_reason, mail_resumption_date, mailing_list_auto_subscribe_policy, mailing_list_receive_duplicates, visibility, verbose_bugnotifications, account) VALUES (243611, 'Owner', NULL, NULL, 'owner', NULL, NULL, NULL, NULL, 1, NULL, '2007-12-14 16:52:15.403833', NULL, NULL, NULL, false, 1, NULL, NULL, NULL, 10, 0, NULL, NULL, 1, true, 1, false, 243611);
INSERT INTO person (id, displayname, teamowner, teamdescription, name, language, fti, defaultmembershipperiod, defaultrenewalperiod, subscriptionpolicy, merged, datecreated, homepage_content, icon, mugshot, hide_email_addresses, creation_rationale, creation_comment, registrant, logo, renewal_policy, personal_standing, personal_standing_reason, mail_resumption_date, mailing_list_auto_subscribe_policy, mailing_list_receive_duplicates, visibility, verbose_bugnotifications, account) VALUES (243612, 'My Team', 243611, NULL, 'myteam', NULL, NULL, NULL, NULL, 1, NULL, '2007-12-14 16:52:15.403833', NULL, NULL, NULL, false, NULL, NULL, NULL, NULL, 10, 0, NULL, NULL, 1, true, 30, false, NULL);
INSERT INTO person (id, displayname, teamowner, teamdescription, name, language, fti, defaultmembershipperiod, defaultrenewalperiod, subscriptionpolicy, merged, datecreated, homepage_content, icon, mugshot, hide_email_addresses, creation_rationale, creation_comment, registrant, logo, renewal_policy, personal_standing, personal_standing_reason, mail_resumption_date, mailing_list_auto_subscribe_policy, mailing_list_receive_duplicates, visibility, verbose_bugnotifications, account) VALUES (243613, 'Other Team', 243611, NULL, 'otherteam', NULL, NULL, NULL, NULL, 1, NULL, '2007-12-14 16:52:15.403833', NULL, NULL, NULL, false, NULL, NULL, NULL, NULL, 10, 0, NULL, NULL, 1, true, 1, false, NULL);
INSERT INTO person (id, displayname, teamowner, teamdescription, name, language, fti, defaultmembershipperiod, defaultrenewalperiod, subscriptionpolicy, merged, datecreated, homepage_content, icon, mugshot, hide_email_addresses, creation_rationale, creation_comment, registrant, logo, renewal_policy, personal_standing, personal_standing_reason, mail_resumption_date, mailing_list_auto_subscribe_policy, mailing_list_receive_duplicates, visibility, verbose_bugnotifications, account) VALUES (243614, 'josh', NULL, NULL, 'jbuhl-nospam', NULL, NULL, NULL, NULL, 1, NULL, '2007-12-18 16:31:34.790641', NULL, NULL, NULL, false, 15, 'when the comments for debbugs #308994 were imported into Launchpad.', 62, NULL, 10, 0, NULL, NULL, 1, true, 1, false, 243614);
INSERT INTO person (id, displayname, teamowner, teamdescription, name, language, fti, defaultmembershipperiod, defaultrenewalperiod, subscriptionpolicy, merged, datecreated, homepage_content, icon, mugshot, hide_email_addresses, creation_rationale, creation_comment, registrant, logo, renewal_policy, personal_standing, personal_standing_reason, mail_resumption_date, mailing_list_auto_subscribe_policy, mailing_list_receive_duplicates, visibility, verbose_bugnotifications, account) VALUES (243615, 'Sjoerd Simons', NULL, NULL, 'sjoerd', NULL, NULL, NULL, NULL, 1, NULL, '2007-12-18 16:31:34.790641', NULL, NULL, NULL, false, 15, 'when the comments for debbugs #308994 were imported into Launchpad.', 62, NULL, 10, 0, NULL, NULL, 1, true, 1, false, 243615);
INSERT INTO person (id, displayname, teamowner, teamdescription, name, language, fti, defaultmembershipperiod, defaultrenewalperiod, subscriptionpolicy, merged, datecreated, homepage_content, icon, mugshot, hide_email_addresses, creation_rationale, creation_comment, registrant, logo, renewal_policy, personal_standing, personal_standing_reason, mail_resumption_date, mailing_list_auto_subscribe_policy, mailing_list_receive_duplicates, visibility, verbose_bugnotifications, account) VALUES (243616, 'Martin Pitt', NULL, NULL, 'mpitt', NULL, NULL, NULL, NULL, 1, NULL, '2007-12-18 16:31:34.790641', NULL, NULL, NULL, false, 15, 'when the comments for debbugs #308994 were imported into Launchpad.', 62, NULL, 10, 0, NULL, NULL, 1, true, 1, false, 243616);
INSERT INTO person (id, displayname, teamowner, teamdescription, name, language, fti, defaultmembershipperiod, defaultrenewalperiod, subscriptionpolicy, merged, datecreated, homepage_content, icon, mugshot, hide_email_addresses, creation_rationale, creation_comment, registrant, logo, renewal_policy, personal_standing, personal_standing_reason, mail_resumption_date, mailing_list_auto_subscribe_policy, mailing_list_receive_duplicates, visibility, verbose_bugnotifications, account) VALUES (243617, 'Tim Penhey', NULL, NULL, 'dumper', NULL, NULL, NULL, NULL, 1, NULL, '2008-03-06 09:55:27.289842', NULL, NULL, NULL, false, 1, NULL, NULL, NULL, 10, 0, NULL, NULL, 1, true, 1, true, 243617);
INSERT INTO person (id, displayname, teamowner, teamdescription, name, language, fti, defaultmembershipperiod, defaultrenewalperiod, subscriptionpolicy, merged, datecreated, homepage_content, icon, mugshot, hide_email_addresses, creation_rationale, creation_comment, registrant, logo, renewal_policy, personal_standing, personal_standing_reason, mail_resumption_date, mailing_list_auto_subscribe_policy, mailing_list_receive_duplicates, visibility, verbose_bugnotifications, account) VALUES (243618, 'Bazaar Experts', 243617, 'This team is responsible for the management of Bazaar branches in Launchpad.', 'bazaar-experts', NULL, NULL, NULL, NULL, 3, NULL, '2008-03-06 09:57:59.957489', NULL, NULL, NULL, false, NULL, NULL, NULL, NULL, 10, 0, NULL, NULL, 1, true, 1, true, NULL);
INSERT INTO person (id, displayname, teamowner, teamdescription, name, language, fti, defaultmembershipperiod, defaultrenewalperiod, subscriptionpolicy, merged, datecreated, homepage_content, icon, mugshot, hide_email_addresses, creation_rationale, creation_comment, registrant, logo, renewal_policy, personal_standing, personal_standing_reason, mail_resumption_date, mailing_list_auto_subscribe_policy, mailing_list_receive_duplicates, visibility, verbose_bugnotifications, account) VALUES (243620, 'Canonical Partner Developers', 28, NULL, 'canonical-partner-dev', NULL, NULL, NULL, NULL, 2, NULL, '2008-05-14 10:29:17.539543', NULL, NULL, NULL, false, NULL, NULL, NULL, NULL, 10, 0, NULL, NULL, 1, true, 1, true, NULL);
INSERT INTO person (id, displayname, teamowner, teamdescription, name, language, fti, defaultmembershipperiod, defaultrenewalperiod, subscriptionpolicy, merged, datecreated, homepage_content, icon, mugshot, hide_email_addresses, creation_rationale, creation_comment, registrant, logo, renewal_policy, personal_standing, personal_standing_reason, mail_resumption_date, mailing_list_auto_subscribe_policy, mailing_list_receive_duplicates, visibility, verbose_bugnotifications, account) VALUES (243621, 'Commercial Subscription Admins', 243622, NULL, 'commercial-admins', NULL, NULL, NULL, NULL, 3, NULL, '2008-04-21 21:29:56.881698', NULL, NULL, NULL, false, NULL, NULL, NULL, NULL, 10, 0, NULL, NULL, 1, true, 1, true, NULL);
INSERT INTO person (id, displayname, teamowner, teamdescription, name, language, fti, defaultmembershipperiod, defaultrenewalperiod, subscriptionpolicy, merged, datecreated, homepage_content, icon, mugshot, hide_email_addresses, creation_rationale, creation_comment, registrant, logo, renewal_policy, personal_standing, personal_standing_reason, mail_resumption_date, mailing_list_auto_subscribe_policy, mailing_list_receive_duplicates, visibility, verbose_bugnotifications, account) VALUES (243622, 'Commercial Member', NULL, NULL, 'commercial-member', NULL, NULL, NULL, NULL, 1, NULL, '2008-05-12 17:38:38.798696', NULL, NULL, NULL, false, 8, NULL, NULL, NULL, 10, 0, NULL, NULL, 1, true, 1, true, 243622);
INSERT INTO person (id, displayname, teamowner, teamdescription, name, language, fti, defaultmembershipperiod, defaultrenewalperiod, subscriptionpolicy, merged, datecreated, homepage_content, icon, mugshot, hide_email_addresses, creation_rationale, creation_comment, registrant, logo, renewal_policy, personal_standing, personal_standing_reason, mail_resumption_date, mailing_list_auto_subscribe_policy, mailing_list_receive_duplicates, visibility, verbose_bugnotifications, account) VALUES (243623, 'Brad Crittenden', NULL, NULL, 'bac', NULL, NULL, NULL, NULL, 1, NULL, '2008-06-27 14:49:11.149508', NULL, NULL, NULL, false, 8, NULL, NULL, NULL, 10, 0, NULL, NULL, 1, true, 1, true, 243623);
INSERT INTO person (id, displayname, teamowner, teamdescription, name, language, fti, defaultmembershipperiod, defaultrenewalperiod, subscriptionpolicy, merged, datecreated, homepage_content, icon, mugshot, hide_email_addresses, creation_rationale, creation_comment, registrant, logo, renewal_policy, personal_standing, personal_standing_reason, mail_resumption_date, mailing_list_auto_subscribe_policy, mailing_list_receive_duplicates, visibility, verbose_bugnotifications, account) VALUES (243625, 'PPA key guard', NULL, NULL, 'ppa-key-guard', NULL, NULL, NULL, NULL, 1, NULL, '2008-11-04 12:59:26.965843', NULL, NULL, NULL, true, 1, '', NULL, NULL, 10, 0, NULL, NULL, 1, true, 1, true, 243624);
INSERT INTO person (id, displayname, teamowner, teamdescription, name, language, fti, defaultmembershipperiod, defaultrenewalperiod, subscriptionpolicy, merged, datecreated, homepage_content, icon, mugshot, hide_email_addresses, creation_rationale, creation_comment, registrant, logo, renewal_policy, personal_standing, personal_standing_reason, mail_resumption_date, mailing_list_auto_subscribe_policy, mailing_list_receive_duplicates, visibility, verbose_bugnotifications, account) VALUES (243626, 'Commercial Subscription Approvers', 243623, NULL, 'commercial-approvers', NULL, NULL, NULL, NULL, 1, NULL, '2008-06-27 14:49:38.676264', NULL, NULL, NULL, false, NULL, NULL, NULL, NULL, 10, 0, NULL, NULL, 1, true, 1, true, NULL);
INSERT INTO person (id, displayname, teamowner, teamdescription, name, language, fti, defaultmembershipperiod, defaultrenewalperiod, subscriptionpolicy, merged, datecreated, homepage_content, icon, mugshot, hide_email_addresses, creation_rationale, creation_comment, registrant, logo, renewal_policy, personal_standing, personal_standing_reason, mail_resumption_date, mailing_list_auto_subscribe_policy, mailing_list_receive_duplicates, visibility, verbose_bugnotifications, account) VALUES (243627, 'Ubuntu-branches-owner', NULL, NULL, 'ubuntu-branches-owner', NULL, NULL, NULL, NULL, 1, NULL, '2009-03-17 07:28:15.948042', NULL, NULL, NULL, false, 1, NULL, NULL, NULL, 10, 0, NULL, NULL, 1, true, 1, true, 243625);
INSERT INTO person (id, displayname, teamowner, teamdescription, name, language, fti, defaultmembershipperiod, defaultrenewalperiod, subscriptionpolicy, merged, datecreated, homepage_content, icon, mugshot, hide_email_addresses, creation_rationale, creation_comment, registrant, logo, renewal_policy, personal_standing, personal_standing_reason, mail_resumption_date, mailing_list_auto_subscribe_policy, mailing_list_receive_duplicates, visibility, verbose_bugnotifications, account) VALUES (243628, 'Ubuntu branches', 243627, 'Celebrity team that controls Ubuntu source package branches.', 'ubuntu-branches', NULL, NULL, NULL, NULL, 3, NULL, '2009-03-17 07:29:13.259033', NULL, NULL, NULL, false, NULL, NULL, NULL, NULL, 10, 0, NULL, NULL, 1, true, 1, true, NULL);
INSERT INTO person (id, displayname, teamowner, teamdescription, name, language, fti, defaultmembershipperiod, defaultrenewalperiod, subscriptionpolicy, merged, datecreated, homepage_content, icon, mugshot, hide_email_addresses, creation_rationale, creation_comment, registrant, logo, renewal_policy, personal_standing, personal_standing_reason, mail_resumption_date, mailing_list_auto_subscribe_policy, mailing_list_receive_duplicates, visibility, verbose_bugnotifications, account) VALUES (243629, 'Ubuntu Security Team', 4, NULL, 'ubuntu-security', NULL, NULL, NULL, NULL, 2, NULL, '2009-07-14 20:23:59.698654', NULL, NULL, NULL, false, NULL, NULL, NULL, NULL, 10, 0, NULL, NULL, 1, true, 1, true, NULL);
INSERT INTO person (id, displayname, teamowner, teamdescription, name, language, fti, defaultmembershipperiod, defaultrenewalperiod, subscriptionpolicy, merged, datecreated, homepage_content, icon, mugshot, hide_email_addresses, creation_rationale, creation_comment, registrant, logo, renewal_policy, personal_standing, personal_standing_reason, mail_resumption_date, mailing_list_auto_subscribe_policy, mailing_list_receive_duplicates, visibility, verbose_bugnotifications, account) VALUES (243630, 'HWDB Team', 16, NULL, 'hwdb-team', NULL, NULL, NULL, NULL, 3, NULL, '2009-07-09 09:12:39.400351', NULL, NULL, NULL, false, NULL, NULL, NULL, NULL, 10, 0, NULL, NULL, 1, true, 1, true, NULL);
INSERT INTO person (id, displayname, teamowner, teamdescription, name, language, fti, defaultmembershipperiod, defaultrenewalperiod, subscriptionpolicy, merged, datecreated, homepage_content, icon, mugshot, hide_email_addresses, creation_rationale, creation_comment, registrant, logo, renewal_policy, personal_standing, personal_standing_reason, mail_resumption_date, mailing_list_auto_subscribe_policy, mailing_list_receive_duplicates, visibility, verbose_bugnotifications, account) VALUES (243631, 'Techboard Owner', NULL, NULL, 'techboard-owner', NULL, NULL, NULL, NULL, 1, NULL, '2009-08-04 10:49:59.775114', NULL, NULL, NULL, true, 1, NULL, NULL, NULL, 10, 0, NULL, NULL, 1, true, 1, true, 243626);
INSERT INTO person (id, displayname, teamowner, teamdescription, name, language, fti, defaultmembershipperiod, defaultrenewalperiod, subscriptionpolicy, merged, datecreated, homepage_content, icon, mugshot, hide_email_addresses, creation_rationale, creation_comment, registrant, logo, renewal_policy, personal_standing, personal_standing_reason, mail_resumption_date, mailing_list_auto_subscribe_policy, mailing_list_receive_duplicates, visibility, verbose_bugnotifications, account) VALUES (243632, 'Ubuntu Technical Board', 243631, NULL, 'techboard', NULL, NULL, NULL, NULL, 3, NULL, '2009-08-04 10:50:07.351252', NULL, NULL, NULL, false, NULL, NULL, NULL, NULL, 10, 0, NULL, NULL, 1, true, 1, true, NULL);
INSERT INTO person (id, displayname, teamowner, teamdescription, name, language, fti, defaultmembershipperiod, defaultrenewalperiod, subscriptionpolicy, merged, datecreated, homepage_content, icon, mugshot, hide_email_addresses, creation_rationale, creation_comment, registrant, logo, renewal_policy, personal_standing, personal_standing_reason, mail_resumption_date, mailing_list_auto_subscribe_policy, mailing_list_receive_duplicates, visibility, verbose_bugnotifications, account) VALUES (243633, 'Translator Deity', NULL, NULL, 'translations-deity', NULL, NULL, NULL, NULL, 1, NULL, '2009-08-24 13:10:40.715375', 'This person is the master of Launchpad Translations. ', NULL, NULL, false, 1, NULL, NULL, NULL, 10, 0, NULL, NULL, 1, true, 1, false, 243627);
INSERT INTO person (id, displayname, teamowner, teamdescription, name, language, fti, defaultmembershipperiod, defaultrenewalperiod, subscriptionpolicy, merged, datecreated, homepage_content, icon, mugshot, hide_email_addresses, creation_rationale, creation_comment, registrant, logo, renewal_policy, personal_standing, personal_standing_reason, mail_resumption_date, mailing_list_auto_subscribe_policy, mailing_list_receive_duplicates, visibility, verbose_bugnotifications, account) VALUES (243634, 'Срба Србић', NULL, NULL, 'srba', NULL, NULL, NULL, NULL, 1, NULL, '2009-08-24 14:09:47.901489', NULL, NULL, NULL, false, 1, NULL, NULL, NULL, 10, 0, NULL, NULL, 1, true, 1, true, 243628);
INSERT INTO person (id, displayname, teamowner, teamdescription, name, language, fti, defaultmembershipperiod, defaultrenewalperiod, subscriptionpolicy, merged, datecreated, homepage_content, icon, mugshot, hide_email_addresses, creation_rationale, creation_comment, registrant, logo, renewal_policy, personal_standing, personal_standing_reason, mail_resumption_date, mailing_list_auto_subscribe_policy, mailing_list_receive_duplicates, visibility, verbose_bugnotifications, account) VALUES (243635, 'João da Silva', NULL, NULL, 'joao', NULL, NULL, NULL, NULL, 1, NULL, '2009-08-24 14:09:47.976997', NULL, NULL, NULL, false, 1, NULL, NULL, NULL, 10, 0, NULL, NULL, 1, true, 1, true, 243629);
INSERT INTO person (id, displayname, teamowner, teamdescription, name, language, fti, defaultmembershipperiod, defaultrenewalperiod, subscriptionpolicy, merged, datecreated, homepage_content, icon, mugshot, hide_email_addresses, creation_rationale, creation_comment, registrant, logo, renewal_policy, personal_standing, personal_standing_reason, mail_resumption_date, mailing_list_auto_subscribe_policy, mailing_list_receive_duplicates, visibility, verbose_bugnotifications, account) VALUES (243636, 'Jürgen Müller', NULL, NULL, 'jurgen', NULL, NULL, NULL, NULL, 1, NULL, '2009-08-24 14:09:48.010545', NULL, NULL, NULL, false, 1, NULL, NULL, NULL, 10, 0, NULL, NULL, 1, true, 1, true, 243630);
INSERT INTO person (id, displayname, teamowner, teamdescription, name, language, fti, defaultmembershipperiod, defaultrenewalperiod, subscriptionpolicy, merged, datecreated, homepage_content, icon, mugshot, hide_email_addresses, creation_rationale, creation_comment, registrant, logo, renewal_policy, personal_standing, personal_standing_reason, mail_resumption_date, mailing_list_auto_subscribe_policy, mailing_list_receive_duplicates, visibility, verbose_bugnotifications, account) VALUES (243637, 'Dolores Dominguez', NULL, NULL, 'dolores', NULL, NULL, NULL, NULL, 1, NULL, '2009-08-24 14:09:48.045639', NULL, NULL, NULL, false, 1, NULL, NULL, NULL, 10, 0, NULL, NULL, 1, true, 1, true, 243631);
INSERT INTO person (id, displayname, teamowner, teamdescription, name, language, fti, defaultmembershipperiod, defaultrenewalperiod, subscriptionpolicy, merged, datecreated, homepage_content, icon, mugshot, hide_email_addresses, creation_rationale, creation_comment, registrant, logo, renewal_policy, personal_standing, personal_standing_reason, mail_resumption_date, mailing_list_auto_subscribe_policy, mailing_list_receive_duplicates, visibility, verbose_bugnotifications, account) VALUES (243638, 'Ubuntu Serbian translators', 243634, NULL, 'ubuntu-l10n-sr', NULL, NULL, NULL, NULL, 2, NULL, '2009-08-24 14:09:48.0782', NULL, NULL, NULL, false, NULL, NULL, NULL, NULL, 10, 0, NULL, NULL, 1, true, 1, true, NULL);
INSERT INTO person (id, displayname, teamowner, teamdescription, name, language, fti, defaultmembershipperiod, defaultrenewalperiod, subscriptionpolicy, merged, datecreated, homepage_content, icon, mugshot, hide_email_addresses, creation_rationale, creation_comment, registrant, logo, renewal_policy, personal_standing, personal_standing_reason, mail_resumption_date, mailing_list_auto_subscribe_policy, mailing_list_receive_duplicates, visibility, verbose_bugnotifications, account) VALUES (243639, 'Ubuntu German translators', 243636, NULL, 'ubuntu-l10n-de', NULL, NULL, NULL, NULL, 2, NULL, '2009-08-24 14:09:48.110941', NULL, NULL, NULL, false, NULL, NULL, NULL, NULL, 10, 0, NULL, NULL, 1, true, 1, true, NULL);
INSERT INTO person (id, displayname, teamowner, teamdescription, name, language, fti, defaultmembershipperiod, defaultrenewalperiod, subscriptionpolicy, merged, datecreated, homepage_content, icon, mugshot, hide_email_addresses, creation_rationale, creation_comment, registrant, logo, renewal_policy, personal_standing, personal_standing_reason, mail_resumption_date, mailing_list_auto_subscribe_policy, mailing_list_receive_duplicates, visibility, verbose_bugnotifications, account) VALUES (243640, 'Ubuntu Brazilian translators', 243635, NULL, 'ubuntu-l10n-pt-br', NULL, NULL, NULL, NULL, 2, NULL, '2009-08-24 14:09:48.137519', NULL, NULL, NULL, false, NULL, NULL, NULL, NULL, 10, 0, NULL, NULL, 1, true, 1, true, NULL);
INSERT INTO person (id, displayname, teamowner, teamdescription, name, language, fti, defaultmembershipperiod, defaultrenewalperiod, subscriptionpolicy, merged, datecreated, homepage_content, icon, mugshot, hide_email_addresses, creation_rationale, creation_comment, registrant, logo, renewal_policy, personal_standing, personal_standing_reason, mail_resumption_date, mailing_list_auto_subscribe_policy, mailing_list_receive_duplicates, visibility, verbose_bugnotifications, account) VALUES (243641, 'Ubuntu Spanish translators', 243637, NULL, 'ubuntu-l10n-es', NULL, NULL, NULL, NULL, 2, NULL, '2009-08-24 14:09:48.163482', NULL, NULL, NULL, false, NULL, NULL, NULL, NULL, 10, 0, NULL, NULL, 1, true, 1, true, NULL);
INSERT INTO person (id, displayname, teamowner, teamdescription, name, language, fti, defaultmembershipperiod, defaultrenewalperiod, subscriptionpolicy, merged, datecreated, homepage_content, icon, mugshot, hide_email_addresses, creation_rationale, creation_comment, registrant, logo, renewal_policy, personal_standing, personal_standing_reason, mail_resumption_date, mailing_list_auto_subscribe_policy, mailing_list_receive_duplicates, visibility, verbose_bugnotifications, account) VALUES (243642, 'Ubuntu Translation Coordinators', 30, NULL, 'ubuntu-l10n-coordinator', NULL, NULL, NULL, NULL, 2, NULL, '2009-08-24 14:11:57.31059', NULL, NULL, NULL, false, NULL, NULL, NULL, NULL, 10, 0, NULL, NULL, 1, true, 1, true, NULL);
INSERT INTO person (id, displayname, teamowner, teamdescription, name, language, fti, defaultmembershipperiod, defaultrenewalperiod, subscriptionpolicy, merged, datecreated, homepage_content, icon, mugshot, hide_email_addresses, creation_rationale, creation_comment, registrant, logo, renewal_policy, personal_standing, personal_standing_reason, mail_resumption_date, mailing_list_auto_subscribe_policy, mailing_list_receive_duplicates, visibility, verbose_bugnotifications, account) VALUES (243643, 'Иван Петровић', NULL, NULL, 'ivan', NULL, NULL, NULL, NULL, 1, NULL, '2009-08-24 14:15:22.574451', NULL, NULL, NULL, false, 1, NULL, NULL, NULL, 10, 0, NULL, NULL, 1, true, 1, true, 243632);
INSERT INTO person (id, displayname, teamowner, teamdescription, name, language, fti, defaultmembershipperiod, defaultrenewalperiod, subscriptionpolicy, merged, datecreated, homepage_content, icon, mugshot, hide_email_addresses, creation_rationale, creation_comment, registrant, logo, renewal_policy, personal_standing, personal_standing_reason, mail_resumption_date, mailing_list_auto_subscribe_policy, mailing_list_receive_duplicates, visibility, verbose_bugnotifications, account) VALUES (243644, 'Launchpad Serbian translators', 243643, NULL, 'lp-l10n-sr', NULL, NULL, NULL, NULL, 2, NULL, '2009-08-24 14:18:51.965352', NULL, NULL, NULL, false, NULL, NULL, NULL, NULL, 10, 0, NULL, NULL, 1, true, 1, true, NULL);
INSERT INTO person (id, displayname, teamowner, teamdescription, name, language, fti, defaultmembershipperiod, defaultrenewalperiod, subscriptionpolicy, merged, datecreated, homepage_content, icon, mugshot, hide_email_addresses, creation_rationale, creation_comment, registrant, logo, renewal_policy, personal_standing, personal_standing_reason, mail_resumption_date, mailing_list_auto_subscribe_policy, mailing_list_receive_duplicates, visibility, verbose_bugnotifications, account) VALUES (243645, 'Launchpad German translators', 243636, NULL, 'lp-l10n-de', NULL, NULL, NULL, NULL, 2, NULL, '2009-08-24 14:18:52.001021', NULL, NULL, NULL, false, NULL, NULL, NULL, NULL, 10, 0, NULL, NULL, 1, true, 1, true, NULL);
INSERT INTO person (id, displayname, teamowner, teamdescription, name, language, fti, defaultmembershipperiod, defaultrenewalperiod, subscriptionpolicy, merged, datecreated, homepage_content, icon, mugshot, hide_email_addresses, creation_rationale, creation_comment, registrant, logo, renewal_policy, personal_standing, personal_standing_reason, mail_resumption_date, mailing_list_auto_subscribe_policy, mailing_list_receive_duplicates, visibility, verbose_bugnotifications, account) VALUES (243646, 'Juanita Perez', NULL, NULL, 'juanita', NULL, NULL, NULL, NULL, 1, NULL, '2009-08-24 14:19:01.372767', NULL, NULL, NULL, false, 1, NULL, NULL, NULL, 10, 0, NULL, NULL, 1, true, 1, true, 243633);
INSERT INTO person (id, displayname, teamowner, teamdescription, name, language, fti, defaultmembershipperiod, defaultrenewalperiod, subscriptionpolicy, merged, datecreated, homepage_content, icon, mugshot, hide_email_addresses, creation_rationale, creation_comment, registrant, logo, renewal_policy, personal_standing, personal_standing_reason, mail_resumption_date, mailing_list_auto_subscribe_policy, mailing_list_receive_duplicates, visibility, verbose_bugnotifications, account) VALUES (243647, 'Ubuntu Brazilian translators', 243635, NULL, 'lp-l10n-pt-br', NULL, NULL, NULL, NULL, 2, NULL, '2009-08-24 14:19:05.539273', NULL, NULL, NULL, false, NULL, NULL, NULL, NULL, 10, 0, NULL, NULL, 1, true, 1, true, NULL);
INSERT INTO person (id, displayname, teamowner, teamdescription, name, language, fti, defaultmembershipperiod, defaultrenewalperiod, subscriptionpolicy, merged, datecreated, homepage_content, icon, mugshot, hide_email_addresses, creation_rationale, creation_comment, registrant, logo, renewal_policy, personal_standing, personal_standing_reason, mail_resumption_date, mailing_list_auto_subscribe_policy, mailing_list_receive_duplicates, visibility, verbose_bugnotifications, account) VALUES (243648, 'Epiphany Maintainer', NULL, NULL, 'epiphany-maintainer', NULL, NULL, NULL, NULL, 1, NULL, '2009-08-24 14:36:04.668409', NULL, NULL, NULL, false, 1, NULL, NULL, NULL, 10, 0, NULL, NULL, 1, true, 1, true, 243634);
INSERT INTO person (id, displayname, teamowner, teamdescription, name, language, fti, defaultmembershipperiod, defaultrenewalperiod, subscriptionpolicy, merged, datecreated, homepage_content, icon, mugshot, hide_email_addresses, creation_rationale, creation_comment, registrant, logo, renewal_policy, personal_standing, personal_standing_reason, mail_resumption_date, mailing_list_auto_subscribe_policy, mailing_list_receive_duplicates, visibility, verbose_bugnotifications, account) VALUES (243649, 'intltool maintainer', NULL, NULL, 'intltool-maintainer', NULL, NULL, NULL, NULL, 1, NULL, '2009-08-24 14:38:22.003195', NULL, NULL, NULL, false, 1, NULL, NULL, NULL, 10, 0, NULL, NULL, 1, true, 1, true, 243635);
INSERT INTO person (id, displayname, teamowner, teamdescription, name, language, fti, defaultmembershipperiod, defaultrenewalperiod, subscriptionpolicy, merged, datecreated, homepage_content, icon, mugshot, hide_email_addresses, creation_rationale, creation_comment, registrant, logo, renewal_policy, personal_standing, personal_standing_reason, mail_resumption_date, mailing_list_auto_subscribe_policy, mailing_list_receive_duplicates, visibility, verbose_bugnotifications, account) VALUES (243650, 'Lies Maintainer', NULL, NULL, 'lies-maintainer', NULL, NULL, NULL, NULL, 1, NULL, '2009-08-24 14:39:04.740018', NULL, NULL, NULL, false, 1, NULL, NULL, NULL, 10, 0, NULL, NULL, 1, true, 1, true, 243636);
INSERT INTO person (id, displayname, teamowner, teamdescription, name, language, fti, defaultmembershipperiod, defaultrenewalperiod, subscriptionpolicy, merged, datecreated, homepage_content, icon, mugshot, hide_email_addresses, creation_rationale, creation_comment, registrant, logo, renewal_policy, personal_standing, personal_standing_reason, mail_resumption_date, mailing_list_auto_subscribe_policy, mailing_list_receive_duplicates, visibility, verbose_bugnotifications, account) VALUES (243651, 'Software-center-agent', NULL, NULL, 'software-center-agent', NULL, NULL, NULL, NULL, 1, NULL, '2010-07-12 09:48:27.198885', NULL, NULL, NULL, false, 1, NULL, NULL, NULL, 10, 0, NULL, NULL, 1, true, 1, true, 243637);


ALTER TABLE person ENABLE TRIGGER ALL;


ALTER TABLE personlanguage DISABLE TRIGGER ALL;

INSERT INTO personlanguage (id, person, language, date_created) VALUES (1, 13, 387, '2006-10-16 18:31:44.536264');
INSERT INTO personlanguage (id, person, language, date_created) VALUES (2, 13, 68, '2006-10-16 18:31:44.537511');
INSERT INTO personlanguage (id, person, language, date_created) VALUES (3, 14, 196, '2006-10-16 18:31:44.537872');
INSERT INTO personlanguage (id, person, language, date_created) VALUES (4, 14, 449, '2006-10-16 18:31:44.538238');
INSERT INTO personlanguage (id, person, language, date_created) VALUES (5, 14, 479, '2006-10-16 18:31:44.538238');
INSERT INTO personlanguage (id, person, language, date_created) VALUES (6, 29, 521, '2006-10-16 18:31:44.538238');
INSERT INTO personlanguage (id, person, language, date_created) VALUES (7, 16, 119, '2007-06-05 12:06:39.881444');
INSERT INTO personlanguage (id, person, language, date_created) VALUES (8, 18, 119, '2007-06-05 12:06:39.881444');
INSERT INTO personlanguage (id, person, language, date_created) VALUES (10, 13, 119, '2007-06-05 18:33:45.890718');
INSERT INTO personlanguage (id, person, language, date_created) VALUES (11, 29, 119, '2007-06-05 18:34:52.127945');


ALTER TABLE personlanguage ENABLE TRIGGER ALL;


ALTER TABLE personlocation DISABLE TRIGGER ALL;

INSERT INTO personlocation (id, date_created, person, latitude, longitude, time_zone, last_modified_by, date_last_modified, visible, locked) VALUES (1, '2007-06-05 18:34:52.127945', 12, NULL, NULL, 'Australia/Perth', 12, '2007-06-05 18:34:52.127945', true, false);
INSERT INTO personlocation (id, date_created, person, latitude, longitude, time_zone, last_modified_by, date_last_modified, visible, locked) VALUES (2, '2007-06-05 18:34:52.127945', 16, NULL, NULL, 'Africa/Johannesburg', 55, '2007-06-05 18:34:52.127945', true, false);
INSERT INTO personlocation (id, date_created, person, latitude, longitude, time_zone, last_modified_by, date_last_modified, visible, locked) VALUES (3, '2007-06-05 18:34:52.127945', 55, NULL, NULL, 'Africa/Maseru', 16, '2007-06-05 18:34:52.127945', true, false);
INSERT INTO personlocation (id, date_created, person, latitude, longitude, time_zone, last_modified_by, date_last_modified, visible, locked) VALUES (4, '2007-07-05 18:34:52.127945', 23, NULL, NULL, 'UTC', 55, '2007-08-09 18:24:00.50', true, false);
INSERT INTO personlocation (id, date_created, person, latitude, longitude, time_zone, last_modified_by, date_last_modified, visible, locked) VALUES (5, '2007-07-08 18:34:52', 52, NULL, NULL, 'Europe/Paris', 55, '2007-09-02 11:54:10', true, false);
INSERT INTO personlocation (id, date_created, person, latitude, longitude, time_zone, last_modified_by, date_last_modified, visible, locked) VALUES (6, '2007-09-08 13:44:51', 4, 52.200000000000003, 0.29999999999999999, 'Europe/London', 4, '2007-12-22 10:24:15', true, false);


ALTER TABLE personlocation ENABLE TRIGGER ALL;


ALTER TABLE personnotification DISABLE TRIGGER ALL;



ALTER TABLE personnotification ENABLE TRIGGER ALL;


ALTER TABLE pillarname DISABLE TRIGGER ALL;

INSERT INTO pillarname (id, name, product, project, distribution, active, alias_for) VALUES (1, 'ubuntu', NULL, NULL, 1, true, NULL);
INSERT INTO pillarname (id, name, product, project, distribution, active, alias_for) VALUES (2, 'redhat', NULL, NULL, 2, true, NULL);
INSERT INTO pillarname (id, name, product, project, distribution, active, alias_for) VALUES (3, 'debian', NULL, NULL, 3, true, NULL);
INSERT INTO pillarname (id, name, product, project, distribution, active, alias_for) VALUES (4, 'gentoo', NULL, NULL, 4, true, NULL);
INSERT INTO pillarname (id, name, product, project, distribution, active, alias_for) VALUES (5, 'kubuntu', NULL, NULL, 5, true, NULL);
INSERT INTO pillarname (id, name, product, project, distribution, active, alias_for) VALUES (6, 'guadalinex', NULL, NULL, 7, true, NULL);
INSERT INTO pillarname (id, name, product, project, distribution, active, alias_for) VALUES (7, 'ubuntutest', NULL, NULL, 8, true, NULL);
INSERT INTO pillarname (id, name, product, project, distribution, active, alias_for) VALUES (8, 'tomcat', 1, NULL, NULL, true, NULL);
INSERT INTO pillarname (id, name, product, project, distribution, active, alias_for) VALUES (9, 'unassigned', 2, NULL, NULL, false, NULL);
INSERT INTO pillarname (id, name, product, project, distribution, active, alias_for) VALUES (10, 'arch-mirrors', 3, NULL, NULL, true, NULL);
INSERT INTO pillarname (id, name, product, project, distribution, active, alias_for) VALUES (11, 'firefox', 4, NULL, NULL, true, NULL);
INSERT INTO pillarname (id, name, product, project, distribution, active, alias_for) VALUES (12, 'evolution', 5, NULL, NULL, true, NULL);
INSERT INTO pillarname (id, name, product, project, distribution, active, alias_for) VALUES (13, 'gnome-terminal', 6, NULL, NULL, true, NULL);
INSERT INTO pillarname (id, name, product, project, distribution, active, alias_for) VALUES (14, 'iso-codes', 7, NULL, NULL, true, NULL);
INSERT INTO pillarname (id, name, product, project, distribution, active, alias_for) VALUES (15, 'thunderbird', 8, NULL, NULL, true, NULL);
INSERT INTO pillarname (id, name, product, project, distribution, active, alias_for) VALUES (16, 'applets', 9, NULL, NULL, true, NULL);
INSERT INTO pillarname (id, name, product, project, distribution, active, alias_for) VALUES (17, 'python-gnome2-dev', 10, NULL, NULL, false, NULL);
INSERT INTO pillarname (id, name, product, project, distribution, active, alias_for) VALUES (18, 'netapplet', 11, NULL, NULL, true, NULL);
INSERT INTO pillarname (id, name, product, project, distribution, active, alias_for) VALUES (19, 'a52dec', 12, NULL, NULL, true, NULL);
INSERT INTO pillarname (id, name, product, project, distribution, active, alias_for) VALUES (20, 'gnomebaker', 13, NULL, NULL, true, NULL);
INSERT INTO pillarname (id, name, product, project, distribution, active, alias_for) VALUES (21, 'bazaar', 14, NULL, NULL, true, NULL);
INSERT INTO pillarname (id, name, product, project, distribution, active, alias_for) VALUES (22, 'alsa-utils', 15, NULL, NULL, true, NULL);
INSERT INTO pillarname (id, name, product, project, distribution, active, alias_for) VALUES (23, 'iso-codes-project', NULL, 6, NULL, true, NULL);
INSERT INTO pillarname (id, name, product, project, distribution, active, alias_for) VALUES (24, 'apache', NULL, 1, NULL, true, NULL);
INSERT INTO pillarname (id, name, product, project, distribution, active, alias_for) VALUES (25, 'do-not-use-info-imports', NULL, 2, NULL, false, NULL);
INSERT INTO pillarname (id, name, product, project, distribution, active, alias_for) VALUES (26, 'launchpad-mirrors', NULL, 3, NULL, true, NULL);
INSERT INTO pillarname (id, name, product, project, distribution, active, alias_for) VALUES (27, 'mozilla', NULL, 4, NULL, true, NULL);
INSERT INTO pillarname (id, name, product, project, distribution, active, alias_for) VALUES (28, 'gnome', NULL, 5, NULL, true, NULL);
INSERT INTO pillarname (id, name, product, project, distribution, active, alias_for) VALUES (29, 'aaa', NULL, 7, NULL, true, NULL);
INSERT INTO pillarname (id, name, product, project, distribution, active, alias_for) VALUES (30, 'gimp', NULL, 8, NULL, true, NULL);
INSERT INTO pillarname (id, name, product, project, distribution, active, alias_for) VALUES (31, 'landscape', 16, NULL, NULL, true, NULL);
INSERT INTO pillarname (id, name, product, project, distribution, active, alias_for) VALUES (32, 'launchpad', 17, NULL, NULL, true, NULL);
INSERT INTO pillarname (id, name, product, project, distribution, active, alias_for) VALUES (33, 'upstart', 18, NULL, NULL, true, NULL);
INSERT INTO pillarname (id, name, product, project, distribution, active, alias_for) VALUES (34, 'aptoncd', 19, NULL, NULL, true, NULL);
INSERT INTO pillarname (id, name, product, project, distribution, active, alias_for) VALUES (35, 'jokosher', 20, NULL, NULL, true, NULL);
INSERT INTO pillarname (id, name, product, project, distribution, active, alias_for) VALUES (36, 'bzr', 21, NULL, NULL, true, NULL);
INSERT INTO pillarname (id, name, product, project, distribution, active, alias_for) VALUES (37, 'redfish', 22, NULL, NULL, true, NULL);
INSERT INTO pillarname (id, name, product, project, distribution, active, alias_for) VALUES (38, 'derby', 23, NULL, NULL, true, NULL);
INSERT INTO pillarname (id, name, product, project, distribution, active, alias_for) VALUES (39, 'mega-money-maker', 24, NULL, NULL, true, NULL);
INSERT INTO pillarname (id, name, product, project, distribution, active, alias_for) VALUES (40, 'rosetta', 25, NULL, NULL, true, NULL);
INSERT INTO pillarname (id, name, product, project, distribution, active, alias_for) VALUES (41, 'iceweasel', NULL, NULL, NULL, true, 11);
INSERT INTO pillarname (id, name, product, project, distribution, active, alias_for) VALUES (42, 'gnome2', NULL, NULL, NULL, true, 28);
INSERT INTO pillarname (id, name, product, project, distribution, active, alias_for) VALUES (43, 'fedora', NULL, NULL, NULL, true, 2);
INSERT INTO pillarname (id, name, product, project, distribution, active, alias_for) VALUES (44, 'obsolete-junk', 26, NULL, NULL, true, NULL);
INSERT INTO pillarname (id, name, product, project, distribution, active, alias_for) VALUES (45, 'epiphany', 27, NULL, NULL, true, NULL);
INSERT INTO pillarname (id, name, product, project, distribution, active, alias_for) VALUES (46, 'intltool', 28, NULL, NULL, true, NULL);
INSERT INTO pillarname (id, name, product, project, distribution, active, alias_for) VALUES (47, 'lies', 29, NULL, NULL, true, NULL);


ALTER TABLE pillarname ENABLE TRIGGER ALL;


ALTER TABLE pocketchroot DISABLE TRIGGER ALL;



ALTER TABLE pocketchroot ENABLE TRIGGER ALL;


ALTER TABLE pocomment DISABLE TRIGGER ALL;



ALTER TABLE pocomment ENABLE TRIGGER ALL;


ALTER TABLE poexportrequest DISABLE TRIGGER ALL;



ALTER TABLE poexportrequest ENABLE TRIGGER ALL;


ALTER TABLE pofile DISABLE TRIGGER ALL;

INSERT INTO pofile (id, potemplate, language, description, topcomment, header, fuzzyheader, lasttranslator, currentcount, updatescount, rosettacount, lastparsed, owner, variant, path, datecreated, from_sourcepackagename, unreviewed_count, date_changed) VALUES (1, 1, 387, 'Spanish translation for evolution in hoary', ' traducción de es.po al Spanish
 translation of es.po to Spanish
 translation of evolution.HEAD to Spanish
 Copyright © 2000-2002 Free Software Foundation, Inc.
 This file is distributed under the same license as the evolution package.
 Carlos Perelló Marín <carlos@gnome-db.org>, 2000-2001.
 Héctor García Álvarez <hector@scouts-es.org>, 2000-2002.
 Ismael Olea <Ismael@olea.org>, 2001, (revisiones) 2003.
 Eneko Lacunza <enlar@iname.com>, 2001-2002.
 Héctor García Álvarez <hector@scouts-es.org>, 2002.
 Pablo Gonzalo del Campo <pablodc@bigfoot.com>,2003 (revisión).
 Francisco Javier F. Serrador <serrador@cvs.gnome.org>, 2003, 2004.


', 'Project-Id-Version: es
POT-Creation-Date: 2004-08-17 11:10+0200
PO-Revision-Date: 2005-04-07 13:22+0000
Last-Translator: Carlos Perelló Marín <carlos@canonical.com>
Language-Team: Spanish <traductores@es.gnome.org>
MIME-Version: 1.0
Content-Type: text/plain; charset=UTF-8
Content-Transfer-Encoding: 8bit
Report-Msgid-Bugs-To: serrador@hispalinux.es
Plural-Forms: nplurals=2; plural=(n != 1);
', true, 13, 7, 0, 1, NULL, 12, NULL, 'es.po', '2005-06-06 08:59:54.24073', NULL, 2, '2007-01-04 11:02:02.844658');
INSERT INTO pofile (id, potemplate, language, description, topcomment, header, fuzzyheader, lasttranslator, currentcount, updatescount, rosettacount, lastparsed, owner, variant, path, datecreated, from_sourcepackagename, unreviewed_count, date_changed) VALUES (3, 2, 560, NULL, ' Spanish (Spain) translation for mount removable devices as normal user
 Copyright (c) (c) 2005 Canonical Ltd, and Rosetta Contributors 2005
 This file is distributed under the same license as the mount removable devices as normal user package.
 FIRST AUTHOR <EMAIL@ADDRESS>, 2005.
', 'Project-Id-Version: mount removable devices as normal user
Report-Msgid-Bugs-To: martin.pitt@canonical.com
POT-Creation-Date: 2005-04-04 17:31+0200
PO-Revision-Date: 2005-03-15 21:19+0000
Last-Translator: Daniel Aguayo <danner@mixmail.com>
Language-Team: Spanish (Spain) <es_ES@li.org>
MIME-Version: 1.0
Content-Type: text/plain; charset=UTF-8
Content-Transfer-Encoding: 8bit
Plural-Forms: nplurals=2; plural=n != 1
', true, 37, 63, 0, 0, NULL, 31, NULL, 'es.po', '2005-06-06 08:59:54.236824', NULL, 0, '2005-05-06 20:11:16.591589');
INSERT INTO pofile (id, potemplate, language, description, topcomment, header, fuzzyheader, lasttranslator, currentcount, updatescount, rosettacount, lastparsed, owner, variant, path, datecreated, from_sourcepackagename, unreviewed_count, date_changed) VALUES (4, 2, 143, NULL, ' German translations for PACKAGE package
 German messages for PACKAGE.
 Copyright (C) 2004 Martin Pitt
 This file is distributed under the same license as the PACKAGE package.
 Martin Pitt <martin.pitt@canonical.com>, 2004.

', 'Project-Id-Version: pmount 0.5
Report-Msgid-Bugs-To: martin.pitt@canonical.com
POT-Creation-Date: 2005-04-04 17:31+0200
PO-Revision-Date: 2004-12-29 17:56+0100
Last-Translator: Martin Pitt <martin.pitt@canonical.com>
Language-Team: German <de@li.org>
MIME-Version: 1.0
Content-Type: text/plain; charset=UTF-8
Content-Transfer-Encoding: 8bit
Plural-Forms: nplurals=2; plural=(n != 1);
', true, 38, 63, 0, 0, NULL, 31, NULL, 'de.po', '2005-06-06 08:59:54.238198', NULL, 0, '2005-05-06 20:11:41.773683');
INSERT INTO pofile (id, potemplate, language, description, topcomment, header, fuzzyheader, lasttranslator, currentcount, updatescount, rosettacount, lastparsed, owner, variant, path, datecreated, from_sourcepackagename, unreviewed_count, date_changed) VALUES (5, 2, 68, NULL, ' Catalan translation for mount removable devices as normal user
 Copyright (c) (c) 2005 Canonical Ltd, and Rosetta Contributors 2005
 This file is distributed under the same license as the mount removable devices as normal user package.
 FIRST AUTHOR <EMAIL@ADDRESS>, 2005.
', 'Project-Id-Version: mount removable devices as normal user
Report-Msgid-Bugs-To: martin.pitt@canonical.com
POT-Creation-Date: 2005-04-04 17:31+0200
PO-Revision-Date: 2005-02-12 01:18+0000
Last-Translator: Jordi Vilalta <jvprat@wanadoo.es>
Language-Team: Catalan <ca@li.org>
MIME-Version: 1.0
Content-Type: text/plain; charset=UTF-8
Content-Transfer-Encoding: 8bit
Plural-Forms: nplurals=2; plural=n != 1
', true, 34, 62, 0, 0, NULL, 31, NULL, 'ca.po', '2005-06-06 08:59:54.254523', NULL, 0, '2005-05-06 20:09:51.386766');
