-- Copyright 2010 Canonical Ltd.  This software is licensed under the
-- GNU Affero General Public License version 3 (see the file LICENSE).
-- Created using pg_dump (PostgreSQL) 8.3.9

SET escape_string_warning = off;


















































































































































































































































































































































































































































































































































































































































































































































































































ALTER TABLE account DISABLE TRIGGER ALL;

INSERT INTO account (id, date_created, creation_rationale, status, date_status_set, displayname, openid_identifier, status_comment, old_openid_identifier) VALUES (1, '2005-06-06 08:59:51.591618', 8, 20, '2005-06-06 08:59:51.591618', 'Mark Shuttleworth', 'mark_oid', NULL, '123/mark');
INSERT INTO account (id, date_created, creation_rationale, status, date_status_set, displayname, openid_identifier, status_comment, old_openid_identifier) VALUES (2, '2005-06-06 08:59:51.598107', 8, 20, '2005-06-06 08:59:51.598107', 'Robert Collins', 'lifeless_oid', NULL, NULL);
INSERT INTO account (id, date_created, creation_rationale, status, date_status_set, displayname, openid_identifier, status_comment, old_openid_identifier) VALUES (3, '2005-06-06 08:59:51.610048', 1, 20, '2008-09-05 20:55:47.76904', 'Dave Miller', 'justdave_oid', '', NULL);
INSERT INTO account (id, date_created, creation_rationale, status, date_status_set, displayname, openid_identifier, status_comment, old_openid_identifier) VALUES (4, '2005-06-06 08:59:51.611185', 8, 20, '2005-06-06 08:59:51.611185', 'Colin Watson', 'kamion_oid', NULL, NULL);
INSERT INTO account (id, date_created, creation_rationale, status, date_status_set, displayname, openid_identifier, status_comment, old_openid_identifier) VALUES (5, '2005-06-06 08:59:51.608802', 1, 10, '2005-06-06 08:59:51.608802', 'Scott James Remnant', 'keybuk_oid', NULL, NULL);
INSERT INTO account (id, date_created, creation_rationale, status, date_status_set, displayname, openid_identifier, status_comment, old_openid_identifier) VALUES (6, '2005-06-06 08:59:51.600523', 8, 20, '2005-06-06 08:59:51.600523', 'Jeff Waugh', 'jdub_oid', NULL, NULL);
INSERT INTO account (id, date_created, creation_rationale, status, date_status_set, displayname, openid_identifier, status_comment, old_openid_identifier) VALUES (7, '2005-06-06 08:59:51.551196', 2, 20, '2008-09-05 20:55:47.76904', 'Andrew Bennetts', 'spiv_oid', '', NULL);
INSERT INTO account (id, date_created, creation_rationale, status, date_status_set, displayname, openid_identifier, status_comment, old_openid_identifier) VALUES (8, '2005-06-06 08:59:51.601584', 8, 20, '2005-06-06 08:59:51.601584', 'James Blackwell', 'jblack_oid', NULL, NULL);
INSERT INTO account (id, date_created, creation_rationale, status, date_status_set, displayname, openid_identifier, status_comment, old_openid_identifier) VALUES (9, '2005-06-06 08:59:51.594941', 1, 10, '2005-06-06 08:59:51.594941', 'Christian Reis', 'kiko_oid', NULL, NULL);
INSERT INTO account (id, date_created, creation_rationale, status, date_status_set, displayname, openid_identifier, status_comment, old_openid_identifier) VALUES (10, '2005-06-06 08:59:51.619713', 2, 20, '2008-09-05 20:55:47.76904', 'Alexander Limi', 'limi_oid', '', NULL);
INSERT INTO account (id, date_created, creation_rationale, status, date_status_set, displayname, openid_identifier, status_comment, old_openid_identifier) VALUES (11, '2005-06-06 08:59:51.599234', 8, 20, '2005-06-06 08:59:51.599234', 'Steve Alexander', 'stevea_oid', NULL, NULL);
INSERT INTO account (id, date_created, creation_rationale, status, date_status_set, displayname, openid_identifier, status_comment, old_openid_identifier) VALUES (12, '2005-06-06 08:59:51.612277', 8, 20, '2005-06-06 08:59:51.612277', 'Sample Person', 'name12_oid', NULL, '123/name12');
INSERT INTO account (id, date_created, creation_rationale, status, date_status_set, displayname, openid_identifier, status_comment, old_openid_identifier) VALUES (13, '2005-06-06 08:59:51.615543', 8, 20, '2005-06-06 08:59:51.615543', 'Carlos Perelló Marín', 'carlos_oid', NULL, NULL);
INSERT INTO account (id, date_created, creation_rationale, status, date_status_set, displayname, openid_identifier, status_comment, old_openid_identifier) VALUES (14, '2005-06-06 08:59:51.616666', 8, 20, '2005-06-06 08:59:51.616666', 'Dafydd Harries', 'daf_oid', NULL, NULL);
INSERT INTO account (id, date_created, creation_rationale, status, date_status_set, displayname, openid_identifier, status_comment, old_openid_identifier) VALUES (16, '2005-06-06 08:59:51.593849', 8, 20, '2005-06-06 08:59:51.593849', 'Foo Bar', 'name16_oid', NULL, NULL);
INSERT INTO account (id, date_created, creation_rationale, status, date_status_set, displayname, openid_identifier, status_comment, old_openid_identifier) VALUES (22, '2005-06-06 08:59:51.59276', 8, 20, '2005-06-06 08:59:51.59276', 'Stuart Bishop', 'stub_oid', NULL, NULL);
INSERT INTO account (id, date_created, creation_rationale, status, date_status_set, displayname, openid_identifier, status_comment, old_openid_identifier) VALUES (23, '2005-06-06 08:59:51.620823', 8, 20, '2005-06-06 08:59:51.620823', 'David Allouche', 'ddaa_oid', NULL, NULL);
INSERT INTO account (id, date_created, creation_rationale, status, date_status_set, displayname, openid_identifier, status_comment, old_openid_identifier) VALUES (26, '2005-06-06 08:59:51.618722', 2, 20, '2008-09-05 20:55:47.76904', 'Daniel Silverstone', 'kinnison_oid', NULL, NULL);
INSERT INTO account (id, date_created, creation_rationale, status, date_status_set, displayname, openid_identifier, status_comment, old_openid_identifier) VALUES (27, '2005-06-06 08:59:51.557224', 8, 20, '2005-06-06 08:59:51.557224', 'Daniel Henrique Debonzi', 'debonzi_oid', NULL, NULL);
INSERT INTO account (id, date_created, creation_rationale, status, date_status_set, displayname, openid_identifier, status_comment, old_openid_identifier) VALUES (28, '2005-06-06 08:59:51.59705', 8, 20, '2005-06-06 08:59:51.59705', 'Celso Providelo', 'cprov_oid', NULL, NULL);
INSERT INTO account (id, date_created, creation_rationale, status, date_status_set, displayname, openid_identifier, status_comment, old_openid_identifier) VALUES (29, '2005-06-06 08:59:51.596025', 8, 20, '2005-06-06 08:59:51.596025', 'Guilherme Salgado', 'salgado_oid', NULL, NULL);
INSERT INTO account (id, date_created, creation_rationale, status, date_status_set, displayname, openid_identifier, status_comment, old_openid_identifier) VALUES (33, '2005-06-06 08:59:51.621892', 8, 20, '2005-06-06 08:59:51.621892', 'Edgar Bursic', 'edgar_oid', '', NULL);
INSERT INTO account (id, date_created, creation_rationale, status, date_status_set, displayname, openid_identifier, status_comment, old_openid_identifier) VALUES (34, '2005-06-06 08:59:51.622908', 4, 10, '2005-06-06 08:59:51.622908', 'Jordi Vilalta', 'jvprat_oid', NULL, NULL);
INSERT INTO account (id, date_created, creation_rationale, status, date_status_set, displayname, openid_identifier, status_comment, old_openid_identifier) VALUES (35, '2005-06-06 08:59:51.623962', 4, 10, '2005-06-06 08:59:51.623962', 'Sigurd Gartmann', 'sigurd-ubuntu_oid', NULL, NULL);
INSERT INTO account (id, date_created, creation_rationale, status, date_status_set, displayname, openid_identifier, status_comment, old_openid_identifier) VALUES (36, '2005-06-06 08:59:51.5244', 4, 10, '2005-06-06 08:59:51.5244', 'Vlastimil Skacel', 'skacel_oid', NULL, NULL);
INSERT INTO account (id, date_created, creation_rationale, status, date_status_set, displayname, openid_identifier, status_comment, old_openid_identifier) VALUES (37, '2005-06-06 08:59:51.549651', 8, 20, '2005-06-06 08:59:51.549651', 'Daniel Aguayo', 'danner_oid', NULL, NULL);
INSERT INTO account (id, date_created, creation_rationale, status, date_status_set, displayname, openid_identifier, status_comment, old_openid_identifier) VALUES (38, '2005-06-06 08:59:51.555051', 4, 10, '2005-06-06 08:59:51.555051', 'Martin Pitt', 'martin-pitt_oid', NULL, NULL);
INSERT INTO account (id, date_created, creation_rationale, status, date_status_set, displayname, openid_identifier, status_comment, old_openid_identifier) VALUES (39, '2005-06-06 08:59:51.556132', 4, 10, '2005-06-06 08:59:51.556132', 'Nicolas Velin', 'nsv_oid', NULL, NULL);
INSERT INTO account (id, date_created, creation_rationale, status, date_status_set, displayname, openid_identifier, status_comment, old_openid_identifier) VALUES (40, '2005-06-06 08:59:51.558429', 4, 10, '2005-06-06 08:59:51.558429', 'Francesco Accattapà', 'callipeo_oid', NULL, NULL);
INSERT INTO account (id, date_created, creation_rationale, status, date_status_set, displayname, openid_identifier, status_comment, old_openid_identifier) VALUES (41, '2005-06-06 08:59:51.559519', 4, 10, '2005-06-06 08:59:51.559519', 'Aloriel', 'jorge-gonzalez-gonzalez_oid', NULL, NULL);
INSERT INTO account (id, date_created, creation_rationale, status, date_status_set, displayname, openid_identifier, status_comment, old_openid_identifier) VALUES (42, '2005-06-06 08:59:51.560604', 4, 10, '2005-06-06 08:59:51.560604', 'Denis Barbier', 'barbier_oid', NULL, NULL);
INSERT INTO account (id, date_created, creation_rationale, status, date_status_set, displayname, openid_identifier, status_comment, old_openid_identifier) VALUES (43, '2005-06-06 08:59:51.561685', 4, 10, '2005-06-06 08:59:51.561685', 'André Luís Lopes', 'andrelop_oid', NULL, NULL);
INSERT INTO account (id, date_created, creation_rationale, status, date_status_set, displayname, openid_identifier, status_comment, old_openid_identifier) VALUES (44, '2005-06-06 08:59:51.562857', 4, 10, '2005-06-06 08:59:51.562857', 'Carlos Valdivia Yagüe', 'valyag_oid', NULL, NULL);
INSERT INTO account (id, date_created, creation_rationale, status, date_status_set, displayname, openid_identifier, status_comment, old_openid_identifier) VALUES (45, '2005-06-06 08:59:51.563952', 4, 10, '2005-06-06 08:59:51.563952', 'Luk Claes', 'luk-claes_oid', NULL, NULL);
INSERT INTO account (id, date_created, creation_rationale, status, date_status_set, displayname, openid_identifier, status_comment, old_openid_identifier) VALUES (46, '2005-06-06 08:59:51.565033', 8, 20, '2005-06-06 08:59:51.565033', 'Miroslav Kure', 'kurem_oid', NULL, NULL);
INSERT INTO account (id, date_created, creation_rationale, status, date_status_set, displayname, openid_identifier, status_comment, old_openid_identifier) VALUES (47, '2005-06-06 08:59:51.56614', 4, 10, '2005-06-06 08:59:51.56614', 'Morten Brix Pedersen', 'morten_oid', NULL, NULL);
INSERT INTO account (id, date_created, creation_rationale, status, date_status_set, displayname, openid_identifier, status_comment, old_openid_identifier) VALUES (48, '2005-06-06 08:59:51.567224', 4, 10, '2005-06-06 08:59:51.567224', 'Matti Pöllä', 'mpo_oid', NULL, NULL);
INSERT INTO account (id, date_created, creation_rationale, status, date_status_set, displayname, openid_identifier, status_comment, old_openid_identifier) VALUES (49, '2005-06-06 08:59:51.568323', 4, 10, '2005-06-06 08:59:51.568323', 'Kęstutis Biliūnas', 'kebil_oid', NULL, NULL);
INSERT INTO account (id, date_created, creation_rationale, status, date_status_set, displayname, openid_identifier, status_comment, old_openid_identifier) VALUES (50, '2005-06-06 08:59:51.569518', 8, 20, '2005-06-06 08:59:51.569518', 'Valentina Commissari', 'tsukimi_oid', NULL, NULL);
INSERT INTO account (id, date_created, creation_rationale, status, date_status_set, displayname, openid_identifier, status_comment, old_openid_identifier) VALUES (51, '2005-06-06 08:59:51.570701', 8, 20, '2005-06-06 08:59:51.570701', 'Helge Kreutzmann', 'kreutzm_oid', NULL, NULL);
INSERT INTO account (id, date_created, creation_rationale, status, date_status_set, displayname, openid_identifier, status_comment, old_openid_identifier) VALUES (52, '2005-06-06 08:59:51.593849', 8, 20, '2005-06-06 08:59:51.593849', 'No Privileges Person', 'no-priv_oid', NULL, '123/no-priv');
INSERT INTO account (id, date_created, creation_rationale, status, date_status_set, displayname, openid_identifier, status_comment, old_openid_identifier) VALUES (55, '2005-06-06 08:59:51.593849', 8, 20, '2005-06-06 08:59:51.593849', 'Marilize Coetzee', 'marilize_oid', NULL, NULL);
INSERT INTO account (id, date_created, creation_rationale, status, date_status_set, displayname, openid_identifier, status_comment, old_openid_identifier) VALUES (56, '2005-10-07 14:17:51.593849', 8, 20, '2005-10-07 14:17:51.593849', 'Jordi Mallach', 'jordi_oid', NULL, NULL);
INSERT INTO account (id, date_created, creation_rationale, status, date_status_set, displayname, openid_identifier, status_comment, old_openid_identifier) VALUES (58, '2005-12-06 09:48:58.287679', 8, 20, '2005-12-06 09:48:58.287679', 'Bug Importer', 'bug-importer_oid', NULL, NULL);
INSERT INTO account (id, date_created, creation_rationale, status, date_status_set, displayname, openid_identifier, status_comment, old_openid_identifier) VALUES (62, '2006-05-23 12:49:30.483464', 1, 10, '2006-05-23 12:49:30.483464', 'Bug Watch Updater', 'bug-watch-updater_oid', NULL, NULL);
INSERT INTO account (id, date_created, creation_rationale, status, date_status_set, displayname, openid_identifier, status_comment, old_openid_identifier) VALUES (63, '2006-05-23 12:49:30.483464', 8, 20, '2006-05-23 12:49:30.483464', 'Karl Tilbury', 'karl_oid', NULL, NULL);
INSERT INTO account (id, date_created, creation_rationale, status, date_status_set, displayname, openid_identifier, status_comment, old_openid_identifier) VALUES (65, '2006-10-04 16:20:51.19954', 1, 20, '2006-10-04 16:20:51.19954', 'Launchpad Janitor', 'launchpad-janitor_oid', NULL, NULL);
INSERT INTO account (id, date_created, creation_rationale, status, date_status_set, displayname, openid_identifier, status_comment, old_openid_identifier) VALUES (66, '2006-12-13 21:19:06.369142', 4, 10, '2006-12-13 21:19:06.369142', 'Diogo Matsubara', 'matsubara_oid', NULL, '456/matsubara');
INSERT INTO account (id, date_created, creation_rationale, status, date_status_set, displayname, openid_identifier, status_comment, old_openid_identifier) VALUES (67, '2006-10-04 16:20:51.19954', 1, 10, '2006-10-04 16:20:51.19954', 'Team Membership Janitor', 'team-membership-janitor_oid', NULL, NULL);
INSERT INTO account (id, date_created, creation_rationale, status, date_status_set, displayname, openid_identifier, status_comment, old_openid_identifier) VALUES (68, '2007-01-31 06:56:25.096519', 8, 20, '2007-01-31 06:56:25.096519', 'Launchpad Beta Testers Owner', 'launchpad-beta-owner_oid', NULL, NULL);
INSERT INTO account (id, date_created, creation_rationale, status, date_status_set, displayname, openid_identifier, status_comment, old_openid_identifier) VALUES (70, '2006-12-13 21:19:06.369142', 2, 30, '2008-02-01 13:01:01.000001', 'Former User', 'former-user_oid', 'an ex-user', NULL);
INSERT INTO account (id, date_created, creation_rationale, status, date_status_set, displayname, openid_identifier, status_comment, old_openid_identifier) VALUES (243602, '2007-02-19 11:17:57.755666', 8, 20, '2007-02-19 11:17:57.755666', 'No Team Memberships', 'no-team-memberships_oid', NULL, NULL);
INSERT INTO account (id, date_created, creation_rationale, status, date_status_set, displayname, openid_identifier, status_comment, old_openid_identifier) VALUES (243603, '2007-02-21 10:53:59.700105', 8, 20, '2007-02-21 10:53:59.700105', 'One Membership', 'one-membership_oid', NULL, NULL);
INSERT INTO account (id, date_created, creation_rationale, status, date_status_set, displayname, openid_identifier, status_comment, old_openid_identifier) VALUES (243606, '2007-08-09 21:25:37.832976', 7, 10, '2007-08-09 21:25:37.832976', 'Julian Edwards', 'neMCQNd', NULL, NULL);
INSERT INTO account (id, date_created, creation_rationale, status, date_status_set, displayname, openid_identifier, status_comment, old_openid_identifier) VALUES (243608, '2007-11-12 15:23:19.847132', 3, 10, '2007-11-12 15:23:19.847132', 'Ubuntu Doc Team', 'WQPMHdf', NULL, NULL);
INSERT INTO account (id, date_created, creation_rationale, status, date_status_set, displayname, openid_identifier, status_comment, old_openid_identifier) VALUES (243609, '2007-12-07 13:43:20.393704', 8, 20, '2007-12-07 13:43:20.393704', 'Katie', '6w7kmzC', NULL, NULL);
INSERT INTO account (id, date_created, creation_rationale, status, date_status_set, displayname, openid_identifier, status_comment, old_openid_identifier) VALUES (243610, '2007-12-14 16:52:15.403833', 1, 20, '2007-12-14 16:52:15.403833', 'Gold Member', 'cCGE3LA', NULL, NULL);
INSERT INTO account (id, date_created, creation_rationale, status, date_status_set, displayname, openid_identifier, status_comment, old_openid_identifier) VALUES (243611, '2007-12-14 16:52:15.403833', 1, 20, '2007-12-14 16:52:15.403833', 'Owner', 'MGWJnTL', NULL, NULL);
INSERT INTO account (id, date_created, creation_rationale, status, date_status_set, displayname, openid_identifier, status_comment, old_openid_identifier) VALUES (243614, '2007-12-18 16:31:34.790641', 15, 10, '2007-12-18 16:31:34.790641', 'josh', '6KHNEe3', NULL, NULL);
INSERT INTO account (id, date_created, creation_rationale, status, date_status_set, displayname, openid_identifier, status_comment, old_openid_identifier) VALUES (243615, '2007-12-18 16:31:34.790641', 15, 10, '2007-12-18 16:31:34.790641', 'Sjoerd Simons', 'yEzBPbd', NULL, NULL);
INSERT INTO account (id, date_created, creation_rationale, status, date_status_set, displayname, openid_identifier, status_comment, old_openid_identifier) VALUES (243616, '2007-12-18 16:31:34.790641', 15, 10, '2007-12-18 16:31:34.790641', 'Martin Pitt', 'R8FpwXd', NULL, NULL);
INSERT INTO account (id, date_created, creation_rationale, status, date_status_set, displayname, openid_identifier, status_comment, old_openid_identifier) VALUES (243617, '2008-03-06 09:55:27.289842', 1, 20, '2008-06-16 07:02:18.857109', 'Tim Penhey', 'CALDpFr', NULL, NULL);
INSERT INTO account (id, date_created, creation_rationale, status, date_status_set, displayname, openid_identifier, status_comment, old_openid_identifier) VALUES (243622, '2008-05-12 17:38:38.798696', 8, 20, '2008-06-16 07:02:18.857109', 'Commercial Member', 'rPwGRk4', NULL, NULL);
INSERT INTO account (id, date_created, creation_rationale, status, date_status_set, displayname, openid_identifier, status_comment, old_openid_identifier) VALUES (243623, '2008-06-27 14:49:11.149508', 8, 20, '2008-06-27 14:49:11.149508', 'Brad Crittenden', 'mTmeENb', NULL, NULL);
INSERT INTO account (id, date_created, creation_rationale, status, date_status_set, displayname, openid_identifier, status_comment, old_openid_identifier) VALUES (243624, '2008-11-04 12:59:26.965843', 8, 20, '2008-11-04 13:09:43.807125', 'PPA key guard', 'cF4PNk3', NULL, '771/ppa-key-guard');
INSERT INTO account (id, date_created, creation_rationale, status, date_status_set, displayname, openid_identifier, status_comment, old_openid_identifier) VALUES (243625, '2009-03-17 07:28:15.948042', 1, 20, '2009-03-17 07:28:15.948042', 'Ubuntu-branches-owner', '3sbtGMy', 'Activated when the preferred email was set.', '538/ubuntu-branches-owner');
INSERT INTO account (id, date_created, creation_rationale, status, date_status_set, displayname, openid_identifier, status_comment, old_openid_identifier) VALUES (243626, '2009-08-04 10:49:59.788665', 1, 20, '2009-08-04 10:49:59.788665', 'Techboard Owner', 'LQCGF4D', 'Activated when the preferred email was set.', NULL);
INSERT INTO account (id, date_created, creation_rationale, status, date_status_set, displayname, openid_identifier, status_comment, old_openid_identifier) VALUES (243627, '2009-08-24 13:10:40.725354', 1, 20, '2009-08-24 13:10:40.725354', 'Translator Deity', 'tMRLhWD', 'Activated when the preferred email was set.', NULL);
INSERT INTO account (id, date_created, creation_rationale, status, date_status_set, displayname, openid_identifier, status_comment, old_openid_identifier) VALUES (243628, '2009-08-24 14:09:47.90688', 1, 20, '2009-08-24 14:09:47.90688', 'Срба Србић', 'MY7Gzdp', 'Activated when the preferred email was set.', NULL);
INSERT INTO account (id, date_created, creation_rationale, status, date_status_set, displayname, openid_identifier, status_comment, old_openid_identifier) VALUES (243629, '2009-08-24 14:09:47.985931', 1, 20, '2009-08-24 14:09:47.985931', 'João da Silva', 'DX4rknT', 'Activated when the preferred email was set.', NULL);
INSERT INTO account (id, date_created, creation_rationale, status, date_status_set, displayname, openid_identifier, status_comment, old_openid_identifier) VALUES (243630, '2009-08-24 14:09:48.020245', 1, 20, '2009-08-24 14:09:48.020245', 'Jürgen Müller', 'f8mXQsW', 'Activated when the preferred email was set.', NULL);
INSERT INTO account (id, date_created, creation_rationale, status, date_status_set, displayname, openid_identifier, status_comment, old_openid_identifier) VALUES (243631, '2009-08-24 14:09:48.055449', 1, 20, '2009-08-24 14:09:48.055449', 'Dolores Dominguez', 'DeKE6Tx', 'Activated when the preferred email was set.', NULL);
INSERT INTO account (id, date_created, creation_rationale, status, date_status_set, displayname, openid_identifier, status_comment, old_openid_identifier) VALUES (243632, '2009-08-24 14:18:51.939952', 1, 20, '2009-08-24 14:18:51.939952', 'Иван Петровић', 'wwnwXxy', 'Activated when the preferred email was set.', NULL);
INSERT INTO account (id, date_created, creation_rationale, status, date_status_set, displayname, openid_identifier, status_comment, old_openid_identifier) VALUES (243633, '2009-08-24 14:19:05.515651', 1, 20, '2009-08-24 14:19:05.515651', 'Juanita Perez', 'YEBL6yn', 'Activated when the preferred email was set.', NULL);
INSERT INTO account (id, date_created, creation_rationale, status, date_status_set, displayname, openid_identifier, status_comment, old_openid_identifier) VALUES (243634, '2009-08-24 14:36:04.670944', 1, 20, '2009-08-24 14:36:04.670944', 'Epiphany Maintainer', 'HHN3kCp', 'Activated when the preferred email was set.', NULL);
INSERT INTO account (id, date_created, creation_rationale, status, date_status_set, displayname, openid_identifier, status_comment, old_openid_identifier) VALUES (243635, '2009-08-24 14:39:04.682972', 1, 20, '2009-08-24 14:39:04.682972', 'intltool maintainer', 'NbFGnBx', 'Activated when the preferred email was set.', NULL);
INSERT INTO account (id, date_created, creation_rationale, status, date_status_set, displayname, openid_identifier, status_comment, old_openid_identifier) VALUES (243636, '2009-08-24 14:41:04.403504', 1, 20, '2009-08-24 14:41:04.403504', 'Lies Maintainer', 'e3eENYJ', 'Activated when the preferred email was set.', NULL);
INSERT INTO account (id, date_created, creation_rationale, status, date_status_set, displayname, openid_identifier, status_comment, old_openid_identifier) VALUES (243637, '2010-07-12 09:48:27.198885', 1, 20, '2010-07-12 09:48:27.198885', 'Software-center-agent', 'zRtPxw8', NULL, NULL);


ALTER TABLE account ENABLE TRIGGER ALL;


ALTER TABLE accountpassword DISABLE TRIGGER ALL;

INSERT INTO accountpassword (id, account, password) VALUES (1, 1, 'K7Qmeansl6RbuPfulfcmyDQOzp70OxVh5Fcf');
INSERT INTO accountpassword (id, account, password) VALUES (2, 2, 'ID1adsprLaTBox18F6dpSdtSdqCiOdpgUXBo4oG17qhg73jSDTVe3g==');
INSERT INTO accountpassword (id, account, password) VALUES (4, 4, 'K7Qmeansl6RbuPfulfcmyDQOzp70OxVh5Fcf');
INSERT INTO accountpassword (id, account, password) VALUES (6, 6, 'egSV4F7r1WCy/hf5jWu7AlOfsdt6E5/eGUDj2esLlEPV8VfJSdIJSQ==');
INSERT INTO accountpassword (id, account, password) VALUES (8, 8, 'AqRrSgxlaD/jsmKcwKM6WRV6RjgdyuND0kHVDSFG+F1FGUCoCXncuQ==');
INSERT INTO accountpassword (id, account, password) VALUES (11, 11, 'K7Qmeansl6RbuPfulfcmyDQOzp70OxVh5Fcf');
INSERT INTO accountpassword (id, account, password) VALUES (12, 12, 'K7Qmeansl6RbuPfulfcmyDQOzp70OxVh5Fcf');
INSERT INTO accountpassword (id, account, password) VALUES (13, 13, 'MdB+BoAdbza3BA6mIkMm6bFo1kv9hR2PKZ3U');
INSERT INTO accountpassword (id, account, password) VALUES (14, 14, 'pGQrbOLX8qWHLVFxd/VPhZlqhPDXj/3/8p8CeEUYIFfYziLKdTbJNQ==');
INSERT INTO accountpassword (id, account, password) VALUES (16, 16, 'K7Qmeansl6RbuPfulfcmyDQOzp70OxVh5Fcf');
INSERT INTO accountpassword (id, account, password) VALUES (22, 22, 'I+lQozEFEr+uBuxQZuKGpL4jkiy6lE1dQsZx');
INSERT INTO accountpassword (id, account, password) VALUES (23, 23, 'K7Qmeansl6RbuPfulfcmyDQOzp70OxVh5Fcf');
INSERT INTO accountpassword (id, account, password) VALUES (27, 27, 'DAJs/l1RrrYFPPd2mBY4b/aFjnTfodXOyg+L+U6uPxUy8rCp/IFC/w==');
INSERT INTO accountpassword (id, account, password) VALUES (28, 28, 'OkikNBxGC7hgRBJ109OZru86vpzhHw+cO+zW/0SlTN2phfv7lSwSHg==');
INSERT INTO accountpassword (id, account, password) VALUES (29, 29, 'DAJs/l1RrrYFPPd2mBY4b/aFjnTfodXOyg+L+U6uPxUy8rCp/IFC/w==');
INSERT INTO accountpassword (id, account, password) VALUES (33, 33, 'test');
INSERT INTO accountpassword (id, account, password) VALUES (34, 34, 'gsTz0TyTUL7xrkoAH4Yz2WE6/w6WoYG5LjaO8p/xA1FDdSM6qkWiYA==');
INSERT INTO accountpassword (id, account, password) VALUES (35, 35, 'FvPq9d4L5onnmcRA9wCzQ5lnPPYIzvW5rJA7GGnnsJuQqz8M8naZkQ==');
INSERT INTO accountpassword (id, account, password) VALUES (36, 36, 'lyA9CgUH9lHmTiaiWGP2vzkmytufiHBAnc9c8WCX1g5pYyBd6QgL3A==');
INSERT INTO accountpassword (id, account, password) VALUES (37, 37, 'bpLapC1tQHUedQBP447krtcmaRPd3hrncPusTlNUKXh5ymfO5yVhhQ==');
INSERT INTO accountpassword (id, account, password) VALUES (38, 38, 'DAJs/l1RrrYFPPd2mBY4b/aFjnTfodXOyg+L+U6uPxUy8rCp/IFC/w==');
INSERT INTO accountpassword (id, account, password) VALUES (39, 39, 'U2QzusrIFlQZKb3hWzcLpfhFcB3WZ0fa0E+OwcV8q/WOtsQCjarzzA==');
INSERT INTO accountpassword (id, account, password) VALUES (40, 40, 'mSKDc1EKoi8a5L0zd+oueU33nuSEuFWy+JHIHxOukBVJt9LPW47RVg==');
INSERT INTO accountpassword (id, account, password) VALUES (41, 41, '94y1dy33Evut2/bLsGG8Pzguyuip9wHeRtFWp0cSItzHdD1tK3gmcQ==');
INSERT INTO accountpassword (id, account, password) VALUES (42, 42, 'vI/vIVB2qsx1NvuaMy+q4l8rWUNMFINWzCSLOK1D5qi97/VmXvIrEw==');
INSERT INTO accountpassword (id, account, password) VALUES (43, 43, 'HG6qWB8PwzfIr3z+Tu+m3lQv7r1dsaWY6rxCxRuNypGomTPTzBh9iA==');
INSERT INTO accountpassword (id, account, password) VALUES (44, 44, 'xrXafuC+VBaIz3m2+0UMjxms+2KhGhj6qnQdoo2V/f4iNFHJgSDzzw==');
INSERT INTO accountpassword (id, account, password) VALUES (45, 45, 'w+f2krWWyQIIm76PIUEIsMCNQLhWLjObLcDONJNjjXcRaiKzKXeMAw==');
INSERT INTO accountpassword (id, account, password) VALUES (46, 46, '1u05okOZJIa069F8COZ2vmxRq11c+4rolNUVRp539TI5ihnHwk9+Sw==');
INSERT INTO accountpassword (id, account, password) VALUES (47, 47, 'n+KIa3PoihBN8ljj9Hjg9H3Im2LWnrn2yprgY4u/MnxOQx3dOh3bDw==');
INSERT INTO accountpassword (id, account, password) VALUES (48, 48, 'U4KMnp73AYdriB7QH2NpEYhlH+fBWJKziDPcDAt25OxItZMYh0QV4Q==');
INSERT INTO accountpassword (id, account, password) VALUES (49, 49, 'YbUJ4nzlxjYtaLLFMqUFL3LplUpS3FxcYwiCAS0WaAcnXS8Sst9BgA==');
INSERT INTO accountpassword (id, account, password) VALUES (50, 50, 'MdB+BoAdbza3BA6mIkMm6bFo1kv9hR2PKZ3U');
INSERT INTO accountpassword (id, account, password) VALUES (51, 51, 'sYVFKi2dWAfkFkWekcW296s2dZ0ihYcxAXtwumI1FQJes4PWD8xvqQ==');
INSERT INTO accountpassword (id, account, password) VALUES (52, 52, 'K7Qmeansl6RbuPfulfcmyDQOzp70OxVh5Fcf');
INSERT INTO accountpassword (id, account, password) VALUES (55, 55, 'K7Qmeansl6RbuPfulfcmyDQOzp70OxVh5Fcf');
INSERT INTO accountpassword (id, account, password) VALUES (56, 56, 'K7Qmeansl6RbuPfulfcmyDQOzp70OxVh5Fcf');
INSERT INTO accountpassword (id, account, password) VALUES (58, 58, 'K7Qmeansl6RbuPfulfcmyDQOzp70OxVh5Fcf');
INSERT INTO accountpassword (id, account, password) VALUES (63, 63, 'UnjDN34pTZ0xE3vbCNZDedIVpLPrA9nty9S/mOzbeefQXAEN6CMNUQ==');
INSERT INTO accountpassword (id, account, password) VALUES (68, 68, 'q/esKTLj2ba0Bzu2Xdi1JA4zgC683EE3I1Vjm+hp4mY+xgikQ7YD1g==');
INSERT INTO accountpassword (id, account, password) VALUES (243602, 243602, 'PlPmrpS1styVUEK/lGn72zqxYYeZcLqKD3b5oD4/C6AyntMMFvSacw==');
INSERT INTO accountpassword (id, account, password) VALUES (243603, 243603, '52kdKnxgzc0LWK2ltsED9SeqQcjZgDAj+wWlaRotx3BvsXJCH0AUdQ==');
INSERT INTO accountpassword (id, account, password) VALUES (243610, 243610, '9I7bMpJUcBH+edfXjswjdo7nC6iuoTU6YAqolznT59Q1h9v+z9pdVQ==');
INSERT INTO accountpassword (id, account, password) VALUES (243611, 243611, 'zpAkRDpNGKvwvoPeBHuuwK4RFNCrwUnEMglcuWfzV1FCZ0M9nskK8w==');
INSERT INTO accountpassword (id, account, password) VALUES (243617, 243617, '8Z3kccpOP4HerugZDi/VS5VePtVDHk48XE11Mx0DmpnqiPsDLczI3g==');
INSERT INTO accountpassword (id, account, password) VALUES (243622, 243622, 'x3AXXkF9hiPAvbgZSrM/6wczynYy0x+o7SNoT+Gy2Z1GZCMcDNb08A==');
INSERT INTO accountpassword (id, account, password) VALUES (243623, 243623, '0HM7dR9mHB8uh4Pi88me/V7VrPBbsZZCIVWtkjyHV9WtA0QMcaVM5w==');
INSERT INTO accountpassword (id, account, password) VALUES (243624, 26, 'test');
INSERT INTO accountpassword (id, account, password) VALUES (243625, 7, 'test');
INSERT INTO accountpassword (id, account, password) VALUES (243626, 3, 'test');
INSERT INTO accountpassword (id, account, password) VALUES (243627, 10, 'test');
INSERT INTO accountpassword (id, account, password) VALUES (243628, 243624, 'test');
INSERT INTO accountpassword (id, account, password) VALUES (243629, 243625, 'Q7JyCMcPnbp7vrUbqwzllKxRgXj2UGSDDxs4G9zS1v8WVJHqkf/niw==');
INSERT INTO accountpassword (id, account, password) VALUES (243630, 243627, 'gYi/tS3y+UK0KAL4UEsXGqtHK+ijQldSC57FF/ixw2RlfGEtsCiTuA==');
INSERT INTO accountpassword (id, account, password) VALUES (243631, 243628, 'ImJ6/dkjvw68GoZtq5QmU500UtZ+3rOsEvFLLdnVreg3I1OA4s/CJg==');
INSERT INTO accountpassword (id, account, password) VALUES (243632, 243629, 'xZUsNnWcjsmGdKFUPCf4HAX3f4NqRkh3Zm5o9vnBx7Oj2kISLcfp1g==');
INSERT INTO accountpassword (id, account, password) VALUES (243633, 243630, 'oFiUnz5xQQkGJdyRu4oOB7AmVyZVW87YAvCI54QiB782KpKrHs6Cpw==');
INSERT INTO accountpassword (id, account, password) VALUES (243634, 243631, 'zjEF5xn8fVJGFBlyUZU2ZGvgfNMbLXTF3hTca5fRaDbFcJWQujSoEg==');
INSERT INTO accountpassword (id, account, password) VALUES (243635, 243632, 'GBt/GtCH6Lxq+CBODWC+H5tsGystXLXi+0gvW5KcLB478Vg3BPPR3A==');
INSERT INTO accountpassword (id, account, password) VALUES (243636, 243633, 'BnGHiCNGHvHeUlH52LikKWMT5xqQ5e+5Wkk0dKgRrvCwFpxodDJI7g==');
INSERT INTO accountpassword (id, account, password) VALUES (243637, 243634, 'j4OCnhO4rzPbvyJgeHYEGXe8FpfWYMsCsRvxb9wZVBUHsCfiUP/XvQ==');
INSERT INTO accountpassword (id, account, password) VALUES (243638, 243635, 'MUDYvi+UgO8wUqxwhd9br4tXTgxPpcloU5EUW5BRTNUKUS2ac+hG7A==');
INSERT INTO accountpassword (id, account, password) VALUES (243639, 243636, 'Q/4V+DAYdXXoCoQiSchF9DkfA4ntWhmkJhmzcmYmylpEnlbiZfvyIA==');
INSERT INTO accountpassword (id, account, password) VALUES (243640, 243637, 'B3cm8e9QjsFqDC/NC69OBXU0LDpKhD6z4Lc3IH7Btj7mv1qnVoYxoQ==');


ALTER TABLE accountpassword ENABLE TRIGGER ALL;


ALTER TABLE announcement DISABLE TRIGGER ALL;

INSERT INTO announcement (id, date_created, date_announced, registrant, product, distribution, project, title, summary, url, active, date_updated) VALUES (1, '2007-11-25 00:44:32.186178', '2007-11-20 03:00:00', 1, NULL, 1, NULL, 'Every Macedonian Student to Use Ubuntu-Powered Computer Workstations', 'The Macedonia Ministry of Education and Science will deploy more than 180,000 workstations running Canonical’s Edubuntu 7.04 as part of its "Computer for Every Child" project.', 'http://www.ubuntu.com/news/macedonia-school-computers', true, NULL);
INSERT INTO announcement (id, date_created, date_announced, registrant, product, distribution, project, title, summary, url, active, date_updated) VALUES (2, '2007-11-25 00:48:53.347225', '2007-10-15 07:00:00', 1, NULL, 1, NULL, 'Ubuntu 7.10 Released, Delivering the Best of Open Source Software', 'Canonical Ltd. announced today the upcoming availability of version 7.10 of the Ubuntu Server, Desktop, Kubuntu and Edubuntu Editions. All will be available for free download on Thursday 18 October. Canonical is the commercial sponsor of Ubuntu.

', 'http://www.ubuntu.com/news/ubuntu710', true, NULL);
INSERT INTO announcement (id, date_created, date_announced, registrant, product, distribution, project, title, summary, url, active, date_updated) VALUES (3, '2007-11-25 00:50:56.337934', '2007-09-11 04:00:00', 1, NULL, 1, NULL, 'Canonical to Provide Optimized Ubuntu OS Layer for VMware Virtual Appliances', 'Canonical Ltd., the commercial sponsor of Ubuntu, today announced the availability of its Ubuntu JeOS (Just Enough Operating System) edition. Ubuntu JeOS (pronounced "Juice") is an efficient variant of the popular desktop and server operating system, configured specifically for virtual appliances.', 'http://www.ubuntu.com/news/ubuntu-jeos', true, NULL);
INSERT INTO announcement (id, date_created, date_announced, registrant, product, distribution, project, title, summary, url, active, date_updated) VALUES (4, '2007-11-25 00:52:09.015964', '2007-08-07 04:29:00', 1, NULL, 1, NULL, 'Dell Answers Customer Calls for Linux in Europe', 'Dell today unveiled two consumer PCs in Europe – the Inspiron 6400n and the Inspiron 530n – with the Ubuntu 7.04 Linux operating system factory installed. Available now in the United Kingdom, Germany and France, the systems are Dell’s first steps to meet the needs of the Linux enthusiast community outside of the United States.

', 'http://www.ubuntu.com/news/dell-available-in-europe', true, NULL);
INSERT INTO announcement (id, date_created, date_announced, registrant, product, distribution, project, title, summary, url, active, date_updated) VALUES (5, '2007-11-25 00:53:11.94385', '2007-08-03 10:56:00', 1, NULL, 1, NULL, 'Canonical and Altkom Akademia partner to deliver Ubuntu Certified Professional training in Poland', 'Canonical Ltd, the commercial sponsor of Ubuntu, today announced it has signed an agreement with Altkom Akademia to deliver ''Ubuntu Certified Professional'' (UCP) training in Poland. Altkom will deliver official courses in Warsaw starting in September 2007.

Two five day courses, Ubuntu Professional Courses 1 & 2, will assist system administrators in passing the required LPI 101, LPI 102 and the Ubuntu 199 exams, and achieve the Ubuntu Certified Professional certification. These courses are part of a series of classroom and e-learning courses scheduled for launch throughout 2007.', 'http://www.ubuntu.com/news/canonical-altkom-akademia-deliver-training-in-poland', true, NULL);
INSERT INTO announcement (id, date_created, date_announced, registrant, product, distribution, project, title, summary, url, active, date_updated) VALUES (6, '2007-11-25 00:54:20.800516', '2007-07-22 14:43:00', 1, NULL, 1, NULL, 'Canonical Launches Web-Based Systems Management Tool For Ubuntu Deployments', 'Canonical announced today the availability of Landscape, its web-based systems management tool for Ubuntu servers and desktops.

Available to Canonical''s support subscribers, Landscape provides a key tool for the growing number of businesses that want to take advantage of the ease of use of Ubuntu and have previously seen system administration or support as a hurdle.', 'http://www.ubuntu.com/news/landscape-system-management-tool', true, NULL);
INSERT INTO announcement (id, date_created, date_announced, registrant, product, distribution, project, title, summary, url, active, date_updated) VALUES (7, '2007-11-25 00:55:21.295487', '2007-06-29 17:28:00', 1, NULL, 1, NULL, 'Ubuntu Receives Readers'' Choice Award for ''Best Linux Distribution''', 'Canonical, Ltd., the commercial sponsor of Ubuntu, today announced that it won Enterprise Open Source Magazine’s Readers’ Choice Award for the “Best Linux Distribution,” voted on by members of the open source community.

The winners of the Readers’ Choice Awards were revealed by SYS-CON, the parent publishing company for Enterprise Open Source Magazine, at the second annual Enterprise Open Source Conference in New York last week. This year the Enterprise Open Source Conference has been co-located with the SOA World Conference & Expo 2007.

', 'http://www.ubuntu.com/news/enterprise-open-source-best-distribution-award', true, NULL);
INSERT INTO announcement (id, date_created, date_announced, registrant, product, distribution, project, title, summary, url, active, date_updated) VALUES (8, '2007-11-25 00:59:12.513928', '2007-11-25 00:59:12.513928', 1, NULL, 1, NULL, 'Ubuntu takes majority market share in Bapetikosweti', 'In a stunning turnaround, the independent republic of Bapetikosweti has declared that all computers sold within its borders should have Ubuntu preinstalled, fully translated into the local dialect, Uysh. A government spokesman said "we wanted to show that this could be nation of change".', NULL, false, '2007-11-25 00:59:23.363818');
INSERT INTO announcement (id, date_created, date_announced, registrant, product, distribution, project, title, summary, url, active, date_updated) VALUES (9, '2007-11-25 01:00:57.90496', NULL, 1, NULL, 1, NULL, 'Ubuntu 8.04 Wins a "100 Best Products of 2008 Award" from PC World', 'Ubuntu 7.08, commercially sponsored by Canonical Ltd., was honored by PC World with a 100 Best Products of 2008 Award. The article is available now on PCWorld.com, and will also be featured in the July 2008 issue of PC World, which hits newsstands June 12.

Ubuntu is the award-winning Linux distribution for the desktop, laptop, thin client and server which brings together the best of open source software every 6 months. Version 8.04 launched in April as a secure, feature-rich alternative to Microsoft Windows. Recently, Canonical has announced partnerships with leading technology companies including Dell, VMware and Zimbra to expand the distribution''s reach.', NULL, true, NULL);
INSERT INTO announcement (id, date_created, date_announced, registrant, product, distribution, project, title, summary, url, active, date_updated) VALUES (10, '2007-11-25 01:13:31.234806', '2007-11-19 20:00:00', 1, 4, NULL, NULL, 'Firefox 3 Beta 1 Ready for Testing', 'Mozilla announced Firefox 3 Beta 1 today. Mike Betlzner has a comprehensive post on DevNews, crossposted below. Reminder that the Firefox 3 Beta 1 milestone release is intended for testing purposes only and is not for casual users.', 'http://blog.mozilla.com/blog/2007/11/20/firefox-3-beta-1-ready-for-testing/', true, NULL);
INSERT INTO announcement (id, date_created, date_announced, registrant, product, distribution, project, title, summary, url, active, date_updated) VALUES (11, '2007-11-25 01:14:42.885968', '2007-10-25 08:02:00', 1, 4, NULL, NULL, 'Extend Firefox 2 is Here!', 'Will you be the brain behind the next great web innovation? Get ready to show the world what you’re made of… Extend Firefox 2 is here! Extend Firefox 2 is a developer contest with prizes awarded for creating new Firefox Add-ons. All entries will be judged by a panel of experts.', 'http://blog.mozilla.com/blog/2007/10/25/extend-firefox-2-is-here/', true, NULL);
INSERT INTO announcement (id, date_created, date_announced, registrant, product, distribution, project, title, summary, url, active, date_updated) VALUES (12, '2007-11-25 01:16:01.858804', '2007-07-09 12:00:00', 1, 4, NULL, NULL, 'Four Hundred Million Firefox Downloads', 'On November 9th, 2004, you all started a movement. Spread Firefox, supported by tens of thousands of contributors, took just 99 days to deliver 25 million downloads of Firefox to a world of people desperate for a better Web — a Web that didn’t overwhelm them with pop-ups, a Web that didn’t infect their systems with viruses and spyware, a Web that was fun again, simply put, a Web that worked.', 'http://blog.mozilla.com/blog/2007/09/07/four-hundred-million-firefox-downloads/', true, NULL);
INSERT INTO announcement (id, date_created, date_announced, registrant, product, distribution, project, title, summary, url, active, date_updated) VALUES (13, '2007-11-25 01:17:47.035452', '2007-08-06 09:45:00', 1, 4, NULL, NULL, 'Rock Your Firefox!', ' We’re excited to announce the launch of another tool that will allow you to surf your web, your way: Rock Your Firefox! Rock Your Firefox is an application built on the Facebook® Platform allowing you to personalize, customize, and essentially rock out your browser, and share it with your friends. Browse through more than 2000 add-ons and recommend those you like to your friends - and see what they recommend for you.', 'http://blog.mozilla.com/blog/2007/08/06/rock-your-firefox/', true, NULL);
INSERT INTO announcement (id, date_created, date_announced, registrant, product, distribution, project, title, summary, url, active, date_updated) VALUES (14, '2007-11-25 01:19:22.075917', '2007-06-19 22:23:00', 1, 4, NULL, NULL, 'Firefox support options', 'We often get letters, voicemails and emails asking, “How do I get help for Firefox?” That’s a good question, so I thought I would share the available and very helpful resources.', 'http://blog.mozilla.com/blog/2007/06/20/firefox-support-options/', true, NULL);
INSERT INTO announcement (id, date_created, date_announced, registrant, product, distribution, project, title, summary, url, active, date_updated) VALUES (15, '2007-11-25 01:20:14.590274', '2007-06-15 02:13:00', 1, 4, NULL, NULL, 'A few foxy tips', 'A great deal of Firefox’s popularity is due to the ability to personalize it and add all sorts of functionality via add-ons. But there are some nifty shortcuts and features right in Firefox. I asked around here at Mozilla for favorite Firefox features and time savers.', 'http://blog.mozilla.com/blog/2007/06/15/a-few-foxy-tips/', true, NULL);
INSERT INTO announcement (id, date_created, date_announced, registrant, product, distribution, project, title, summary, url, active, date_updated) VALUES (16, '2007-11-25 01:21:54.413156', '2007-09-18 02:24:00', 1, 8, NULL, NULL, 'Mozilla’s New Focus on Thunderbird and Internet Communications', 'Mozilla has been investing in email since the Foundation was created. We have a good, solid client in Thunderbird, and we have aspirations to do more. We’ve spent the last few months working on how to meet those aspirations. Many thanks to everyone who participated in the discussions.

The result is that Mozilla is launching a new effort to improve email and internet communications. We will increase our investment and focus on our current email client — Thunderbird — and on innovations in the email and communications areas.', 'http://blog.mozilla.com/blog/2007/09/18/mozillas-new-focus-on-thunderbird-and-internet-communications/', true, NULL);
INSERT INTO announcement (id, date_created, date_announced, registrant, product, distribution, project, title, summary, url, active, date_updated) VALUES (17, '2007-11-25 01:25:18.801758', '2007-09-10 10:28:00', 1, NULL, NULL, 4, 'Air Mozilla Live this Wednesday - Window Snyder, Mozilla Security', 'Air Mozilla is the live “call in” show featuring influential Mozilla contributors from all over the world. This week’s show will feature Window Snyder, Chief Security Something or Other, talking about Mozilla and Web security. So join us this Wednesday at air.mozilla.com and on IRC or IM to be a part of the fun.', 'http://blog.mozilla.com/blog/2007/10/09/air-mozilla-live-this-wednesday-window-snyder-mozilla-security/', true, NULL);
INSERT INTO announcement (id, date_created, date_announced, registrant, product, distribution, project, title, summary, url, active, date_updated) VALUES (18, '2007-11-25 01:26:23.455036', '2007-09-18 12:28:00', 1, NULL, NULL, 4, 'Special Edition of Air Mozilla: Mitchell Baker and David Ascher', 'Tomorrow’s Air Mozilla Live will be focused on the recent announcements around Mozilla’s increasing investment in email and messaging. We’ll have both Mitchell Baker, Chairman of the Board, and David Ascher, the leader of Mozilla’s new messaging company taking your questions, live just after 2PM Pacific. So join us this Wednesday at air.mozilla.com and on IRC or IM to be a part of the fun.', 'http://blog.mozilla.com/blog/2007/09/18/special-edition-of-air-mozilla-mitchell-baker-and-david-ascher/', true, NULL);
INSERT INTO announcement (id, date_created, date_announced, registrant, product, distribution, project, title, summary, url, active, date_updated) VALUES (19, '2007-11-25 01:27:29.708004', '2007-09-15 07:03:00', 1, NULL, NULL, 4, 'Mozilla 24 is LIVE!', 'Our colleagues in Japan kicked off Mozilla 24 in Tokyo this evening. If you weren’t able to make it there like me, you don’t have to miss out on all the action. You can watch live from the Mozilla 24 site now.', 'http://blog.mozilla.com/blog/2007/09/15/mozilla-24-is-live/', true, NULL);
INSERT INTO announcement (id, date_created, date_announced, registrant, product, distribution, project, title, summary, url, active, date_updated) VALUES (20, '2007-11-25 01:28:31.840429', '2007-09-10 07:26:00', 1, NULL, NULL, 4, 'Count down to Mozilla 24!', 'We’re just a few days away from Mozilla 24, our global community event that will be taking place in Paris, Tokyo, the S.F. Bay Area (Stanford University) and now Thailand! Here is a recap of the Mozilla 24 events near you.', 'http://blog.mozilla.com/blog/2007/09/10/count-down-to-mozilla-24/', true, NULL);
INSERT INTO announcement (id, date_created, date_announced, registrant, product, distribution, project, title, summary, url, active, date_updated) VALUES (21, '2007-11-25 01:30:55.41149', '2007-08-07 12:22:00', 1, NULL, NULL, 4, 'Announcing the Grand Re-Opening of the Mozilla Store', 'Hi all. I’m excited to announce that the revamped Mozilla Store is now live!
Here are a few quick high points of what’s new:
- new site design, featuring Mozilla employees as models.
- 12 new items (plus many old favorites) including t-shirts, stickers and more.
- interactive features including a Store Blog, Community Spotlight', 'http://blog.mozilla.com/blog/2007/08/17/announcing-the-grand-re-opening-of-the-mozilla-store/', true, NULL);
INSERT INTO announcement (id, date_created, date_announced, registrant, product, distribution, project, title, summary, url, active, date_updated) VALUES (22, '2007-11-25 01:32:06.722004', NULL, 1, NULL, NULL, 4, 'Google become Platinum Sponsor of Mozilla', 'In a landmark deal for an open source project, Mozilla and Google have agreed that Google will provide free food to all Mozilla contributors, regardless of their domicile.', NULL, true, NULL);
INSERT INTO announcement (id, date_created, date_announced, registrant, product, distribution, project, title, summary, url, active, date_updated) VALUES (23, '2007-11-23 01:32:06.722004', '2007-11-23 01:32:06.722004', 1, NULL, 1, NULL, 'Ampersand="&" LessThan="<" GreaterThan=">"', 'This is to test that special characters get escaped and displayed correctly.
Ampersand="&"
LessThan="<"
GreaterThan=">"
Newline="
"
url="http://www.ubuntu.com" (The text-to-html formatter should make this an <a> tag)
', NULL, true, NULL);


ALTER TABLE announcement ENABLE TRIGGER ALL;


ALTER TABLE answercontact DISABLE TRIGGER ALL;

INSERT INTO answercontact (id, product, distribution, sourcepackagename, person, date_created) VALUES (1, NULL, 1, 1, 16, '2007-03-14 20:07:25.233772');
INSERT INTO answercontact (id, product, distribution, sourcepackagename, person, date_created) VALUES (2, 13, NULL, NULL, 16, '2007-03-14 20:11:44.591006');
INSERT INTO answercontact (id, product, distribution, sourcepackagename, person, date_created) VALUES (3, 13, NULL, NULL, 18, '2007-03-14 20:11:44.591006');
INSERT INTO answercontact (id, product, distribution, sourcepackagename, person, date_created) VALUES (4, 9, NULL, NULL, 18, '2007-03-14 20:12:07.145528');


ALTER TABLE answercontact ENABLE TRIGGER ALL;


ALTER TABLE apportjob DISABLE TRIGGER ALL;



ALTER TABLE apportjob ENABLE TRIGGER ALL;


ALTER TABLE archive DISABLE TRIGGER ALL;

INSERT INTO archive (id, owner, description, enabled, authorized_size, distribution, purpose, private, sources_cached, binaries_cached, package_description_cache, fti, buildd_secret, require_virtualized, name, publish, date_updated, total_count, pending_count, succeeded_count, failed_count, building_count, date_created, signing_key, removed_binary_retention_days, num_old_versions_published, displayname, relative_build_score, external_dependencies, status, commercial, build_debug_symbols) VALUES (1, 17, NULL, true, NULL, 1, 1, false, NULL, NULL, NULL, NULL, NULL, false, 'primary', true, '2008-05-27 18:15:12.241774', 15, 1, 8, 5, 1, '2008-09-23 17:29:03.442606', NULL, NULL, NULL, 'Primary Archive for Ubuntu Linux', 0, NULL, 0, false, false);
INSERT INTO archive (id, owner, description, enabled, authorized_size, distribution, purpose, private, sources_cached, binaries_cached, package_description_cache, fti, buildd_secret, require_virtualized, name, publish, date_updated, total_count, pending_count, succeeded_count, failed_count, building_count, date_created, signing_key, removed_binary_retention_days, num_old_versions_published, displayname, relative_build_score, external_dependencies, status, commercial, build_debug_symbols) VALUES (2, 1, NULL, true, NULL, 2, 1, false, NULL, NULL, NULL, NULL, NULL, false, 'primary', true, '2008-05-27 18:15:15.863812', 0, 0, 0, 0, 0, '2008-09-23 17:29:03.445921', NULL, NULL, NULL, 'Primary Archive for Redhat Advanced Server', 0, NULL, 0, false, false);
INSERT INTO archive (id, owner, description, enabled, authorized_size, distribution, purpose, private, sources_cached, binaries_cached, package_description_cache, fti, buildd_secret, require_virtualized, name, publish, date_updated, total_count, pending_count, succeeded_count, failed_count, building_count, date_created, signing_key, removed_binary_retention_days, num_old_versions_published, displayname, relative_build_score, external_dependencies, status, commercial, build_debug_symbols) VALUES (3, 1, NULL, true, NULL, 3, 1, false, NULL, NULL, NULL, NULL, NULL, false, 'primary', true, '2008-05-27 18:15:15.864941', 0, 0, 0, 0, 0, '2008-09-23 17:29:03.446557', NULL, NULL, NULL, 'Primary Archive for Debian GNU/Linux', 0, NULL, 0, false, false);
INSERT INTO archive (id, owner, description, enabled, authorized_size, distribution, purpose, private, sources_cached, binaries_cached, package_description_cache, fti, buildd_secret, require_virtualized, name, publish, date_updated, total_count, pending_count, succeeded_count, failed_count, building_count, date_created, signing_key, removed_binary_retention_days, num_old_versions_published, displayname, relative_build_score, external_dependencies, status, commercial, build_debug_symbols) VALUES (4, 1, NULL, true, NULL, 4, 1, false, NULL, NULL, NULL, NULL, NULL, false, 'primary', true, '2008-05-27 18:15:15.865502', 0, 0, 0, 0, 0, '2008-09-23 17:29:03.44689', NULL, NULL, NULL, 'Primary Archive for The Gentoo Linux', 0, NULL, 0, false, false);
INSERT INTO archive (id, owner, description, enabled, authorized_size, distribution, purpose, private, sources_cached, binaries_cached, package_description_cache, fti, buildd_secret, require_virtualized, name, publish, date_updated, total_count, pending_count, succeeded_count, failed_count, building_count, date_created, signing_key, removed_binary_retention_days, num_old_versions_published, displayname, relative_build_score, external_dependencies, status, commercial, build_debug_symbols) VALUES (5, 1, NULL, true, NULL, 5, 1, false, NULL, NULL, NULL, NULL, NULL, false, 'primary', true, '2008-05-27 18:15:15.866015', 0, 0, 0, 0, 0, '2008-09-23 17:29:03.447202', NULL, NULL, NULL, 'Primary Archive for Kubuntu - Free KDE-based Linux', 0, NULL, 0, false, false);
INSERT INTO archive (id, owner, description, enabled, authorized_size, distribution, purpose, private, sources_cached, binaries_cached, package_description_cache, fti, buildd_secret, require_virtualized, name, publish, date_updated, total_count, pending_count, succeeded_count, failed_count, building_count, date_created, signing_key, removed_binary_retention_days, num_old_versions_published, displayname, relative_build_score, external_dependencies, status, commercial, build_debug_symbols) VALUES (7, 4, NULL, true, NULL, 7, 1, false, NULL, NULL, NULL, NULL, NULL, false, 'primary', true, '2008-05-27 18:15:15.866529', 0, 0, 0, 0, 0, '2008-09-23 17:29:03.447515', NULL, NULL, NULL, 'Primary Archive for GuadaLinex: Linux for Andalucia', 0, NULL, 0, false, false);
INSERT INTO archive (id, owner, description, enabled, authorized_size, distribution, purpose, private, sources_cached, binaries_cached, package_description_cache, fti, buildd_secret, require_virtualized, name, publish, date_updated, total_count, pending_count, succeeded_count, failed_count, building_count, date_created, signing_key, removed_binary_retention_days, num_old_versions_published, displayname, relative_build_score, external_dependencies, status, commercial, build_debug_symbols) VALUES (8, 17, NULL, true, NULL, 8, 1, false, NULL, NULL, NULL, NULL, NULL, false, 'primary', true, '2008-05-27 18:15:15.867154', 0, 0, 0, 0, 0, '2008-09-23 17:29:03.447851', NULL, NULL, NULL, 'Primary Archive for Ubuntu Test', 0, NULL, 0, false, false);
INSERT INTO archive (id, owner, description, enabled, authorized_size, distribution, purpose, private, sources_cached, binaries_cached, package_description_cache, fti, buildd_secret, require_virtualized, name, publish, date_updated, total_count, pending_count, succeeded_count, failed_count, building_count, date_created, signing_key, removed_binary_retention_days, num_old_versions_published, displayname, relative_build_score, external_dependencies, status, commercial, build_debug_symbols) VALUES (9, 28, 'packages to help my friends.', true, 1024, 1, 2, false, 3, 3, NULL, NULL, NULL, true, 'ppa', true, '2008-05-27 18:15:15.867684', 4, 0, 3, 1, 0, '2008-09-23 17:29:03.448178', NULL, NULL, NULL, 'PPA for Celso Providelo', 0, NULL, 0, false, false);
INSERT INTO archive (id, owner, description, enabled, authorized_size, distribution, purpose, private, sources_cached, binaries_cached, package_description_cache, fti, buildd_secret, require_virtualized, name, publish, date_updated, total_count, pending_count, succeeded_count, failed_count, building_count, date_created, signing_key, removed_binary_retention_days, num_old_versions_published, displayname, relative_build_score, external_dependencies, status, commercial, build_debug_symbols) VALUES (10, 1, 'packages to help the humanity (you know, ubuntu)', true, 1024, 1, 2, false, 1, 1, NULL, NULL, NULL, true, 'ppa', true, '2008-05-27 18:15:15.868202', 0, 0, 0, 0, 0, '2008-09-23 17:29:03.448488', NULL, NULL, NULL, 'PPA for Mark Shuttleworth', 0, NULL, 0, false, false);
INSERT INTO archive (id, owner, description, enabled, authorized_size, distribution, purpose, private, sources_cached, binaries_cached, package_description_cache, fti, buildd_secret, require_virtualized, name, publish, date_updated, total_count, pending_count, succeeded_count, failed_count, building_count, date_created, signing_key, removed_binary_retention_days, num_old_versions_published, displayname, relative_build_score, external_dependencies, status, commercial, build_debug_symbols) VALUES (11, 52, 'I am not allowed to say, I have no privs.', true, 1024, 1, 2, false, 0, 0, NULL, NULL, NULL, true, 'ppa', true, '2008-05-27 18:15:15.868709', 1, 0, 0, 1, 0, '2008-09-23 17:29:03.448797', NULL, NULL, NULL, 'PPA for No Privileges Person', 0, NULL, 0, false, false);
INSERT INTO archive (id, owner, description, enabled, authorized_size, distribution, purpose, private, sources_cached, binaries_cached, package_description_cache, fti, buildd_secret, require_virtualized, name, publish, date_updated, total_count, pending_count, succeeded_count, failed_count, building_count, date_created, signing_key, removed_binary_retention_days, num_old_versions_published, displayname, relative_build_score, external_dependencies, status, commercial, build_debug_symbols) VALUES (12, 17, 'Partner archive', true, NULL, 1, 4, false, NULL, NULL, NULL, NULL, NULL, false, 'partner', true, '2008-05-27 18:15:15.869209', 1, 0, 1, 0, 0, '2008-09-23 17:29:03.449157', NULL, NULL, NULL, 'Partner Archive for Ubuntu Linux', 0, NULL, 0, false, false);
INSERT INTO archive (id, owner, description, enabled, authorized_size, distribution, purpose, private, sources_cached, binaries_cached, package_description_cache, fti, buildd_secret, require_virtualized, name, publish, date_updated, total_count, pending_count, succeeded_count, failed_count, building_count, date_created, signing_key, removed_binary_retention_days, num_old_versions_published, displayname, relative_build_score, external_dependencies, status, commercial, build_debug_symbols) VALUES (13, 17, 'Partner archive', true, NULL, 8, 4, false, NULL, NULL, NULL, NULL, NULL, false, 'partner', true, '2008-05-27 18:15:15.869732', 0, 0, 0, 0, 0, '2008-09-23 17:29:03.449471', NULL, NULL, NULL, 'Partner Archive for Ubuntu Test', 0, NULL, 0, false, false);


ALTER TABLE archive ENABLE TRIGGER ALL;


ALTER TABLE archivearch DISABLE TRIGGER ALL;



ALTER TABLE archivearch ENABLE TRIGGER ALL;


ALTER TABLE archiveauthtoken DISABLE TRIGGER ALL;



ALTER TABLE archiveauthtoken ENABLE TRIGGER ALL;


ALTER TABLE archivedependency DISABLE TRIGGER ALL;



ALTER TABLE archivedependency ENABLE TRIGGER ALL;


ALTER TABLE archivejob DISABLE TRIGGER ALL;



ALTER TABLE archivejob ENABLE TRIGGER ALL;


ALTER TABLE archivepermission DISABLE TRIGGER ALL;

INSERT INTO archivepermission (id, date_created, person, permission, archive, component, sourcepackagename, packageset, explicit) VALUES (1, '2006-10-16 18:31:43.464753', 17, 1, 1, 3, NULL, NULL, false);
INSERT INTO archivepermission (id, date_created, person, permission, archive, component, sourcepackagename, packageset, explicit) VALUES (2, '2006-10-16 18:31:43.46438', 17, 1, 1, 2, NULL, NULL, false);
INSERT INTO archivepermission (id, date_created, person, permission, archive, component, sourcepackagename, packageset, explicit) VALUES (3, '2006-10-16 18:31:43.463125', 17, 1, 1, 1, NULL, NULL, false);
INSERT INTO archivepermission (id, date_created, person, permission, archive, component, sourcepackagename, packageset, explicit) VALUES (4, '2006-10-16 18:31:43.464753', 17, 1, 8, 3, NULL, NULL, false);
INSERT INTO archivepermission (id, date_created, person, permission, archive, component, sourcepackagename, packageset, explicit) VALUES (5, '2006-10-16 18:31:43.465111', 17, 1, 8, 1, NULL, NULL, false);
INSERT INTO archivepermission (id, date_created, person, permission, archive, component, sourcepackagename, packageset, explicit) VALUES (6, '2006-10-16 18:31:43.465111', 17, 2, 1, 1, NULL, NULL, false);
INSERT INTO archivepermission (id, date_created, person, permission, archive, component, sourcepackagename, packageset, explicit) VALUES (7, '2006-10-16 18:31:43.465111', 17, 2, 1, 2, NULL, NULL, false);
INSERT INTO archivepermission (id, date_created, person, permission, archive, component, sourcepackagename, packageset, explicit) VALUES (8, '2006-10-16 18:31:43.465111', 17, 2, 1, 3, NULL, NULL, false);
INSERT INTO archivepermission (id, date_created, person, permission, archive, component, sourcepackagename, packageset, explicit) VALUES (9, '2006-10-16 18:31:43.465111', 17, 2, 1, 5, NULL, NULL, false);
INSERT INTO archivepermission (id, date_created, person, permission, archive, component, sourcepackagename, packageset, explicit) VALUES (10, '2006-10-16 18:31:43.465111', 17, 2, 1, 5, NULL, NULL, false);
INSERT INTO archivepermission (id, date_created, person, permission, archive, component, sourcepackagename, packageset, explicit) VALUES (11, '2006-10-16 18:31:43.465111', 13, 1, 1, NULL, 1, NULL, false);
INSERT INTO archivepermission (id, date_created, person, permission, archive, component, sourcepackagename, packageset, explicit) VALUES (12, '2006-10-16 18:31:43.465111', 243620, 1, 12, 5, NULL, NULL, false);
INSERT INTO archivepermission (id, date_created, person, permission, archive, component, sourcepackagename, packageset, explicit) VALUES (13, '2006-10-16 18:31:43.465111', 12, 2, 1, 1, NULL, NULL, false);
INSERT INTO archivepermission (id, date_created, person, permission, archive, component, sourcepackagename, packageset, explicit) VALUES (14, '2006-10-16 18:31:43.465111', 12, 2, 1, 2, NULL, NULL, false);
INSERT INTO archivepermission (id, date_created, person, permission, archive, component, sourcepackagename, packageset, explicit) VALUES (15, '2006-10-16 18:31:43.465111', 12, 2, 1, 3, NULL, NULL, false);
INSERT INTO archivepermission (id, date_created, person, permission, archive, component, sourcepackagename, packageset, explicit) VALUES (16, '2006-10-16 18:31:43.465111', 12, 2, 1, 4, NULL, NULL, false);
INSERT INTO archivepermission (id, date_created, person, permission, archive, component, sourcepackagename, packageset, explicit) VALUES (17, '2006-10-16 18:31:43.465111', 243602, 2, 1, 3, NULL, NULL, false);
INSERT INTO archivepermission (id, date_created, person, permission, archive, component, sourcepackagename, packageset, explicit) VALUES (18, '2006-10-16 18:31:43.465111', 243602, 2, 1, 4, NULL, NULL, false);


ALTER TABLE archivepermission ENABLE TRIGGER ALL;


ALTER TABLE archivesubscriber DISABLE TRIGGER ALL;



ALTER TABLE archivesubscriber ENABLE TRIGGER ALL;


ALTER TABLE authtoken DISABLE TRIGGER ALL;



ALTER TABLE authtoken ENABLE TRIGGER ALL;


ALTER TABLE binarypackagebuild DISABLE TRIGGER ALL;

INSERT INTO binarypackagebuild (id, package_build, distro_arch_series, source_package_release) VALUES (2, 1, 1, 14);
INSERT INTO binarypackagebuild (id, package_build, distro_arch_series, source_package_release) VALUES (6, 2, 1, 32);
INSERT INTO binarypackagebuild (id, package_build, distro_arch_series, source_package_release) VALUES (7, 3, 6, 20);
INSERT INTO binarypackagebuild (id, package_build, distro_arch_series, source_package_release) VALUES (8, 4, 6, 14);
INSERT INTO binarypackagebuild (id, package_build, distro_arch_series, source_package_release) VALUES (9, 5, 1, 20);
INSERT INTO binarypackagebuild (id, package_build, distro_arch_series, source_package_release) VALUES (10, 6, 1, 26);
INSERT INTO binarypackagebuild (id, package_build, distro_arch_series, source_package_release) VALUES (11, 7, 6, 25);
INSERT INTO binarypackagebuild (id, package_build, distro_arch_series, source_package_release) VALUES (12, 8, 6, 27);
INSERT INTO binarypackagebuild (id, package_build, distro_arch_series, source_package_release) VALUES (13, 9, 1, 17);
INSERT INTO binarypackagebuild (id, package_build, distro_arch_series, source_package_release) VALUES (14, 10, 1, 28);
INSERT INTO binarypackagebuild (id, package_build, distro_arch_series, source_package_release) VALUES (15, 11, 1, 29);
INSERT INTO binarypackagebuild (id, package_build, distro_arch_series, source_package_release) VALUES (16, 12, 11, 20);
INSERT INTO binarypackagebuild (id, package_build, distro_arch_series, source_package_release) VALUES (18, 13, 8, 14);
INSERT INTO binarypackagebuild (id, package_build, distro_arch_series, source_package_release) VALUES (19, 14, 8, 20);
INSERT INTO binarypackagebuild (id, package_build, distro_arch_series, source_package_release) VALUES (21, 15, 1, 33);
INSERT INTO binarypackagebuild (id, package_build, distro_arch_series, source_package_release) VALUES (22, 16, 8, 33);
INSERT INTO binarypackagebuild (id, package_build, distro_arch_series, source_package_release) VALUES (23, 17, 1, 35);
INSERT INTO binarypackagebuild (id, package_build, distro_arch_series, source_package_release) VALUES (24, 18, 1, 33);
INSERT INTO binarypackagebuild (id, package_build, distro_arch_series, source_package_release) VALUES (25, 19, 1, 35);
INSERT INTO binarypackagebuild (id, package_build, distro_arch_series, source_package_release) VALUES (26, 20, 8, 33);
INSERT INTO binarypackagebuild (id, package_build, distro_arch_series, source_package_release) VALUES (27, 21, 1, 20);
INSERT INTO binarypackagebuild (id, package_build, distro_arch_series, source_package_release) VALUES (28, 22, 12, 14);
INSERT INTO binarypackagebuild (id, package_build, distro_arch_series, source_package_release) VALUES (29, 23, 8, 36);
INSERT INTO binarypackagebuild (id, package_build, distro_arch_series, source_package_release) VALUES (30, 24, 12, 14);


ALTER TABLE binarypackagebuild ENABLE TRIGGER ALL;


ALTER TABLE binarypackagefile DISABLE TRIGGER ALL;

INSERT INTO binarypackagefile (binarypackagerelease, libraryfile, filetype, id) VALUES (6, 55, 1, 5);
INSERT INTO binarypackagefile (binarypackagerelease, libraryfile, filetype, id) VALUES (12, 40, 1, 1);
INSERT INTO binarypackagefile (binarypackagerelease, libraryfile, filetype, id) VALUES (16, 42, 1, 4);
INSERT INTO binarypackagefile (binarypackagerelease, libraryfile, filetype, id) VALUES (17, 45, 3, 3);
INSERT INTO binarypackagefile (binarypackagerelease, libraryfile, filetype, id) VALUES (18, 37, 1, 2);
INSERT INTO binarypackagefile (binarypackagerelease, libraryfile, filetype, id) VALUES (20, 90, 1, 8);
INSERT INTO binarypackagefile (binarypackagerelease, libraryfile, filetype, id) VALUES (21, 56, 1, 6);
INSERT INTO binarypackagefile (binarypackagerelease, libraryfile, filetype, id) VALUES (22, 40, 1, 7);
INSERT INTO binarypackagefile (binarypackagerelease, libraryfile, filetype, id) VALUES (25, 70, 1, 9);


ALTER TABLE binarypackagefile ENABLE TRIGGER ALL;


ALTER TABLE binarypackagename DISABLE TRIGGER ALL;

INSERT INTO binarypackagename (id, name) VALUES (6, 'foobar');
INSERT INTO binarypackagename (id, name) VALUES (8, 'mozilla-firefox');
INSERT INTO binarypackagename (id, name) VALUES (13, 'pmount');
INSERT INTO binarypackagename (id, name) VALUES (14, 'linux-2.6.12');
INSERT INTO binarypackagename (id, name) VALUES (15, 'at');
INSERT INTO binarypackagename (id, name) VALUES (16, 'cdrkit');
INSERT INTO binarypackagename (id, name) VALUES (17, 'commercialpackage');
INSERT INTO binarypackagename (id, name) VALUES (18, 'mozilla-firefox-data');


ALTER TABLE binarypackagename ENABLE TRIGGER ALL;


ALTER TABLE binarypackagepublishinghistory DISABLE TRIGGER ALL;

INSERT INTO binarypackagepublishinghistory (id, binarypackagerelease, distroarchseries, status, component, section, priority, datecreated, datepublished, datesuperseded, supersededby, datemadepending, scheduleddeletiondate, dateremoved, pocket, archive, removed_by, removal_comment) VALUES (9, 12, 1, 2, 1, 1, 10, '2005-05-05 00:00:00', '2005-06-18 00:00:00', NULL, NULL, NULL, NULL, NULL, 0, 1, NULL, NULL);
INSERT INTO binarypackagepublishinghistory (id, binarypackagerelease, distroarchseries, status, component, section, priority, datecreated, datepublished, datesuperseded, supersededby, datemadepending, scheduleddeletiondate, dateremoved, pocket, archive, removed_by, removal_comment) VALUES (11, 15, 6, 3, 1, 3, 40, '2005-05-05 00:00:00', '2005-05-05 00:01:00', '2006-01-25 00:00:00', 7, NULL, NULL, NULL, 0, 1, NULL, NULL);
INSERT INTO binarypackagepublishinghistory (id, binarypackagerelease, distroarchseries, status, component, section, priority, datecreated, datepublished, datesuperseded, supersededby, datemadepending, scheduleddeletiondate, dateremoved, pocket, archive, removed_by, removal_comment) VALUES (12, 15, 6, 2, 3, 3, 40, '2006-01-25 00:00:00', '2006-01-25 00:01:00', NULL, NULL, NULL, NULL, NULL, 0, 1, NULL, NULL);
INSERT INTO binarypackagepublishinghistory (id, binarypackagerelease, distroarchseries, status, component, section, priority, datecreated, datepublished, datesuperseded, supersededby, datemadepending, scheduleddeletiondate, dateremoved, pocket, archive, removed_by, removal_comment) VALUES (13, 15, 1, 3, 3, 3, 40, '2006-01-26 00:00:00', '2006-01-26 00:01:00', '2007-09-13 00:00:01', NULL, NULL, NULL, NULL, 0, 1, NULL, NULL);
INSERT INTO binarypackagepublishinghistory (id, binarypackagerelease, distroarchseries, status, component, section, priority, datecreated, datepublished, datesuperseded, supersededby, datemadepending, scheduleddeletiondate, dateremoved, pocket, archive, removed_by, removal_comment) VALUES (14, 15, 7, 3, 3, 3, 40, '2006-01-26 00:00:00', '2006-01-26 00:01:00', '2006-01-28 00:00:00', NULL, NULL, NULL, NULL, 0, 3, NULL, NULL);
INSERT INTO binarypackagepublishinghistory (id, binarypackagerelease, distroarchseries, status, component, section, priority, datecreated, datepublished, datesuperseded, supersededby, datemadepending, scheduleddeletiondate, dateremoved, pocket, archive, removed_by, removal_comment) VALUES (15, 12, 7, 2, 3, 3, 40, '2006-01-26 00:00:00', '2006-01-26 00:01:00', NULL, NULL, NULL, NULL, NULL, 0, 3, NULL, NULL);
INSERT INTO binarypackagepublishinghistory (id, binarypackagerelease, distroarchseries, status, component, section, priority, datecreated, datepublished, datesuperseded, supersededby, datemadepending, scheduleddeletiondate, dateremoved, pocket, archive, removed_by, removal_comment) VALUES (16, 15, 1, 2, 1, 1, 10, '2005-05-05 00:00:00', '2005-06-24 00:01:00', NULL, NULL, NULL, NULL, NULL, 0, 1, NULL, NULL);
INSERT INTO binarypackagepublishinghistory (id, binarypackagerelease, distroarchseries, status, component, section, priority, datecreated, datepublished, datesuperseded, supersededby, datemadepending, scheduleddeletiondate, dateremoved, pocket, archive, removed_by, removal_comment) VALUES (17, 16, 1, 2, 1, 1, 10, '2005-07-06 00:00:00', '2005-08-20 00:00:00', NULL, NULL, NULL, NULL, NULL, 0, 1, NULL, NULL);
INSERT INTO binarypackagepublishinghistory (id, binarypackagerelease, distroarchseries, status, component, section, priority, datecreated, datepublished, datesuperseded, supersededby, datemadepending, scheduleddeletiondate, dateremoved, pocket, archive, removed_by, removal_comment) VALUES (18, 17, 1, 3, 1, 1, 10, '2005-08-07 00:00:00', '2005-08-22 00:00:00', '2005-08-22 00:00:01', NULL, NULL, '2005-08-22 00:00:02', '2005-08-23 00:00:00', 0, 1, NULL, NULL);
INSERT INTO binarypackagepublishinghistory (id, binarypackagerelease, distroarchseries, status, component, section, priority, datecreated, datepublished, datesuperseded, supersededby, datemadepending, scheduleddeletiondate, dateremoved, pocket, archive, removed_by, removal_comment) VALUES (19, 18, 1, 2, 1, 1, 10, '2005-05-05 00:00:00', '2005-06-20 00:00:00', NULL, NULL, NULL, NULL, NULL, 0, 1, NULL, NULL);
INSERT INTO binarypackagepublishinghistory (id, binarypackagerelease, distroarchseries, status, component, section, priority, datecreated, datepublished, datesuperseded, supersededby, datemadepending, scheduleddeletiondate, dateremoved, pocket, archive, removed_by, removal_comment) VALUES (20, 17, 1, 2, 1, 1, 10, '2005-05-05 00:00:00', '2005-06-20 00:01:00', NULL, NULL, NULL, NULL, NULL, 0, 1, NULL, NULL);
INSERT INTO binarypackagepublishinghistory (id, binarypackagerelease, distroarchseries, status, component, section, priority, datecreated, datepublished, datesuperseded, supersededby, datemadepending, scheduleddeletiondate, dateremoved, pocket, archive, removed_by, removal_comment) VALUES (21, 18, 11, 2, 1, 1, 10, '2005-05-05 00:00:00', '2005-06-20 00:00:00', NULL, NULL, NULL, NULL, NULL, 0, 1, NULL, NULL);
INSERT INTO binarypackagepublishinghistory (id, binarypackagerelease, distroarchseries, status, component, section, priority, datecreated, datepublished, datesuperseded, supersededby, datemadepending, scheduleddeletiondate, dateremoved, pocket, archive, removed_by, removal_comment) VALUES (22, 20, 8, 4, 1, 1, 40, '2006-09-13 00:00:00', '2006-09-13 00:00:01', '2006-09-13 00:00:01', NULL, NULL, '2006-09-13 00:00:02', '2006-09-13 00:00:03', 0, 1, 1, 'nah ...');
INSERT INTO binarypackagepublishinghistory (id, binarypackagerelease, distroarchseries, status, component, section, priority, datecreated, datepublished, datesuperseded, supersededby, datemadepending, scheduleddeletiondate, dateremoved, pocket, archive, removed_by, removal_comment) VALUES (23, 6, 1, 4, 1, 1, 40, '2006-12-01 00:00:00', '2006-12-01 00:00:01', '2006-12-01 00:00:01', NULL, NULL, '2006-12-01 00:00:02', '2006-12-01 00:00:03', 0, 1, 28, 'I do not like it either');
INSERT INTO binarypackagepublishinghistory (id, binarypackagerelease, distroarchseries, status, component, section, priority, datecreated, datepublished, datesuperseded, supersededby, datemadepending, scheduleddeletiondate, dateremoved, pocket, archive, removed_by, removal_comment) VALUES (24, 21, 1, 2, 1, 1, 40, '2006-12-01 00:00:00', '2006-12-01 00:00:01', NULL, NULL, NULL, NULL, NULL, 0, 1, NULL, NULL);
INSERT INTO binarypackagepublishinghistory (id, binarypackagerelease, distroarchseries, status, component, section, priority, datecreated, datepublished, datesuperseded, supersededby, datemadepending, scheduleddeletiondate, dateremoved, pocket, archive, removed_by, removal_comment) VALUES (25, 12, 1, 2, 1, 1, 10, '2007-01-19 00:00:00', '2007-02-19 00:00:00', NULL, NULL, NULL, NULL, NULL, 0, 8, NULL, NULL);
INSERT INTO binarypackagepublishinghistory (id, binarypackagerelease, distroarchseries, status, component, section, priority, datecreated, datepublished, datesuperseded, supersededby, datemadepending, scheduleddeletiondate, dateremoved, pocket, archive, removed_by, removal_comment) VALUES (26, 22, 1, 2, 1, 1, 40, '2006-04-11 13:00:00', '2006-04-11 13:00:01', NULL, NULL, NULL, NULL, NULL, 0, 1, NULL, NULL);
INSERT INTO binarypackagepublishinghistory (id, binarypackagerelease, distroarchseries, status, component, section, priority, datecreated, datepublished, datesuperseded, supersededby, datemadepending, scheduleddeletiondate, dateremoved, pocket, archive, removed_by, removal_comment) VALUES (27, 22, 1, 2, 1, 1, 40, '2007-07-10 13:00:00', '2007-07-10 13:00:01', NULL, NULL, NULL, NULL, NULL, 0, 9, NULL, NULL);
INSERT INTO binarypackagepublishinghistory (id, binarypackagerelease, distroarchseries, status, component, section, priority, datecreated, datepublished, datesuperseded, supersededby, datemadepending, scheduleddeletiondate, dateremoved, pocket, archive, removed_by, removal_comment) VALUES (28, 23, 1, 2, 1, 1, 40, '2007-07-10 13:00:00', '2007-07-10 13:00:01', NULL, NULL, NULL, NULL, NULL, 0, 9, NULL, NULL);
INSERT INTO binarypackagepublishinghistory (id, binarypackagerelease, distroarchseries, status, component, section, priority, datecreated, datepublished, datesuperseded, supersededby, datemadepending, scheduleddeletiondate, dateremoved, pocket, archive, removed_by, removal_comment) VALUES (29, 23, 12, 2, 1, 1, 40, '2007-07-10 13:00:00', '2007-07-10 13:00:01', NULL, NULL, NULL, NULL, NULL, 0, 9, NULL, NULL);
INSERT INTO binarypackagepublishinghistory (id, binarypackagerelease, distroarchseries, status, component, section, priority, datecreated, datepublished, datesuperseded, supersededby, datemadepending, scheduleddeletiondate, dateremoved, pocket, archive, removed_by, removal_comment) VALUES (30, 24, 12, 2, 1, 1, 40, '2007-08-10 13:00:00', '2007-08-10 13:00:01', NULL, NULL, NULL, NULL, NULL, 0, 9, NULL, NULL);
INSERT INTO binarypackagepublishinghistory (id, binarypackagerelease, distroarchseries, status, component, section, priority, datecreated, datepublished, datesuperseded, supersededby, datemadepending, scheduleddeletiondate, dateremoved, pocket, archive, removed_by, removal_comment) VALUES (31, 25, 8, 2, 5, 7, 20, '2007-08-09 21:55:39.561526', '2007-08-09 21:56:39.561526', NULL, NULL, NULL, NULL, NULL, 0, 12, NULL, NULL);
INSERT INTO binarypackagepublishinghistory (id, binarypackagerelease, distroarchseries, status, component, section, priority, datecreated, datepublished, datesuperseded, supersededby, datemadepending, scheduleddeletiondate, dateremoved, pocket, archive, removed_by, removal_comment) VALUES (32, 26, 12, 2, 1, 1, 10, '2005-05-05 00:00:00', '2005-06-18 00:00:00', NULL, NULL, NULL, NULL, NULL, 0, 1, NULL, NULL);
INSERT INTO binarypackagepublishinghistory (id, binarypackagerelease, distroarchseries, status, component, section, priority, datecreated, datepublished, datesuperseded, supersededby, datemadepending, scheduleddeletiondate, dateremoved, pocket, archive, removed_by, removal_comment) VALUES (33, 27, 1, 2, 1, 1, 10, '2005-05-05 00:00:00', '2005-06-18 00:00:00', NULL, NULL, NULL, NULL, NULL, 0, 1, NULL, NULL);
INSERT INTO binarypackagepublishinghistory (id, binarypackagerelease, distroarchseries, status, component, section, priority, datecreated, datepublished, datesuperseded, supersededby, datemadepending, scheduleddeletiondate, dateremoved, pocket, archive, removed_by, removal_comment) VALUES (34, 27, 12, 2, 1, 1, 10, '2005-05-05 00:00:00', '2005-06-18 00:00:00', NULL, NULL, NULL, NULL, NULL, 0, 1, NULL, NULL);
INSERT INTO binarypackagepublishinghistory (id, binarypackagerelease, distroarchseries, status, component, section, priority, datecreated, datepublished, datesuperseded, supersededby, datemadepending, scheduleddeletiondate, dateremoved, pocket, archive, removed_by, removal_comment) VALUES (35, 24, 12, 2, 1, 1, 40, '2007-08-10 13:00:00', '2007-08-10 13:00:01', NULL, NULL, NULL, NULL, NULL, 0, 10, NULL, NULL);


ALTER TABLE binarypackagepublishinghistory ENABLE TRIGGER ALL;


ALTER TABLE binarypackagerelease DISABLE TRIGGER ALL;

INSERT INTO binarypackagerelease (id, binarypackagename, version, summary, description, build, binpackageformat, component, section, priority, shlibdeps, depends, recommends, suggests, conflicts, replaces, provides, essential, installedsize, architecturespecific, fti, datecreated, pre_depends, enhances, breaks, debug_package) VALUES (6, 6, '1.0', 'foobar is bad', 'foobar should be removed', 6, 1, 1, 1, 40, NULL, NULL, NULL, NULL, NULL, NULL, NULL, false, NULL, false, NULL, '2006-12-01 17:50:10.878712', NULL, NULL, NULL, NULL);
INSERT INTO binarypackagerelease (id, binarypackagename, version, summary, description, build, binpackageformat, component, section, priority, shlibdeps, depends, recommends, suggests, conflicts, replaces, provides, essential, installedsize, architecturespecific, fti, datecreated, pre_depends, enhances, breaks, debug_package) VALUES (12, 8, '0.9', 'Mozilla Firefox Web Browser', 'Mozilla Firefox Web Browser is .....', 2, 1, 1, 1, 10, NULL, 'gcc-3.4-base, libc6 (>= 2.3.2.ds1-4), gcc-3.4 (>= 3.4.1-4sarge1), gcc-3.4 (<< 3.4.2), libstdc++6-dev (>= 3.4.1-4sarge1)', 'gcc-3.4-base, libc6 (>= 2.3.2.ds1-4), gcc-3.4 (>= 3.4.1-4sarge1), gcc-3.4 (<< 3.4.2), libstdc++6-dev (>= 3.4.1-4sarge1)', 'firefox-gnome-support (= 1.0.7-0ubuntu20), latex-xft-fonts, xprint', 'firefox, mozilla-web-browser', 'gnome-mozilla-browser', 'mozilla-firefox', false, NULL, true, NULL, '2005-10-19 17:50:10.874189', 'pmount, foo', 'pmount, bar', 'pmount, baz', NULL);
INSERT INTO binarypackagerelease (id, binarypackagename, version, summary, description, build, binpackageformat, component, section, priority, shlibdeps, depends, recommends, suggests, conflicts, replaces, provides, essential, installedsize, architecturespecific, fti, datecreated, pre_depends, enhances, breaks, debug_package) VALUES (15, 13, '0.1-1', 'pmount shortdesc', 'pmount description', 7, 1, 1, 1, 40, NULL, 'at (>= 3.14156), linux-2.6.12, tramp-package', NULL, NULL, NULL, NULL, NULL, false, NULL, false, NULL, '2005-10-19 17:50:10.878712', NULL, NULL, NULL, NULL);
INSERT INTO binarypackagerelease (id, binarypackagename, version, summary, description, build, binpackageformat, component, section, priority, shlibdeps, depends, recommends, suggests, conflicts, replaces, provides, essential, installedsize, architecturespecific, fti, datecreated, pre_depends, enhances, breaks, debug_package) VALUES (16, 14, '2.6.12.20', 'the kernel of boom', 'this kernel is like the crystal method: a temple of boom', 14, 1, 1, 1, 40, NULL, NULL, NULL, NULL, NULL, NULL, NULL, false, NULL, false, NULL, '2005-10-19 17:50:10.878712', NULL, NULL, NULL, NULL);
INSERT INTO binarypackagerelease (id, binarypackagename, version, summary, description, build, binpackageformat, component, section, priority, shlibdeps, depends, recommends, suggests, conflicts, replaces, provides, essential, installedsize, architecturespecific, fti, datecreated, pre_depends, enhances, breaks, debug_package) VALUES (17, 15, '3.14156', 'at the mountains of madness', 'lovecraft long before enunciated that the mountains were not safe, but you did not believe him', 15, 1, 1, 1, 40, NULL, NULL, NULL, NULL, NULL, NULL, NULL, false, NULL, false, NULL, '2005-10-19 17:50:10.878712', NULL, NULL, NULL, NULL);
INSERT INTO binarypackagerelease (id, binarypackagename, version, summary, description, build, binpackageformat, component, section, priority, shlibdeps, depends, recommends, suggests, conflicts, replaces, provides, essential, installedsize, architecturespecific, fti, datecreated, pre_depends, enhances, breaks, debug_package) VALUES (18, 13, '2:1.9-1', 'pmount shortdesc', 'pmount description', 16, 1, 1, 1, 40, NULL, NULL, NULL, NULL, NULL, NULL, NULL, false, NULL, true, NULL, '2005-10-19 17:50:10.878712', NULL, NULL, NULL, NULL);
INSERT INTO binarypackagerelease (id, binarypackagename, version, summary, description, build, binpackageformat, component, section, priority, shlibdeps, depends, recommends, suggests, conflicts, replaces, provides, essential, installedsize, architecturespecific, fti, datecreated, pre_depends, enhances, breaks, debug_package) VALUES (19, 8, '0.9', 'Mozilla Firefox Web Browser', 'Mozilla Firefox Web Browser is .....', 18, 1, 1, 1, 10, NULL, 'gcc-3.4-base, libc6 (>= 2.3.2.ds1-4), gcc-3.4 (>= 3.4.1-4sarge1), gcc-3.4 (<< 3.4.2), libstdc++6-dev (>= 3.4.1-4sarge1)', 'gcc-3.4-base, libc6 (>= 2.3.2.ds1-4), gcc-3.4 (>= 3.4.1-4sarge1), gcc-3.4 (<< 3.4.2), libstdc++6-dev (>= 3.4.1-4sarge1)', 'firefox-gnome-support (= 1.0.7-0ubuntu20), latex-xft-fonts, xprint', 'firefox, mozilla-web-browser', 'gnome-mozilla-browser', 'mozilla-firefox', false, NULL, true, NULL, '2005-10-19 17:50:10.874189', NULL, NULL, NULL, NULL);
INSERT INTO binarypackagerelease (id, binarypackagename, version, summary, description, build, binpackageformat, component, section, priority, shlibdeps, depends, recommends, suggests, conflicts, replaces, provides, essential, installedsize, architecturespecific, fti, datecreated, pre_depends, enhances, breaks, debug_package) VALUES (20, 13, '0.1-1', 'pmount shortdesc', 'pmount description', 19, 1, 1, 1, 40, NULL, NULL, NULL, NULL, NULL, NULL, NULL, false, NULL, false, NULL, '2005-10-19 17:50:10.878712', NULL, NULL, NULL, NULL);
INSERT INTO binarypackagerelease (id, binarypackagename, version, summary, description, build, binpackageformat, component, section, priority, shlibdeps, depends, recommends, suggests, conflicts, replaces, provides, essential, installedsize, architecturespecific, fti, datecreated, pre_depends, enhances, breaks, debug_package) VALUES (21, 16, '1.0', 'cdrkit is nice', 'cdrkit should be kept', 21, 1, 1, 1, 40, NULL, NULL, NULL, NULL, NULL, NULL, NULL, false, NULL, false, NULL, '2006-12-01 17:50:10.878712', NULL, NULL, NULL, NULL);
INSERT INTO binarypackagerelease (id, binarypackagename, version, summary, description, build, binpackageformat, component, section, priority, shlibdeps, depends, recommends, suggests, conflicts, replaces, provides, essential, installedsize, architecturespecific, fti, datecreated, pre_depends, enhances, breaks, debug_package) VALUES (22, 8, '1.0', 'ff from iceweasel', 'iceweasel huh ?', 23, 1, 1, 1, 40, NULL, NULL, NULL, NULL, NULL, NULL, NULL, false, NULL, true, NULL, '2006-04-11 12:50:10.878712', NULL, NULL, NULL, NULL);
INSERT INTO binarypackagerelease (id, binarypackagename, version, summary, description, build, binpackageformat, component, section, priority, shlibdeps, depends, recommends, suggests, conflicts, replaces, provides, essential, installedsize, architecturespecific, fti, datecreated, pre_depends, enhances, breaks, debug_package) VALUES (23, 13, '0.1-1', 'pmount shortdesc', 'pmount description', 27, 1, 1, 1, 40, NULL, NULL, NULL, NULL, NULL, NULL, NULL, false, NULL, false, NULL, '2007-07-24 17:50:10.878712', NULL, NULL, NULL, NULL);
INSERT INTO binarypackagerelease (id, binarypackagename, version, summary, description, build, binpackageformat, component, section, priority, shlibdeps, depends, recommends, suggests, conflicts, replaces, provides, essential, installedsize, architecturespecific, fti, datecreated, pre_depends, enhances, breaks, debug_package) VALUES (24, 8, '1.0', 'ff from iceweasel', 'iceweasel huh ?', 28, 1, 1, 1, 40, NULL, NULL, NULL, NULL, NULL, NULL, NULL, false, NULL, true, NULL, '2006-08-10 12:50:10.878712', NULL, NULL, NULL, NULL);
INSERT INTO binarypackagerelease (id, binarypackagename, version, summary, description, build, binpackageformat, component, section, priority, shlibdeps, depends, recommends, suggests, conflicts, replaces, provides, essential, installedsize, architecturespecific, fti, datecreated, pre_depends, enhances, breaks, debug_package) VALUES (25, 17, '1.0-1', 'Stuff for testing', ' This package is simply used for testing soyuz', 29, 1, 5, 7, 20, '', '', '', '', '', '', '', false, 8, true, NULL, '2007-08-09 21:54:18.456616', NULL, NULL, NULL, NULL);
INSERT INTO binarypackagerelease (id, binarypackagename, version, summary, description, build, binpackageformat, component, section, priority, shlibdeps, depends, recommends, suggests, conflicts, replaces, provides, essential, installedsize, architecturespecific, fti, datecreated, pre_depends, enhances, breaks, debug_package) VALUES (26, 8, '0.9', 'Mozilla Firefox Web Browser', 'Mozilla Firefox Web Browser is .....', 30, 1, 1, 1, 10, '', '', '', '', '', '', '', false, NULL, true, NULL, '2005-10-19 17:50:10.874189', NULL, NULL, NULL, NULL);
INSERT INTO binarypackagerelease (id, binarypackagename, version, summary, description, build, binpackageformat, component, section, priority, shlibdeps, depends, recommends, suggests, conflicts, replaces, provides, essential, installedsize, architecturespecific, fti, datecreated, pre_depends, enhances, breaks, debug_package) VALUES (27, 18, '0.9', 'Mozilla Firefox Data', 'Mozilla Firefox Data is .....', 2, 1, 1, 1, 10, '', '', '', '', '', '', '', false, NULL, false, NULL, '2005-10-19 17:50:10.874189', NULL, NULL, NULL, NULL);


ALTER TABLE binarypackagerelease ENABLE TRIGGER ALL;


ALTER TABLE binarypackagereleasedownloadcount DISABLE TRIGGER ALL;



ALTER TABLE binarypackagereleasedownloadcount ENABLE TRIGGER ALL;


ALTER TABLE bounty DISABLE TRIGGER ALL;

INSERT INTO bounty (id, name, title, summary, description, usdvalue, difficulty, reviewer, datecreated, owner, deadline, claimant, dateclaimed, bountystatus) VALUES (1, 'foomatic-widgets', 'Make foomatic have better widgets.', 'Foomatic needs to have way better widgets. The current ones are SO WinXP. Eeewww. Maybe we can get some of that K-Bling that I saw in Kubuntu?', 'The widgets need to be particularly polished, since foomatic is going to be the default foomaster on the desktop for the planet.', 453.44, 50, 16, '2005-03-11 09:17:40.585397', 16, NULL, NULL, NULL, 1);
INSERT INTO bounty (id, name, title, summary, description, usdvalue, difficulty, reviewer, datecreated, owner, deadline, claimant, dateclaimed, bountystatus) VALUES (2, 'test-bounty', 'This is a Test Bounty', 'The test bounty summary would be compact, not more than 70 words. I would expect to see this displayed in bold at the top of the bounty page, and in listings of bounties.', 'This is a challenging bounty. Dolorem ipsum dominum nostrum. Quanto quando magno farto.  kjds hfslhf kdszhfskdj dsfvgdfvg ghjgsdfgsdfj hgsdkjsdg vsvgckjvcxvg xcIn some cases the bounty may have been offered in a variety of currencies, so this USD value iIn some cases the bounty may have been offered in a variety of currencies, so this USD value is an estimate based on recent currency rates.s an estimate based on recent currency rates.In some cases the bounty may have been offered in a variety of currencies, so this USD value is an estimate based on recent currency rates.

In some cases the bounty may have been offered in a variety of currencies, so this USD value is an estimate based on recent currency rates.

In some cases the bounty may have been offered in a variety ofIn some cases the bounty may have been offered in a variety of currencies, so this USD value is an estimate based on recent currency rates. currencies, so this USD value is an estimate based on recent currency rates.', 657.00, 50, 16, '2005-08-19 14:33:13.38112', 16, NULL, NULL, NULL, 1);
INSERT INTO bounty (id, name, title, summary, description, usdvalue, difficulty, reviewer, datecreated, owner, deadline, claimant, dateclaimed, bountystatus) VALUES (3, 'mozilla-svg', 'Support SVG in Mozilla', 'SVG is emerging as a well-supported and well-defined standard for classy vector images. Mozilla should support SVG images natively, without plugins as currently required. In addition, it would be great to be able to address SVG images using the DOM, since they are made up of XML just like XHTML.', ' Since you have come this far, you probably already know that SVG stands for Scalable Vector Graphics, and that it is an XML language for sophisticated 2-dimensional graphics. SVG is to graphics what XHTML is to text, MathML is to mathematical equations and CML is to the description of chemical molecules.

SVG is similar in scope to Macromedia''s proprietary Flash technology: among other things it offers anti-aliased rendering, pattern and gradient fills, sophisticated filter-effects, clipping to arbitrary paths, text and animations. What distinguishes SVG from Flash, is that it is a W3 recommendation (i.e. a standard for all intents and purposes) and that it is XML-based as opposed to a closed binary format. It is explicitly designed to work with other W3C standards such as CSS, DOM and SMIL. 
', 877.00, 50, 16, '2005-08-19 14:37:20.144375', 16, NULL, NULL, NULL, 1);
INSERT INTO bounty (id, name, title, summary, description, usdvalue, difficulty, reviewer, datecreated, owner, deadline, claimant, dateclaimed, bountystatus) VALUES (4, 'evo-vcard', 'Comprehensive support for VCARD in Evolution', 'The VCARD standard, as irritating and silly as it is, should be better supported in Evolution. This bounty is for support for the creation, parsing, import and export of VCARDS in Evolution.', 'NOTE: (You MUST have python installed to do this)

1. Copy the script below to an empty ascii file and save it as:
''evol2tbird-addressbook.py''

2. Put it in an empty folder you create for this process.

3. Make the file executable:

chmod +x evol2tbird-addressbook.py

4. Run the program to export the addressbook file from Evolution:

./evol2tbird-addressbook.py --db [path to evolution''s addressbook.db]

ex.: ./evol2tbird-addressbook.py --db ~/evolution/local/Contacts/addressbook.db > adbook.txt

5. Now open the addressbook in Thunderbird and select ''Tools/Import''

6. Work through the dialogs until you point to the file the script created ... ''adbook.txt''

7. Select that file and click ''OK'' - then select what info you want imported and select ''OK'' again.

8. Your Evolution Addressbook is now imported into Thunderbird.', 300.00, 50, 16, '2005-08-19 14:40:02.046826', 16, NULL, NULL, NULL, 1);


ALTER TABLE bounty ENABLE TRIGGER ALL;


ALTER TABLE bountymessage DISABLE TRIGGER ALL;



ALTER TABLE bountymessage ENABLE TRIGGER ALL;


ALTER TABLE bountysubscription DISABLE TRIGGER ALL;

INSERT INTO bountysubscription (id, bounty, person) VALUES (1, 1, 9);
INSERT INTO bountysubscription (id, bounty, person) VALUES (2, 1, 6);
INSERT INTO bountysubscription (id, bounty, person) VALUES (3, 1, 1);


ALTER TABLE bountysubscription ENABLE TRIGGER ALL;


ALTER TABLE branch DISABLE TRIGGER ALL;

INSERT INTO branch (id, title, summary, owner, product, author, name, home_page, url, whiteboard, lifecycle_status, last_mirrored, last_mirror_attempt, mirror_failures, mirror_status_message, last_scanned, last_scanned_id, last_mirrored_id, date_created, revision_count, next_mirror_time, private, branch_type, reviewer, merge_robot, merge_control_status, date_last_modified, registrant, branch_format, repository_format, metadir_format, stacked_on, distroseries, sourcepackagename, owner_name, target_suffix, unique_name, size_on_disk) VALUES (1, 'Mozilla Firefox Mainline', 'text', 12, 4, 12, 'main', NULL, 'http://bazaar.example.com/mozilla@arch.ubuntu.com/mozilla--MAIN--0', NULL, 30, NULL, NULL, 0, NULL, NULL, NULL, NULL, '2006-10-16 18:31:42.98217', 0, NULL, false, 2, NULL, NULL, 1, '2007-12-06 19:58:26.837773', 12, NULL, NULL, NULL, NULL, NULL, NULL, 'name12', 'firefox', '~name12/firefox/main', NULL);
INSERT INTO branch (id, title, summary, owner, product, author, name, home_page, url, whiteboard, lifecycle_status, last_mirrored, last_mirror_attempt, mirror_failures, mirror_status_message, last_scanned, last_scanned_id, last_mirrored_id, date_created, revision_count, next_mirror_time, private, branch_type, reviewer, merge_robot, merge_control_status, date_last_modified, registrant, branch_format, repository_format, metadir_format, stacked_on, distroseries, sourcepackagename, owner_name, target_suffix, unique_name, size_on_disk) VALUES (2, 'Mozilla Thunderbird Mainline', 'Bazaar import of the Mozilla Thunderbird CVS mainline.', 11, 8, 1, 'main', NULL, 'http://bazaar.example.com/thunderbird@arch.ubuntu.com/thunderbird--MAIN--0', NULL, 30, NULL, '2006-04-08 01:40:15.816029', 1, NULL, NULL, NULL, NULL, '2006-10-16 18:31:43.042944', 0, NULL, false, 2, NULL, NULL, 1, '2007-12-06 19:58:26.842033', 11, NULL, NULL, NULL, NULL, NULL, NULL, 'stevea', 'thunderbird', '~stevea/thunderbird/main', NULL);
INSERT INTO branch (id, title, summary, owner, product, author, name, home_page, url, whiteboard, lifecycle_status, last_mirrored, last_mirror_attempt, mirror_failures, mirror_status_message, last_scanned, last_scanned_id, last_mirrored_id, date_created, revision_count, next_mirror_time, private, branch_type, reviewer, merge_robot, merge_control_status, date_last_modified, registrant, branch_format, repository_format, metadir_format, stacked_on, distroseries, sourcepackagename, owner_name, target_suffix, unique_name, size_on_disk) VALUES (3, 'Python Twisted Trunk', 'Bazaar import of the Twisted SVN trunk.', 7, NULL, 3, 'trunk', NULL, 'http://bazaar.example.com/twisted@arch.ubuntu.com/twisted--trunk--0', NULL, 30, NULL, NULL, 0, NULL, NULL, NULL, NULL, '2006-10-16 18:31:43.04419', 0, NULL, false, 2, NULL, NULL, 1, '2007-12-06 19:58:26.843681', 7, NULL, NULL, NULL, NULL, NULL, NULL, 'spiv', NULL, '~spiv/+junk/trunk', NULL);
INSERT INTO branch (id, title, summary, owner, product, author, name, home_page, url, whiteboard, lifecycle_status, last_mirrored, last_mirror_attempt, mirror_failures, mirror_status_message, last_scanned, last_scanned_id, last_mirrored_id, date_created, revision_count, next_mirror_time, private, branch_type, reviewer, merge_robot, merge_control_status, date_last_modified, registrant, branch_format, repository_format, metadir_format, stacked_on, distroseries, sourcepackagename, owner_name, target_suffix, unique_name, size_on_disk) VALUES (4, 'Bugzila Mainline', 'text', 3, NULL, NULL, 'main', NULL, 'http://bazaar.example.com/bugzilla@arch.ubuntu.com/bugzila--MAIN--0', NULL, 30, NULL, NULL, 0, NULL, NULL, NULL, NULL, '2006-10-16 18:31:43.045278', 0, NULL, false, 2, NULL, NULL, 1, '2007-12-06 19:58:26.844341', 3, NULL, NULL, NULL, NULL, NULL, NULL, 'justdave', NULL, '~justdave/+junk/main', NULL);
INSERT INTO branch (id, title, summary, owner, product, author, name, home_page, url, whiteboard, lifecycle_status, last_mirrored, last_mirror_attempt, mirror_failures, mirror_status_message, last_scanned, last_scanned_id, last_mirrored_id, date_created, revision_count, next_mirror_time, private, branch_type, reviewer, merge_robot, merge_control_status, date_last_modified, registrant, branch_format, repository_format, metadir_format, stacked_on, distroseries, sourcepackagename, owner_name, target_suffix, unique_name, size_on_disk) VALUES (5, 'Arch Devel', 'text', 8, NULL, NULL, 'devel-1.0', NULL, 'http://bazaar.example.com/arch@arch.ubuntu.com/arch--devel--1.0', NULL, 30, NULL, '2006-04-08 22:20:14.973705', 9, 'I do not like Arch, so I am pretending it failed to mirror.', NULL, NULL, NULL, '2006-10-16 18:31:43.046996', 0, NULL, false, 2, NULL, NULL, 1, '2007-12-06 19:58:26.844975', 8, NULL, NULL, NULL, NULL, NULL, NULL, 'jblack', NULL, '~jblack/+junk/devel-1.0', NULL);
INSERT INTO branch (id, title, summary, owner, product, author, name, home_page, url, whiteboard, lifecycle_status, last_mirrored, last_mirror_attempt, mirror_failures, mirror_status_message, last_scanned, last_scanned_id, last_mirrored_id, date_created, revision_count, next_mirror_time, private, branch_type, reviewer, merge_robot, merge_control_status, date_last_modified, registrant, branch_format, repository_format, metadir_format, stacked_on, distroseries, sourcepackagename, owner_name, target_suffix, unique_name, size_on_disk) VALUES (6, 'Kiwi2 Mainline', 'text', 9, NULL, NULL, 'main', NULL, 'http://bazaar.example.com/kiwi2@arch.ubuntu.com/kiwi2--MAIN--0', NULL, 30, NULL, NULL, 0, NULL, NULL, NULL, NULL, '2006-10-16 18:31:43.048164', 0, NULL, false, 2, NULL, NULL, 1, '2007-12-06 19:58:26.84562', 9, NULL, NULL, NULL, NULL, NULL, NULL, 'kiko', NULL, '~kiko/+junk/main', NULL);
INSERT INTO branch (id, title, summary, owner, product, author, name, home_page, url, whiteboard, lifecycle_status, last_mirrored, last_mirror_attempt, mirror_failures, mirror_status_message, last_scanned, last_scanned_id, last_mirrored_id, date_created, revision_count, next_mirror_time, private, branch_type, reviewer, merge_robot, merge_control_status, date_last_modified, registrant, branch_format, repository_format, metadir_format, stacked_on, distroseries, sourcepackagename, owner_name, target_suffix, unique_name, size_on_disk) VALUES (7, 'Plone Trunk', 'text', 10, NULL, NULL, 'trunk', NULL, 'http://bazaar.example.com/plone@arch.ubuntu.com/plone--trunk--0', NULL, 30, NULL, NULL, 0, NULL, NULL, NULL, NULL, '2006-10-16 18:31:43.049222', 0, NULL, false, 2, NULL, NULL, 1, '2007-12-06 19:58:26.846258', 10, NULL, NULL, NULL, NULL, NULL, NULL, 'limi', NULL, '~limi/+junk/trunk', NULL);
INSERT INTO branch (id, title, summary, owner, product, author, name, home_page, url, whiteboard, lifecycle_status, last_mirrored, last_mirror_attempt, mirror_failures, mirror_status_message, last_scanned, last_scanned_id, last_mirrored_id, date_created, revision_count, next_mirror_time, private, branch_type, reviewer, merge_robot, merge_control_status, date_last_modified, registrant, branch_format, repository_format, metadir_format, stacked_on, distroseries, sourcepackagename, owner_name, target_suffix, unique_name, size_on_disk) VALUES (8, 'Evolution 2.0', 'text', 13, 5, NULL, '2.0', NULL, 'http://bazaar.example.com/gnome@arch.ubuntu.com/gnome--evolution--2.0', NULL, 30, NULL, NULL, 0, NULL, NULL, NULL, NULL, '2006-10-16 18:31:43.050317', 0, NULL, false, 2, NULL, NULL, 1, '2007-12-06 19:58:26.846899', 13, NULL, NULL, NULL, NULL, NULL, NULL, 'carlos', 'evolution', '~carlos/evolution/2.0', NULL);
INSERT INTO branch (id, title, summary, owner, product, author, name, home_page, url, whiteboard, lifecycle_status, last_mirrored, last_mirror_attempt, mirror_failures, mirror_status_message, last_scanned, last_scanned_id, last_mirrored_id, date_created, revision_count, next_mirror_time, private, branch_type, reviewer, merge_robot, merge_control_status, date_last_modified, registrant, branch_format, repository_format, metadir_format, stacked_on, distroseries, sourcepackagename, owner_name, target_suffix, unique_name, size_on_disk) VALUES (9, 'Iso-codes 0.35', 'text', 13, 7, NULL, '0.35', NULL, 'http://bazaar.example.com/iso-codes@arch.ubuntu.com/iso-codes--iso-codes--0.35', NULL, 30, NULL, NULL, 0, NULL, NULL, NULL, NULL, '2006-10-16 18:31:43.051395', 0, NULL, false, 2, NULL, NULL, 1, '2007-12-06 19:58:26.847595', 13, NULL, NULL, NULL, NULL, NULL, NULL, 'carlos', 'iso-codes', '~carlos/iso-codes/0.35', NULL);
INSERT INTO branch (id, title, summary, owner, product, author, name, home_page, url, whiteboard, lifecycle_status, last_mirrored, last_mirror_attempt, mirror_failures, mirror_status_message, last_scanned, last_scanned_id, last_mirrored_id, date_created, revision_count, next_mirror_time, private, branch_type, reviewer, merge_robot, merge_control_status, date_last_modified, registrant, branch_format, repository_format, metadir_format, stacked_on, distroseries, sourcepackagename, owner_name, target_suffix, unique_name, size_on_disk) VALUES (10, 'Mozilla Firefox 0.9.2', 'text', 1, 4, NULL, 'release-0.9.2', NULL, 'http://bazaar.example.com/mozilla@arch.ubuntu.com/mozilla--release--0.9.2', NULL, 30, NULL, NULL, 0, NULL, NULL, 'mozilla@arch.ubuntu.com/mozilla--release--0.9.2--base-0', NULL, '2006-10-16 18:31:43.052449', 1, NULL, false, 2, NULL, NULL, 1, '2007-12-06 19:58:26.848365', 1, NULL, NULL, NULL, NULL, NULL, NULL, 'mark', 'firefox', '~mark/firefox/release-0.9.2', NULL);
INSERT INTO branch (id, title, summary, owner, product, author, name, home_page, url, whiteboard, lifecycle_status, last_mirrored, last_mirror_attempt, mirror_failures, mirror_status_message, last_scanned, last_scanned_id, last_mirrored_id, date_created, revision_count, next_mirror_time, private, branch_type, reviewer, merge_robot, merge_control_status, date_last_modified, registrant, branch_format, repository_format, metadir_format, stacked_on, distroseries, sourcepackagename, owner_name, target_suffix, unique_name, size_on_disk) VALUES (11, 'Mozilla Firefox 0.9.1', 'text', 1, 4, NULL, 'release--0.9.1', NULL, 'http://bazaar.example.com/mozilla@arch.ubuntu.com/mozilla--release--0.9.1', NULL, 30, NULL, NULL, 0, NULL, NULL, 'mozilla@arch.ubuntu.com/mozilla--release--0.9.1--base-0', NULL, '2006-10-16 18:31:43.053511', 1, NULL, false, 2, NULL, NULL, 1, '2007-12-06 19:58:26.849077', 1, NULL, NULL, NULL, NULL, NULL, NULL, 'mark', 'firefox', '~mark/firefox/release--0.9.1', NULL);
INSERT INTO branch (id, title, summary, owner, product, author, name, home_page, url, whiteboard, lifecycle_status, last_mirrored, last_mirror_attempt, mirror_failures, mirror_status_message, last_scanned, last_scanned_id, last_mirrored_id, date_created, revision_count, next_mirror_time, private, branch_type, reviewer, merge_robot, merge_control_status, date_last_modified, registrant, branch_format, repository_format, metadir_format, stacked_on, distroseries, sourcepackagename, owner_name, target_suffix, unique_name, size_on_disk) VALUES (12, 'Mozilla Firefox 0.9', 'text', 1, 4, NULL, 'release-0.9', NULL, 'http://bazaar.example.com/mozilla@arch.ubuntu.com/mozilla--release--0.9', NULL, 30, NULL, NULL, 0, NULL, NULL, 'mozilla@arch.ubuntu.com/mozilla--release--0.9--base-0', NULL, '2006-10-16 18:31:43.054581', 1, NULL, false, 2, NULL, NULL, 1, '2007-12-06 19:58:26.84976', 1, NULL, NULL, NULL, NULL, NULL, NULL, 'mark', 'firefox', '~mark/firefox/release-0.9', NULL);
INSERT INTO branch (id, title, summary, owner, product, author, name, home_page, url, whiteboard, lifecycle_status, last_mirrored, last_mirror_attempt, mirror_failures, mirror_status_message, last_scanned, last_scanned_id, last_mirrored_id, date_created, revision_count, next_mirror_time, private, branch_type, reviewer, merge_robot, merge_control_status, date_last_modified, registrant, branch_format, repository_format, metadir_format, stacked_on, distroseries, sourcepackagename, owner_name, target_suffix, unique_name, size_on_disk) VALUES (13, 'Mozilla Firefox 0.8', 'text', 1, 4, NULL, 'release-0.8', NULL, 'http://bazaar.example.com/mozilla@arch.ubuntu.com/mozilla--release--0.8', NULL, 30, NULL, NULL, 0, NULL, NULL, NULL, NULL, '2006-10-16 18:31:43.055661', 0, NULL, false, 2, NULL, NULL, 1, '2007-12-06 19:58:26.850415', 1, NULL, NULL, NULL, NULL, NULL, NULL, 'mark', 'firefox', '~mark/firefox/release-0.8', NULL);
INSERT INTO branch (id, title, summary, owner, product, author, name, home_page, url, whiteboard, lifecycle_status, last_mirrored, last_mirror_attempt, mirror_failures, mirror_status_message, last_scanned, last_scanned_id, last_mirrored_id, date_created, revision_count, next_mirror_time, private, branch_type, reviewer, merge_robot, merge_control_status, date_last_modified, registrant, branch_format, repository_format, metadir_format, stacked_on, distroseries, sourcepackagename, owner_name, target_suffix, unique_name, size_on_disk) VALUES (14, NULL, NULL, 24, 5, NULL, 'main', NULL, NULL, NULL, 30, NULL, NULL, 0, NULL, NULL, NULL, NULL, '2006-10-16 18:31:43.056714', 0, NULL, false, 3, NULL, NULL, 1, '2007-12-06 19:58:26.85103', 24, NULL, NULL, NULL, NULL, NULL, NULL, 'vcs-imports', 'evolution', '~vcs-imports/evolution/main', NULL);
INSERT INTO branch (id, title, summary, owner, product, author, name, home_page, url, whiteboard, lifecycle_status, last_mirrored, last_mirror_attempt, mirror_failures, mirror_status_message, last_scanned, last_scanned_id, last_mirrored_id, date_created, revision_count, next_mirror_time, private, branch_type, reviewer, merge_robot, merge_control_status, date_last_modified, registrant, branch_format, repository_format, metadir_format, stacked_on, distroseries, sourcepackagename, owner_name, target_suffix, unique_name, size_on_disk) VALUES (15, 'GNOME Terminal Mainline', 'Main branch of development for GNOME Terminal. Stable branches are based on that one.

Home page: http://example.com/gnome-terminal', 12, 6, NULL, 'main', 'http://example.com/gnome-terminal', 'http://example.com/gnome-terminal/main', NULL, 30, NULL, NULL, 0, NULL, NULL, NULL, NULL, '2006-10-16 18:31:43.057682', 0, NULL, false, 2, NULL, NULL, 1, '2007-12-06 19:58:26.851575', 12, NULL, NULL, NULL, NULL, NULL, NULL, 'name12', 'gnome-terminal', '~name12/gnome-terminal/main', NULL);
INSERT INTO branch (id, title, summary, owner, product, author, name, home_page, url, whiteboard, lifecycle_status, last_mirrored, last_mirror_attempt, mirror_failures, mirror_status_message, last_scanned, last_scanned_id, last_mirrored_id, date_created, revision_count, next_mirror_time, private, branch_type, reviewer, merge_robot, merge_control_status, date_last_modified, registrant, branch_format, repository_format, metadir_format, stacked_on, distroseries, sourcepackagename, owner_name, target_suffix, unique_name, size_on_disk) VALUES (16, 'GNOME Terminal 2.6 Releases', 'Release branch of GNOME Terminal for the GNOME 2.6 environment.

Home page: http://example.com/gnome-terminal/', 12, 6, NULL, '2.6', 'http://example.com/gnome-terminal/', 'http://example.com/gnome-terminal/2.6', NULL, 50, NULL, NULL, 0, NULL, NULL, NULL, NULL, '2006-10-16 18:31:43.058953', 0, NULL, false, 2, NULL, NULL, 1, '2007-12-06 19:58:26.852227', 12, NULL, NULL, NULL, NULL, NULL, NULL, 'name12', 'gnome-terminal', '~name12/gnome-terminal/2.6', NULL);
INSERT INTO branch (id, title, summary, owner, product, author, name, home_page, url, whiteboard, lifecycle_status, last_mirrored, last_mirror_attempt, mirror_failures, mirror_status_message, last_scanned, last_scanned_id, last_mirrored_id, date_created, revision_count, next_mirror_time, private, branch_type, reviewer, merge_robot, merge_control_status, date_last_modified, registrant, branch_format, repository_format, metadir_format, stacked_on, distroseries, sourcepackagename, owner_name, target_suffix, unique_name, size_on_disk) VALUES (17, 'GNOME Terminal 2.4 Releases', 'Obsolete branch for GNOME 2.4 releases of GNOME Terminal.', 12, 6, NULL, '2.4', NULL, 'http://example.com/gnome-terminal/2.4', NULL, 80, NULL, NULL, 0, NULL, NULL, NULL, NULL, '2006-10-16 18:31:43.060078', 0, NULL, false, 2, NULL, NULL, 1, '2007-12-06 19:58:26.852889', 12, NULL, NULL, NULL, NULL, NULL, NULL, 'name12', 'gnome-terminal', '~name12/gnome-terminal/2.4', NULL);
INSERT INTO branch (id, title, summary, owner, product, author, name, home_page, url, whiteboard, lifecycle_status, last_mirrored, last_mirror_attempt, mirror_failures, mirror_status_message, last_scanned, last_scanned_id, last_mirrored_id, date_created, revision_count, next_mirror_time, private, branch_type, reviewer, merge_robot, merge_control_status, date_last_modified, registrant, branch_format, repository_format, metadir_format, stacked_on, distroseries, sourcepackagename, owner_name, target_suffix, unique_name, size_on_disk) VALUES (18, 'Klingon support in GNOME Terminal', 'Experimental feature branch for developping and testing Klingon support in GNOME Terminal.

Home page: http://trekkies.example.com/k12n', 12, 6, 12, 'klingon', 'http://trekkies.example.com/k12n', 'http://trekkies.example.com/gnome-terminal/klingon', NULL, 10, NULL, NULL, 0, NULL, NULL, NULL, NULL, '2006-10-16 18:31:43.061162', 0, NULL, false, 2, NULL, NULL, 1, '2007-12-06 19:58:26.85354', 12, NULL, NULL, NULL, NULL, NULL, NULL, 'name12', 'gnome-terminal', '~name12/gnome-terminal/klingon', NULL);
INSERT INTO branch (id, title, summary, owner, product, author, name, home_page, url, whiteboard, lifecycle_status, last_mirrored, last_mirror_attempt, mirror_failures, mirror_status_message, last_scanned, last_scanned_id, last_mirrored_id, date_created, revision_count, next_mirror_time, private, branch_type, reviewer, merge_robot, merge_control_status, date_last_modified, registrant, branch_format, repository_format, metadir_format, stacked_on, distroseries, sourcepackagename, owner_name, target_suffix, unique_name, size_on_disk) VALUES (19, 'Slowing GNOME Terminal scrolling', 'Feature branch for slowing down the scrolling of text in GNOME Terminal.', 12, 6, 12, 'slowness', NULL, 'http://users.example.com/gnome-terminal/slowness', NULL, 70, NULL, NULL, 0, NULL, NULL, NULL, NULL, '2006-10-16 18:31:43.062427', 0, NULL, false, 2, NULL, NULL, 1, '2007-12-06 19:58:26.854214', 12, NULL, NULL, NULL, NULL, NULL, NULL, 'name12', 'gnome-terminal', '~name12/gnome-terminal/slowness', NULL);
INSERT INTO branch (id, title, summary, owner, product, author, name, home_page, url, whiteboard, lifecycle_status, last_mirrored, last_mirror_attempt, mirror_failures, mirror_status_message, last_scanned, last_scanned_id, last_mirrored_id, date_created, revision_count, next_mirror_time, private, branch_type, reviewer, merge_robot, merge_control_status, date_last_modified, registrant, branch_format, repository_format, metadir_format, stacked_on, distroseries, sourcepackagename, owner_name, target_suffix, unique_name, size_on_disk) VALUES (20, 'Ubuntu Junk Code', 'Sample junk branch.', 12, NULL, 17, 'junk.dev', NULL, 'http://example.com/a', NULL, 10, NULL, NULL, 0, NULL, NULL, 'foo@localhost-20051031170357-1301ad6d387feb23', NULL, '2006-10-16 18:31:43.06351', 6, NULL, false, 2, NULL, NULL, 1, '2007-12-06 19:58:26.854821', 12, NULL, NULL, NULL, NULL, NULL, NULL, 'name12', NULL, '~name12/+junk/junk.dev', NULL);
INSERT INTO branch (id, title, summary, owner, product, author, name, home_page, url, whiteboard, lifecycle_status, last_mirrored, last_mirror_attempt, mirror_failures, mirror_status_message, last_scanned, last_scanned_id, last_mirrored_id, date_created, revision_count, next_mirror_time, private, branch_type, reviewer, merge_robot, merge_control_status, date_last_modified, registrant, branch_format, repository_format, metadir_format, stacked_on, distroseries, sourcepackagename, owner_name, target_suffix, unique_name, size_on_disk) VALUES (21, 'Junk Code Contributions', 'Contribute code to the junk branch.', 12, NULL, 12, 'junk.contrib', NULL, 'http://example.com/b', NULL, 30, NULL, NULL, 0, NULL, NULL, 'foo@localhost-20051031170357-1301ad6d387feb23', NULL, '2006-10-16 18:31:43.064578', 6, NULL, false, 2, NULL, NULL, 1, '2007-12-06 19:58:26.855432', 12, NULL, NULL, NULL, NULL, NULL, NULL, 'name12', NULL, '~name12/+junk/junk.contrib', NULL);
INSERT INTO branch (id, title, summary, owner, product, author, name, home_page, url, whiteboard, lifecycle_status, last_mirrored, last_mirror_attempt, mirror_failures, mirror_status_message, last_scanned, last_scanned_id, last_mirrored_id, date_created, revision_count, next_mirror_time, private, branch_type, reviewer, merge_robot, merge_control_status, date_last_modified, registrant, branch_format, repository_format, metadir_format, stacked_on, distroseries, sourcepackagename, owner_name, target_suffix, unique_name, size_on_disk) VALUES (22, 'Python twisted feature', 'Feature branch for twisted.', 7, NULL, 4, 'feature', NULL, 'http://not.launchpad.server.com/a-branch', NULL, 30, NULL, '2005-03-09 15:45:00', 0, NULL, NULL, NULL, NULL, '2006-10-16 18:31:43.065642', 0, NULL, false, 2, NULL, NULL, 1, '2007-12-06 19:58:26.856045', 7, NULL, NULL, NULL, NULL, NULL, NULL, 'spiv', NULL, '~spiv/+junk/feature', NULL);
INSERT INTO branch (id, title, summary, owner, product, author, name, home_page, url, whiteboard, lifecycle_status, last_mirrored, last_mirror_attempt, mirror_failures, mirror_status_message, last_scanned, last_scanned_id, last_mirrored_id, date_created, revision_count, next_mirror_time, private, branch_type, reviewer, merge_robot, merge_control_status, date_last_modified, registrant, branch_format, repository_format, metadir_format, stacked_on, distroseries, sourcepackagename, owner_name, target_suffix, unique_name, size_on_disk) VALUES (23, 'Another Python twisted feature', 'Another Feature branch for twisted.', 7, NULL, 4, 'feature2', NULL, 'http://whynot.launchpad.server.com/another-branch', NULL, 30, NULL, NULL, 0, NULL, NULL, NULL, NULL, '2006-10-16 18:31:43.066804', 0, NULL, false, 2, NULL, NULL, 1, '2007-12-06 19:58:26.856677', 7, NULL, NULL, NULL, NULL, NULL, NULL, 'spiv', NULL, '~spiv/+junk/feature2', NULL);
INSERT INTO branch (id, title, summary, owner, product, author, name, home_page, url, whiteboard, lifecycle_status, last_mirrored, last_mirror_attempt, mirror_failures, mirror_status_message, last_scanned, last_scanned_id, last_mirrored_id, date_created, revision_count, next_mirror_time, private, branch_type, reviewer, merge_robot, merge_control_status, date_last_modified, registrant, branch_format, repository_format, metadir_format, stacked_on, distroseries, sourcepackagename, owner_name, target_suffix, unique_name, size_on_disk) VALUES (24, 'Launchpad support for Gnome Terminal', 'Add Launchpad support to Gnome Terminal', 57, 6, 57, 'launchpad', NULL, 'http://users.example.com/gnome-terminal/launchpad', NULL, 30, NULL, NULL, 0, NULL, NULL, NULL, NULL, '2006-10-16 18:31:43.067922', 0, NULL, false, 2, NULL, NULL, 1, '2007-12-06 19:58:26.857318', 16, NULL, NULL, NULL, NULL, NULL, NULL, 'launchpad', 'gnome-terminal', '~launchpad/gnome-terminal/launchpad', NULL);
INSERT INTO branch (id, title, summary, owner, product, author, name, home_page, url, whiteboard, lifecycle_status, last_mirrored, last_mirror_attempt, mirror_failures, mirror_status_message, last_scanned, last_scanned_id, last_mirrored_id, date_created, revision_count, next_mirror_time, private, branch_type, reviewer, merge_robot, merge_control_status, date_last_modified, registrant, branch_format, repository_format, metadir_format, stacked_on, distroseries, sourcepackagename, owner_name, target_suffix, unique_name, size_on_disk) VALUES (25, NULL, NULL, 12, 6, NULL, 'pushed', NULL, NULL, NULL, 30, NULL, NULL, 0, NULL, NULL, NULL, NULL, '2006-10-16 18:31:43.06897', 0, NULL, false, 1, NULL, NULL, 1, '2007-12-06 19:58:26.857983', 12, NULL, NULL, NULL, NULL, NULL, NULL, 'name12', 'gnome-terminal', '~name12/gnome-terminal/pushed', NULL);
INSERT INTO branch (id, title, summary, owner, product, author, name, home_page, url, whiteboard, lifecycle_status, last_mirrored, last_mirror_attempt, mirror_failures, mirror_status_message, last_scanned, last_scanned_id, last_mirrored_id, date_created, revision_count, next_mirror_time, private, branch_type, reviewer, merge_robot, merge_control_status, date_last_modified, registrant, branch_format, repository_format, metadir_format, stacked_on, distroseries, sourcepackagename, owner_name, target_suffix, unique_name, size_on_disk) VALUES (26, NULL, NULL, 12, 6, NULL, 'mirrored', NULL, NULL, NULL, 30, '2007-03-16 14:12:49.050332', NULL, 0, NULL, NULL, NULL, NULL, '2007-03-16 03:12:49.050332', 0, NULL, false, 1, NULL, NULL, 1, '2007-12-06 19:58:26.858547', 12, NULL, NULL, NULL, NULL, NULL, NULL, 'name12', 'gnome-terminal', '~name12/gnome-terminal/mirrored', NULL);
INSERT INTO branch (id, title, summary, owner, product, author, name, home_page, url, whiteboard, lifecycle_status, last_mirrored, last_mirror_attempt, mirror_failures, mirror_status_message, last_scanned, last_scanned_id, last_mirrored_id, date_created, revision_count, next_mirror_time, private, branch_type, reviewer, merge_robot, merge_control_status, date_last_modified, registrant, branch_format, repository_format, metadir_format, stacked_on, distroseries, sourcepackagename, owner_name, target_suffix, unique_name, size_on_disk) VALUES (27, NULL, NULL, 12, 6, NULL, 'scanned', NULL, NULL, NULL, 30, '2007-03-16 14:14:29.935752', NULL, 0, NULL, '2007-03-16 14:14:29.935752', NULL, NULL, '2007-03-16 03:14:29.935752', 0, NULL, false, 1, NULL, NULL, 1, '2007-12-06 19:58:26.85913', 12, NULL, NULL, NULL, NULL, NULL, NULL, 'name12', 'gnome-terminal', '~name12/gnome-terminal/scanned', NULL);
INSERT INTO branch (id, title, summary, owner, product, author, name, home_page, url, whiteboard, lifecycle_status, last_mirrored, last_mirror_attempt, mirror_failures, mirror_status_message, last_scanned, last_scanned_id, last_mirrored_id, date_created, revision_count, next_mirror_time, private, branch_type, reviewer, merge_robot, merge_control_status, date_last_modified, registrant, branch_format, repository_format, metadir_format, stacked_on, distroseries, sourcepackagename, owner_name, target_suffix, unique_name, size_on_disk) VALUES (28, NULL, NULL, 1, NULL, 1, 'testdoc', NULL, NULL, NULL, 30, NULL, NULL, 1, 'Lorem ipsum dolor sit amet, consectetur adipisicing elit, sed do eiusmod tempor incididunt ut labore et dolore magna aliqua. Ut enim ad minim veniam, quis nostrud exercitation ullamco laboris nisi ut aliquip ex ea commodo consequat. Duis aute irure dolor in reprehenderit in voluptate velit esse cillum dolore eu fugiat nulla pariatur. Excepteur sint occaecat cupidatat non proident, sunt in culpa qui officia deserunt mollit anim id est laborum', NULL, NULL, NULL, '2007-05-04 01:16:03.75446', 0, NULL, false, 1, NULL, NULL, 1, '2007-12-06 19:58:26.859847', 1, NULL, NULL, NULL, NULL, NULL, NULL, 'mark', NULL, '~mark/+junk/testdoc', NULL);
INSERT INTO branch (id, title, summary, owner, product, author, name, home_page, url, whiteboard, lifecycle_status, last_mirrored, last_mirror_attempt, mirror_failures, mirror_status_message, last_scanned, last_scanned_id, last_mirrored_id, date_created, revision_count, next_mirror_time, private, branch_type, reviewer, merge_robot, merge_control_status, date_last_modified, registrant, branch_format, repository_format, metadir_format, stacked_on, distroseries, sourcepackagename, owner_name, target_suffix, unique_name, size_on_disk) VALUES (29, 'Landscape trunk', NULL, 64, 16, 12, 'trunk', NULL, NULL, NULL, 30, NULL, NULL, 0, NULL, NULL, NULL, NULL, '2007-05-28 02:37:07.814303', 0, NULL, true, 1, NULL, NULL, 1, '2007-12-06 19:58:26.860757', 12, NULL, NULL, NULL, NULL, NULL, NULL, 'landscape-developers', 'landscape', '~landscape-developers/landscape/trunk', NULL);
INSERT INTO branch (id, title, summary, owner, product, author, name, home_page, url, whiteboard, lifecycle_status, last_mirrored, last_mirror_attempt, mirror_failures, mirror_status_message, last_scanned, last_scanned_id, last_mirrored_id, date_created, revision_count, next_mirror_time, private, branch_type, reviewer, merge_robot, merge_control_status, date_last_modified, registrant, branch_format, repository_format, metadir_format, stacked_on, distroseries, sourcepackagename, owner_name, target_suffix, unique_name, size_on_disk) VALUES (30, NULL, NULL, 12, 16, 12, 'feature-x', NULL, NULL, NULL, 30, NULL, NULL, 0, NULL, NULL, NULL, NULL, '2007-05-28 02:37:07.814303', 0, NULL, true, 1, NULL, NULL, 1, '2007-12-06 19:58:26.861424', 12, NULL, NULL, NULL, NULL, NULL, NULL, 'name12', 'landscape', '~name12/landscape/feature-x', NULL);
INSERT INTO branch (id, title, summary, owner, product, author, name, home_page, url, whiteboard, lifecycle_status, last_mirrored, last_mirror_attempt, mirror_failures, mirror_status_message, last_scanned, last_scanned_id, last_mirrored_id, date_created, revision_count, next_mirror_time, private, branch_type, reviewer, merge_robot, merge_control_status, date_last_modified, registrant, branch_format, repository_format, metadir_format, stacked_on, distroseries, sourcepackagename, owner_name, target_suffix, unique_name, size_on_disk) VALUES (75, 'GNOME Terminal Import Branch', NULL, 24, 6, NULL, 'import', NULL, NULL, NULL, 30, NULL, NULL, 0, NULL, NULL, NULL, NULL, '2006-06-25 20:04:03.9465', 0, NULL, false, 3, NULL, NULL, 1, '2007-12-06 19:58:26.862009', 24, NULL, NULL, NULL, NULL, NULL, NULL, 'vcs-imports', 'gnome-terminal', '~vcs-imports/gnome-terminal/import', NULL);
INSERT INTO branch (id, title, summary, owner, product, author, name, home_page, url, whiteboard, lifecycle_status, last_mirrored, last_mirror_attempt, mirror_failures, mirror_status_message, last_scanned, last_scanned_id, last_mirrored_id, date_created, revision_count, next_mirror_time, private, branch_type, reviewer, merge_robot, merge_control_status, date_last_modified, registrant, branch_format, repository_format, metadir_format, stacked_on, distroseries, sourcepackagename, owner_name, target_suffix, unique_name, size_on_disk) VALUES (76, 'Evolution Import Branch', NULL, 24, 5, NULL, 'import', NULL, NULL, NULL, 30, NULL, NULL, 0, NULL, NULL, NULL, NULL, '2006-06-25 20:04:04.218451', 0, NULL, false, 3, NULL, NULL, 1, '2007-12-06 19:58:26.862857', 24, NULL, NULL, NULL, NULL, NULL, NULL, 'vcs-imports', 'evolution', '~vcs-imports/evolution/import', NULL);


ALTER TABLE branch ENABLE TRIGGER ALL;


ALTER TABLE branchjob DISABLE TRIGGER ALL;



ALTER TABLE branchjob ENABLE TRIGGER ALL;


ALTER TABLE branchmergeproposal DISABLE TRIGGER ALL;



ALTER TABLE branchmergeproposal ENABLE TRIGGER ALL;


ALTER TABLE branchmergeproposaljob DISABLE TRIGGER ALL;



ALTER TABLE branchmergeproposaljob ENABLE TRIGGER ALL;


ALTER TABLE branchmergerobot DISABLE TRIGGER ALL;



ALTER TABLE branchmergerobot ENABLE TRIGGER ALL;


ALTER TABLE branchrevision DISABLE TRIGGER ALL;

INSERT INTO branchrevision (id, sequence, branch, revision) VALUES (1, 1, 10, 1);
INSERT INTO branchrevision (id, sequence, branch, revision) VALUES (2, 1, 11, 2);
INSERT INTO branchrevision (id, sequence, branch, revision) VALUES (3, 1, 12, 3);
INSERT INTO branchrevision (id, sequence, branch, revision) VALUES (4, 1, 20, 4);
INSERT INTO branchrevision (id, sequence, branch, revision) VALUES (5, 2, 20, 5);
INSERT INTO branchrevision (id, sequence, branch, revision) VALUES (6, 3, 20, 6);
INSERT INTO branchrevision (id, sequence, branch, revision) VALUES (7, 4, 20, 7);
INSERT INTO branchrevision (id, sequence, branch, revision) VALUES (8, 5, 20, 8);
INSERT INTO branchrevision (id, sequence, branch, revision) VALUES (9, 6, 20, 9);
INSERT INTO branchrevision (id, sequence, branch, revision) VALUES (10, 1, 21, 4);
INSERT INTO branchrevision (id, sequence, branch, revision) VALUES (11, 2, 21, 5);
INSERT INTO branchrevision (id, sequence, branch, revision) VALUES (12, 3, 21, 10);
INSERT INTO branchrevision (id, sequence, branch, revision) VALUES (13, 4, 21, 11);
INSERT INTO branchrevision (id, sequence, branch, revision) VALUES (14, 5, 21, 8);
INSERT INTO branchrevision (id, sequence, branch, revision) VALUES (15, 6, 21, 9);
INSERT INTO branchrevision (id, sequence, branch, revision) VALUES (16, NULL, 20, 10);
INSERT INTO branchrevision (id, sequence, branch, revision) VALUES (17, NULL, 20, 11);
INSERT INTO branchrevision (id, sequence, branch, revision) VALUES (18, NULL, 21, 6);
INSERT INTO branchrevision (id, sequence, branch, revision) VALUES (19, NULL, 21, 7);


ALTER TABLE branchrevision ENABLE TRIGGER ALL;


ALTER TABLE branchsubscription DISABLE TRIGGER ALL;

INSERT INTO branchsubscription (id, person, branch, date_created, notification_level, max_diff_lines, review_level, subscribed_by) VALUES (1, 12, 20, '2006-10-16 18:31:43.079375', 1, NULL, 0, 12);
INSERT INTO branchsubscription (id, person, branch, date_created, notification_level, max_diff_lines, review_level, subscribed_by) VALUES (2, 12, 24, '2006-10-16 18:31:43.080236', 1, NULL, 0, 12);
INSERT INTO branchsubscription (id, person, branch, date_created, notification_level, max_diff_lines, review_level, subscribed_by) VALUES (4, 64, 29, '2007-05-28 02:41:07.938677', 1, NULL, 0, 64);
INSERT INTO branchsubscription (id, person, branch, date_created, notification_level, max_diff_lines, review_level, subscribed_by) VALUES (5, 64, 30, '2007-05-28 02:41:07.938677', 1, NULL, 0, 64);


ALTER TABLE branchsubscription ENABLE TRIGGER ALL;


ALTER TABLE branchvisibilitypolicy DISABLE TRIGGER ALL;

INSERT INTO branchvisibilitypolicy (id, project, product, team, policy) VALUES (1, NULL, 16, NULL, 4);
INSERT INTO branchvisibilitypolicy (id, project, product, team, policy) VALUES (2, NULL, 16, 64, 3);
INSERT INTO branchvisibilitypolicy (id, project, product, team, policy) VALUES (3, NULL, 17, NULL, 4);
INSERT INTO branchvisibilitypolicy (id, project, product, team, policy) VALUES (4, NULL, 17, 57, 3);


ALTER TABLE branchvisibilitypolicy ENABLE TRIGGER ALL;


ALTER TABLE bug DISABLE TRIGGER ALL;

INSERT INTO bug (id, datecreated, name, title, description, owner, duplicateof, fti, private, security_related, date_last_updated, date_made_private, who_made_private, date_last_message, number_of_duplicates, message_count, users_affected_count, users_unaffected_count, heat, heat_last_updated, latest_patch_uploaded) VALUES (1, '2004-01-01 20:58:04.553583', NULL, 'Firefox does not support SVG', 'Firefox needs to support embedded SVG images, now that the standard has been finalised.

The SVG standard 1.0 is complete, and draft implementations for Firefox exist. One of these implementations needs to be integrated with the base install of Firefox. Ideally, the implementation needs to include support for the manipulation of SVG objects from JavaScript to enable interactive and dynamic SVG drawings.', 12, NULL, NULL, false, false, '2006-05-19 06:37:40.344941', NULL, NULL, NULL, 0, 2, 0, 0, 0, NULL, NULL);
INSERT INTO bug (id, datecreated, name, title, description, owner, duplicateof, fti, private, security_related, date_last_updated, date_made_private, who_made_private, date_last_message, number_of_duplicates, message_count, users_affected_count, users_unaffected_count, heat, heat_last_updated, latest_patch_uploaded) VALUES (2, '2004-01-02 20:58:04.572546', 'blackhole', 'Blackhole Trash folder', 'The Trash folder seems to have significant problems! At the moment, dragging an item to the trash results in immediate deletion. The item does not appear in the Trash, it is just deleted from my hard disk. There is no undo or ability to recover the deleted file. Help!', 12, NULL, NULL, false, false, '2006-07-14 08:47:36.124403', NULL, NULL, NULL, 0, 3, 0, 0, 0, NULL, NULL);
INSERT INTO bug (id, datecreated, name, title, description, owner, duplicateof, fti, private, security_related, date_last_updated, date_made_private, who_made_private, date_last_message, number_of_duplicates, message_count, users_affected_count, users_unaffected_count, heat, heat_last_updated, latest_patch_uploaded) VALUES (3, '2004-01-03 00:00:00', NULL, 'Bug Title Test', 'Shirtpkdf user@domain.org lkjd hlkjfds gkfdsg kfd glkfd gifdsytoxdiytxoiufdytoidxf yxoigfyoigfxuyfxoiug yxoiuy oiugf hyoifxugyoixgfuy xoiuyxoiyxoifuy xo

y idu yifdxhfgffxShirtpkdf jlkdsj;lkd lkjd hlkjfds gkfdsg kfd glkfd gifdsytoxdiytxoiufdytoidxf yxoigfyoigfxuyfxoiug yxoiuy oiugf hyoifxugyoixgfuy xoiuyxoiyxoifuy xoShirtpkdf jlkdsj;lkd lkjd hlkjfds gkfdsg kfd glkfd gifdsytoxdiytxoiufdytoidxf yxoigfyoigfxuyfxoiug yxoiuy oiugf hyoifxugyoixgfuy xoiuyxoiyxoifuy xo
Shirtpkdf jlkdsj;lkd lkjd hlkjfds gkfdsg kfd glkfd gifdsytoxdiytxoiufdytoidxf yxoigfyoigfxuyfxoiug yxoiuy oiugf hyoifxugyoixgfuy xoiuyxoiyxoifuy xoShirtpkdf jlkdsj;lkd lkjd hlkjfds gkfdsg kfd glkfd gifdsytoxdiytxoiufdytoidxf yxoigfyoigfxuyfxoiug yxoiuy oiugf hyoifxugyoixgfuy xoiuyxoiyxoifuy xo

Shirtpkdf jlkdsj;lkd lkjd hlkjfds gkfdsg kfd glkfd gifdsytoxdiytxoiufdytoidxf yxoigfyoigfxuyfxoiug yxoiuy oiugf hyoifxugyoixgfuy xoiuyxoiyxoifuy xoShirtpkdf jlkdsj;lkd lkjd hlkjfds gkfdsg kfd glkfd gifdsytoxdiytxoiufdytoidxf yxoigfyoigfxuyfxoiug yxoiuy oiugf hyoifxugyoixgfuy xoiuyxoiyxoifuy xo', 16, NULL, NULL, false, false, '2006-07-14 08:48:52.922462', NULL, NULL, NULL, 0, 1, 0, 0, 0, NULL, NULL);
INSERT INTO bug (id, datecreated, name, title, description, owner, duplicateof, fti, private, security_related, date_last_updated, date_made_private, who_made_private, date_last_message, number_of_duplicates, message_count, users_affected_count, users_unaffected_count, heat, heat_last_updated, latest_patch_uploaded) VALUES (4, '2004-01-04 00:00:00', NULL, 'Reflow problems with complex page layouts', 'Malone pages that use more complex layouts with portlets and fancy CSS are sometimes not getting properly reflowed after rendering.', 12, NULL, NULL, false, false, '2006-07-14 08:49:17.124885', NULL, NULL, NULL, 0, 1, 0, 0, 0, NULL, NULL);
INSERT INTO bug (id, datecreated, name, title, description, owner, duplicateof, fti, private, security_related, date_last_updated, date_made_private, who_made_private, date_last_message, number_of_duplicates, message_count, users_affected_count, users_unaffected_count, heat, heat_last_updated, latest_patch_uploaded) VALUES (5, '2004-01-05 00:00:00', NULL, 'Firefox install instructions should be complete', 'All ways of downloading firefox should provide complete install instructions. At present, they are only visible on the Release Notes page.', 12, NULL, NULL, false, false, '2006-07-14 08:49:40.553212', NULL, NULL, NULL, 0, 1, 0, 0, 0, NULL, NULL);
INSERT INTO bug (id, datecreated, name, title, description, owner, duplicateof, fti, private, security_related, date_last_updated, date_made_private, who_made_private, date_last_message, number_of_duplicates, message_count, users_affected_count, users_unaffected_count, heat, heat_last_updated, latest_patch_uploaded) VALUES (6, '2004-01-06 00:00:00', NULL, 'Firefox crashes when Save As dialog for a nonexistent window is closed', 'User-Agent:       
Build Identifier: Mozilla/5.0 (X11; U; Linux i686; en-US; rv:1.6) Gecko/20040207 Firefox/0.8

If a Save As dialog for a nonexistent window exists, when the dialog is closed Firefox will crash.  It''s possible to cause this to happen using the "Open With/Save As" dialog.

Reproducible: Always
Steps to Reproduce:
1. Visit http://www.mozilla.org/products/firefox/
2. Click on "Download Now!"  An "Open With/Save" dialog will appear.
4. Press OK.
5. Switch back to the "Open With/Save" dialog, and press OK again.  There are now two Save As dialogs.  This is bug 58777.
6. Close the second dialog with "Cancel"
7. Close the browser window that started all of this.
8. Close the first dialog with "Cancel".

Actual Results:  
Crash!

Expected Results:  
Not crashed.', 12, 5, NULL, false, false, '2006-05-19 06:37:40.389193', NULL, NULL, NULL, 0, 1, 0, 0, 0, NULL, NULL);
INSERT INTO bug (id, datecreated, name, title, description, owner, duplicateof, fti, private, security_related, date_last_updated, date_made_private, who_made_private, date_last_message, number_of_duplicates, message_count, users_affected_count, users_unaffected_count, heat, heat_last_updated, latest_patch_uploaded) VALUES (7, '2004-01-07 15:12:29.602117', NULL, 'A test bug', 'A test description', 16, NULL, NULL, false, false, '2006-05-19 06:37:40.391822', NULL, NULL, NULL, 0, 1, 0, 0, 0, NULL, NULL);
INSERT INTO bug (id, datecreated, name, title, description, owner, duplicateof, fti, private, security_related, date_last_updated, date_made_private, who_made_private, date_last_message, number_of_duplicates, message_count, users_affected_count, users_unaffected_count, heat, heat_last_updated, latest_patch_uploaded) VALUES (8, '2004-01-08 09:10:17.13237', NULL, 'Printing doesn''t work', 'When I press print in Firefox, nothing happens, not even a print dialog comes up.', 12, NULL, NULL, false, false, '2006-05-19 06:37:40.393303', NULL, NULL, NULL, 0, 1, 0, 0, 0, NULL, NULL);
INSERT INTO bug (id, datecreated, name, title, description, owner, duplicateof, fti, private, security_related, date_last_updated, date_made_private, who_made_private, date_last_message, number_of_duplicates, message_count, users_affected_count, users_unaffected_count, heat, heat_last_updated, latest_patch_uploaded) VALUES (9, '2004-01-09 16:42:14.080227', NULL, 'Thunderbird crashes', 'Every time I start Thunderbird it crashes.', 16, NULL, NULL, false, false, '2006-07-14 08:45:10.600579', NULL, NULL, NULL, 0, 1, 0, 0, 0, NULL, NULL);
INSERT INTO bug (id, datecreated, name, title, description, owner, duplicateof, fti, private, security_related, date_last_updated, date_made_private, who_made_private, date_last_message, number_of_duplicates, message_count, users_affected_count, users_unaffected_count, heat, heat_last_updated, latest_patch_uploaded) VALUES (10, '2004-01-10 19:42:21.890299', NULL, 'another test bug', 'test bug', 16, NULL, NULL, false, false, '2006-07-14 08:54:19.453881', NULL, NULL, NULL, 0, 2, 0, 0, 0, NULL, NULL);
INSERT INTO bug (id, datecreated, name, title, description, owner, duplicateof, fti, private, security_related, date_last_updated, date_made_private, who_made_private, date_last_message, number_of_duplicates, message_count, users_affected_count, users_unaffected_count, heat, heat_last_updated, latest_patch_uploaded) VALUES (11, '2007-03-15 20:33:56.67893', NULL, 'Make Jokosher use autoaudiosink', 'I''ve had problems when switching from Jokosher to Totem to play an Ogg.

Totem appears to be playing normally but does not produce any sound.
If I close Jokosher then you can hear totem.

I''ve also had a problem when trying to playback sound within jokosher
after switch from another app (I think it was xmms). I get a dialog
with the following text:

     Argh! Something went wrong and a serious error occurred:

     Resource busy or not available.

     gstalsasink.c(636): gst_alsasink_open (): /timeline/playbackbin/
     alsasink0:
     Device ''hw:0'' is busy

After closing and reopening Jokosher, i got the same error again.
After logging out of gnome and logging in again - I still got the same
error message.

I had to restart!

Is there some way to reset alsa or the device driver - with out having
to restart?

Running on Ubuntu - with Jokosher 0.2 runscript.', 16, NULL, NULL, false, false, '2007-03-15 20:37:51.603369', NULL, NULL, NULL, 0, 7, 0, 0, 0, NULL, NULL);
INSERT INTO bug (id, datecreated, name, title, description, owner, duplicateof, fti, private, security_related, date_last_updated, date_made_private, who_made_private, date_last_message, number_of_duplicates, message_count, users_affected_count, users_unaffected_count, heat, heat_last_updated, latest_patch_uploaded) VALUES (12, '2007-03-15 20:41:18.635493', NULL, 'Copy, Cut and Delete operations should work on selections', 'When trying to copy, cut or delete just a selected portion of an event, the operations affect the event completely. That is, you can''t select a portion and cut that piece. The whole event will be cut. Same goes for the other 2 operations.', 16, NULL, NULL, false, false, '2007-03-15 20:46:49.909153', NULL, NULL, NULL, 0, 5, 0, 0, 0, NULL, NULL);
INSERT INTO bug (id, datecreated, name, title, description, owner, duplicateof, fti, private, security_related, date_last_updated, date_made_private, who_made_private, date_last_message, number_of_duplicates, message_count, users_affected_count, users_unaffected_count, heat, heat_last_updated, latest_patch_uploaded) VALUES (13, '2007-07-27 20:00:58.299796', NULL, 'Launchpad CSS and JS is not testible', 'The messages placed on this bug are for eyeball viewing of JS and CSS behaviour.', 12, NULL, NULL, false, false, '2007-07-27 20:29:46.336737', NULL, NULL, NULL, 0, 2, 0, 0, 0, NULL, NULL);
INSERT INTO bug (id, datecreated, name, title, description, owner, duplicateof, fti, private, security_related, date_last_updated, date_made_private, who_made_private, date_last_message, number_of_duplicates, message_count, users_affected_count, users_unaffected_count, heat, heat_last_updated, latest_patch_uploaded) VALUES (14, '2007-08-09 11:39:16.836856', NULL, 'jokosher exposes personal details in its actions portlet', 'Jokosher discloses to any passerby the fact that I am single and unwed in its actions portlet. Please fix this blatant violacion of privacy now!!', 63, NULL, NULL, true, true, '2007-08-09 11:39:16.836856', NULL, NULL, NULL, 0, 1, 0, 0, 0, NULL, NULL);
INSERT INTO bug (id, datecreated, name, title, description, owner, duplicateof, fti, private, security_related, date_last_updated, date_made_private, who_made_private, date_last_message, number_of_duplicates, message_count, users_affected_count, users_unaffected_count, heat, heat_last_updated, latest_patch_uploaded) VALUES (15, '2007-12-18 16:30:19.103679', NULL, 'Nonsensical bugs are useless', 'Like this one, natch.', 16, NULL, NULL, false, false, '2007-12-18 16:31:34.972893', NULL, NULL, '2007-12-18 16:31:34.790641', 0, 7, 0, 0, 0, NULL, NULL);


ALTER TABLE bug ENABLE TRIGGER ALL;


ALTER TABLE bugactivity DISABLE TRIGGER ALL;

INSERT INTO bugactivity (id, bug, datechanged, person, whatchanged, oldvalue, newvalue, message) VALUES (1, 1, '2004-09-24 00:00:00', 1, 'title', 'A silly problem', 'An odd problem', 'Decided problem wasn''t silly after all');
INSERT INTO bugactivity (id, bug, datechanged, person, whatchanged, oldvalue, newvalue, message) VALUES (2, 4, '2005-01-14 00:00:00', 12, 'bug', NULL, NULL, 'added bug');
INSERT INTO bugactivity (id, bug, datechanged, person, whatchanged, oldvalue, newvalue, message) VALUES (3, 5, '2005-01-14 00:00:00', 12, 'bug', NULL, NULL, 'added bug');
INSERT INTO bugactivity (id, bug, datechanged, person, whatchanged, oldvalue, newvalue, message) VALUES (4, 5, '2005-01-14 00:00:00', 12, 'firefox: assignee', NULL, 'name12', 'XXX: not yet implemented');
INSERT INTO bugactivity (id, bug, datechanged, person, whatchanged, oldvalue, newvalue, message) VALUES (5, 6, '2005-01-14 00:00:00', 12, 'bug', NULL, NULL, 'added bug');
INSERT INTO bugactivity (id, bug, datechanged, person, whatchanged, oldvalue, newvalue, message) VALUES (6, 6, '2005-01-14 00:00:00', 12, 'firefox: severity', 'Normal', 'Critical', 'XXX: not yet implemented');
INSERT INTO bugactivity (id, bug, datechanged, person, whatchanged, oldvalue, newvalue, message) VALUES (7, 6, '2005-07-13 14:43:02.452716', 12, 'bug', NULL, NULL, 'assigned to source package mozilla-firefox');
INSERT INTO bugactivity (id, bug, datechanged, person, whatchanged, oldvalue, newvalue, message) VALUES (8, 1, '2005-08-03 12:04:50.669962', 16, 'bug', NULL, NULL, 'assigned to source package mozilla-firefox');
INSERT INTO bugactivity (id, bug, datechanged, person, whatchanged, oldvalue, newvalue, message) VALUES (9, 1, '2005-08-04 01:15:48.241836', 16, 'bug', NULL, NULL, 'assigned to source package mozilla-firefox');
INSERT INTO bugactivity (id, bug, datechanged, person, whatchanged, oldvalue, newvalue, message) VALUES (10, 3, '2005-08-10 16:30:32.295049', 12, 'bug', NULL, NULL, 'assigned to source package mozilla-firefox');
INSERT INTO bugactivity (id, bug, datechanged, person, whatchanged, oldvalue, newvalue, message) VALUES (11, 3, '2005-08-10 16:30:47.448639', 12, 'bug', NULL, NULL, 'assigned to source package mozilla-firefox');
INSERT INTO bugactivity (id, bug, datechanged, person, whatchanged, oldvalue, newvalue, message) VALUES (12, 7, '2005-10-14 15:12:29.602117', 16, 'bug', NULL, NULL, 'added bug');
INSERT INTO bugactivity (id, bug, datechanged, person, whatchanged, oldvalue, newvalue, message) VALUES (13, 7, '2005-10-14 15:12:49.943257', 16, 'evolution: assignee', NULL, 'name16', 'XXX: not yet implemented');
INSERT INTO bugactivity (id, bug, datechanged, person, whatchanged, oldvalue, newvalue, message) VALUES (14, 8, '2005-10-28 09:10:17.13237', 12, 'bug', NULL, NULL, 'added bug');
INSERT INTO bugactivity (id, bug, datechanged, person, whatchanged, oldvalue, newvalue, message) VALUES (15, 8, '2005-10-28 09:10:47.344393', 16, 'mozilla-firefox: status', 'New', 'Accepted', 'XXX: not yet implemented');
INSERT INTO bugactivity (id, bug, datechanged, person, whatchanged, oldvalue, newvalue, message) VALUES (16, 8, '2005-10-28 09:10:47.344393', 16, 'mozilla-firefox: assignee', NULL, 'name16', 'XXX: not yet implemented');
INSERT INTO bugactivity (id, bug, datechanged, person, whatchanged, oldvalue, newvalue, message) VALUES (17, 8, '2005-10-28 09:11:07.93721', 16, 'mozilla-firefox: status', 'Accepted', 'Fixed', 'XXX: not yet implemented');
INSERT INTO bugactivity (id, bug, datechanged, person, whatchanged, oldvalue, newvalue, message) VALUES (18, 9, '2006-02-23 16:42:14.080227', 16, 'bug', NULL, NULL, 'added bug');
INSERT INTO bugactivity (id, bug, datechanged, person, whatchanged, oldvalue, newvalue, message) VALUES (19, 9, '2006-02-23 16:42:40.288553', 12, 'thunderbird: status', 'Unconfirmed', 'Confirmed', NULL);
INSERT INTO bugactivity (id, bug, datechanged, person, whatchanged, oldvalue, newvalue, message) VALUES (20, 9, '2006-02-23 16:42:40.288553', 12, 'thunderbird: statusexplanation', NULL, '', NULL);
INSERT INTO bugactivity (id, bug, datechanged, person, whatchanged, oldvalue, newvalue, message) VALUES (21, 9, '2006-02-23 16:43:25.744534', 12, 'bug', NULL, NULL, 'assigned to thunderbird (upstream)');
INSERT INTO bugactivity (id, bug, datechanged, person, whatchanged, oldvalue, newvalue, message) VALUES (22, 10, '2006-02-22 19:42:21.890299', 16, 'bug', NULL, NULL, 'added bug');
INSERT INTO bugactivity (id, bug, datechanged, person, whatchanged, oldvalue, newvalue, message) VALUES (23, 3, '2006-02-24 21:34:52.613258', 16, 'mozilla-firefox: statusexplanation', NULL, '', NULL);
INSERT INTO bugactivity (id, bug, datechanged, person, whatchanged, oldvalue, newvalue, message) VALUES (24, 10, '2006-02-22 19:42:21.890299', 16, 'bug', NULL, NULL, 'added bug');
INSERT INTO bugactivity (id, bug, datechanged, person, whatchanged, oldvalue, newvalue, message) VALUES (25, 2, '2006-03-06 10:11:02.729077', 16, 'bug', NULL, NULL, 'assigned to Ubuntu');
INSERT INTO bugactivity (id, bug, datechanged, person, whatchanged, oldvalue, newvalue, message) VALUES (26, 7, '2006-03-29 16:45:45.054836', 12, 'bug', NULL, NULL, 'assigned to evolution (Debian)');
INSERT INTO bugactivity (id, bug, datechanged, person, whatchanged, oldvalue, newvalue, message) VALUES (27, 11, '2007-03-15 20:33:56.67893', 16, 'bug', NULL, NULL, 'added bug');
INSERT INTO bugactivity (id, bug, datechanged, person, whatchanged, oldvalue, newvalue, message) VALUES (28, 12, '2007-03-15 20:41:18.635493', 16, 'bug', NULL, NULL, 'added bug');
INSERT INTO bugactivity (id, bug, datechanged, person, whatchanged, oldvalue, newvalue, message) VALUES (29, 12, '2007-03-15 20:41:42.154264', 16, 'jokosher: status', 'Unconfirmed', 'Confirmed', NULL);
INSERT INTO bugactivity (id, bug, datechanged, person, whatchanged, oldvalue, newvalue, message) VALUES (30, 12, '2007-03-15 20:41:42.154264', 16, 'jokosher: importance', 'Undecided', 'Critical', NULL);
INSERT INTO bugactivity (id, bug, datechanged, person, whatchanged, oldvalue, newvalue, message) VALUES (31, 12, '2007-03-15 20:41:42.154264', 16, 'jokosher: statusexplanation', NULL, '', NULL);
INSERT INTO bugactivity (id, bug, datechanged, person, whatchanged, oldvalue, newvalue, message) VALUES (32, 13, '2007-07-27 20:00:58.299796', 12, 'bug', NULL, NULL, 'added bug');
INSERT INTO bugactivity (id, bug, datechanged, person, whatchanged, oldvalue, newvalue, message) VALUES (33, 14, '2007-08-09 11:39:16.836856', 63, 'bug', NULL, NULL, 'added bug');
INSERT INTO bugactivity (id, bug, datechanged, person, whatchanged, oldvalue, newvalue, message) VALUES (34, 15, '2007-12-18 16:30:19.103679', 16, 'bug', NULL, NULL, 'added bug');
INSERT INTO bugactivity (id, bug, datechanged, person, whatchanged, oldvalue, newvalue, message) VALUES (35, 15, '2007-12-18 16:30:47.889614', 16, 'bug', NULL, NULL, 'assigned to thunderbird');
INSERT INTO bugactivity (id, bug, datechanged, person, whatchanged, oldvalue, newvalue, message) VALUES (36, 15, '2007-12-18 16:31:34.790641', 62, 'thunderbird: status', 'Unknown', 'New', NULL);


ALTER TABLE bugactivity ENABLE TRIGGER ALL;


ALTER TABLE bugaffectsperson DISABLE TRIGGER ALL;



ALTER TABLE bugaffectsperson ENABLE TRIGGER ALL;


ALTER TABLE bugattachment DISABLE TRIGGER ALL;



ALTER TABLE bugattachment ENABLE TRIGGER ALL;


ALTER TABLE bugbranch DISABLE TRIGGER ALL;

INSERT INTO bugbranch (id, datecreated, bug, branch, revision_hint, whiteboard, registrant) VALUES (1, '2006-03-22 18:44:27.438982', 5, 1, NULL, NULL, 12);
INSERT INTO bugbranch (id, datecreated, bug, branch, revision_hint, whiteboard, registrant) VALUES (2, '2006-03-22 18:45:08.75694', 4, 10, NULL, NULL, 1);
INSERT INTO bugbranch (id, datecreated, bug, branch, revision_hint, whiteboard, registrant) VALUES (3, '2006-03-22 18:45:50.344434', 4, 1, NULL, NULL, 12);


ALTER TABLE bugbranch ENABLE TRIGGER ALL;


ALTER TABLE bugcve DISABLE TRIGGER ALL;

INSERT INTO bugcve (id, bug, cve, date_created) VALUES (1, 1, 1, '2006-10-16 18:31:43.127783');
INSERT INTO bugcve (id, bug, cve, date_created) VALUES (2, 2, 2, '2006-10-16 18:31:43.128996');


ALTER TABLE bugcve ENABLE TRIGGER ALL;


ALTER TABLE bugjob DISABLE TRIGGER ALL;



ALTER TABLE bugjob ENABLE TRIGGER ALL;


ALTER TABLE bugmessage DISABLE TRIGGER ALL;

INSERT INTO bugmessage (id, bug, message, bugwatch, remote_comment_id, visible) VALUES (1, 2, 1, NULL, NULL, true);
INSERT INTO bugmessage (id, bug, message, bugwatch, remote_comment_id, visible) VALUES (2, 1, 3, NULL, NULL, true);
INSERT INTO bugmessage (id, bug, message, bugwatch, remote_comment_id, visible) VALUES (3, 1, 4, NULL, NULL, true);
INSERT INTO bugmessage (id, bug, message, bugwatch, remote_comment_id, visible) VALUES (4, 2, 5, NULL, NULL, true);
INSERT INTO bugmessage (id, bug, message, bugwatch, remote_comment_id, visible) VALUES (5, 2, 6, NULL, NULL, true);
INSERT INTO bugmessage (id, bug, message, bugwatch, remote_comment_id, visible) VALUES (6, 4, 7, NULL, NULL, true);
INSERT INTO bugmessage (id, bug, message, bugwatch, remote_comment_id, visible) VALUES (7, 5, 8, NULL, NULL, true);
INSERT INTO bugmessage (id, bug, message, bugwatch, remote_comment_id, visible) VALUES (8, 6, 9, NULL, NULL, true);
INSERT INTO bugmessage (id, bug, message, bugwatch, remote_comment_id, visible) VALUES (9, 3, 10, NULL, NULL, true);
INSERT INTO bugmessage (id, bug, message, bugwatch, remote_comment_id, visible) VALUES (10, 7, 11, NULL, NULL, true);
INSERT INTO bugmessage (id, bug, message, bugwatch, remote_comment_id, visible) VALUES (11, 8, 14, NULL, NULL, true);
INSERT INTO bugmessage (id, bug, message, bugwatch, remote_comment_id, visible) VALUES (12, 9, 15, NULL, NULL, true);
INSERT INTO bugmessage (id, bug, message, bugwatch, remote_comment_id, visible) VALUES (13, 10, 17, NULL, NULL, true);
INSERT INTO bugmessage (id, bug, message, bugwatch, remote_comment_id, visible) VALUES (14, 10, 16, NULL, NULL, true);
INSERT INTO bugmessage (id, bug, message, bugwatch, remote_comment_id, visible) VALUES (15, 11, 24, NULL, NULL, true);
INSERT INTO bugmessage (id, bug, message, bugwatch, remote_comment_id, visible) VALUES (16, 11, 25, NULL, NULL, true);
INSERT INTO bugmessage (id, bug, message, bugwatch, remote_comment_id, visible) VALUES (17, 11, 26, NULL, NULL, true);
INSERT INTO bugmessage (id, bug, message, bugwatch, remote_comment_id, visible) VALUES (18, 11, 27, NULL, NULL, true);
INSERT INTO bugmessage (id, bug, message, bugwatch, remote_comment_id, visible) VALUES (19, 11, 28, NULL, NULL, true);
INSERT INTO bugmessage (id, bug, message, bugwatch, remote_comment_id, visible) VALUES (20, 11, 29, NULL, NULL, true);
INSERT INTO bugmessage (id, bug, message, bugwatch, remote_comment_id, visible) VALUES (21, 11, 30, NULL, NULL, true);
INSERT INTO bugmessage (id, bug, message, bugwatch, remote_comment_id, visible) VALUES (22, 12, 31, NULL, NULL, true);
INSERT INTO bugmessage (id, bug, message, bugwatch, remote_comment_id, visible) VALUES (23, 12, 33, NULL, NULL, true);
INSERT INTO bugmessage (id, bug, message, bugwatch, remote_comment_id, visible) VALUES (24, 12, 34, NULL, NULL, true);
INSERT INTO bugmessage (id, bug, message, bugwatch, remote_comment_id, visible) VALUES (25, 12, 35, NULL, NULL, true);
INSERT INTO bugmessage (id, bug, message, bugwatch, remote_comment_id, visible) VALUES (26, 12, 36, NULL, NULL, true);
INSERT INTO bugmessage (id, bug, message, bugwatch, remote_comment_id, visible) VALUES (27, 13, 37, NULL, NULL, true);
INSERT INTO bugmessage (id, bug, message, bugwatch, remote_comment_id, visible) VALUES (28, 13, 38, NULL, NULL, true);
INSERT INTO bugmessage (id, bug, message, bugwatch, remote_comment_id, visible) VALUES (29, 14, 39, NULL, NULL, true);
INSERT INTO bugmessage (id, bug, message, bugwatch, remote_comment_id, visible) VALUES (30, 15, 40, NULL, NULL, true);
INSERT INTO bugmessage (id, bug, message, bugwatch, remote_comment_id, visible) VALUES (31, 15, 44, 11, '<4284D7D1.6010208@gmx.de>', true);
INSERT INTO bugmessage (id, bug, message, bugwatch, remote_comment_id, visible) VALUES (32, 15, 45, 11, '<20050517185429.GB20786@spring.luon.net>', true);
INSERT INTO bugmessage (id, bug, message, bugwatch, remote_comment_id, visible) VALUES (33, 15, 46, 11, '<428A44E9.6090802@gmx.de>', true);
INSERT INTO bugmessage (id, bug, message, bugwatch, remote_comment_id, visible) VALUES (34, 15, 47, 11, '<20050517202044.GA23231@spring.luon.net>', true);
INSERT INTO bugmessage (id, bug, message, bugwatch, remote_comment_id, visible) VALUES (35, 15, 48, 11, '<20050617140011.GA15638@piware.de>', true);
INSERT INTO bugmessage (id, bug, message, bugwatch, remote_comment_id, visible) VALUES (36, 15, 49, 11, '<42BD2E36.9090809@gmx.de>', true);


ALTER TABLE bugmessage ENABLE TRIGGER ALL;


ALTER TABLE bugnomination DISABLE TRIGGER ALL;

INSERT INTO bugnomination (id, bug, distroseries, productseries, status, date_created, date_decided, owner, decider) VALUES (1, 1, NULL, 2, 10, '2006-08-21 22:20:54.707408', NULL, 52, NULL);
INSERT INTO bugnomination (id, bug, distroseries, productseries, status, date_created, date_decided, owner, decider) VALUES (2, 1, 3, NULL, 10, '2006-08-21 22:21:14.60328', NULL, 52, NULL);
INSERT INTO bugnomination (id, bug, distroseries, productseries, status, date_created, date_decided, owner, decider) VALUES (3, 2, 3, NULL, 20, '2006-08-21 22:23:08.163936', '2006-08-21 22:23:08.332055', 1, 1);
INSERT INTO bugnomination (id, bug, distroseries, productseries, status, date_created, date_decided, owner, decider) VALUES (4, 5, NULL, 2, 20, '2007-01-04 15:00:50.431687', '2007-01-04 15:00:50.552021', 16, 16);


ALTER TABLE bugnomination ENABLE TRIGGER ALL;


ALTER TABLE bugnotification DISABLE TRIGGER ALL;



ALTER TABLE bugnotification ENABLE TRIGGER ALL;


ALTER TABLE bugnotificationarchive DISABLE TRIGGER ALL;



ALTER TABLE bugnotificationarchive ENABLE TRIGGER ALL;


ALTER TABLE bugnotificationattachment DISABLE TRIGGER ALL;



ALTER TABLE bugnotificationattachment ENABLE TRIGGER ALL;


ALTER TABLE bugnotificationrecipient DISABLE TRIGGER ALL;



ALTER TABLE bugnotificationrecipient ENABLE TRIGGER ALL;


ALTER TABLE bugnotificationrecipientarchive DISABLE TRIGGER ALL;



ALTER TABLE bugnotificationrecipientarchive ENABLE TRIGGER ALL;


ALTER TABLE bugpackageinfestation DISABLE TRIGGER ALL;



ALTER TABLE bugpackageinfestation ENABLE TRIGGER ALL;


ALTER TABLE bugproductinfestation DISABLE TRIGGER ALL;



ALTER TABLE bugproductinfestation ENABLE TRIGGER ALL;


ALTER TABLE bugsubscription DISABLE TRIGGER ALL;

INSERT INTO bugsubscription (id, person, bug, date_created, subscribed_by, bug_notification_level) VALUES (1, 11, 1, '2006-10-16 18:31:43.154816', 65, 40);
INSERT INTO bugsubscription (id, person, bug, date_created, subscribed_by, bug_notification_level) VALUES (4, 12, 1, '2006-10-16 18:31:43.156104', 65, 40);
INSERT INTO bugsubscription (id, person, bug, date_created, subscribed_by, bug_notification_level) VALUES (5, 11, 2, '2006-10-16 18:31:43.156485', 65, 40);
INSERT INTO bugsubscription (id, person, bug, date_created, subscribed_by, bug_notification_level) VALUES (6, 16, 7, '2006-10-16 18:31:43.156824', 65, 40);
INSERT INTO bugsubscription (id, person, bug, date_created, subscribed_by, bug_notification_level) VALUES (7, 12, 8, '2006-10-16 18:31:43.157159', 65, 40);
INSERT INTO bugsubscription (id, person, bug, date_created, subscribed_by, bug_notification_level) VALUES (8, 12, 4, '2006-10-16 18:31:43.157495', 65, 40);
INSERT INTO bugsubscription (id, person, bug, date_created, subscribed_by, bug_notification_level) VALUES (9, 16, 9, '2006-10-16 18:31:43.15783', 65, 40);
INSERT INTO bugsubscription (id, person, bug, date_created, subscribed_by, bug_notification_level) VALUES (10, 12, 9, '2006-10-16 18:31:43.158165', 65, 40);
INSERT INTO bugsubscription (id, person, bug, date_created, subscribed_by, bug_notification_level) VALUES (11, 16, 10, '2006-10-16 18:31:43.158628', 65, 40);
INSERT INTO bugsubscription (id, person, bug, date_created, subscribed_by, bug_notification_level) VALUES (12, 16, 11, '2007-03-15 20:33:56.67893', 65, 40);
INSERT INTO bugsubscription (id, person, bug, date_created, subscribed_by, bug_notification_level) VALUES (13, 16, 12, '2007-03-15 20:41:18.635493', 65, 40);
INSERT INTO bugsubscription (id, person, bug, date_created, subscribed_by, bug_notification_level) VALUES (14, 12, 13, '2007-07-27 20:00:58.299796', 65, 40);
INSERT INTO bugsubscription (id, person, bug, date_created, subscribed_by, bug_notification_level) VALUES (15, 63, 14, '2007-08-09 11:39:16.836856', 65, 40);
INSERT INTO bugsubscription (id, person, bug, date_created, subscribed_by, bug_notification_level) VALUES (16, 14, 14, '2007-08-09 11:39:16.836856', 65, 40);
INSERT INTO bugsubscription (id, person, bug, date_created, subscribed_by, bug_notification_level) VALUES (17, 16, 15, '2007-12-18 16:30:19.103679', 65, 40);


ALTER TABLE bugsubscription ENABLE TRIGGER ALL;


ALTER TABLE bugtag DISABLE TRIGGER ALL;

INSERT INTO bugtag (id, bug, tag) VALUES (1, 9, 'crash');
INSERT INTO bugtag (id, bug, tag) VALUES (2, 2, 'dataloss');
INSERT INTO bugtag (id, bug, tag) VALUES (3, 2, 'pebcak');
INSERT INTO bugtag (id, bug, tag) VALUES (5, 3, 'layout-test');
INSERT INTO bugtag (id, bug, tag) VALUES (6, 4, 'layout-test');
INSERT INTO bugtag (id, bug, tag) VALUES (7, 5, 'doc');
INSERT INTO bugtag (id, bug, tag) VALUES (8, 10, 'crash');
INSERT INTO bugtag (id, bug, tag) VALUES (9, 14, 'lunch-money');


ALTER TABLE bugtag ENABLE TRIGGER ALL;


ALTER TABLE bugtask DISABLE TRIGGER ALL;

INSERT INTO bugtask (id, bug, product, distribution, distroseries, sourcepackagename, binarypackagename, status, priority, importance, assignee, date_assigned, datecreated, owner, milestone, bugwatch, statusexplanation, fti, targetnamecache, date_confirmed, date_inprogress, date_closed, productseries, date_incomplete, date_left_new, date_triaged, date_fix_committed, date_fix_released, date_left_closed, heat_rank, date_milestone_set) VALUES (2, 1, 4, NULL, NULL, NULL, NULL, 10, 10, 20, 1, '2005-01-02 11:07:20.330975', '2004-01-02 03:49:22.910878', 12, NULL, NULL, NULL, NULL, 'Mozilla Firefox', NULL, NULL, NULL, NULL, NULL, NULL, NULL, NULL, NULL, NULL, 0, NULL);
INSERT INTO bugtask (id, bug, product, distribution, distroseries, sourcepackagename, binarypackagename, status, priority, importance, assignee, date_assigned, datecreated, owner, milestone, bugwatch, statusexplanation, fti, targetnamecache, date_confirmed, date_inprogress, date_closed, productseries, date_incomplete, date_left_new, date_triaged, date_fix_committed, date_fix_released, date_left_closed, heat_rank, date_milestone_set) VALUES (3, 2, 1, NULL, NULL, NULL, NULL, 10, 20, 20, NULL, '2005-01-03 11:07:20.330975', '2004-01-03 03:49:22.908491', 12, NULL, NULL, NULL, NULL, 'Tomcat', NULL, NULL, NULL, NULL, NULL, NULL, NULL, NULL, NULL, NULL, 0, NULL);
INSERT INTO bugtask (id, bug, product, distribution, distroseries, sourcepackagename, binarypackagename, status, priority, importance, assignee, date_assigned, datecreated, owner, milestone, bugwatch, statusexplanation, fti, targetnamecache, date_confirmed, date_inprogress, date_closed, productseries, date_incomplete, date_left_new, date_triaged, date_fix_committed, date_fix_released, date_left_closed, heat_rank, date_milestone_set) VALUES (4, 1, NULL, 3, NULL, 1, NULL, 20, 40, 20, NULL, '2005-01-04 11:07:20.584746', '2004-01-04 03:49:22.79024', 12, NULL, 8, '', NULL, 'mozilla-firefox (Debian)', NULL, NULL, NULL, NULL, NULL, NULL, NULL, NULL, NULL, NULL, 0, NULL);
INSERT INTO bugtask (id, bug, product, distribution, distroseries, sourcepackagename, binarypackagename, status, priority, importance, assignee, date_assigned, datecreated, owner, milestone, bugwatch, statusexplanation, fti, targetnamecache, date_confirmed, date_inprogress, date_closed, productseries, date_incomplete, date_left_new, date_triaged, date_fix_committed, date_fix_released, date_left_closed, heat_rank, date_milestone_set) VALUES (5, 2, NULL, 3, NULL, 1, NULL, 20, 40, 20, 12, '2005-01-05 11:07:20.584746', '2004-01-05 03:49:22.824591', 12, NULL, NULL, 'Upstream said that they won''t bother fixing it.', NULL, 'mozilla-firefox (Debian)', NULL, NULL, NULL, NULL, NULL, NULL, NULL, NULL, NULL, NULL, 0, NULL);
INSERT INTO bugtask (id, bug, product, distribution, distroseries, sourcepackagename, binarypackagename, status, priority, importance, assignee, date_assigned, datecreated, owner, milestone, bugwatch, statusexplanation, fti, targetnamecache, date_confirmed, date_inprogress, date_closed, productseries, date_incomplete, date_left_new, date_triaged, date_fix_committed, date_fix_released, date_left_closed, heat_rank, date_milestone_set) VALUES (6, 3, NULL, 3, NULL, 1, NULL, 10, 20, 999, NULL, '2005-01-06 11:07:20.584746', '2004-01-06 03:49:22.825533', 16, NULL, NULL, '', NULL, 'mozilla-firefox (Debian)', NULL, NULL, NULL, NULL, NULL, NULL, NULL, NULL, NULL, NULL, 0, NULL);
INSERT INTO bugtask (id, bug, product, distribution, distroseries, sourcepackagename, binarypackagename, status, priority, importance, assignee, date_assigned, datecreated, owner, milestone, bugwatch, statusexplanation, fti, targetnamecache, date_confirmed, date_inprogress, date_closed, productseries, date_incomplete, date_left_new, date_triaged, date_fix_committed, date_fix_released, date_left_closed, heat_rank, date_milestone_set) VALUES (13, 4, 4, NULL, NULL, NULL, NULL, 10, 30, 30, NULL, '2005-01-13 17:20:12.820778', '2004-01-13 17:20:12.820778', 12, NULL, NULL, NULL, NULL, 'Mozilla Firefox', NULL, NULL, NULL, NULL, NULL, NULL, NULL, NULL, NULL, NULL, 0, NULL);
INSERT INTO bugtask (id, bug, product, distribution, distroseries, sourcepackagename, binarypackagename, status, priority, importance, assignee, date_assigned, datecreated, owner, milestone, bugwatch, statusexplanation, fti, targetnamecache, date_confirmed, date_inprogress, date_closed, productseries, date_incomplete, date_left_new, date_triaged, date_fix_committed, date_fix_released, date_left_closed, heat_rank, date_milestone_set) VALUES (14, 5, 4, NULL, NULL, NULL, NULL, 10, 30, 50, 12, '2005-01-14 17:27:03.702622', '2004-01-14 17:27:03.702622', 12, NULL, NULL, 'The status explanation is useful to provide task specific information.', NULL, 'Mozilla Firefox', NULL, NULL, NULL, NULL, NULL, NULL, NULL, NULL, NULL, NULL, 0, NULL);
INSERT INTO bugtask (id, bug, product, distribution, distroseries, sourcepackagename, binarypackagename, status, priority, importance, assignee, date_assigned, datecreated, owner, milestone, bugwatch, statusexplanation, fti, targetnamecache, date_confirmed, date_inprogress, date_closed, productseries, date_incomplete, date_left_new, date_triaged, date_fix_committed, date_fix_released, date_left_closed, heat_rank, date_milestone_set) VALUES (15, 6, 4, NULL, NULL, NULL, NULL, 10, 30, 40, NULL, '2005-01-15 17:35:39.548665', '2004-01-15 17:35:39.548665', 12, NULL, NULL, NULL, NULL, 'Mozilla Firefox', NULL, NULL, NULL, NULL, NULL, NULL, NULL, NULL, NULL, NULL, 0, NULL);
INSERT INTO bugtask (id, bug, product, distribution, distroseries, sourcepackagename, binarypackagename, status, priority, importance, assignee, date_assigned, datecreated, owner, milestone, bugwatch, statusexplanation, fti, targetnamecache, date_confirmed, date_inprogress, date_closed, productseries, date_incomplete, date_left_new, date_triaged, date_fix_committed, date_fix_released, date_left_closed, heat_rank, date_milestone_set) VALUES (16, 5, NULL, NULL, 1, 1, NULL, 10, 30, 30, NULL, '2005-01-16 14:43:02.452716', '2004-01-16 14:43:02.452716', 12, NULL, NULL, NULL, NULL, 'mozilla-firefox (Ubuntu Warty)', NULL, NULL, NULL, NULL, NULL, NULL, NULL, NULL, NULL, NULL, 0, NULL);
INSERT INTO bugtask (id, bug, product, distribution, distroseries, sourcepackagename, binarypackagename, status, priority, importance, assignee, date_assigned, datecreated, owner, milestone, bugwatch, statusexplanation, fti, targetnamecache, date_confirmed, date_inprogress, date_closed, productseries, date_incomplete, date_left_new, date_triaged, date_fix_committed, date_fix_released, date_left_closed, heat_rank, date_milestone_set) VALUES (17, 1, NULL, 1, NULL, 1, NULL, 10, 30, 30, NULL, '2005-01-17 01:15:48.241836', '2004-01-17 01:15:48.241836', 16, NULL, NULL, NULL, NULL, 'mozilla-firefox (Ubuntu)', NULL, NULL, NULL, NULL, NULL, NULL, NULL, NULL, NULL, NULL, 0, NULL);
INSERT INTO bugtask (id, bug, product, distribution, distroseries, sourcepackagename, binarypackagename, status, priority, importance, assignee, date_assigned, datecreated, owner, milestone, bugwatch, statusexplanation, fti, targetnamecache, date_confirmed, date_inprogress, date_closed, productseries, date_incomplete, date_left_new, date_triaged, date_fix_committed, date_fix_released, date_left_closed, heat_rank, date_milestone_set) VALUES (18, 3, NULL, NULL, 6, 1, NULL, 10, 30, 30, NULL, '2005-01-18 16:30:32.295049', '2004-01-18 16:30:32.295049', 12, NULL, NULL, NULL, NULL, 'mozilla-firefox (Debian Woody)', NULL, NULL, NULL, NULL, NULL, NULL, NULL, NULL, NULL, NULL, 0, NULL);
INSERT INTO bugtask (id, bug, product, distribution, distroseries, sourcepackagename, binarypackagename, status, priority, importance, assignee, date_assigned, datecreated, owner, milestone, bugwatch, statusexplanation, fti, targetnamecache, date_confirmed, date_inprogress, date_closed, productseries, date_incomplete, date_left_new, date_triaged, date_fix_committed, date_fix_released, date_left_closed, heat_rank, date_milestone_set) VALUES (19, 3, NULL, NULL, 7, 1, NULL, 10, 30, 30, NULL, '2005-01-19 16:30:47.448639', '2004-01-19 16:30:47.448639', 12, 2, 10, '', NULL, 'mozilla-firefox (Debian Sarge)', NULL, NULL, NULL, NULL, NULL, NULL, NULL, NULL, NULL, NULL, 0, NULL);
INSERT INTO bugtask (id, bug, product, distribution, distroseries, sourcepackagename, binarypackagename, status, priority, importance, assignee, date_assigned, datecreated, owner, milestone, bugwatch, statusexplanation, fti, targetnamecache, date_confirmed, date_inprogress, date_closed, productseries, date_incomplete, date_left_new, date_triaged, date_fix_committed, date_fix_released, date_left_closed, heat_rank, date_milestone_set) VALUES (20, 2, NULL, NULL, 6, 1, NULL, 10, 30, 30, NULL, '2005-01-20 13:54:57.840344', '2004-01-20 13:54:57.840344', 12, NULL, NULL, NULL, NULL, 'mozilla-firefox (Debian Woody)', NULL, NULL, NULL, NULL, NULL, NULL, NULL, NULL, NULL, NULL, 0, NULL);
INSERT INTO bugtask (id, bug, product, distribution, distroseries, sourcepackagename, binarypackagename, status, priority, importance, assignee, date_assigned, datecreated, owner, milestone, bugwatch, statusexplanation, fti, targetnamecache, date_confirmed, date_inprogress, date_closed, productseries, date_incomplete, date_left_new, date_triaged, date_fix_committed, date_fix_released, date_left_closed, heat_rank, date_milestone_set) VALUES (21, 7, 5, NULL, NULL, NULL, NULL, 10, NULL, 30, 16, '2005-01-21 15:12:29.602117', '2004-01-21 15:12:29.602117', 16, NULL, NULL, NULL, NULL, 'Evolution', NULL, NULL, NULL, NULL, NULL, NULL, NULL, NULL, NULL, NULL, 0, NULL);
INSERT INTO bugtask (id, bug, product, distribution, distroseries, sourcepackagename, binarypackagename, status, priority, importance, assignee, date_assigned, datecreated, owner, milestone, bugwatch, statusexplanation, fti, targetnamecache, date_confirmed, date_inprogress, date_closed, productseries, date_incomplete, date_left_new, date_triaged, date_fix_committed, date_fix_released, date_left_closed, heat_rank, date_milestone_set) VALUES (22, 8, NULL, 3, NULL, 1, NULL, 30, NULL, 30, 16, '2005-01-22 09:10:17.13237', '2004-01-22 09:10:17.13237', 12, NULL, NULL, NULL, NULL, 'mozilla-firefox (Debian)', NULL, NULL, '2005-01-25 09:10:17.13237', NULL, NULL, NULL, NULL, NULL, NULL, NULL, 0, NULL);
INSERT INTO bugtask (id, bug, product, distribution, distroseries, sourcepackagename, binarypackagename, status, priority, importance, assignee, date_assigned, datecreated, owner, milestone, bugwatch, statusexplanation, fti, targetnamecache, date_confirmed, date_inprogress, date_closed, productseries, date_incomplete, date_left_new, date_triaged, date_fix_committed, date_fix_released, date_left_closed, heat_rank, date_milestone_set) VALUES (23, 9, NULL, 1, NULL, 18, NULL, 20, NULL, 30, NULL, '2005-01-23 16:42:14.080227', '2004-01-23 16:42:14.080227', 16, NULL, NULL, '', NULL, 'thunderbird (Ubuntu)', NULL, NULL, NULL, NULL, NULL, NULL, NULL, NULL, NULL, NULL, 0, NULL);
INSERT INTO bugtask (id, bug, product, distribution, distroseries, sourcepackagename, binarypackagename, status, priority, importance, assignee, date_assigned, datecreated, owner, milestone, bugwatch, statusexplanation, fti, targetnamecache, date_confirmed, date_inprogress, date_closed, productseries, date_incomplete, date_left_new, date_triaged, date_fix_committed, date_fix_released, date_left_closed, heat_rank, date_milestone_set) VALUES (24, 9, 8, NULL, NULL, NULL, NULL, 999, 999, 999, NULL, '2005-01-24 16:43:25.744534', '2004-01-24 16:43:25.744534', 12, NULL, 6, NULL, NULL, 'Mozilla Thunderbird', NULL, NULL, NULL, NULL, NULL, NULL, NULL, NULL, NULL, NULL, 0, NULL);
INSERT INTO bugtask (id, bug, product, distribution, distroseries, sourcepackagename, binarypackagename, status, priority, importance, assignee, date_assigned, datecreated, owner, milestone, bugwatch, statusexplanation, fti, targetnamecache, date_confirmed, date_inprogress, date_closed, productseries, date_incomplete, date_left_new, date_triaged, date_fix_committed, date_fix_released, date_left_closed, heat_rank, date_milestone_set) VALUES (25, 10, NULL, 1, NULL, 22, NULL, 10, NULL, 30, NULL, '2005-01-25 19:42:21.890299', '2004-01-25 19:42:21.890299', 16, NULL, NULL, NULL, NULL, 'linux-source-2.6.15 (Ubuntu)', NULL, NULL, NULL, NULL, NULL, NULL, NULL, NULL, NULL, NULL, 0, NULL);
INSERT INTO bugtask (id, bug, product, distribution, distroseries, sourcepackagename, binarypackagename, status, priority, importance, assignee, date_assigned, datecreated, owner, milestone, bugwatch, statusexplanation, fti, targetnamecache, date_confirmed, date_inprogress, date_closed, productseries, date_incomplete, date_left_new, date_triaged, date_fix_committed, date_fix_released, date_left_closed, heat_rank, date_milestone_set) VALUES (26, 2, NULL, 1, NULL, NULL, NULL, 10, NULL, 30, NULL, '2005-01-26 10:11:02.729077', '2004-01-26 10:11:02.729077', 16, NULL, NULL, NULL, NULL, 'Ubuntu', NULL, NULL, NULL, NULL, NULL, NULL, NULL, NULL, NULL, NULL, 0, NULL);
INSERT INTO bugtask (id, bug, product, distribution, distroseries, sourcepackagename, binarypackagename, status, priority, importance, assignee, date_assigned, datecreated, owner, milestone, bugwatch, statusexplanation, fti, targetnamecache, date_confirmed, date_inprogress, date_closed, productseries, date_incomplete, date_left_new, date_triaged, date_fix_committed, date_fix_released, date_left_closed, heat_rank, date_milestone_set) VALUES (27, 7, NULL, 3, NULL, 9, NULL, 999, 999, 999, NULL, '2005-01-27 16:45:45.054836', '2004-01-27 16:45:45.054836', 12, NULL, 7, NULL, NULL, 'evolution (Debian)', NULL, NULL, NULL, NULL, NULL, NULL, NULL, NULL, NULL, NULL, 0, NULL);
INSERT INTO bugtask (id, bug, product, distribution, distroseries, sourcepackagename, binarypackagename, status, priority, importance, assignee, date_assigned, datecreated, owner, milestone, bugwatch, statusexplanation, fti, targetnamecache, date_confirmed, date_inprogress, date_closed, productseries, date_incomplete, date_left_new, date_triaged, date_fix_committed, date_fix_released, date_left_closed, heat_rank, date_milestone_set) VALUES (28, 2, NULL, NULL, 3, NULL, NULL, 10, NULL, 5, NULL, NULL, '2006-08-21 22:23:08.163936', 1, NULL, NULL, NULL, NULL, 'Ubuntu Hoary', NULL, NULL, NULL, NULL, NULL, NULL, NULL, NULL, NULL, NULL, 0, NULL);
INSERT INTO bugtask (id, bug, product, distribution, distroseries, sourcepackagename, binarypackagename, status, priority, importance, assignee, date_assigned, datecreated, owner, milestone, bugwatch, statusexplanation, fti, targetnamecache, date_confirmed, date_inprogress, date_closed, productseries, date_incomplete, date_left_new, date_triaged, date_fix_committed, date_fix_released, date_left_closed, heat_rank, date_milestone_set) VALUES (29, 5, NULL, NULL, NULL, NULL, NULL, 10, NULL, 5, NULL, NULL, '2007-01-04 15:00:50.431687', 16, NULL, NULL, NULL, NULL, 'Mozilla Firefox 1.0', NULL, NULL, NULL, 2, NULL, NULL, NULL, NULL, NULL, NULL, 0, NULL);
INSERT INTO bugtask (id, bug, product, distribution, distroseries, sourcepackagename, binarypackagename, status, priority, importance, assignee, date_assigned, datecreated, owner, milestone, bugwatch, statusexplanation, fti, targetnamecache, date_confirmed, date_inprogress, date_closed, productseries, date_incomplete, date_left_new, date_triaged, date_fix_committed, date_fix_released, date_left_closed, heat_rank, date_milestone_set) VALUES (30, 11, 20, NULL, NULL, NULL, NULL, 10, NULL, 5, NULL, NULL, '2007-03-15 20:33:56.67893', 16, NULL, NULL, NULL, NULL, 'Jokosher', NULL, NULL, NULL, NULL, NULL, NULL, NULL, NULL, NULL, NULL, 0, NULL);
INSERT INTO bugtask (id, bug, product, distribution, distroseries, sourcepackagename, binarypackagename, status, priority, importance, assignee, date_assigned, datecreated, owner, milestone, bugwatch, statusexplanation, fti, targetnamecache, date_confirmed, date_inprogress, date_closed, productseries, date_incomplete, date_left_new, date_triaged, date_fix_committed, date_fix_released, date_left_closed, heat_rank, date_milestone_set) VALUES (31, 12, 20, NULL, NULL, NULL, NULL, 20, NULL, 50, NULL, NULL, '2007-03-15 20:41:18.635493', 16, NULL, NULL, '', NULL, 'Jokosher', '2007-03-15 20:41:42.256326', NULL, NULL, NULL, NULL, NULL, NULL, NULL, NULL, NULL, 0, NULL);
INSERT INTO bugtask (id, bug, product, distribution, distroseries, sourcepackagename, binarypackagename, status, priority, importance, assignee, date_assigned, datecreated, owner, milestone, bugwatch, statusexplanation, fti, targetnamecache, date_confirmed, date_inprogress, date_closed, productseries, date_incomplete, date_left_new, date_triaged, date_fix_committed, date_fix_released, date_left_closed, heat_rank, date_milestone_set) VALUES (32, 13, 17, NULL, NULL, NULL, NULL, 10, NULL, 5, NULL, NULL, '2007-07-27 20:00:58.299796', 12, NULL, NULL, NULL, NULL, 'Launchpad', NULL, NULL, NULL, NULL, NULL, NULL, NULL, NULL, NULL, NULL, 0, NULL);
INSERT INTO bugtask (id, bug, product, distribution, distroseries, sourcepackagename, binarypackagename, status, priority, importance, assignee, date_assigned, datecreated, owner, milestone, bugwatch, statusexplanation, fti, targetnamecache, date_confirmed, date_inprogress, date_closed, productseries, date_incomplete, date_left_new, date_triaged, date_fix_committed, date_fix_released, date_left_closed, heat_rank, date_milestone_set) VALUES (33, 14, 20, NULL, NULL, NULL, NULL, 10, NULL, 5, NULL, NULL, '2007-08-09 11:39:16.836856', 63, NULL, NULL, NULL, NULL, 'Jokosher', NULL, NULL, NULL, NULL, NULL, NULL, NULL, NULL, NULL, NULL, 0, NULL);
INSERT INTO bugtask (id, bug, product, distribution, distroseries, sourcepackagename, binarypackagename, status, priority, importance, assignee, date_assigned, datecreated, owner, milestone, bugwatch, statusexplanation, fti, targetnamecache, date_confirmed, date_inprogress, date_closed, productseries, date_incomplete, date_left_new, date_triaged, date_fix_committed, date_fix_released, date_left_closed, heat_rank, date_milestone_set) VALUES (34, 15, 22, NULL, NULL, NULL, NULL, 10, NULL, 5, NULL, NULL, '2007-12-18 16:30:19.103679', 16, NULL, NULL, NULL, NULL, 'Redfish', NULL, NULL, NULL, NULL, NULL, NULL, NULL, NULL, NULL, NULL, 0, NULL);
INSERT INTO bugtask (id, bug, product, distribution, distroseries, sourcepackagename, binarypackagename, status, priority, importance, assignee, date_assigned, datecreated, owner, milestone, bugwatch, statusexplanation, fti, targetnamecache, date_confirmed, date_inprogress, date_closed, productseries, date_incomplete, date_left_new, date_triaged, date_fix_committed, date_fix_released, date_left_closed, heat_rank, date_milestone_set) VALUES (35, 15, 8, NULL, NULL, NULL, NULL, 10, NULL, 999, NULL, NULL, '2007-12-18 16:30:47.889614', 16, NULL, 11, NULL, NULL, 'Mozilla Thunderbird', NULL, NULL, NULL, NULL, NULL, NULL, NULL, NULL, NULL, NULL, 0, NULL);


ALTER TABLE bugtask ENABLE TRIGGER ALL;


ALTER TABLE bugtracker DISABLE TRIGGER ALL;

INSERT INTO bugtracker (id, bugtrackertype, name, title, summary, baseurl, owner, contactdetails, date_created, version, block_comment_pushing, has_lp_plugin, active) VALUES (1, 1, 'mozilla.org', 'The Mozilla.org Bug Tracker', 'The Mozilla.org bug tracker is the grand-daddy of bugzillas. This is where Bugzilla was conceived, born and raised. This bugzilla instance covers all Mozilla products such as Firefox, Thunderbird and Bugzilla itself.', 'https://bugzilla.mozilla.org/', 12, 'Carrier pigeon only', '2006-10-16 18:31:43.195685', NULL, false, NULL, true);
INSERT INTO bugtracker (id, bugtrackertype, name, title, summary, baseurl, owner, contactdetails, date_created, version, block_comment_pushing, has_lp_plugin, active) VALUES (2, 1, 'gnome-bugzilla', 'GnomeGBug GTracker', 'This is the Gnome Bugzilla bug tracking system. It covers all the applications in the Gnome Desktop and Gnome Fifth Toe.', 'http://bugzilla.gnome.org/bugs', 16, 'Jeff Waugh, in his pants.', '2006-10-16 18:31:43.197325', NULL, false, NULL, true);
INSERT INTO bugtracker (id, bugtrackertype, name, title, summary, baseurl, owner, contactdetails, date_created, version, block_comment_pushing, has_lp_plugin, active) VALUES (3, 2, 'debbugs', 'Debian Bug tracker', 'Bug tracker for debian project.', 'http://bugs.debian.org', 1, NULL, '2006-10-16 18:31:43.197881', NULL, false, NULL, true);
INSERT INTO bugtracker (id, bugtrackertype, name, title, summary, baseurl, owner, contactdetails, date_created, version, block_comment_pushing, has_lp_plugin, active) VALUES (4, 1, 'ubuntu-bugzilla', 'The Ubuntu.com bugzilla', 'The Ubuntu.com bugzilla tracks bugs in all products Ubuntu supports, in the Canonical.com hosted websites and in Bazaar and the Arch supermirror', 'http://bugzilla.ubuntu.com/bugs/', 1, NULL, '2006-10-16 18:31:43.198413', NULL, false, NULL, true);
INSERT INTO bugtracker (id, bugtrackertype, name, title, summary, baseurl, owner, contactdetails, date_created, version, block_comment_pushing, has_lp_plugin, active) VALUES (5, 5, 'sf', 'SourceForge.net Tracker', 'SourceForge.net is an Open Source software development web site, hosting more than 100,000 projects.  This is the tracker used by most of those projects.', 'http://sourceforge.net/', 60, NULL, '2006-10-16 18:31:43.19892', NULL, false, NULL, true);
INSERT INTO bugtracker (id, bugtrackertype, name, title, summary, baseurl, owner, contactdetails, date_created, version, block_comment_pushing, has_lp_plugin, active) VALUES (6, 8, 'email', 'Email bugtracker', 'An example email tracker.', 'mailto:bugs@example.com', 16, NULL, '2006-10-16 18:31:43.19892', NULL, false, NULL, true);
INSERT INTO bugtracker (id, bugtrackertype, name, title, summary, baseurl, owner, contactdetails, date_created, version, block_comment_pushing, has_lp_plugin, active) VALUES (7, 9, 'savannah', 'GNU Savannah Bug Tracker', 'Savannah is an open source software development hosting service based on SourceForge.', 'http://savannah.gnu.org/', 25, NULL, '2008-02-11 15:25:58.504386', NULL, false, NULL, true);
INSERT INTO bugtracker (id, bugtrackertype, name, title, summary, baseurl, owner, contactdetails, date_created, version, block_comment_pushing, has_lp_plugin, active) VALUES (8, 1, 'gnome-bugs', 'T''other Gnome GBugGTracker', 'This is the Gnome Bugzilla celebrity bug tracker.', 'http://bugzilla.gnome.org/', 16, NULL, '2008-10-08 13:31:00', NULL, false, true, true);


ALTER TABLE bugtracker ENABLE TRIGGER ALL;


ALTER TABLE bugtrackeralias DISABLE TRIGGER ALL;

INSERT INTO bugtrackeralias (id, bugtracker, base_url) VALUES (1, 7, 'http://savannah.nognu.org/');
INSERT INTO bugtrackeralias (id, bugtracker, base_url) VALUES (2, 5, 'http://sf.net/');
INSERT INTO bugtrackeralias (id, bugtracker, base_url) VALUES (3, 5, 'http://www.sf.net');
INSERT INTO bugtrackeralias (id, bugtracker, base_url) VALUES (4, 5, 'http://www.sourceforge.net/');


ALTER TABLE bugtrackeralias ENABLE TRIGGER ALL;


ALTER TABLE bugtrackerperson DISABLE TRIGGER ALL;



ALTER TABLE bugtrackerperson ENABLE TRIGGER ALL;


ALTER TABLE bugwatch DISABLE TRIGGER ALL;

INSERT INTO bugwatch (id, bug, bugtracker, remotebug, remotestatus, lastchanged, lastchecked, datecreated, owner, last_error_type, remote_importance, remote_lp_bug_id, next_check) VALUES (1, 2, 1, '42', 'FUBAR', '2004-09-24 20:58:04.740841', '2004-09-24 20:58:04.740841', '2004-09-24 20:58:04.740841', 12, NULL, NULL, NULL, NULL);
INSERT INTO bugwatch (id, bug, bugtracker, remotebug, remotestatus, lastchanged, lastchecked, datecreated, owner, last_error_type, remote_importance, remote_lp_bug_id, next_check) VALUES (2, 1, 1, '2000', '', '2004-10-04 01:00:00', '2004-10-04 01:00:00', '2004-10-04 01:00:00', 1, NULL, NULL, NULL, NULL);
INSERT INTO bugwatch (id, bug, bugtracker, remotebug, remotestatus, lastchanged, lastchecked, datecreated, owner, last_error_type, remote_importance, remote_lp_bug_id, next_check) VALUES (3, 1, 1, '123543', '', '2004-10-04 00:00:00', '2004-10-04 00:00:00', '2004-10-04 00:00:00', 1, NULL, NULL, NULL, NULL);
INSERT INTO bugwatch (id, bug, bugtracker, remotebug, remotestatus, lastchanged, lastchecked, datecreated, owner, last_error_type, remote_importance, remote_lp_bug_id, next_check) VALUES (4, 2, 2, '3224', '', '2004-10-05 00:00:00', '2004-10-05 00:00:00', '2004-10-05 00:00:00', 1, NULL, NULL, NULL, NULL);
INSERT INTO bugwatch (id, bug, bugtracker, remotebug, remotestatus, lastchanged, lastchecked, datecreated, owner, last_error_type, remote_importance, remote_lp_bug_id, next_check) VALUES (5, 1, 1, '42', 'FUBAR', '2004-09-24 20:59:04.740841', '2004-09-24 20:59:04.740841', '2004-09-24 20:59:04.740841', 12, NULL, NULL, NULL, NULL);
INSERT INTO bugwatch (id, bug, bugtracker, remotebug, remotestatus, lastchanged, lastchecked, datecreated, owner, last_error_type, remote_importance, remote_lp_bug_id, next_check) VALUES (6, 9, 4, '1234', NULL, '2006-02-23 16:43:25.744534', NULL, '2006-02-23 16:43:25.744534', 12, NULL, NULL, NULL, NULL);
INSERT INTO bugwatch (id, bug, bugtracker, remotebug, remotestatus, lastchanged, lastchecked, datecreated, owner, last_error_type, remote_importance, remote_lp_bug_id, next_check) VALUES (7, 7, 3, '280883', NULL, '2006-03-29 16:45:45.054836', NULL, '2006-03-29 16:45:45.054836', 12, NULL, NULL, NULL, NULL);
INSERT INTO bugwatch (id, bug, bugtracker, remotebug, remotestatus, lastchanged, lastchecked, datecreated, owner, last_error_type, remote_importance, remote_lp_bug_id, next_check) VALUES (8, 1, 3, '304014', NULL, '2006-03-29 16:46:54.407686', NULL, '2006-03-29 16:46:54.407686', 12, NULL, NULL, NULL, NULL);
INSERT INTO bugwatch (id, bug, bugtracker, remotebug, remotestatus, lastchanged, lastchecked, datecreated, owner, last_error_type, remote_importance, remote_lp_bug_id, next_check) VALUES (9, 2, 3, '327452', NULL, '2006-03-29 16:47:51.515017', NULL, '2006-03-29 16:47:51.515017', 12, NULL, NULL, NULL, NULL);
INSERT INTO bugwatch (id, bug, bugtracker, remotebug, remotestatus, lastchanged, lastchecked, datecreated, owner, last_error_type, remote_importance, remote_lp_bug_id, next_check) VALUES (10, 3, 3, '327549', NULL, '2006-03-29 16:48:18.807764', NULL, '2006-03-29 16:48:18.807764', 12, NULL, NULL, NULL, NULL);
INSERT INTO bugwatch (id, bug, bugtracker, remotebug, remotestatus, lastchanged, lastchecked, datecreated, owner, last_error_type, remote_importance, remote_lp_bug_id, next_check) VALUES (11, 15, 3, '308994', 'open important', '2007-12-18 16:31:34.790641', '2007-12-18 16:31:34.790641', '2007-12-18 16:30:47.889614', 16, NULL, 'UNKNOWN', NULL, NULL);
INSERT INTO bugwatch (id, bug, bugtracker, remotebug, remotestatus, lastchanged, lastchecked, datecreated, owner, last_error_type, remote_importance, remote_lp_bug_id, next_check) VALUES (12, 15, 2, '304070', NULL, NULL, NULL, '2007-12-18 16:31:34.790641', 243614, 2, NULL, NULL, NULL);


ALTER TABLE bugwatch ENABLE TRIGGER ALL;


ALTER TABLE bugwatchactivity DISABLE TRIGGER ALL;



ALTER TABLE bugwatchactivity ENABLE TRIGGER ALL;


ALTER TABLE builder DISABLE TRIGGER ALL;

INSERT INTO builder (id, processor, name, title, description, owner, speedindex, builderok, failnotes, virtualized, url, manual, date_created, vm_host, active) VALUES (1, 1, 'bob', 'Bob The Builder', 'The default build-slave', 61, NULL, true, NULL, false, 'http://localhost:8221/', false, '2006-10-16 18:31:43.226724', NULL, true);
INSERT INTO builder (id, processor, name, title, description, owner, speedindex, builderok, failnotes, virtualized, url, manual, date_created, vm_host, active) VALUES (2, 1, 'frog', 'The frog builder', 'The untrusted build-slave', 61, NULL, false, NULL, true, 'http://localhost:9221/', false, '2006-10-31 18:31:43.226724', 'localhost-host.ppa', true);


ALTER TABLE builder ENABLE TRIGGER ALL;


ALTER TABLE buildfarmjob DISABLE TRIGGER ALL;

INSERT INTO buildfarmjob (id, processor, virtualized, date_created, date_started, date_finished, date_first_dispatched, builder, status, log, job_type) VALUES (2, 1, false, '2004-09-27 11:57:13', '2004-09-27 11:55:13', '2004-09-27 11:57:14', NULL, 1, 1, 1, 1);
INSERT INTO buildfarmjob (id, processor, virtualized, date_created, date_started, date_finished, date_first_dispatched, builder, status, log, job_type) VALUES (6, 1, false, '2006-12-01 00:00:00', '2006-12-01 00:00:00', '2006-12-01 00:00:01', NULL, 1, 2, 1, 1);
INSERT INTO buildfarmjob (id, processor, virtualized, date_created, date_started, date_finished, date_first_dispatched, builder, status, log, job_type) VALUES (7, 1, false, '2005-03-24 00:00:00', '2005-03-24 23:58:43', '2005-03-25 00:00:03', NULL, 1, 1, 1, 1);
INSERT INTO buildfarmjob (id, processor, virtualized, date_created, date_started, date_finished, date_first_dispatched, builder, status, log, job_type) VALUES (8, 1, false, '2005-09-30 00:00:00', NULL, NULL, NULL, NULL, 6, NULL, 1);
INSERT INTO buildfarmjob (id, processor, virtualized, date_created, date_started, date_finished, date_first_dispatched, builder, status, log, job_type) VALUES (9, 1, false, '2005-10-01 00:00:00', '2005-10-01 23:56:41', '2005-10-02 00:00:01', NULL, 1, 2, 1, 1);
INSERT INTO buildfarmjob (id, processor, virtualized, date_created, date_started, date_finished, date_first_dispatched, builder, status, log, job_type) VALUES (10, 1, false, '2006-01-27 00:00:00', NULL, NULL, NULL, NULL, 1, NULL, 1);
INSERT INTO buildfarmjob (id, processor, virtualized, date_created, date_started, date_finished, date_first_dispatched, builder, status, log, job_type) VALUES (11, 1, false, '2006-02-14 00:00:00', NULL, NULL, NULL, NULL, 0, NULL, 1);
INSERT INTO buildfarmjob (id, processor, virtualized, date_created, date_started, date_finished, date_first_dispatched, builder, status, log, job_type) VALUES (12, 1, false, '2006-02-28 00:00:00', '2006-02-27 23:53:59', '2006-02-28 00:00:01', NULL, 1, 3, 1, 1);
INSERT INTO buildfarmjob (id, processor, virtualized, date_created, date_started, date_finished, date_first_dispatched, builder, status, log, job_type) VALUES (13, 1, false, '2006-03-21 00:00:00', '2006-03-21 00:58:33', '2006-03-21 01:00:03', NULL, 1, 5, 1, 1);
INSERT INTO buildfarmjob (id, processor, virtualized, date_created, date_started, date_finished, date_first_dispatched, builder, status, log, job_type) VALUES (14, 1, false, '2006-03-22 00:00:00', '2006-03-21 00:58:32', '2006-03-21 01:00:02', NULL, 1, 5, 1, 1);
INSERT INTO buildfarmjob (id, processor, virtualized, date_created, date_started, date_finished, date_first_dispatched, builder, status, log, job_type) VALUES (15, 1, false, '2006-03-22 00:00:01', '2006-03-21 00:58:30', '2006-03-21 01:00:00', NULL, 1, 5, 1, 1);
INSERT INTO buildfarmjob (id, processor, virtualized, date_created, date_started, date_finished, date_first_dispatched, builder, status, log, job_type) VALUES (16, 1, false, '2005-03-24 00:00:01', '2005-03-24 23:58:42', '2005-03-25 00:00:02', NULL, 1, 1, 1, 1);
INSERT INTO buildfarmjob (id, processor, virtualized, date_created, date_started, date_finished, date_first_dispatched, builder, status, log, job_type) VALUES (18, 1, false, '2004-09-27 11:57:14', '2004-09-27 11:55:12', '2004-09-27 11:57:13', NULL, 1, 1, 1, 1);
INSERT INTO buildfarmjob (id, processor, virtualized, date_created, date_started, date_finished, date_first_dispatched, builder, status, log, job_type) VALUES (19, 1, false, '2005-03-24 00:00:02', '2005-03-24 23:58:41', '2005-03-25 00:00:01', NULL, 1, 1, 1, 1);
INSERT INTO buildfarmjob (id, processor, virtualized, date_created, date_started, date_finished, date_first_dispatched, builder, status, log, job_type) VALUES (21, 1, false, '2006-12-01 00:00:01', NULL, NULL, NULL, NULL, 2, NULL, 1);
INSERT INTO buildfarmjob (id, processor, virtualized, date_created, date_started, date_finished, date_first_dispatched, builder, status, log, job_type) VALUES (22, 1, false, '2007-04-20 00:00:00', '2007-04-19 23:58:41', '2007-04-20 00:00:01', NULL, 1, 7, 1, 1);
INSERT INTO buildfarmjob (id, processor, virtualized, date_created, date_started, date_finished, date_first_dispatched, builder, status, log, job_type) VALUES (23, 1, false, '2006-04-11 12:00:00', NULL, NULL, NULL, NULL, 1, NULL, 1);
INSERT INTO buildfarmjob (id, processor, virtualized, date_created, date_started, date_finished, date_first_dispatched, builder, status, log, job_type) VALUES (24, 1, true, '2007-05-30 00:00:00', '2007-05-29 23:58:41', '2007-05-30 00:00:01', NULL, 1, 2, 1, 1);
INSERT INTO buildfarmjob (id, processor, virtualized, date_created, date_started, date_finished, date_first_dispatched, builder, status, log, job_type) VALUES (25, 1, true, '2007-07-08 12:00:00', NULL, NULL, NULL, NULL, 1, NULL, 1);
INSERT INTO buildfarmjob (id, processor, virtualized, date_created, date_started, date_finished, date_first_dispatched, builder, status, log, job_type) VALUES (26, 1, true, '2007-07-08 00:00:00', '2007-07-07 23:58:41', '2007-07-08 00:00:01', NULL, 1, 2, 1, 1);
INSERT INTO buildfarmjob (id, processor, virtualized, date_created, date_started, date_finished, date_first_dispatched, builder, status, log, job_type) VALUES (27, 1, true, '2007-07-24 00:00:00', '2007-07-23 23:58:41', '2007-07-24 00:00:01', NULL, 1, 1, 1, 1);
INSERT INTO buildfarmjob (id, processor, virtualized, date_created, date_started, date_finished, date_first_dispatched, builder, status, log, job_type) VALUES (28, 3, true, '2007-08-10 00:00:00', '2007-08-10 00:00:00', '2007-08-10 00:00:13', NULL, 1, 1, 1, 1);
INSERT INTO buildfarmjob (id, processor, virtualized, date_created, date_started, date_finished, date_first_dispatched, builder, status, log, job_type) VALUES (29, 1, false, '2007-08-09 21:54:18.553132', '2007-08-09 23:49:59', '2007-08-09 23:59:59', NULL, NULL, 1, NULL, 1);
INSERT INTO buildfarmjob (id, processor, virtualized, date_created, date_started, date_finished, date_first_dispatched, builder, status, log, job_type) VALUES (30, 3, false, '2007-08-10 00:00:01', '2007-08-10 00:00:01', '2007-08-10 00:00:14', NULL, 1, 1, 1, 1);


ALTER TABLE buildfarmjob ENABLE TRIGGER ALL;


ALTER TABLE buildpackagejob DISABLE TRIGGER ALL;

INSERT INTO buildpackagejob (id, job, build) VALUES (1, 1, 8);
INSERT INTO buildpackagejob (id, job, build) VALUES (2, 2, 11);


ALTER TABLE buildpackagejob ENABLE TRIGGER ALL;


ALTER TABLE buildqueue DISABLE TRIGGER ALL;

INSERT INTO buildqueue (id, builder, logtail, lastscore, manual, job, job_type, estimated_duration, processor, virtualized) VALUES (1, 1, 'Dummy sampledata entry, not processing', 1, false, 1, 1, '00:00:00', 1, false);
INSERT INTO buildqueue (id, builder, logtail, lastscore, manual, job, job_type, estimated_duration, processor, virtualized) VALUES (2, NULL, NULL, 10, false, 2, 1, '00:01:00', 1, false);


ALTER TABLE buildqueue ENABLE TRIGGER ALL;


ALTER TABLE codeimport DISABLE TRIGGER ALL;

INSERT INTO codeimport (id, branch, date_created, registrant, rcs_type, cvs_root, cvs_module, review_status, date_last_successful, owner, assignee, update_interval, url) VALUES (1, 75, '2007-06-25 20:04:04.226605', 52, 2, NULL, NULL, 20, NULL, 52, NULL, NULL, 'http://svn.example.org/svnroot/gnome-terminal/trunk');
INSERT INTO codeimport (id, branch, date_created, registrant, rcs_type, cvs_root, cvs_module, review_status, date_last_successful, owner, assignee, update_interval, url) VALUES (2, 76, '2007-06-25 20:04:04.379285', 52, 1, ':pserver:anonymous@anoncvs.example.org:/cvs/gnome', 'evolution', 1, NULL, 52, NULL, NULL, NULL);


ALTER TABLE codeimport ENABLE TRIGGER ALL;


ALTER TABLE codeimportevent DISABLE TRIGGER ALL;



ALTER TABLE codeimportevent ENABLE TRIGGER ALL;


ALTER TABLE codeimporteventdata DISABLE TRIGGER ALL;



ALTER TABLE codeimporteventdata ENABLE TRIGGER ALL;


ALTER TABLE codeimportjob DISABLE TRIGGER ALL;

INSERT INTO codeimportjob (id, date_created, code_import, machine, date_due, state, requesting_user, ordering, heartbeat, logtail, date_started) VALUES (1, '2007-12-05 16:07:57.276112', 1, NULL, '2007-12-05 16:07:57.276112', 10, NULL, NULL, NULL, NULL, NULL);


ALTER TABLE codeimportjob ENABLE TRIGGER ALL;


ALTER TABLE codeimportmachine DISABLE TRIGGER ALL;

INSERT INTO codeimportmachine (id, date_created, hostname, state, heartbeat) VALUES (1, '2007-08-02 16:36:17.817407', 'bazaar-importer', 20, NULL);


ALTER TABLE codeimportmachine ENABLE TRIGGER ALL;


ALTER TABLE codeimportresult DISABLE TRIGGER ALL;



ALTER TABLE codeimportresult ENABLE TRIGGER ALL;


ALTER TABLE codereviewmessage DISABLE TRIGGER ALL;



ALTER TABLE codereviewmessage ENABLE TRIGGER ALL;


ALTER TABLE codereviewvote DISABLE TRIGGER ALL;



ALTER TABLE codereviewvote ENABLE TRIGGER ALL;


ALTER TABLE commercialsubscription DISABLE TRIGGER ALL;



ALTER TABLE commercialsubscription ENABLE TRIGGER ALL;


ALTER TABLE component DISABLE TRIGGER ALL;

INSERT INTO component (id, name, description) VALUES (1, 'main', NULL);
INSERT INTO component (id, name, description) VALUES (2, 'restricted', NULL);
INSERT INTO component (id, name, description) VALUES (3, 'universe', NULL);
INSERT INTO component (id, name, description) VALUES (4, 'multiverse', NULL);
INSERT INTO component (id, name, description) VALUES (5, 'partner', 'This component contains partner packages only, which are not in the main Ubuntu archive.');


ALTER TABLE component ENABLE TRIGGER ALL;


ALTER TABLE componentselection DISABLE TRIGGER ALL;

INSERT INTO componentselection (id, distroseries, component, date_created) VALUES (1, 3, 1, '2006-10-16 18:31:43.257508');
INSERT INTO componentselection (id, distroseries, component, date_created) VALUES (2, 10, 1, '2006-10-16 18:31:43.258691');
INSERT INTO componentselection (id, distroseries, component, date_created) VALUES (3, 10, 2, '2006-10-16 18:31:43.25904');
INSERT INTO componentselection (id, distroseries, component, date_created) VALUES (4, 10, 3, '2006-10-16 18:31:43.259373');
INSERT INTO componentselection (id, distroseries, component, date_created) VALUES (5, 10, 4, '2006-10-16 18:31:43.259704');
INSERT INTO componentselection (id, distroseries, component, date_created) VALUES (6, 11, 1, '2006-10-16 18:31:43.260036');
INSERT INTO componentselection (id, distroseries, component, date_created) VALUES (7, 11, 2, '2006-10-16 18:31:43.260392');
INSERT INTO componentselection (id, distroseries, component, date_created) VALUES (8, 11, 3, '2006-10-16 18:31:43.260723');
INSERT INTO componentselection (id, distroseries, component, date_created) VALUES (9, 11, 4, '2006-10-16 18:31:43.261054');
INSERT INTO componentselection (id, distroseries, component, date_created) VALUES (10, 3, 2, '2006-10-16 18:31:43.261385');
INSERT INTO componentselection (id, distroseries, component, date_created) VALUES (11, 1, 1, '2006-10-16 18:31:43.261717');
INSERT INTO componentselection (id, distroseries, component, date_created) VALUES (12, 1, 3, '2006-10-16 18:31:43.262049');
INSERT INTO componentselection (id, distroseries, component, date_created) VALUES (13, 10, 5, '2007-06-24 13:12:05.04436');
INSERT INTO componentselection (id, distroseries, component, date_created) VALUES (14, 11, 5, '2007-06-24 13:12:10.692827');


ALTER TABLE componentselection ENABLE TRIGGER ALL;


ALTER TABLE continent DISABLE TRIGGER ALL;

INSERT INTO continent (id, code, name) VALUES (1, 'AF', 'Africa');
INSERT INTO continent (id, code, name) VALUES (2, 'AS', 'Asia');
INSERT INTO continent (id, code, name) VALUES (3, 'EU', 'Europe');
INSERT INTO continent (id, code, name) VALUES (4, 'NA', 'North America');
INSERT INTO continent (id, code, name) VALUES (5, 'SA', 'South America');
INSERT INTO continent (id, code, name) VALUES (6, 'OC', 'Oceania');
INSERT INTO continent (id, code, name) VALUES (7, 'AN', 'Antarctica');


ALTER TABLE continent ENABLE TRIGGER ALL;


ALTER TABLE country DISABLE TRIGGER ALL;

INSERT INTO country (id, iso3166code2, iso3166code3, name, title, description, continent) VALUES (1, 'AF', 'AFG', 'Afghanistan', 'The Transitional Islamic State of Afghanistan', NULL, 2);
INSERT INTO country (id, iso3166code2, iso3166code3, name, title, description, continent) VALUES (2, 'AX', 'ALA', 'Åland Islands', NULL, NULL, 3);
INSERT INTO country (id, iso3166code2, iso3166code3, name, title, description, continent) VALUES (3, 'AL', 'ALB', 'Albania', 'Republic of Albania', NULL, 3);
INSERT INTO country (id, iso3166code2, iso3166code3, name, title, description, continent) VALUES (4, 'DZ', 'DZA', 'Algeria', 'People''s Democratic Republic of Algeria', NULL, 1);
INSERT INTO country (id, iso3166code2, iso3166code3, name, title, description, continent) VALUES (5, 'AS', 'ASM', 'American Samoa', NULL, NULL, 6);
INSERT INTO country (id, iso3166code2, iso3166code3, name, title, description, continent) VALUES (6, 'AD', 'AND', 'Andorra', 'Principality of Andorra', NULL, 3);
INSERT INTO country (id, iso3166code2, iso3166code3, name, title, description, continent) VALUES (7, 'AO', 'AGO', 'Angola', 'Republic of Angola', NULL, 1);
INSERT INTO country (id, iso3166code2, iso3166code3, name, title, description, continent) VALUES (8, 'AI', 'AIA', 'Anguilla', NULL, NULL, 4);
INSERT INTO country (id, iso3166code2, iso3166code3, name, title, description, continent) VALUES (9, 'AQ', 'ATA', 'Antarctica', NULL, NULL, 7);
INSERT INTO country (id, iso3166code2, iso3166code3, name, title, description, continent) VALUES (10, 'AG', 'ATG', 'Antigua and Barbuda', NULL, NULL, 4);
INSERT INTO country (id, iso3166code2, iso3166code3, name, title, description, continent) VALUES (11, 'AR', 'ARG', 'Argentina', 'Argentine Republic', NULL, 5);
INSERT INTO country (id, iso3166code2, iso3166code3, name, title, description, continent) VALUES (12, 'AM', 'ARM', 'Armenia', 'Republic of Armenia', NULL, 2);
INSERT INTO country (id, iso3166code2, iso3166code3, name, title, description, continent) VALUES (13, 'AW', 'ABW', 'Aruba', NULL, NULL, 4);
INSERT INTO country (id, iso3166code2, iso3166code3, name, title, description, continent) VALUES (14, 'AU', 'AUS', 'Australia', NULL, NULL, 6);
INSERT INTO country (id, iso3166code2, iso3166code3, name, title, description, continent) VALUES (15, 'AT', 'AUT', 'Austria', 'Republic of Austria', NULL, 3);
INSERT INTO country (id, iso3166code2, iso3166code3, name, title, description, continent) VALUES (16, 'AZ', 'AZE', 'Azerbaijan', 'Republic of Azerbaijan', NULL, 2);
INSERT INTO country (id, iso3166code2, iso3166code3, name, title, description, continent) VALUES (17, 'BS', 'BHS', 'Bahamas', 'Commonwealth of the Bahamas', NULL, 4);
INSERT INTO country (id, iso3166code2, iso3166code3, name, title, description, continent) VALUES (18, 'BH', 'BHR', 'Bahrain', 'State of Bahrain', NULL, 2);
INSERT INTO country (id, iso3166code2, iso3166code3, name, title, description, continent) VALUES (19, 'BD', 'BGD', 'Bangladesh', 'People''s Republic of Bangladesh', NULL, 2);
INSERT INTO country (id, iso3166code2, iso3166code3, name, title, description, continent) VALUES (20, 'BB', 'BRB', 'Barbados', NULL, NULL, 4);
INSERT INTO country (id, iso3166code2, iso3166code3, name, title, description, continent) VALUES (21, 'BY', 'BLR', 'Belarus', 'Republic of Belarus', NULL, 3);
INSERT INTO country (id, iso3166code2, iso3166code3, name, title, description, continent) VALUES (22, 'BE', 'BEL', 'Belgium', 'Kingdom of Belgium', NULL, 3);
INSERT INTO country (id, iso3166code2, iso3166code3, name, title, description, continent) VALUES (23, 'BZ', 'BLZ', 'Belize', NULL, NULL, 4);
INSERT INTO country (id, iso3166code2, iso3166code3, name, title, description, continent) VALUES (24, 'BJ', 'BEN', 'Benin', 'Republic of Benin', NULL, 1);
INSERT INTO country (id, iso3166code2, iso3166code3, name, title, description, continent) VALUES (25, 'BM', 'BMU', 'Bermuda', NULL, NULL, 4);
INSERT INTO country (id, iso3166code2, iso3166code3, name, title, description, continent) VALUES (26, 'BT', 'BTN', 'Bhutan', 'Kingdom of Bhutan', NULL, 2);
INSERT INTO country (id, iso3166code2, iso3166code3, name, title, description, continent) VALUES (27, 'BO', 'BOL', 'Bolivia', 'Republic of Bolivia', NULL, 5);
INSERT INTO country (id, iso3166code2, iso3166code3, name, title, description, continent) VALUES (28, 'BA', 'BIH', 'Bosnia and Herzegovina', 'Republic of Bosnia and Herzegovina', NULL, 3);
INSERT INTO country (id, iso3166code2, iso3166code3, name, title, description, continent) VALUES (29, 'BW', 'BWA', 'Botswana', 'Republic of Botswana', NULL, 1);
INSERT INTO country (id, iso3166code2, iso3166code3, name, title, description, continent) VALUES (30, 'BV', 'BVT', 'Bouvet Island', NULL, NULL, 7);
INSERT INTO country (id, iso3166code2, iso3166code3, name, title, description, continent) VALUES (31, 'BR', 'BRA', 'Brazil', 'Federative Republic of Brazil', NULL, 5);
INSERT INTO country (id, iso3166code2, iso3166code3, name, title, description, continent) VALUES (32, 'IO', 'IOT', 'British Indian Ocean Territory', NULL, NULL, 2);
INSERT INTO country (id, iso3166code2, iso3166code3, name, title, description, continent) VALUES (33, 'BN', 'BRN', 'Brunei Darussalam', NULL, NULL, 2);
INSERT INTO country (id, iso3166code2, iso3166code3, name, title, description, continent) VALUES (34, 'BG', 'BGR', 'Bulgaria', 'Republic of Bulgaria', NULL, 3);
INSERT INTO country (id, iso3166code2, iso3166code3, name, title, description, continent) VALUES (35, 'BF', 'BFA', 'Burkina Faso', NULL, NULL, 1);
INSERT INTO country (id, iso3166code2, iso3166code3, name, title, description, continent) VALUES (36, 'BI', 'BDI', 'Burundi', 'Republic of Burundi', NULL, 1);
INSERT INTO country (id, iso3166code2, iso3166code3, name, title, description, continent) VALUES (37, 'KH', 'KHM', 'Cambodia', 'Kingdom of Cambodia', NULL, 2);
INSERT INTO country (id, iso3166code2, iso3166code3, name, title, description, continent) VALUES (38, 'CM', 'CMR', 'Cameroon', 'Republic of Cameroon', NULL, 1);
INSERT INTO country (id, iso3166code2, iso3166code3, name, title, description, continent) VALUES (39, 'CA', 'CAN', 'Canada', NULL, NULL, 4);
INSERT INTO country (id, iso3166code2, iso3166code3, name, title, description, continent) VALUES (40, 'CV', 'CPV', 'Cape Verde', 'Republic of Cape Verde', NULL, 1);
INSERT INTO country (id, iso3166code2, iso3166code3, name, title, description, continent) VALUES (41, 'KY', 'CYM', 'Cayman Islands', NULL, NULL, 4);
INSERT INTO country (id, iso3166code2, iso3166code3, name, title, description, continent) VALUES (42, 'CF', 'CAF', 'Central African Republic', NULL, NULL, 1);
INSERT INTO country (id, iso3166code2, iso3166code3, name, title, description, continent) VALUES (43, 'TD', 'TCD', 'Chad', 'Republic of Chad', NULL, 1);
INSERT INTO country (id, iso3166code2, iso3166code3, name, title, description, continent) VALUES (44, 'CL', 'CHL', 'Chile', 'Republic of Chile', NULL, 5);
INSERT INTO country (id, iso3166code2, iso3166code3, name, title, description, continent) VALUES (45, 'CN', 'CHN', 'China', 'People''s Republic of China', NULL, 2);
INSERT INTO country (id, iso3166code2, iso3166code3, name, title, description, continent) VALUES (46, 'CX', 'CXR', 'Christmas Island', NULL, NULL, 2);
INSERT INTO country (id, iso3166code2, iso3166code3, name, title, description, continent) VALUES (47, 'CC', 'CCK', 'Cocos (Keeling) Islands', NULL, NULL, 2);
INSERT INTO country (id, iso3166code2, iso3166code3, name, title, description, continent) VALUES (48, 'CO', 'COL', 'Colombia', 'Republic of Colombia', NULL, 5);
INSERT INTO country (id, iso3166code2, iso3166code3, name, title, description, continent) VALUES (49, 'KM', 'COM', 'Comoros', 'Union of the Comoros', NULL, 1);
INSERT INTO country (id, iso3166code2, iso3166code3, name, title, description, continent) VALUES (50, 'CG', 'COG', 'Congo', 'Republic of the Congo', NULL, 1);
INSERT INTO country (id, iso3166code2, iso3166code3, name, title, description, continent) VALUES (51, 'CD', 'ZAR', 'Congo, The Democratic Republic of the', NULL, NULL, 1);
INSERT INTO country (id, iso3166code2, iso3166code3, name, title, description, continent) VALUES (52, 'CK', 'COK', 'Cook Islands', NULL, NULL, 6);
INSERT INTO country (id, iso3166code2, iso3166code3, name, title, description, continent) VALUES (53, 'CR', 'CRI', 'Costa Rica', 'Republic of Costa Rica', NULL, 4);
INSERT INTO country (id, iso3166code2, iso3166code3, name, title, description, continent) VALUES (54, 'CI', 'CIV', 'Côte d''Ivoire', 'Republic of Cote d''Ivoire', NULL, 1);
INSERT INTO country (id, iso3166code2, iso3166code3, name, title, description, continent) VALUES (55, 'HR', 'HRV', 'Croatia', 'Republic of Croatia', NULL, 3);
INSERT INTO country (id, iso3166code2, iso3166code3, name, title, description, continent) VALUES (56, 'CU', 'CUB', 'Cuba', 'Republic of Cuba', NULL, 4);
INSERT INTO country (id, iso3166code2, iso3166code3, name, title, description, continent) VALUES (57, 'CY', 'CYP', 'Cyprus', 'Republic of Cyprus', NULL, 2);
INSERT INTO country (id, iso3166code2, iso3166code3, name, title, description, continent) VALUES (58, 'CZ', 'CZE', 'Czech Republic', NULL, NULL, 3);
INSERT INTO country (id, iso3166code2, iso3166code3, name, title, description, continent) VALUES (59, 'DK', 'DNK', 'Denmark', 'Kingdom of Denmark', NULL, 3);
INSERT INTO country (id, iso3166code2, iso3166code3, name, title, description, continent) VALUES (60, 'DJ', 'DJI', 'Djibouti', 'Republic of Djibouti', NULL, 1);
INSERT INTO country (id, iso3166code2, iso3166code3, name, title, description, continent) VALUES (61, 'DM', 'DMA', 'Dominica', 'Commonwealth of Dominica', NULL, 4);
INSERT INTO country (id, iso3166code2, iso3166code3, name, title, description, continent) VALUES (62, 'DO', 'DOM', 'Dominican Republic', NULL, NULL, 4);
INSERT INTO country (id, iso3166code2, iso3166code3, name, title, description, continent) VALUES (63, 'TL', 'TLS', 'Timor-Leste', 'Democratic Republic of Timor-Leste', NULL, 2);
INSERT INTO country (id, iso3166code2, iso3166code3, name, title, description, continent) VALUES (64, 'EC', 'ECU', 'Ecuador', 'Republic of Ecuador', NULL, 5);
INSERT INTO country (id, iso3166code2, iso3166code3, name, title, description, continent) VALUES (65, 'EG', 'EGY', 'Egypt', 'Arab Republic of Egypt', NULL, 1);
INSERT INTO country (id, iso3166code2, iso3166code3, name, title, description, continent) VALUES (66, 'SV', 'SLV', 'El Salvador', 'Republic of El Salvador', NULL, 4);
INSERT INTO country (id, iso3166code2, iso3166code3, name, title, description, continent) VALUES (67, 'GQ', 'GNQ', 'Equatorial Guinea', 'Republic of Equatorial Guinea', NULL, 1);
INSERT INTO country (id, iso3166code2, iso3166code3, name, title, description, continent) VALUES (68, 'ER', 'ERI', 'Eritrea', NULL, NULL, 1);
INSERT INTO country (id, iso3166code2, iso3166code3, name, title, description, continent) VALUES (69, 'EE', 'EST', 'Estonia', 'Republic of Estonia', NULL, 3);
INSERT INTO country (id, iso3166code2, iso3166code3, name, title, description, continent) VALUES (70, 'ET', 'ETH', 'Ethiopia', 'Federal Democratic Republic of Ethiopia', NULL, 1);
INSERT INTO country (id, iso3166code2, iso3166code3, name, title, description, continent) VALUES (71, 'FK', 'FLK', 'Falkland Islands (Malvinas)', NULL, NULL, 5);
INSERT INTO country (id, iso3166code2, iso3166code3, name, title, description, continent) VALUES (72, 'FO', 'FRO', 'Faroe Islands', NULL, NULL, 3);
INSERT INTO country (id, iso3166code2, iso3166code3, name, title, description, continent) VALUES (73, 'FJ', 'FJI', 'Fiji', 'Republic of the Fiji Islands', NULL, 6);
INSERT INTO country (id, iso3166code2, iso3166code3, name, title, description, continent) VALUES (74, 'FI', 'FIN', 'Finland', 'Republic of Finland', NULL, 3);
INSERT INTO country (id, iso3166code2, iso3166code3, name, title, description, continent) VALUES (75, 'FR', 'FRA', 'France', 'French Republic', NULL, 3);
INSERT INTO country (id, iso3166code2, iso3166code3, name, title, description, continent) VALUES (76, 'GF', 'GUF', 'French Guiana', NULL, NULL, 5);
INSERT INTO country (id, iso3166code2, iso3166code3, name, title, description, continent) VALUES (77, 'PF', 'PYF', 'French Polynesia', NULL, NULL, 6);
INSERT INTO country (id, iso3166code2, iso3166code3, name, title, description, continent) VALUES (78, 'TF', 'ATF', 'French Southern Territories', NULL, NULL, 7);
INSERT INTO country (id, iso3166code2, iso3166code3, name, title, description, continent) VALUES (79, 'GA', 'GAB', 'Gabon', 'Gabonese Republic', NULL, 1);
INSERT INTO country (id, iso3166code2, iso3166code3, name, title, description, continent) VALUES (80, 'GM', 'GMB', 'Gambia', 'Republic of the Gambia', NULL, 1);
INSERT INTO country (id, iso3166code2, iso3166code3, name, title, description, continent) VALUES (81, 'GE', 'GEO', 'Georgia', NULL, NULL, 2);
INSERT INTO country (id, iso3166code2, iso3166code3, name, title, description, continent) VALUES (82, 'DE', 'DEU', 'Germany', 'Federal Republic of Germany', NULL, 3);
INSERT INTO country (id, iso3166code2, iso3166code3, name, title, description, continent) VALUES (83, 'GH', 'GHA', 'Ghana', 'Republic of Ghana', NULL, 1);
INSERT INTO country (id, iso3166code2, iso3166code3, name, title, description, continent) VALUES (84, 'GI', 'GIB', 'Gibraltar', NULL, NULL, 3);
INSERT INTO country (id, iso3166code2, iso3166code3, name, title, description, continent) VALUES (85, 'GR', 'GRC', 'Greece', 'Hellenic Republic', NULL, 3);
INSERT INTO country (id, iso3166code2, iso3166code3, name, title, description, continent) VALUES (86, 'GL', 'GRL', 'Greenland', NULL, NULL, 4);
INSERT INTO country (id, iso3166code2, iso3166code3, name, title, description, continent) VALUES (87, 'GD', 'GRD', 'Grenada', NULL, NULL, 4);
INSERT INTO country (id, iso3166code2, iso3166code3, name, title, description, continent) VALUES (88, 'GP', 'GLP', 'Guadeloupe', NULL, NULL, 4);
INSERT INTO country (id, iso3166code2, iso3166code3, name, title, description, continent) VALUES (89, 'GU', 'GUM', 'Guam', NULL, NULL, 6);
INSERT INTO country (id, iso3166code2, iso3166code3, name, title, description, continent) VALUES (90, 'GT', 'GTM', 'Guatemala', 'Republic of Guatemala', NULL, 4);
INSERT INTO country (id, iso3166code2, iso3166code3, name, title, description, continent) VALUES (91, 'GN', 'GIN', 'Guinea', 'Republic of Guinea', NULL, 1);
INSERT INTO country (id, iso3166code2, iso3166code3, name, title, description, continent) VALUES (92, 'GW', 'GNB', 'Guinea-Bissau', 'Republic of Guinea-Bissau', NULL, 1);
INSERT INTO country (id, iso3166code2, iso3166code3, name, title, description, continent) VALUES (93, 'GY', 'GUY', 'Guyana', 'Republic of Guyana', NULL, 5);
INSERT INTO country (id, iso3166code2, iso3166code3, name, title, description, continent) VALUES (94, 'HT', 'HTI', 'Haiti', 'Republic of Haiti', NULL, 4);
INSERT INTO country (id, iso3166code2, iso3166code3, name, title, description, continent) VALUES (95, 'HM', 'HMD', 'Heard Island and McDonald Islands', NULL, NULL, 7);
INSERT INTO country (id, iso3166code2, iso3166code3, name, title, description, continent) VALUES (96, 'VA', 'VAT', 'Holy See (Vatican City State)', NULL, NULL, 3);
INSERT INTO country (id, iso3166code2, iso3166code3, name, title, description, continent) VALUES (97, 'HN', 'HND', 'Honduras', 'Republic of Honduras', NULL, 4);
INSERT INTO country (id, iso3166code2, iso3166code3, name, title, description, continent) VALUES (98, 'HK', 'HKG', 'Hong Kong', 'Hong Kong Special Administrative Region of China', NULL, 2);
INSERT INTO country (id, iso3166code2, iso3166code3, name, title, description, continent) VALUES (99, 'HU', 'HUN', 'Hungary', 'Republic of Hungary', NULL, 3);
INSERT INTO country (id, iso3166code2, iso3166code3, name, title, description, continent) VALUES (100, 'IS', 'ISL', 'Iceland', 'Republic of Iceland', NULL, 3);
INSERT INTO country (id, iso3166code2, iso3166code3, name, title, description, continent) VALUES (101, 'IN', 'IND', 'India', 'Republic of India', NULL, 2);
INSERT INTO country (id, iso3166code2, iso3166code3, name, title, description, continent) VALUES (102, 'ID', 'IDN', 'Indonesia', 'Republic of Indonesia', NULL, 2);
INSERT INTO country (id, iso3166code2, iso3166code3, name, title, description, continent) VALUES (103, 'IR', 'IRN', 'Iran, Islamic Republic of', 'Islamic Republic of Iran', NULL, 2);
INSERT INTO country (id, iso3166code2, iso3166code3, name, title, description, continent) VALUES (104, 'IQ', 'IRQ', 'Iraq', 'Republic of Iraq', NULL, 2);
INSERT INTO country (id, iso3166code2, iso3166code3, name, title, description, continent) VALUES (105, 'IE', 'IRL', 'Ireland', NULL, NULL, 3);
INSERT INTO country (id, iso3166code2, iso3166code3, name, title, description, continent) VALUES (106, 'IL', 'ISR', 'Israel', 'State of Israel', NULL, 2);
INSERT INTO country (id, iso3166code2, iso3166code3, name, title, description, continent) VALUES (107, 'IT', 'ITA', 'Italy', 'Italian Republic', NULL, 3);
INSERT INTO country (id, iso3166code2, iso3166code3, name, title, description, continent) VALUES (108, 'JM', 'JAM', 'Jamaica', NULL, NULL, 4);
INSERT INTO country (id, iso3166code2, iso3166code3, name, title, description, continent) VALUES (109, 'JP', 'JPN', 'Japan', NULL, NULL, 2);
INSERT INTO country (id, iso3166code2, iso3166code3, name, title, description, continent) VALUES (110, 'JO', 'JOR', 'Jordan', 'Hashemite Kingdom of Jordan', NULL, 2);
INSERT INTO country (id, iso3166code2, iso3166code3, name, title, description, continent) VALUES (111, 'KZ', 'KAZ', 'Kazakhstan', 'Republic of Kazakhstan', NULL, 2);
INSERT INTO country (id, iso3166code2, iso3166code3, name, title, description, continent) VALUES (112, 'KE', 'KEN', 'Kenya', 'Republic of Kenya', NULL, 1);
INSERT INTO country (id, iso3166code2, iso3166code3, name, title, description, continent) VALUES (113, 'KI', 'KIR', 'Kiribati', 'Republic of Kiribati', NULL, 6);
INSERT INTO country (id, iso3166code2, iso3166code3, name, title, description, continent) VALUES (114, 'KP', 'PRK', 'Korea, Democratic People''s Republic of', 'Democratic People''s Republic of Korea', NULL, 2);
INSERT INTO country (id, iso3166code2, iso3166code3, name, title, description, continent) VALUES (115, 'KR', 'KOR', 'Korea, Republic of', NULL, NULL, 2);
INSERT INTO country (id, iso3166code2, iso3166code3, name, title, description, continent) VALUES (116, 'KW', 'KWT', 'Kuwait', 'State of Kuwait', NULL, 2);
INSERT INTO country (id, iso3166code2, iso3166code3, name, title, description, continent) VALUES (117, 'KG', 'KGZ', 'Kyrgyzstan', 'Kyrgyz Republic', NULL, 2);
INSERT INTO country (id, iso3166code2, iso3166code3, name, title, description, continent) VALUES (118, 'LA', 'LAO', 'Lao People''s Democratic Republic', NULL, NULL, 2);
INSERT INTO country (id, iso3166code2, iso3166code3, name, title, description, continent) VALUES (119, 'LV', 'LVA', 'Latvia', 'Republic of Latvia', NULL, 3);
INSERT INTO country (id, iso3166code2, iso3166code3, name, title, description, continent) VALUES (120, 'LB', 'LBN', 'Lebanon', 'Lebanese Republic', NULL, 2);
INSERT INTO country (id, iso3166code2, iso3166code3, name, title, description, continent) VALUES (121, 'LS', 'LSO', 'Lesotho', 'Kingdom of Lesotho', NULL, 1);
INSERT INTO country (id, iso3166code2, iso3166code3, name, title, description, continent) VALUES (122, 'LR', 'LBR', 'Liberia', 'Republic of Liberia', NULL, 1);
INSERT INTO country (id, iso3166code2, iso3166code3, name, title, description, continent) VALUES (123, 'LY', 'LBY', 'Libyan Arab Jamahiriya', 'Socialist People''s Libyan Arab Jamahiriya', NULL, 1);
INSERT INTO country (id, iso3166code2, iso3166code3, name, title, description, continent) VALUES (124, 'LI', 'LIE', 'Liechtenstein', 'Principality of Liechtenstein', NULL, 3);
INSERT INTO country (id, iso3166code2, iso3166code3, name, title, description, continent) VALUES (125, 'LT', 'LTU', 'Lithuania', 'Republic of Lithuania', NULL, 3);
INSERT INTO country (id, iso3166code2, iso3166code3, name, title, description, continent) VALUES (126, 'LU', 'LUX', 'Luxembourg', 'Grand Duchy of Luxembourg', NULL, 3);
INSERT INTO country (id, iso3166code2, iso3166code3, name, title, description, continent) VALUES (127, 'MO', 'MAC', 'Macao', 'Macao Special Administrative Region of China', NULL, 2);
INSERT INTO country (id, iso3166code2, iso3166code3, name, title, description, continent) VALUES (128, 'MK', 'MKD', 'Macedonia, Republic of', 'The Former Yugoslav Republic of Macedonia', NULL, 3);
INSERT INTO country (id, iso3166code2, iso3166code3, name, title, description, continent) VALUES (129, 'MG', 'MDG', 'Madagascar', 'Republic of Madagascar', NULL, 1);
INSERT INTO country (id, iso3166code2, iso3166code3, name, title, description, continent) VALUES (130, 'MW', 'MWI', 'Malawi', 'Republic of Malawi', NULL, 1);
INSERT INTO country (id, iso3166code2, iso3166code3, name, title, description, continent) VALUES (131, 'MY', 'MYS', 'Malaysia', NULL, NULL, 2);
INSERT INTO country (id, iso3166code2, iso3166code3, name, title, description, continent) VALUES (132, 'MV', 'MDV', 'Maldives', 'Republic of Maldives', NULL, 2);
INSERT INTO country (id, iso3166code2, iso3166code3, name, title, description, continent) VALUES (133, 'ML', 'MLI', 'Mali', 'Republic of Mali', NULL, 1);
INSERT INTO country (id, iso3166code2, iso3166code3, name, title, description, continent) VALUES (134, 'MT', 'MLT', 'Malta', 'Republic of Malta', NULL, 3);
INSERT INTO country (id, iso3166code2, iso3166code3, name, title, description, continent) VALUES (135, 'MH', 'MHL', 'Marshall Islands', 'Republic of the Marshall Islands', NULL, 6);
INSERT INTO country (id, iso3166code2, iso3166code3, name, title, description, continent) VALUES (136, 'MQ', 'MTQ', 'Martinique', NULL, NULL, 4);
INSERT INTO country (id, iso3166code2, iso3166code3, name, title, description, continent) VALUES (137, 'MR', 'MRT', 'Mauritania', 'Islamic Republic of Mauritania', NULL, 1);
INSERT INTO country (id, iso3166code2, iso3166code3, name, title, description, continent) VALUES (138, 'MU', 'MUS', 'Mauritius', 'Republic of Mauritius', NULL, 1);
INSERT INTO country (id, iso3166code2, iso3166code3, name, title, description, continent) VALUES (139, 'YT', 'MYT', 'Mayotte', NULL, NULL, 1);
INSERT INTO country (id, iso3166code2, iso3166code3, name, title, description, continent) VALUES (140, 'MX', 'MEX', 'Mexico', 'United Mexican States', NULL, 4);
INSERT INTO country (id, iso3166code2, iso3166code3, name, title, description, continent) VALUES (141, 'FM', 'FSM', 'Micronesia, Federated States of', 'Federated States of Micronesia', NULL, 6);
INSERT INTO country (id, iso3166code2, iso3166code3, name, title, description, continent) VALUES (142, 'MD', 'MDA', 'Moldova, Republic of', 'Republic of Moldova', NULL, 3);
INSERT INTO country (id, iso3166code2, iso3166code3, name, title, description, continent) VALUES (143, 'MC', 'MCO', 'Monaco', 'Principality of Monaco', NULL, 3);
INSERT INTO country (id, iso3166code2, iso3166code3, name, title, description, continent) VALUES (144, 'MN', 'MNG', 'Mongolia', NULL, NULL, 2);
INSERT INTO country (id, iso3166code2, iso3166code3, name, title, description, continent) VALUES (145, 'MS', 'MSR', 'Montserrat', NULL, NULL, 4);
INSERT INTO country (id, iso3166code2, iso3166code3, name, title, description, continent) VALUES (146, 'MA', 'MAR', 'Morocco', 'Kingdom of Morocco', NULL, 1);
INSERT INTO country (id, iso3166code2, iso3166code3, name, title, description, continent) VALUES (147, 'MZ', 'MOZ', 'Mozambique', 'Republic of Mozambique', NULL, 1);
INSERT INTO country (id, iso3166code2, iso3166code3, name, title, description, continent) VALUES (148, 'MM', 'MMR', 'Myanmar', 'Union of Myanmar', NULL, 2);
INSERT INTO country (id, iso3166code2, iso3166code3, name, title, description, continent) VALUES (149, 'NA', 'NAM', 'Namibia', 'Republic of Namibia', NULL, 1);
INSERT INTO country (id, iso3166code2, iso3166code3, name, title, description, continent) VALUES (150, 'NR', 'NRU', 'Nauru', 'Republic of Nauru', NULL, 6);
INSERT INTO country (id, iso3166code2, iso3166code3, name, title, description, continent) VALUES (151, 'NP', 'NPL', 'Nepal', 'Kingdom of Nepal', NULL, 2);
INSERT INTO country (id, iso3166code2, iso3166code3, name, title, description, continent) VALUES (152, 'NL', 'NLD', 'Netherlands', 'Kingdom of the Netherlands', NULL, 3);
INSERT INTO country (id, iso3166code2, iso3166code3, name, title, description, continent) VALUES (153, 'AN', 'ANT', 'Netherlands Antilles', NULL, NULL, 4);
INSERT INTO country (id, iso3166code2, iso3166code3, name, title, description, continent) VALUES (154, 'NC', 'NCL', 'New Caledonia', NULL, NULL, 6);
INSERT INTO country (id, iso3166code2, iso3166code3, name, title, description, continent) VALUES (155, 'NZ', 'NZL', 'New Zealand', NULL, NULL, 6);
INSERT INTO country (id, iso3166code2, iso3166code3, name, title, description, continent) VALUES (156, 'NI', 'NIC', 'Nicaragua', 'Republic of Nicaragua', NULL, 4);
INSERT INTO country (id, iso3166code2, iso3166code3, name, title, description, continent) VALUES (157, 'NE', 'NER', 'Niger', 'Republic of the Niger', NULL, 1);
INSERT INTO country (id, iso3166code2, iso3166code3, name, title, description, continent) VALUES (158, 'NG', 'NGA', 'Nigeria', 'Federal Republic of Nigeria', NULL, 1);
INSERT INTO country (id, iso3166code2, iso3166code3, name, title, description, continent) VALUES (159, 'NU', 'NIU', 'Niue', 'Republic of Niue', NULL, 6);
INSERT INTO country (id, iso3166code2, iso3166code3, name, title, description, continent) VALUES (160, 'NF', 'NFK', 'Norfolk Island', NULL, NULL, 6);
INSERT INTO country (id, iso3166code2, iso3166code3, name, title, description, continent) VALUES (161, 'MP', 'MNP', 'Northern Mariana Islands', 'Commonwealth of the Northern Mariana Islands', NULL, 6);
INSERT INTO country (id, iso3166code2, iso3166code3, name, title, description, continent) VALUES (162, 'NO', 'NOR', 'Norway', 'Kingdom of Norway', NULL, 3);
INSERT INTO country (id, iso3166code2, iso3166code3, name, title, description, continent) VALUES (163, 'OM', 'OMN', 'Oman', 'Sultanate of Oman', NULL, 2);
INSERT INTO country (id, iso3166code2, iso3166code3, name, title, description, continent) VALUES (164, 'PK', 'PAK', 'Pakistan', 'Islamic Republic of Pakistan', NULL, 2);
INSERT INTO country (id, iso3166code2, iso3166code3, name, title, description, continent) VALUES (165, 'PW', 'PLW', 'Palau', 'Republic of Palau', NULL, 6);
INSERT INTO country (id, iso3166code2, iso3166code3, name, title, description, continent) VALUES (166, 'PS', 'PSE', 'Palestinian Territory, Occupied', 'Occupied Palestinian Territory', NULL, 2);
INSERT INTO country (id, iso3166code2, iso3166code3, name, title, description, continent) VALUES (167, 'PA', 'PAN', 'Panama', 'Republic of Panama', NULL, 4);
INSERT INTO country (id, iso3166code2, iso3166code3, name, title, description, continent) VALUES (168, 'PG', 'PNG', 'Papua New Guinea', NULL, NULL, 6);
INSERT INTO country (id, iso3166code2, iso3166code3, name, title, description, continent) VALUES (169, 'PY', 'PRY', 'Paraguay', 'Republic of Paraguay', NULL, 5);
INSERT INTO country (id, iso3166code2, iso3166code3, name, title, description, continent) VALUES (170, 'PE', 'PER', 'Peru', 'Republic of Peru', NULL, 5);
INSERT INTO country (id, iso3166code2, iso3166code3, name, title, description, continent) VALUES (171, 'PH', 'PHL', 'Philippines', 'Republic of the Philippines', NULL, 2);
INSERT INTO country (id, iso3166code2, iso3166code3, name, title, description, continent) VALUES (172, 'PN', 'PCN', 'Pitcairn', NULL, NULL, 6);
INSERT INTO country (id, iso3166code2, iso3166code3, name, title, description, continent) VALUES (173, 'PL', 'POL', 'Poland', 'Republic of Poland', NULL, 3);
INSERT INTO country (id, iso3166code2, iso3166code3, name, title, description, continent) VALUES (174, 'PT', 'PRT', 'Portugal', 'Portuguese Republic', NULL, 3);
INSERT INTO country (id, iso3166code2, iso3166code3, name, title, description, continent) VALUES (175, 'PR', 'PRI', 'Puerto Rico', NULL, NULL, 4);
INSERT INTO country (id, iso3166code2, iso3166code3, name, title, description, continent) VALUES (176, 'QA', 'QAT', 'Qatar', 'State of Qatar', NULL, 2);
INSERT INTO country (id, iso3166code2, iso3166code3, name, title, description, continent) VALUES (177, 'RE', 'REU', 'Reunion', NULL, NULL, 1);
INSERT INTO country (id, iso3166code2, iso3166code3, name, title, description, continent) VALUES (178, 'RO', 'ROU', 'Romania', NULL, NULL, 3);
INSERT INTO country (id, iso3166code2, iso3166code3, name, title, description, continent) VALUES (179, 'RU', 'RUS', 'Russian Federation', NULL, NULL, 3);
INSERT INTO country (id, iso3166code2, iso3166code3, name, title, description, continent) VALUES (180, 'RW', 'RWA', 'Rwanda', 'Rwandese Republic', NULL, 1);
INSERT INTO country (id, iso3166code2, iso3166code3, name, title, description, continent) VALUES (181, 'SH', 'SHN', 'Saint Helena', NULL, NULL, 1);
INSERT INTO country (id, iso3166code2, iso3166code3, name, title, description, continent) VALUES (182, 'KN', 'KNA', 'Saint Kitts and Nevis', NULL, NULL, 4);
INSERT INTO country (id, iso3166code2, iso3166code3, name, title, description, continent) VALUES (183, 'LC', 'LCA', 'Saint Lucia', NULL, NULL, 4);
INSERT INTO country (id, iso3166code2, iso3166code3, name, title, description, continent) VALUES (184, 'PM', 'SPM', 'Saint Pierre and Miquelon', NULL, NULL, 4);
INSERT INTO country (id, iso3166code2, iso3166code3, name, title, description, continent) VALUES (185, 'VC', 'VCT', 'Saint Vincent and the Grenadines', NULL, NULL, 4);
INSERT INTO country (id, iso3166code2, iso3166code3, name, title, description, continent) VALUES (186, 'WS', 'WSM', 'Samoa', 'Independent State of Samoa', NULL, 6);
INSERT INTO country (id, iso3166code2, iso3166code3, name, title, description, continent) VALUES (187, 'SM', 'SMR', 'San Marino', 'Republic of San Marino', NULL, 3);
INSERT INTO country (id, iso3166code2, iso3166code3, name, title, description, continent) VALUES (188, 'ST', 'STP', 'Sao Tome and Principe', 'Democratic Republic of Sao Tome and Principe', NULL, 1);
INSERT INTO country (id, iso3166code2, iso3166code3, name, title, description, continent) VALUES (189, 'SA', 'SAU', 'Saudi Arabia', 'Kingdom of Saudi Arabia', NULL, 2);
INSERT INTO country (id, iso3166code2, iso3166code3, name, title, description, continent) VALUES (190, 'SN', 'SEN', 'Senegal', 'Republic of Senegal', NULL, 1);
INSERT INTO country (id, iso3166code2, iso3166code3, name, title, description, continent) VALUES (191, 'SC', 'SYC', 'Seychelles', 'Republic of Seychelles', NULL, 1);
INSERT INTO country (id, iso3166code2, iso3166code3, name, title, description, continent) VALUES (192, 'SL', 'SLE', 'Sierra Leone', 'Republic of Sierra Leone', NULL, 1);
INSERT INTO country (id, iso3166code2, iso3166code3, name, title, description, continent) VALUES (193, 'SG', 'SGP', 'Singapore', 'Republic of Singapore', NULL, 2);
INSERT INTO country (id, iso3166code2, iso3166code3, name, title, description, continent) VALUES (194, 'SK', 'SVK', 'Slovakia', 'Slovak Republic', NULL, 3);
INSERT INTO country (id, iso3166code2, iso3166code3, name, title, description, continent) VALUES (195, 'SI', 'SVN', 'Slovenia', 'Republic of Slovenia', NULL, 3);
INSERT INTO country (id, iso3166code2, iso3166code3, name, title, description, continent) VALUES (196, 'SB', 'SLB', 'Solomon Islands', NULL, NULL, 6);
INSERT INTO country (id, iso3166code2, iso3166code3, name, title, description, continent) VALUES (197, 'SO', 'SOM', 'Somalia', 'Somali Republic', NULL, 1);
INSERT INTO country (id, iso3166code2, iso3166code3, name, title, description, continent) VALUES (198, 'ZA', 'ZAF', 'South Africa', 'Republic of South Africa', NULL, 1);
INSERT INTO country (id, iso3166code2, iso3166code3, name, title, description, continent) VALUES (199, 'GS', 'SGS', 'South Georgia and the South Sandwich Islands', NULL, NULL, 7);
INSERT INTO country (id, iso3166code2, iso3166code3, name, title, description, continent) VALUES (200, 'ES', 'ESP', 'Spain', 'Kingdom of Spain', NULL, 3);
INSERT INTO country (id, iso3166code2, iso3166code3, name, title, description, continent) VALUES (201, 'LK', 'LKA', 'Sri Lanka', 'Democratic Socialist Republic of Sri Lanka', NULL, 2);
INSERT INTO country (id, iso3166code2, iso3166code3, name, title, description, continent) VALUES (202, 'SD', 'SDN', 'Sudan', 'Republic of the Sudan', NULL, 1);
INSERT INTO country (id, iso3166code2, iso3166code3, name, title, description, continent) VALUES (203, 'SR', 'SUR', 'Suriname', 'Republic of Suriname', NULL, 5);
INSERT INTO country (id, iso3166code2, iso3166code3, name, title, description, continent) VALUES (204, 'SJ', 'SJM', 'Svalbard and Jan Mayen', NULL, NULL, 3);
INSERT INTO country (id, iso3166code2, iso3166code3, name, title, description, continent) VALUES (205, 'SZ', 'SWZ', 'Swaziland', 'Kingdom of Swaziland', NULL, 1);
INSERT INTO country (id, iso3166code2, iso3166code3, name, title, description, continent) VALUES (206, 'SE', 'SWE', 'Sweden', 'Kingdom of Sweden', NULL, 3);
INSERT INTO country (id, iso3166code2, iso3166code3, name, title, description, continent) VALUES (207, 'CH', 'CHE', 'Switzerland', 'Swiss Confederation', NULL, 3);
INSERT INTO country (id, iso3166code2, iso3166code3, name, title, description, continent) VALUES (208, 'SY', 'SYR', 'Syrian Arab Republic', NULL, NULL, 2);
INSERT INTO country (id, iso3166code2, iso3166code3, name, title, description, continent) VALUES (209, 'TW', 'TWN', 'Taiwan', 'Taiwan', NULL, 2);
INSERT INTO country (id, iso3166code2, iso3166code3, name, title, description, continent) VALUES (210, 'TJ', 'TJK', 'Tajikistan', 'Republic of Tajikistan', NULL, 2);
INSERT INTO country (id, iso3166code2, iso3166code3, name, title, description, continent) VALUES (211, 'TZ', 'TZA', 'Tanzania, United Republic of', 'United Republic of Tanzania', NULL, 1);
INSERT INTO country (id, iso3166code2, iso3166code3, name, title, description, continent) VALUES (212, 'TH', 'THA', 'Thailand', 'Kingdom of Thailand', NULL, 2);
INSERT INTO country (id, iso3166code2, iso3166code3, name, title, description, continent) VALUES (213, 'TG', 'TGO', 'Togo', 'Togolese Republic', NULL, 1);
INSERT INTO country (id, iso3166code2, iso3166code3, name, title, description, continent) VALUES (214, 'TK', 'TKL', 'Tokelau', NULL, NULL, 6);
INSERT INTO country (id, iso3166code2, iso3166code3, name, title, description, continent) VALUES (215, 'TO', 'TON', 'Tonga', 'Kingdom of Tonga', NULL, 6);
INSERT INTO country (id, iso3166code2, iso3166code3, name, title, description, continent) VALUES (216, 'TT', 'TTO', 'Trinidad and Tobago', 'Republic of Trinidad and Tobago', NULL, 4);
INSERT INTO country (id, iso3166code2, iso3166code3, name, title, description, continent) VALUES (217, 'TN', 'TUN', 'Tunisia', 'Republic of Tunisia', NULL, 1);
INSERT INTO country (id, iso3166code2, iso3166code3, name, title, description, continent) VALUES (218, 'TR', 'TUR', 'Turkey', 'Republic of Turkey', NULL, 2);
INSERT INTO country (id, iso3166code2, iso3166code3, name, title, description, continent) VALUES (219, 'TM', 'TKM', 'Turkmenistan', NULL, NULL, 2);
INSERT INTO country (id, iso3166code2, iso3166code3, name, title, description, continent) VALUES (220, 'TC', 'TCA', 'Turks and Caicos Islands', NULL, NULL, 4);
INSERT INTO country (id, iso3166code2, iso3166code3, name, title, description, continent) VALUES (221, 'TV', 'TUV', 'Tuvalu', NULL, NULL, 6);
INSERT INTO country (id, iso3166code2, iso3166code3, name, title, description, continent) VALUES (222, 'UG', 'UGA', 'Uganda', 'Republic of Uganda', NULL, 1);
INSERT INTO country (id, iso3166code2, iso3166code3, name, title, description, continent) VALUES (223, 'UA', 'UKR', 'Ukraine', NULL, NULL, 3);
INSERT INTO country (id, iso3166code2, iso3166code3, name, title, description, continent) VALUES (224, 'AE', 'ARE', 'United Arab Emirates', NULL, NULL, 2);
INSERT INTO country (id, iso3166code2, iso3166code3, name, title, description, continent) VALUES (225, 'GB', 'GBR', 'United Kingdom', 'United Kingdom of Great Britain and Northern Ireland', NULL, 3);
INSERT INTO country (id, iso3166code2, iso3166code3, name, title, description, continent) VALUES (226, 'US', 'USA', 'United States', 'United States of America', NULL, 4);
INSERT INTO country (id, iso3166code2, iso3166code3, name, title, description, continent) VALUES (227, 'UM', 'UMI', 'United States Minor Outlying Islands', NULL, NULL, 6);
INSERT INTO country (id, iso3166code2, iso3166code3, name, title, description, continent) VALUES (228, 'UY', 'URY', 'Uruguay', 'Eastern Republic of Uruguay', NULL, 5);
INSERT INTO country (id, iso3166code2, iso3166code3, name, title, description, continent) VALUES (229, 'UZ', 'UZB', 'Uzbekistan', 'Republic of Uzbekistan', NULL, 2);
INSERT INTO country (id, iso3166code2, iso3166code3, name, title, description, continent) VALUES (230, 'VU', 'VUT', 'Vanuatu', 'Republic of Vanuatu', NULL, 6);
INSERT INTO country (id, iso3166code2, iso3166code3, name, title, description, continent) VALUES (231, 'VE', 'VEN', 'Venezuela', 'Bolivarian Republic of Venezuela', NULL, 5);
INSERT INTO country (id, iso3166code2, iso3166code3, name, title, description, continent) VALUES (232, 'VN', 'VNM', 'Viet Nam', 'Socialist Republic of Viet Nam', NULL, 2);
INSERT INTO country (id, iso3166code2, iso3166code3, name, title, description, continent) VALUES (233, 'VG', 'VGB', 'Virgin Islands, British', 'British Virgin Islands', NULL, 4);
INSERT INTO country (id, iso3166code2, iso3166code3, name, title, description, continent) VALUES (234, 'VI', 'VIR', 'Virgin Islands, U.S.', 'Virgin Islands of the United States', NULL, 4);
INSERT INTO country (id, iso3166code2, iso3166code3, name, title, description, continent) VALUES (235, 'WF', 'WLF', 'Wallis and Futuna', NULL, NULL, 6);
INSERT INTO country (id, iso3166code2, iso3166code3, name, title, description, continent) VALUES (236, 'EH', 'ESH', 'Western Sahara', NULL, NULL, 1);
INSERT INTO country (id, iso3166code2, iso3166code3, name, title, description, continent) VALUES (237, 'YE', 'YEM', 'Yemen', 'Republic of Yemen', NULL, 2);
INSERT INTO country (id, iso3166code2, iso3166code3, name, title, description, continent) VALUES (238, 'ZM', 'ZMB', 'Zambia', 'Republic of Zambia', NULL, 1);
INSERT INTO country (id, iso3166code2, iso3166code3, name, title, description, continent) VALUES (239, 'ZW', 'ZWE', 'Zimbabwe', 'Republic of Zimbabwe', NULL, 1);
INSERT INTO country (id, iso3166code2, iso3166code3, name, title, description, continent) VALUES (240, 'CS', 'SCG', 'Serbia and Montenegro', NULL, NULL, 3);


ALTER TABLE country ENABLE TRIGGER ALL;


ALTER TABLE customlanguagecode DISABLE TRIGGER ALL;



ALTER TABLE customlanguagecode ENABLE TRIGGER ALL;


ALTER TABLE cve DISABLE TRIGGER ALL;

INSERT INTO cve (id, sequence, status, description, datecreated, datemodified, fti) VALUES (1, '1999-8979', 2, 'Firefox crashes all the time', '2005-09-07 19:00:32.944561', '2005-09-13 14:00:03.508959', NULL);
INSERT INTO cve (id, sequence, status, description, datecreated, datemodified, fti) VALUES (2, '1999-2345', 1, 'Possible data loss', '2005-09-07 19:00:32.944561', '2005-09-13 14:00:03.513099', NULL);
INSERT INTO cve (id, sequence, status, description, datecreated, datemodified, fti) VALUES (3, '2005-2730', 1, 'The HTTP proxy in Astaro Security Linux 6.0 allows remote attackers to obtain sensitive information via an invalid request, which reveals a Proxy-authorization string in an error message.', '2005-09-13 14:05:15.669384', '2005-09-13 14:05:15.669384', NULL);
INSERT INTO cve (id, sequence, status, description, datecreated, datemodified, fti) VALUES (4, '2005-2731', 1, 'Directory traversal vulnerability in Astaro Security Linux 6.0, when using Webmin, allows remote authenticated webmin users to read arbitrary files via a ..  (dot dot) in the wfe_download parameter to index.fpl.', '2005-09-13 14:05:15.91729', '2005-09-13 14:05:15.91729', NULL);
INSERT INTO cve (id, sequence, status, description, datecreated, datemodified, fti) VALUES (5, '2005-2732', 1, 'AWStats 6.4, and possibly earlier versions, allows remote attackers to obtain sensitive information via a file that does not exist in the config parameter, which reveals the path in an error message.', '2005-09-13 14:05:15.992007', '2005-09-13 14:05:15.992007', NULL);
INSERT INTO cve (id, sequence, status, description, datecreated, datemodified, fti) VALUES (6, '2005-2733', 1, 'upload_img_cgi.php in Simple PHP Blog (SPHPBlog) does not properly restrict file extensions of uploaded files, which could allow remote attackers to execute arbitrary code.', '2005-09-13 14:05:16.072418', '2005-09-13 14:05:16.072418', NULL);
INSERT INTO cve (id, sequence, status, description, datecreated, datemodified, fti) VALUES (7, '2005-2734', 1, 'Cross-site scripting (XSS) vulnerability in Gallery 1.5.1-RC2 and earlier allows remote attackers to inject arbitrary web script or HTML via EXIF data, such as the Camera Model Tag.', '2005-09-13 14:05:16.202393', '2005-09-13 14:05:16.202393', NULL);
INSERT INTO cve (id, sequence, status, description, datecreated, datemodified, fti) VALUES (8, '2005-2735', 1, 'Cross-site scripting (XSS) vulnerability in phpGraphy 0.9.9a and earlier allows remote attackers to inject arbitrary web script or HTML via EXIF data, such as the Camera Model Tag.', '2005-09-13 14:05:16.412226', '2005-09-13 14:05:16.412226', NULL);
INSERT INTO cve (id, sequence, status, description, datecreated, datemodified, fti) VALUES (9, '2005-2736', 1, 'Cross-site scripting (XSS) vulnerability in YaPig 0.95 and earlier allows remote attackers to inject arbitrary web script or HTML via EXIF data, such as the Camera Model Tag.', '2005-09-13 14:05:16.841572', '2005-09-13 14:05:16.841572', NULL);
INSERT INTO cve (id, sequence, status, description, datecreated, datemodified, fti) VALUES (10, '2005-2737', 1, 'Cross-site scripting (XSS) vulnerability in PhotoPost PHP Pro 5.1 allows remote attackers to inject arbitrary web script or HTML via EXIF data, such as the Camera Model Tag.', '2005-09-13 14:05:17.043865', '2005-09-13 14:05:17.043865', NULL);


ALTER TABLE cve ENABLE TRIGGER ALL;


ALTER TABLE cvereference DISABLE TRIGGER ALL;

INSERT INTO cvereference (id, cve, source, content, url, date_created) VALUES (1, 1, 'NAI', 'Known problem #234234', 'http://nai.com/testing/foobar/', '2006-10-16 18:31:43.386902');
INSERT INTO cvereference (id, cve, source, content, url, date_created) VALUES (2, 1, 'XP', 'Maximum chicken', 'http://xpalidocious.com/bugs/1234', '2006-10-16 18:31:43.387961');
INSERT INTO cvereference (id, cve, source, content, url, date_created) VALUES (3, 1, 'TD', 'Oops-o-matic', 'http://bodacious.com/issue883', '2006-10-16 18:31:43.388328');
INSERT INTO cvereference (id, cve, source, content, url, date_created) VALUES (4, 2, 'FCW', 'Wanda', 'http://wigglet.net/trac/3452', '2006-10-16 18:31:43.388683');
INSERT INTO cvereference (id, cve, source, content, url, date_created) VALUES (5, 2, 'MSKB', '23445', NULL, '2006-10-16 18:31:43.389033');
INSERT INTO cvereference (id, cve, source, content, url, date_created) VALUES (6, 2, 'MSKB', '12345 Known problem with Windows XP and Mac OSX. Do not use. Ubuntu rocks.', NULL, '2006-10-16 18:31:43.389388');
INSERT INTO cvereference (id, cve, source, content, url, date_created) VALUES (7, 3, 'BUGTRAQ', '20050825 Astaro Security Linux 6.0 - HTTP CONNECT Access Localhost Weakness', 'http://marc.theaimsgroup.com/?l=bugtraq&m=112501186602731&w=2', '2006-10-16 18:31:43.389749');
INSERT INTO cvereference (id, cve, source, content, url, date_created) VALUES (8, 3, 'XF', 'astaro-proxy-information-disclosure(22024)', 'http://xforce.iss.net/xforce/xfdb/22024', '2006-10-16 18:31:43.390111');
INSERT INTO cvereference (id, cve, source, content, url, date_created) VALUES (9, 4, 'BUGTRAQ', '20050825 Astaro Security Linux 6.0 - HTTP CONNECT Access Localhost Weakness', 'http://marc.theaimsgroup.com/?l=bugtraq&m=112501186602731&w=2', '2006-10-16 18:31:43.390508');
INSERT INTO cvereference (id, cve, source, content, url, date_created) VALUES (10, 5, 'BUGTRAQ', '20050826 AWstats Path Disclosure Vulnerability', 'http://marc.theaimsgroup.com/?l=bugtraq&m=112510261425888&w=2', '2006-10-16 18:31:43.390873');
INSERT INTO cvereference (id, cve, source, content, url, date_created) VALUES (11, 6, 'BUGTRAQ', '20050826 Simple PHP Blog File Upload and User Credentials Exposure Vulnerabilities', 'http://marc.theaimsgroup.com/?l=bugtraq&m=112511159821143&w=2', '2006-10-16 18:31:43.391236');
INSERT INTO cvereference (id, cve, source, content, url, date_created) VALUES (12, 6, 'BID', '14667', 'http://www.securityfocus.com/bid/14667', '2006-10-16 18:31:43.391597');
INSERT INTO cvereference (id, cve, source, content, url, date_created) VALUES (13, 6, 'SECUNIA', '16598', 'http://secunia.com/advisories/16598/', '2006-10-16 18:31:43.391961');
INSERT INTO cvereference (id, cve, source, content, url, date_created) VALUES (14, 6, 'XF', 'simple-php-uploadimgcgi-file-upload(22012)', 'http://xforce.iss.net/xforce/xfdb/22012', '2006-10-16 18:31:43.392317');
INSERT INTO cvereference (id, cve, source, content, url, date_created) VALUES (15, 7, 'BUGTRAQ', '20050826 Multiple PHP Images Galleries EXIF Metadata XSS Vulnerabilities', 'http://marc.theaimsgroup.com/?l=bugtraq&m=112511025414488&w=2', '2006-10-16 18:31:43.392698');
INSERT INTO cvereference (id, cve, source, content, url, date_created) VALUES (16, 7, 'CONFIRM', 'http://sourceforge.net/project/shownotes.php?release_id=352576', 'http://sourceforge.net/project/shownotes.php?release_id=352576', '2006-10-16 18:31:43.393062');
INSERT INTO cvereference (id, cve, source, content, url, date_created) VALUES (17, 7, 'BID', '14668', 'http://www.securityfocus.com/bid/14668', '2006-10-16 18:31:43.393422');
INSERT INTO cvereference (id, cve, source, content, url, date_created) VALUES (18, 7, 'SECTRACK', '1014800', 'http://securitytracker.com/id?1014800', '2006-10-16 18:31:43.393776');
INSERT INTO cvereference (id, cve, source, content, url, date_created) VALUES (19, 7, 'SECUNIA', '16594', 'http://secunia.com/advisories/16594/', '2006-10-16 18:31:43.39413');
INSERT INTO cvereference (id, cve, source, content, url, date_created) VALUES (20, 7, 'XF', 'photopost-exif-xss(22020)', 'http://xforce.iss.net/xforce/xfdb/22020', '2006-10-16 18:31:43.394927');
INSERT INTO cvereference (id, cve, source, content, url, date_created) VALUES (21, 8, 'BUGTRAQ', '20050826 Multiple PHP Images Galleries EXIF Metadata XSS Vulnerabilities', 'http://marc.theaimsgroup.com/?l=bugtraq&m=112511025414488&w=2', '2006-10-16 18:31:43.395292');
INSERT INTO cvereference (id, cve, source, content, url, date_created) VALUES (22, 8, 'MISC', 'http://cedri.cc/advisories/EXIF_XSS.txt', 'http://cedri.cc/advisories/EXIF_XSS.txt', '2006-10-16 18:31:43.395655');
INSERT INTO cvereference (id, cve, source, content, url, date_created) VALUES (23, 8, 'BID', '14669', 'http://www.securityfocus.com/bid/14669', '2006-10-16 18:31:43.396011');
INSERT INTO cvereference (id, cve, source, content, url, date_created) VALUES (24, 8, 'SECUNIA', '16595', 'http://secunia.com/advisories/16595/', '2006-10-16 18:31:43.396366');
INSERT INTO cvereference (id, cve, source, content, url, date_created) VALUES (25, 8, 'SECTRACK', '1014801', 'http://securitytracker.com/id?1014801', '2006-10-16 18:31:43.39672');
INSERT INTO cvereference (id, cve, source, content, url, date_created) VALUES (26, 8, 'XF', 'photopost-exif-xss(22020)', 'http://xforce.iss.net/xforce/xfdb/22020', '2006-10-16 18:31:43.397075');
INSERT INTO cvereference (id, cve, source, content, url, date_created) VALUES (27, 9, 'BUGTRAQ', '20050826 Multiple PHP Images Galleries EXIF Metadata XSS Vulnerabilities', 'http://marc.theaimsgroup.com/?l=bugtraq&m=112511025414488&w=2', '2006-10-16 18:31:43.397434');
INSERT INTO cvereference (id, cve, source, content, url, date_created) VALUES (28, 9, 'MISC', 'http://cedri.cc/advisories/EXIF_XSS.txt', 'http://cedri.cc/advisories/EXIF_XSS.txt', '2006-10-16 18:31:43.397796');
INSERT INTO cvereference (id, cve, source, content, url, date_created) VALUES (29, 9, 'BID', '14670', 'http://www.securityfocus.com/bid/14670', '2006-10-16 18:31:43.398152');
INSERT INTO cvereference (id, cve, source, content, url, date_created) VALUES (30, 9, 'SECTRACK', '1014802', 'http://securitytracker.com/id?1014802', '2006-10-16 18:31:43.398618');
INSERT INTO cvereference (id, cve, source, content, url, date_created) VALUES (31, 9, 'SECUNIA', '16596', 'http://secunia.com/advisories/16596/', '2006-10-16 18:31:43.398973');
INSERT INTO cvereference (id, cve, source, content, url, date_created) VALUES (32, 9, 'XF', 'photopost-exif-xss(22020)', 'http://xforce.iss.net/xforce/xfdb/22020', '2006-10-16 18:31:43.39935');
INSERT INTO cvereference (id, cve, source, content, url, date_created) VALUES (33, 10, 'BUGTRAQ', '20050826 Multiple PHP Images Galleries EXIF Metadata XSS Vulnerabilities', 'http://marc.theaimsgroup.com/?l=bugtraq&m=112511025414488&w=2', '2006-10-16 18:31:43.39971');
INSERT INTO cvereference (id, cve, source, content, url, date_created) VALUES (34, 10, 'MISC', 'http://cedri.cc/advisories/EXIF_XSS.txt', 'http://cedri.cc/advisories/EXIF_XSS.txt', '2006-10-16 18:31:43.400095');
INSERT INTO cvereference (id, cve, source, content, url, date_created) VALUES (35, 10, 'BID', '14671', 'http://www.securityfocus.com/bid/14671', '2006-10-16 18:31:43.400452');
INSERT INTO cvereference (id, cve, source, content, url, date_created) VALUES (36, 10, 'SECTRACK', '1014803', 'http://securitytracker.com/id?1014803', '2006-10-16 18:31:43.400807');
INSERT INTO cvereference (id, cve, source, content, url, date_created) VALUES (37, 10, 'SECUNIA', '16597', 'http://secunia.com/advisories/16597/', '2006-10-16 18:31:43.401162');
INSERT INTO cvereference (id, cve, source, content, url, date_created) VALUES (38, 10, 'XF', 'photopost-exif-xss(22020)', 'http://xforce.iss.net/xforce/xfdb/22020', '2006-10-16 18:31:43.401526');


ALTER TABLE cvereference ENABLE TRIGGER ALL;


ALTER TABLE databasecpustats DISABLE TRIGGER ALL;



ALTER TABLE databasecpustats ENABLE TRIGGER ALL;


ALTER TABLE databasereplicationlag DISABLE TRIGGER ALL;



ALTER TABLE databasereplicationlag ENABLE TRIGGER ALL;


ALTER TABLE databasetablestats DISABLE TRIGGER ALL;



ALTER TABLE databasetablestats ENABLE TRIGGER ALL;


ALTER TABLE diff DISABLE TRIGGER ALL;



ALTER TABLE diff ENABLE TRIGGER ALL;


ALTER TABLE distribution DISABLE TRIGGER ALL;

INSERT INTO distribution (id, name, title, description, domainname, owner, lucilleconfig, displayname, summary, members, translationgroup, translationpermission, bug_supervisor, official_malone, official_rosetta, security_contact, driver, translation_focus, mirror_admin, upload_admin, upload_sender, date_created, homepage_content, icon, mugshot, logo, fti, official_answers, language_pack_admin, official_blueprints, enable_bug_expiration, bug_reporting_guidelines, reviewer_whiteboard, max_bug_heat, bug_reported_acknowledgement, answers_usage, blueprints_usage, translations_usage) VALUES (1, 'ubuntu', 'Ubuntu Linux', 'Ubuntu is a new approach to Linux Distribution that includes regular releases, and a simplified single-CD installation system.', 'ubuntulinux.org', 17, '[publishing]
pendingremovalduration=5
root=/var/tmp/archive
archiveroot=/var/tmp/archive/ubuntu
poolroot=/var/tmp/archive/ubuntu/pool
distsroot=/var/tmp/archive/ubuntu/dists
overrideroot=/var/tmp/archive/ubuntu-overrides
cacheroot=/var/tmp/archive/ubuntu-cache
miscroot=/var/tmp/archive/ubuntu-misc
', 'Ubuntu', 'Ubuntu is a new approach to Linux Distribution that includes regular releases, and a simplified single-CD installation system.', 17, 3, 100, NULL, true, true, NULL, NULL, 3, 59, NULL, NULL, '2006-10-16 18:31:43.415195', NULL, NULL, NULL, NULL, NULL, true, NULL, true, true, NULL, NULL, NULL, NULL, 10, 10, 10);
INSERT INTO distribution (id, name, title, description, domainname, owner, lucilleconfig, displayname, summary, members, translationgroup, translationpermission, bug_supervisor, official_malone, official_rosetta, security_contact, driver, translation_focus, mirror_admin, upload_admin, upload_sender, date_created, homepage_content, icon, mugshot, logo, fti, official_answers, language_pack_admin, official_blueprints, enable_bug_expiration, bug_reporting_guidelines, reviewer_whiteboard, max_bug_heat, bug_reported_acknowledgement, answers_usage, blueprints_usage, translations_usage) VALUES (2, 'redhat', 'Redhat Advanced Server', 'Red Hat is a commercial distribution of the GNU/Linux Operating System.', 'redhat.com', 1, NULL, 'Red Hat', 'Red Hat is a commercial distribution of the GNU/Linux Operating System.', 1, NULL, 1, NULL, false, false, NULL, 8, NULL, 1, NULL, NULL, '2006-10-16 18:31:43.417928', NULL, NULL, NULL, NULL, NULL, false, NULL, false, false, NULL, NULL, NULL, NULL, 10, 10, 10);
INSERT INTO distribution (id, name, title, description, domainname, owner, lucilleconfig, displayname, summary, members, translationgroup, translationpermission, bug_supervisor, official_malone, official_rosetta, security_contact, driver, translation_focus, mirror_admin, upload_admin, upload_sender, date_created, homepage_content, icon, mugshot, logo, fti, official_answers, language_pack_admin, official_blueprints, enable_bug_expiration, bug_reporting_guidelines, reviewer_whiteboard, max_bug_heat, bug_reported_acknowledgement, answers_usage, blueprints_usage, translations_usage) VALUES (3, 'debian', 'Debian GNU/Linux', 'Debian GNU/Linux is
a non commercial distribution of a GNU/Linux Operating System for many
platforms.', 'debian.org', 1, NULL, 'Debian', 'Debian GNU/Linux is
a non commercial distribution of a GNU/Linux Operating System for many
platforms.', 1, 2, 200, NULL, false, false, NULL, NULL, NULL, 1, NULL, NULL, '2006-10-16 18:31:43.418942', NULL, NULL, NULL, NULL, NULL, false, NULL, false, false, NULL, NULL, NULL, NULL, 10, 10, 10);
INSERT INTO distribution (id, name, title, description, domainname, owner, lucilleconfig, displayname, summary, members, translationgroup, translationpermission, bug_supervisor, official_malone, official_rosetta, security_contact, driver, translation_focus, mirror_admin, upload_admin, upload_sender, date_created, homepage_content, icon, mugshot, logo, fti, official_answers, language_pack_admin, official_blueprints, enable_bug_expiration, bug_reporting_guidelines, reviewer_whiteboard, max_bug_heat, bug_reported_acknowledgement, answers_usage, blueprints_usage, translations_usage) VALUES (4, 'gentoo', 'The Gentoo Linux', 'Gentoo is a very
customizeable GNU/Linux Distribution that is designed to let you build every
single package yourself, with your own preferences.', 'gentoo.org', 1, NULL, 'Gentoo', 'Gentoo is a very customizeable GNU/Linux Distribution that is designed to let you build every single package yourself, with your own preferences.', 1, NULL, 1, NULL, true, false, NULL, NULL, NULL, 1, NULL, NULL, '2006-10-16 18:31:43.41974', NULL, NULL, NULL, NULL, NULL, false, NULL, false, false, NULL, NULL, NULL, NULL, 10, 10, 10);
INSERT INTO distribution (id, name, title, description, domainname, owner, lucilleconfig, displayname, summary, members, translationgroup, translationpermission, bug_supervisor, official_malone, official_rosetta, security_contact, driver, translation_focus, mirror_admin, upload_admin, upload_sender, date_created, homepage_content, icon, mugshot, logo, fti, official_answers, language_pack_admin, official_blueprints, enable_bug_expiration, bug_reporting_guidelines, reviewer_whiteboard, max_bug_heat, bug_reported_acknowledgement, answers_usage, blueprints_usage, translations_usage) VALUES (5, 'kubuntu', 'Kubuntu - Free KDE-based Linux', 'Kubuntu is an entirely free Linux distribution that uses the K Desktop
Environment as its default desktop after install.', 'kubuntu.org', 1, NULL, 'Kubuntu', 'Kubuntu is an entirely free Linux distribution that uses the K Desktop
Environment as its default desktop after install.', 1, NULL, 1, NULL, false, false, NULL, 8, NULL, 1, NULL, NULL, '2006-10-16 18:31:43.420551', NULL, NULL, NULL, NULL, NULL, false, NULL, false, false, NULL, NULL, NULL, NULL, 10, 10, 10);
INSERT INTO distribution (id, name, title, description, domainname, owner, lucilleconfig, displayname, summary, members, translationgroup, translationpermission, bug_supervisor, official_malone, official_rosetta, security_contact, driver, translation_focus, mirror_admin, upload_admin, upload_sender, date_created, homepage_content, icon, mugshot, logo, fti, official_answers, language_pack_admin, official_blueprints, enable_bug_expiration, bug_reporting_guidelines, reviewer_whiteboard, max_bug_heat, bug_reported_acknowledgement, answers_usage, blueprints_usage, translations_usage) VALUES (7, 'guadalinex', 'GuadaLinex: Linux for Andalucia', 'GuadaLinex is based on Ubuntu and adds full support for applications specific to the local environment in Andalucia.', 'guadalinex.es', 4, NULL, 'GuadaLinex', 'The GuadaLinex team produces a high quality linux for the Andalucian marketplace.', 32, NULL, 1, NULL, false, false, NULL, NULL, NULL, 4, NULL, NULL, '2006-10-16 18:31:43.421329', NULL, NULL, NULL, NULL, NULL, false, NULL, false, false, NULL, NULL, NULL, NULL, 10, 10, 10);
INSERT INTO distribution (id, name, title, description, domainname, owner, lucilleconfig, displayname, summary, members, translationgroup, translationpermission, bug_supervisor, official_malone, official_rosetta, security_contact, driver, translation_focus, mirror_admin, upload_admin, upload_sender, date_created, homepage_content, icon, mugshot, logo, fti, official_answers, language_pack_admin, official_blueprints, enable_bug_expiration, bug_reporting_guidelines, reviewer_whiteboard, max_bug_heat, bug_reported_acknowledgement, answers_usage, blueprints_usage, translations_usage) VALUES (8, 'ubuntutest', 'Ubuntu Test', 'Ubuntu Test', 'ubuntulinux.org', 17, '[publishing]
pendingremovalduration=5
root=/var/tmp/archive
archiveroot=/var/tmp/archive/ubuntutest
poolroot=/var/tmp/archive/ubuntutest/pool
distsroot=/var/tmp/archive/ubuntutest/dists
overrideroot=/var/tmp/archive/ubuntutest-overrides
cacheroot=/var/tmp/archive/ubuntutest-cache
miscroot=/var/tmp/archive/ubuntutest-misc
', 'ubuntutest', 'Ubuntu Test summary', 17, NULL, 1, NULL, false, false, NULL, NULL, NULL, 17, NULL, NULL, '2006-10-16 18:31:43.422162', NULL, NULL, NULL, NULL, NULL, false, NULL, false, false, NULL, NULL, NULL, NULL, 10, 10, 10);


ALTER TABLE distribution ENABLE TRIGGER ALL;


ALTER TABLE distributionbounty DISABLE TRIGGER ALL;

INSERT INTO distributionbounty (id, bounty, distribution, date_created) VALUES (1, 1, 1, '2006-10-16 18:31:43.430161');


ALTER TABLE distributionbounty ENABLE TRIGGER ALL;


ALTER TABLE distributionmirror DISABLE TRIGGER ALL;

INSERT INTO distributionmirror (id, distribution, name, http_base_url, ftp_base_url, rsync_base_url, displayname, description, owner, speed, country, content, official_candidate, enabled, date_created, whiteboard, status, date_reviewed, reviewer, country_dns_mirror) VALUES (1, 1, 'archive-mirror', 'http://localhost:11375/valid-mirror/', NULL, NULL, NULL, NULL, 1, 10, 75, 1, true, true, '2006-10-16 18:31:43.434567', NULL, 30, NULL, NULL, false);
INSERT INTO distributionmirror (id, distribution, name, http_base_url, ftp_base_url, rsync_base_url, displayname, description, owner, speed, country, content, official_candidate, enabled, date_created, whiteboard, status, date_reviewed, reviewer, country_dns_mirror) VALUES (2, 1, 'invalid-mirror', 'http://localhost:11375/invalid-mirror/', NULL, NULL, NULL, NULL, 12, 50, 75, 2, true, true, '2006-10-16 18:31:43.436833', NULL, 20, NULL, NULL, false);
INSERT INTO distributionmirror (id, distribution, name, http_base_url, ftp_base_url, rsync_base_url, displayname, description, owner, speed, country, content, official_candidate, enabled, date_created, whiteboard, status, date_reviewed, reviewer, country_dns_mirror) VALUES (3, 1, 'unreachable-mirror', 'http://localhost:11375/timeout/', NULL, NULL, NULL, NULL, 12, 30, 75, 2, true, true, '2006-10-16 18:31:43.437635', NULL, 30, NULL, NULL, false);
INSERT INTO distributionmirror (id, distribution, name, http_base_url, ftp_base_url, rsync_base_url, displayname, description, owner, speed, country, content, official_candidate, enabled, date_created, whiteboard, status, date_reviewed, reviewer, country_dns_mirror) VALUES (4, 1, 'archive-404-mirror', 'http://localhost:11375/archive-mirror/', NULL, NULL, NULL, NULL, 12, 30, 75, 1, true, true, '2006-10-16 18:31:43.438573', NULL, 30, NULL, NULL, false);
INSERT INTO distributionmirror (id, distribution, name, http_base_url, ftp_base_url, rsync_base_url, displayname, description, owner, speed, country, content, official_candidate, enabled, date_created, whiteboard, status, date_reviewed, reviewer, country_dns_mirror) VALUES (5, 1, 'releases-mirror', 'http://localhost:11375/valid-mirror/releases/', NULL, NULL, NULL, NULL, 12, 50, 75, 2, true, true, '2006-10-16 18:31:43.439336', NULL, 30, NULL, NULL, false);
INSERT INTO distributionmirror (id, distribution, name, http_base_url, ftp_base_url, rsync_base_url, displayname, description, owner, speed, country, content, official_candidate, enabled, date_created, whiteboard, status, date_reviewed, reviewer, country_dns_mirror) VALUES (6, 1, 'releases-mirror2', 'http://localhost:11375/valid-mirror/releases2/', NULL, NULL, NULL, NULL, 12, 50, 82, 2, true, true, '2006-10-16 18:31:43.440079', NULL, 30, NULL, NULL, false);
INSERT INTO distributionmirror (id, distribution, name, http_base_url, ftp_base_url, rsync_base_url, displayname, description, owner, speed, country, content, official_candidate, enabled, date_created, whiteboard, status, date_reviewed, reviewer, country_dns_mirror) VALUES (7, 1, 'archive-mirror2', 'http://localhost:11375/valid-mirror2/', NULL, NULL, NULL, NULL, 1, 10, 9, 1, true, true, '2006-10-16 18:31:43.440832', NULL, 30, NULL, NULL, false);
INSERT INTO distributionmirror (id, distribution, name, http_base_url, ftp_base_url, rsync_base_url, displayname, description, owner, speed, country, content, official_candidate, enabled, date_created, whiteboard, status, date_reviewed, reviewer, country_dns_mirror) VALUES (8, 1, 'canonical-archive', 'http://archive.ubuntu.com/ubuntu/', NULL, NULL, NULL, NULL, 1, 70, 225, 1, true, true, '2006-10-16 18:31:43.434567', NULL, 30, NULL, NULL, false);
INSERT INTO distributionmirror (id, distribution, name, http_base_url, ftp_base_url, rsync_base_url, displayname, description, owner, speed, country, content, official_candidate, enabled, date_created, whiteboard, status, date_reviewed, reviewer, country_dns_mirror) VALUES (9, 1, 'canonical-releases', 'http://releases.ubuntu.com/', NULL, NULL, NULL, NULL, 1, 70, 225, 2, true, true, '2006-10-16 18:31:43.434567', NULL, 30, NULL, NULL, false);
INSERT INTO distributionmirror (id, distribution, name, http_base_url, ftp_base_url, rsync_base_url, displayname, description, owner, speed, country, content, official_candidate, enabled, date_created, whiteboard, status, date_reviewed, reviewer, country_dns_mirror) VALUES (10, 1, 'random-releases-mirror', 'http://releases.random.com/', NULL, NULL, NULL, NULL, 1, 70, 225, 2, true, true, '2006-10-16 18:31:43.434567', NULL, 10, NULL, NULL, false);


ALTER TABLE distributionmirror ENABLE TRIGGER ALL;


ALTER TABLE distributionsourcepackage DISABLE TRIGGER ALL;



ALTER TABLE distributionsourcepackage ENABLE TRIGGER ALL;


ALTER TABLE distributionsourcepackagecache DISABLE TRIGGER ALL;

INSERT INTO distributionsourcepackagecache (id, distribution, sourcepackagename, name, binpkgnames, binpkgsummaries, binpkgdescriptions, fti, changelog, archive) VALUES (1, 3, 19, 'alsa-utils', '', '', '', NULL, NULL, 1);
INSERT INTO distributionsourcepackagecache (id, distribution, sourcepackagename, name, binpkgnames, binpkgsummaries, binpkgdescriptions, fti, changelog, archive) VALUES (2, 1, 1, 'mozilla-firefox', 'mozilla-firefox mozilla-firefox-data', 'Mozilla Firefox Web Browser', 'Mozilla Firefox Web Browser is .....', NULL, NULL, 1);
INSERT INTO distributionsourcepackagecache (id, distribution, sourcepackagename, name, binpkgnames, binpkgsummaries, binpkgdescriptions, fti, changelog, archive) VALUES (3, 1, 9, 'evolution', '', '', '', NULL, NULL, 1);
INSERT INTO distributionsourcepackagecache (id, distribution, sourcepackagename, name, binpkgnames, binpkgsummaries, binpkgdescriptions, fti, changelog, archive) VALUES (4, 1, 10, 'netapplet', '', '', '', NULL, NULL, 1);
INSERT INTO distributionsourcepackagecache (id, distribution, sourcepackagename, name, binpkgnames, binpkgsummaries, binpkgdescriptions, fti, changelog, archive) VALUES (5, 1, 14, 'pmount', 'pmount', 'pmount shortdesc', 'pmount description', NULL, 'This is a placeholder changelog for pmount 0.1-2 pmount (0.1-1) hoary; urgency=low

 * Fix description (Malone #1)
 * Fix debian (Debian #2000)
 * Fix warty (Warty Ubuntu #1)

 -- Sample Person <test@canonical.com> Tue, 7 Feb 2006 12:10:08 +0300', 1);
INSERT INTO distributionsourcepackagecache (id, distribution, sourcepackagename, name, binpkgnames, binpkgsummaries, binpkgdescriptions, fti, changelog, archive) VALUES (6, 1, 19, 'alsa-utils', '', '', '', NULL, NULL, 1);
INSERT INTO distributionsourcepackagecache (id, distribution, sourcepackagename, name, binpkgnames, binpkgsummaries, binpkgdescriptions, fti, changelog, archive) VALUES (7, 1, 20, 'cnews', '', '', '', NULL, NULL, 1);
INSERT INTO distributionsourcepackagecache (id, distribution, sourcepackagename, name, binpkgnames, binpkgsummaries, binpkgdescriptions, fti, changelog, archive) VALUES (8, 1, 21, 'libstdc++', '', '', '', NULL, 'libstdc++ (9.9-1) hoary; urgency=high

 * Placeholder

 -- Sample Person <test@canonical.com> Tue, 10 Feb 2006 10:10:08 +0300', 1);
INSERT INTO distributionsourcepackagecache (id, distribution, sourcepackagename, name, binpkgnames, binpkgsummaries, binpkgdescriptions, fti, changelog, archive) VALUES (9, 1, 22, 'linux-source-2.6.15', '', '', '', NULL, NULL, 1);
INSERT INTO distributionsourcepackagecache (id, distribution, sourcepackagename, name, binpkgnames, binpkgsummaries, binpkgdescriptions, fti, changelog, archive) VALUES (10, 1, 23, 'foobar', '', '', '', NULL, NULL, 1);
INSERT INTO distributionsourcepackagecache (id, distribution, sourcepackagename, name, binpkgnames, binpkgsummaries, binpkgdescriptions, fti, changelog, archive) VALUES (11, 1, 27, 'commercialpackage', '', '', '', NULL, NULL, 12);


ALTER TABLE distributionsourcepackagecache ENABLE TRIGGER ALL;


ALTER TABLE distroarchseries DISABLE TRIGGER ALL;

INSERT INTO distroarchseries (id, distroseries, processorfamily, architecturetag, owner, official, package_count, date_created, supports_virtualized) VALUES (1, 1, 1, 'i386', 1, true, 5, '2006-10-16 18:31:43.454475', true);
INSERT INTO distroarchseries (id, distroseries, processorfamily, architecturetag, owner, official, package_count, date_created, supports_virtualized) VALUES (6, 3, 1, 'i386', 1, true, 1, '2006-10-16 18:31:43.456532', true);
INSERT INTO distroarchseries (id, distroseries, processorfamily, architecturetag, owner, official, package_count, date_created, supports_virtualized) VALUES (7, 6, 1, 'i386', 1, true, 0, '2006-10-16 18:31:43.457028', true);
INSERT INTO distroarchseries (id, distroseries, processorfamily, architecturetag, owner, official, package_count, date_created, supports_virtualized) VALUES (8, 10, 1, 'i386', 1, true, 0, '2006-10-16 18:31:43.457484', true);
INSERT INTO distroarchseries (id, distroseries, processorfamily, architecturetag, owner, official, package_count, date_created, supports_virtualized) VALUES (9, 13, 1, 'i386', 1, true, 0, '2006-10-16 18:31:43.457938', true);
INSERT INTO distroarchseries (id, distroseries, processorfamily, architecturetag, owner, official, package_count, date_created, supports_virtualized) VALUES (10, 13, 3, 'amd64', 1, true, 0, '2006-10-16 18:31:43.458434', true);
INSERT INTO distroarchseries (id, distroseries, processorfamily, architecturetag, owner, official, package_count, date_created, supports_virtualized) VALUES (11, 3, 4, 'hppa', 1, false, 0, '2006-10-16 18:31:43.458892', false);
INSERT INTO distroarchseries (id, distroseries, processorfamily, architecturetag, owner, official, package_count, date_created, supports_virtualized) VALUES (12, 1, 4, 'hppa', 1, false, 0, '2006-10-16 18:31:43.459349', false);


ALTER TABLE distroarchseries ENABLE TRIGGER ALL;


ALTER TABLE distrocomponentuploader DISABLE TRIGGER ALL;

INSERT INTO distrocomponentuploader (id, distribution, component, uploader, date_created) VALUES (1, 1, 1, 17, '2006-10-16 18:31:43.463125');
INSERT INTO distrocomponentuploader (id, distribution, component, uploader, date_created) VALUES (3, 1, 2, 17, '2006-10-16 18:31:43.46438');
INSERT INTO distrocomponentuploader (id, distribution, component, uploader, date_created) VALUES (4, 1, 3, 17, '2006-10-16 18:31:43.464753');
INSERT INTO distrocomponentuploader (id, distribution, component, uploader, date_created) VALUES (5, 8, 1, 17, '2006-10-16 18:31:43.465111');
INSERT INTO distrocomponentuploader (id, distribution, component, uploader, date_created) VALUES (6, 8, 3, 17, '2006-10-16 18:31:43.464753');


ALTER TABLE distrocomponentuploader ENABLE TRIGGER ALL;


ALTER TABLE distroseries DISABLE TRIGGER ALL;

INSERT INTO distroseries (id, distribution, name, title, description, version, releasestatus, datereleased, parent_series, owner, lucilleconfig, summary, displayname, datelastlangpack, messagecount, nominatedarchindep, changeslist, binarycount, sourcecount, driver, date_created, hide_all_translations, defer_translation_imports, language_pack_base, language_pack_delta, language_pack_proposed, language_pack_full_export_requested) VALUES (1, 1, 'warty', 'The Warty Warthog Release', 'Warty was the first stable release of Ubuntu. Key feature goals included releasing on time, with the latest version of the Gnome Desktop Environment, and the creation of all the infrastructure required to manage Ubuntu itself. Warty includes excellent support for Python, with most of the widely used Python libraries installed by default.', '4.10', 4, '2004-08-20 00:00:00', NULL, 17, NULL, 'Warty is the first release of Ubuntu, with a planned release date of October 2004.', 'Warty', NULL, 0, 1, 'warty-changes@ubuntu.com', 4, 3, NULL, '2006-10-16 18:31:43.475428', false, false, NULL, NULL, NULL, false);
INSERT INTO distroseries (id, distribution, name, title, description, version, releasestatus, datereleased, parent_series, owner, lucilleconfig, summary, displayname, datelastlangpack, messagecount, nominatedarchindep, changeslist, binarycount, sourcecount, driver, date_created, hide_all_translations, defer_translation_imports, language_pack_base, language_pack_delta, language_pack_proposed, language_pack_full_export_requested) VALUES (2, 2, 'six', 'Six Six Six', 'some text to describe the whole 666 release of RH', '6.0.1', 4, '2004-03-21 00:00:00', NULL, 8, NULL, 'some text to describe the whole 666 release of RH', 'Six', NULL, 0, NULL, NULL, 0, 0, NULL, '2006-10-16 18:31:43.482603', false, false, NULL, NULL, NULL, false);
INSERT INTO distroseries (id, distribution, name, title, description, version, releasestatus, datereleased, parent_series, owner, lucilleconfig, summary, displayname, datelastlangpack, messagecount, nominatedarchindep, changeslist, binarycount, sourcecount, driver, date_created, hide_all_translations, defer_translation_imports, language_pack_base, language_pack_delta, language_pack_proposed, language_pack_full_export_requested) VALUES (3, 1, 'hoary', 'The Hoary Hedgehog Release', 'Hoary is the second release of Ubuntu. Key feature goals include the integration of Hoary with the Launchpad for bugs and translation information, as well as Gnome 2.10 and the X.org window system.', '5.04', 2, NULL, 1, 1, NULL, 'Hoary is the second released of Ubuntu, with release planned for April 2005.', 'Hoary', NULL, 96, 6, 'hoary-changes@ubuntu.com', 1, 4, NULL, '2006-10-16 18:31:43.483559', false, false, NULL, NULL, NULL, false);
INSERT INTO distroseries (id, distribution, name, title, description, version, releasestatus, datereleased, parent_series, owner, lucilleconfig, summary, displayname, datelastlangpack, messagecount, nominatedarchindep, changeslist, binarycount, sourcecount, driver, date_created, hide_all_translations, defer_translation_imports, language_pack_base, language_pack_delta, language_pack_proposed, language_pack_full_export_requested) VALUES (4, 2, '7.0', 'Seven', 'The release that we would not expect', '7.0.1', 3, NULL, 2, 7, NULL, 'The release that we would not expect', '7.0', NULL, 0, NULL, NULL, 0, 0, NULL, '2006-10-16 18:31:43.484426', false, false, NULL, NULL, NULL, false);
INSERT INTO distroseries (id, distribution, name, title, description, version, releasestatus, datereleased, parent_series, owner, lucilleconfig, summary, displayname, datelastlangpack, messagecount, nominatedarchindep, changeslist, binarycount, sourcecount, driver, date_created, hide_all_translations, defer_translation_imports, language_pack_base, language_pack_delta, language_pack_proposed, language_pack_full_export_requested) VALUES (5, 1, 'grumpy', 'The Grumpy Groundhog Release', 'Grumpy, the third release of Ubuntu Linux, is not yet in active development. This information is purely a placeholder.', '5.10', 1, NULL, 1, 1, NULL, 'Grumpy is the third release of Ubuntu, planned for October 2005.', 'Grumpy', NULL, 0, NULL, NULL, 0, 0, NULL, '2006-10-16 18:31:43.485233', false, false, NULL, NULL, NULL, false);
INSERT INTO distroseries (id, distribution, name, title, description, version, releasestatus, datereleased, parent_series, owner, lucilleconfig, summary, displayname, datelastlangpack, messagecount, nominatedarchindep, changeslist, binarycount, sourcecount, driver, date_created, hide_all_translations, defer_translation_imports, language_pack_base, language_pack_delta, language_pack_proposed, language_pack_full_export_requested) VALUES (6, 3, 'woody', 'WOODY', 'WOODY is the current stable verison of Debian GNU/Linux', '3.0', 4, '2003-01-01 00:00:00', NULL, 2, NULL, 'WOODY is the current stable verison of Debian GNU/Linux', 'Woody', NULL, 0, NULL, NULL, 0, 0, NULL, '2006-10-16 18:31:43.486054', false, false, NULL, NULL, NULL, false);
INSERT INTO distroseries (id, distribution, name, title, description, version, releasestatus, datereleased, parent_series, owner, lucilleconfig, summary, displayname, datelastlangpack, messagecount, nominatedarchindep, changeslist, binarycount, sourcecount, driver, date_created, hide_all_translations, defer_translation_imports, language_pack_base, language_pack_delta, language_pack_proposed, language_pack_full_export_requested) VALUES (7, 3, 'sarge', 'Sarge', 'Sarge is the FROZEN unstable version of Debian GNU/Linux.', '3.1', 3, NULL, 6, 5, NULL, 'Sarge is the FROZEN unstable version of Debian GNU/Linux.', 'Sarge', NULL, 0, NULL, NULL, 0, 0, 6, '2006-10-16 18:31:43.486972', false, false, NULL, NULL, NULL, false);
INSERT INTO distroseries (id, distribution, name, title, description, version, releasestatus, datereleased, parent_series, owner, lucilleconfig, summary, displayname, datelastlangpack, messagecount, nominatedarchindep, changeslist, binarycount, sourcecount, driver, date_created, hide_all_translations, defer_translation_imports, language_pack_base, language_pack_delta, language_pack_proposed, language_pack_full_export_requested) VALUES (8, 3, 'sid', 'Sid', 'Sid is the CRAZY unstable version of Debian GNU/Linux.', '3.2', 1, NULL, 6, 6, NULL, 'Sid is the CRAZY unstable version of Debian GNU/Linux.', 'Sid', NULL, 0, NULL, NULL, 0, 1, NULL, '2006-10-16 18:31:43.487779', false, false, NULL, NULL, NULL, false);
INSERT INTO distroseries (id, distribution, name, title, description, version, releasestatus, datereleased, parent_series, owner, lucilleconfig, summary, displayname, datelastlangpack, messagecount, nominatedarchindep, changeslist, binarycount, sourcecount, driver, date_created, hide_all_translations, defer_translation_imports, language_pack_base, language_pack_delta, language_pack_proposed, language_pack_full_export_requested) VALUES (9, 7, '2k5', 'Guada 2005', 'This release places extra emphasis on usability and installability. The installer is adapted from Ubuntu to assume your country, language, keyboard and time zone preference, thus ensuring that installs ask the minimum number of questions possible.', '2005', 2, NULL, 3, 4, NULL, 'Guada 2005 is a rapid-install version of
Ubuntu Hoary for the Andalucian marketplace.', 'Guada2005', NULL, 0, NULL, NULL, 0, 0, NULL, '2006-10-16 18:31:43.488598', false, false, NULL, NULL, NULL, false);
INSERT INTO distroseries (id, distribution, name, title, description, version, releasestatus, datereleased, parent_series, owner, lucilleconfig, summary, displayname, datelastlangpack, messagecount, nominatedarchindep, changeslist, binarycount, sourcecount, driver, date_created, hide_all_translations, defer_translation_imports, language_pack_base, language_pack_delta, language_pack_proposed, language_pack_full_export_requested) VALUES (10, 1, 'breezy-autotest', 'Breezy Badger Autotest', 'Autotest version of Breezy', '6.6.6', 1, NULL, 3, 1, '[publishing]
components = main restricted universe multiverse
', 'Autosync uploader test', 'Breezy Badger Autotest', NULL, 0, 8, 'autotest_changes@ubuntu.com', 0, 0, NULL, '2006-10-16 18:31:43.489468', false, false, NULL, NULL, NULL, false);
INSERT INTO distroseries (id, distribution, name, title, description, version, releasestatus, datereleased, parent_series, owner, lucilleconfig, summary, displayname, datelastlangpack, messagecount, nominatedarchindep, changeslist, binarycount, sourcecount, driver, date_created, hide_all_translations, defer_translation_imports, language_pack_base, language_pack_delta, language_pack_proposed, language_pack_full_export_requested) VALUES (11, 8, 'breezy-autotest', 'Breezy Badger Autotest', 'Autotest version of Breezy', '6.6.6', 1, NULL, 1, 1, '[publishing]
components = main restricted universe multiverse
', 'Autosync uploader test', 'Breezy Badger Autotest', NULL, 0, NULL, NULL, 0, 0, NULL, '2006-10-16 18:31:43.490333', false, false, NULL, NULL, NULL, false);
INSERT INTO distroseries (id, distribution, name, title, description, version, releasestatus, datereleased, parent_series, owner, lucilleconfig, summary, displayname, datelastlangpack, messagecount, nominatedarchindep, changeslist, binarycount, sourcecount, driver, date_created, hide_all_translations, defer_translation_imports, language_pack_base, language_pack_delta, language_pack_proposed, language_pack_full_export_requested) VALUES (12, 5, 'krunch', 'The Krunchy Kangaroo', 'The archive split allows us to use different kernel settings for Kubuntu, as well as make other pervasive low-level fixes, and release on our own schedule.', '8.06', 1, NULL, 3, 1, NULL, 'This is the first experimental release of Kubuntu that uses a separate archive from the main Ubuntu release.', 'Krunch', NULL, 0, NULL, NULL, 0, 0, 33, '2006-10-16 18:31:43.491929', false, false, NULL, NULL, NULL, false);
INSERT INTO distroseries (id, distribution, name, title, description, version, releasestatus, datereleased, parent_series, owner, lucilleconfig, summary, displayname, datelastlangpack, messagecount, nominatedarchindep, changeslist, binarycount, sourcecount, driver, date_created, hide_all_translations, defer_translation_imports, language_pack_base, language_pack_delta, language_pack_proposed, language_pack_full_export_requested) VALUES (13, 8, 'hoary-test', 'Mock Hoary', 'nothing special', '9.9.9', 1, NULL, 1, 1, '[publishing]
components = main restricted universe multiverse
', 'summmmmmmary', 'Hoary Mock', NULL, 0, NULL, NULL, 0, 0, NULL, '2006-10-16 18:31:43.492845', false, false, NULL, NULL, NULL, false);


ALTER TABLE distroseries ENABLE TRIGGER ALL;


ALTER TABLE distroserieslanguage DISABLE TRIGGER ALL;

INSERT INTO distroserieslanguage (id, distroseries, language, currentcount, updatescount, rosettacount, contributorcount, dateupdated, unreviewed_count) VALUES (1, 3, 68, 62, 0, 0, 1, '2007-01-15 17:58:40.839938', 0);
INSERT INTO distroserieslanguage (id, distroseries, language, currentcount, updatescount, rosettacount, contributorcount, dateupdated, unreviewed_count) VALUES (2, 3, 196, 9, 0, 1, 2, '2007-01-15 17:58:41.198626', 0);
INSERT INTO distroserieslanguage (id, distroseries, language, currentcount, updatescount, rosettacount, contributorcount, dateupdated, unreviewed_count) VALUES (3, 3, 360, 63, 0, 0, 1, '2007-01-15 17:58:40.890389', 0);
INSERT INTO distroserieslanguage (id, distroseries, language, currentcount, updatescount, rosettacount, contributorcount, dateupdated, unreviewed_count) VALUES (4, 3, 193, 9, 0, 0, 1, '2007-01-15 17:58:41.164517', 0);
INSERT INTO distroserieslanguage (id, distroseries, language, currentcount, updatescount, rosettacount, contributorcount, dateupdated, unreviewed_count) VALUES (5, 3, 98, 65, 0, 0, 2, '2007-01-15 17:58:40.923097', 0);
INSERT INTO distroserieslanguage (id, distroseries, language, currentcount, updatescount, rosettacount, contributorcount, dateupdated, unreviewed_count) VALUES (6, 3, 241, 9, 0, 0, 1, '2007-01-15 17:58:41.235376', 0);
INSERT INTO distroserieslanguage (id, distroseries, language, currentcount, updatescount, rosettacount, contributorcount, dateupdated, unreviewed_count) VALUES (7, 3, 112, 9, 0, 0, 1, '2007-01-15 17:58:40.992446', 0);
INSERT INTO distroserieslanguage (id, distroseries, language, currentcount, updatescount, rosettacount, contributorcount, dateupdated, unreviewed_count) VALUES (8, 3, 143, 72, 0, 0, 2, '2007-01-15 17:58:41.129836', 0);
INSERT INTO distroserieslanguage (id, distroseries, language, currentcount, updatescount, rosettacount, contributorcount, dateupdated, unreviewed_count) VALUES (9, 3, 527, 49, 0, 0, 1, '2005-10-24 17:37:34.969591', 0);
INSERT INTO distroserieslanguage (id, distroseries, language, currentcount, updatescount, rosettacount, contributorcount, dateupdated, unreviewed_count) VALUES (10, 3, 454, 0, 0, 0, 0, '2007-01-15 17:58:41.406949', 0);
INSERT INTO distroserieslanguage (id, distroseries, language, currentcount, updatescount, rosettacount, contributorcount, dateupdated, unreviewed_count) VALUES (11, 3, 148, 3, 0, 0, 1, '2007-01-15 17:58:41.095497', 0);
INSERT INTO distroserieslanguage (id, distroseries, language, currentcount, updatescount, rosettacount, contributorcount, dateupdated, unreviewed_count) VALUES (12, 3, 302, 63, 0, 0, 1, '2007-01-15 17:58:41.269372', 0);
INSERT INTO distroserieslanguage (id, distroseries, language, currentcount, updatescount, rosettacount, contributorcount, dateupdated, unreviewed_count) VALUES (13, 3, 387, 66, 1, 2, 7, '2007-01-15 17:58:41.335782', 1);
INSERT INTO distroserieslanguage (id, distroseries, language, currentcount, updatescount, rosettacount, contributorcount, dateupdated, unreviewed_count) VALUES (14, 3, 427, 6, 0, 0, 1, '2007-01-15 17:58:41.373856', 0);
INSERT INTO distroserieslanguage (id, distroseries, language, currentcount, updatescount, rosettacount, contributorcount, dateupdated, unreviewed_count) VALUES (15, 3, 129, 9, 0, 0, 1, '2007-01-15 17:58:41.028301', 0);
INSERT INTO distroserieslanguage (id, distroseries, language, currentcount, updatescount, rosettacount, contributorcount, dateupdated, unreviewed_count) VALUES (16, 3, 502, 0, 0, 0, 0, '2005-10-24 17:37:35.182173', 0);
INSERT INTO distroserieslanguage (id, distroseries, language, currentcount, updatescount, rosettacount, contributorcount, dateupdated, unreviewed_count) VALUES (17, 3, 132, 66, 0, 0, 2, '2007-01-15 17:58:41.060738', 0);
INSERT INTO distroserieslanguage (id, distroseries, language, currentcount, updatescount, rosettacount, contributorcount, dateupdated, unreviewed_count) VALUES (18, 3, 521, 9, 0, 0, 1, '2007-01-15 17:58:41.301627', 0);
INSERT INTO distroserieslanguage (id, distroseries, language, currentcount, updatescount, rosettacount, contributorcount, dateupdated, unreviewed_count) VALUES (19, 3, 100, 9, 0, 0, 1, '2007-01-15 17:58:40.959409', 0);


ALTER TABLE distroserieslanguage ENABLE TRIGGER ALL;


ALTER TABLE distroseriespackagecache DISABLE TRIGGER ALL;

INSERT INTO distroseriespackagecache (id, distroseries, binarypackagename, name, summary, description, summaries, descriptions, fti, archive) VALUES (1, 3, 13, 'pmount', 'pmount shortdesc', 'pmount description', 'pmount shortdesc', 'pmount description', NULL, 1);
INSERT INTO distroseriespackagecache (id, distroseries, binarypackagename, name, summary, description, summaries, descriptions, fti, archive) VALUES (2, 1, 8, 'mozilla-firefox', 'Mozilla Firefox Web Browser', 'Mozilla Firefox Web Browser is .....', 'Mozilla Firefox Web Browser', 'Mozilla Firefox Web Browser is .....', NULL, 1);
INSERT INTO distroseriespackagecache (id, distroseries, binarypackagename, name, summary, description, summaries, descriptions, fti, archive) VALUES (5, 1, 13, 'pmount', 'pmount shortdesc', 'pmount description', 'pmount shortdesc', 'pmount description', NULL, 1);
INSERT INTO distroseriespackagecache (id, distroseries, binarypackagename, name, summary, description, summaries, descriptions, fti, archive) VALUES (6, 1, 14, 'linux-2.6.12', 'the kernel of boom', 'this kernel is like the crystal method: a temple of boom', 'the kernel of boom', 'this kernel is like the crystal method: a temple of boom', NULL, 1);
INSERT INTO distroseriespackagecache (id, distroseries, binarypackagename, name, summary, description, summaries, descriptions, fti, archive) VALUES (7, 1, 15, 'at', 'at the mountains of madness', 'lovecraft long before enunciated that the mountains were not safe, but you did not believe him', 'at the mountains of madness', 'lovecraft long before enunciated that the mountains were not safe, but you did not believe him', NULL, 1);
INSERT INTO distroseriespackagecache (id, distroseries, binarypackagename, name, summary, description, summaries, descriptions, fti, archive) VALUES (8, 1, 6, 'foobar', 'foobar is bad', 'foobar should be removed', 'foobar is bad', 'foobar should be removed', NULL, 1);


ALTER TABLE distroseriespackagecache ENABLE TRIGGER ALL;


ALTER TABLE emailaddress DISABLE TRIGGER ALL;

INSERT INTO emailaddress (id, email, person, status, date_created, account) VALUES (1, 'mark@example.com', 1, 4, '2006-10-16 18:31:43.540582', 1);
INSERT INTO emailaddress (id, email, person, status, date_created, account) VALUES (2, 'robertc@robertcollins.net', 2, 4, '2006-10-16 18:31:43.542552', 2);
INSERT INTO emailaddress (id, email, person, status, date_created, account) VALUES (3, 'carlos@canonical.com', 13, 4, '2006-10-16 18:31:43.542954', 13);
INSERT INTO emailaddress (id, email, person, status, date_created, account) VALUES (4, 'daf@canonical.com', 14, 4, '2006-10-16 18:31:43.543302', 14);
INSERT INTO emailaddress (id, email, person, status, date_created, account) VALUES (6, 'foo.bar@canonical.com', 16, 4, '2006-10-16 18:31:43.543649', 16);
INSERT INTO emailaddress (id, email, person, status, date_created, account) VALUES (7, 'steve.alexander@ubuntulinux.com', 11, 4, '2006-10-16 18:31:43.543996', 11);
INSERT INTO emailaddress (id, email, person, status, date_created, account) VALUES (8, 'colin.watson@ubuntulinux.com', 4, 4, '2006-10-16 18:31:43.544344', 4);
INSERT INTO emailaddress (id, email, person, status, date_created, account) VALUES (9, 'scott.james.remnant@ubuntulinux.com', 5, 1, '2006-10-16 18:31:43.544693', 5);
INSERT INTO emailaddress (id, email, person, status, date_created, account) VALUES (10, 'andrew.bennetts@ubuntulinux.com', 7, 4, '2006-10-16 18:31:43.54507', 7);
INSERT INTO emailaddress (id, email, person, status, date_created, account) VALUES (11, 'james.blackwell@ubuntulinux.com', 8, 4, '2006-10-16 18:31:43.54542', 8);
INSERT INTO emailaddress (id, email, person, status, date_created, account) VALUES (12, 'christian.reis@ubuntulinux.com', 9, 4, '2006-10-16 18:31:43.54577', 9);
INSERT INTO emailaddress (id, email, person, status, date_created, account) VALUES (13, 'jeff.waugh@ubuntulinux.com', 6, 4, '2006-10-16 18:31:43.54612', 6);
INSERT INTO emailaddress (id, email, person, status, date_created, account) VALUES (14, 'dave.miller@ubuntulinux.com', 3, 4, '2006-10-16 18:31:43.546658', 3);
INSERT INTO emailaddress (id, email, person, status, date_created, account) VALUES (15, 'justdave@bugzilla.org', 3, 1, '2006-10-16 18:31:43.547068', 3);
INSERT INTO emailaddress (id, email, person, status, date_created, account) VALUES (16, 'test@canonical.com', 12, 4, '2006-10-16 18:31:43.547451', 12);
INSERT INTO emailaddress (id, email, person, status, date_created, account) VALUES (17, 'testtest@canonical.com', 12, 1, '2006-10-16 18:31:43.547829', 12);
INSERT INTO emailaddress (id, email, person, status, date_created, account) VALUES (18, 'testtesttest@canonical.com', 12, 3, '2006-10-16 18:31:43.54821', 12);
INSERT INTO emailaddress (id, email, person, status, date_created, account) VALUES (19, 'testing@canonical.com', 12, 2, '2006-10-16 18:31:43.548591', 12);
INSERT INTO emailaddress (id, email, person, status, date_created, account) VALUES (20, 'stuart.bishop@canonical.com', 22, 4, '2006-10-16 18:31:43.548972', 22);
INSERT INTO emailaddress (id, email, person, status, date_created, account) VALUES (21, 'david.allouche@canonical.com', 23, 4, '2006-10-16 18:31:43.549353', 23);
INSERT INTO emailaddress (id, email, person, status, date_created, account) VALUES (22, 'david@canonical.com', 23, 2, '2006-10-16 18:31:43.549732', 23);
INSERT INTO emailaddress (id, email, person, status, date_created, account) VALUES (23, 'daniel.debonzi@canonical.com', 27, 4, '2006-10-16 18:31:43.550113', 27);
INSERT INTO emailaddress (id, email, person, status, date_created, account) VALUES (24, 'celso.providelo@canonical.com', 28, 4, '2006-10-16 18:31:43.608939', 28);
INSERT INTO emailaddress (id, email, person, status, date_created, account) VALUES (25, 'guilherme.salgado@canonical.com', 29, 4, '2006-10-16 18:31:43.609431', 29);
INSERT INTO emailaddress (id, email, person, status, date_created, account) VALUES (26, 'edgar@monteparadiso.hr', 33, 4, '2006-10-16 18:31:43.609819', 33);
INSERT INTO emailaddress (id, email, person, status, date_created, account) VALUES (27, 'jvprat@wanadoo.es', 34, 1, '2006-10-16 18:31:43.610202', 34);
INSERT INTO emailaddress (id, email, person, status, date_created, account) VALUES (28, 'sigurd-ubuntu@brogar.org', 35, 1, '2006-10-16 18:31:43.6147', 35);
INSERT INTO emailaddress (id, email, person, status, date_created, account) VALUES (29, 'skacel@svtech.cz', 36, 1, '2006-10-16 18:31:43.615107', 36);
INSERT INTO emailaddress (id, email, person, status, date_created, account) VALUES (30, 'danner@mixmail.com', 37, 1, '2006-10-16 18:31:43.61549', 37);
INSERT INTO emailaddress (id, email, person, status, date_created, account) VALUES (31, 'martin.pitt@canonical.com', 38, 1, '2006-10-16 18:31:43.615874', 38);
INSERT INTO emailaddress (id, email, person, status, date_created, account) VALUES (32, 'nsv@fr.st', 39, 1, '2006-10-16 18:31:43.616257', 39);
INSERT INTO emailaddress (id, email, person, status, date_created, account) VALUES (33, 'callipeo@libero.it', 40, 1, '2006-10-16 18:31:43.616673', 40);
INSERT INTO emailaddress (id, email, person, status, date_created, account) VALUES (34, 'jorge.gonzalez.gonzalez@hispalinux.es', 41, 1, '2006-10-16 18:31:43.617057', 41);
INSERT INTO emailaddress (id, email, person, status, date_created, account) VALUES (35, 'barbier@linuxfr.org', 42, 1, '2006-10-16 18:31:43.617465', 42);
INSERT INTO emailaddress (id, email, person, status, date_created, account) VALUES (36, 'andrelop@debian.org', 43, 1, '2006-10-16 18:31:43.61785', 43);
INSERT INTO emailaddress (id, email, person, status, date_created, account) VALUES (37, 'valyag@dat.etsit.upm.es', 44, 1, '2006-10-16 18:31:43.618232', 44);
INSERT INTO emailaddress (id, email, person, status, date_created, account) VALUES (38, 'luk.claes@ugent.be', 45, 1, '2006-10-16 18:31:43.618658', 45);
INSERT INTO emailaddress (id, email, person, status, date_created, account) VALUES (39, 'kurem@debian.cz', 46, 4, '2006-10-16 18:31:43.619039', 46);
INSERT INTO emailaddress (id, email, person, status, date_created, account) VALUES (40, 'morten@wtf.dk', 47, 1, '2006-10-16 18:31:43.619421', 47);
INSERT INTO emailaddress (id, email, person, status, date_created, account) VALUES (41, 'mpo@iki.fi', 48, 1, '2006-10-16 18:31:43.619815', 48);
INSERT INTO emailaddress (id, email, person, status, date_created, account) VALUES (42, 'kebil@kaunas.init.lt', 49, 1, '2006-10-16 18:31:43.620196', 49);
INSERT INTO emailaddress (id, email, person, status, date_created, account) VALUES (43, 'tsukimi@quaqua.net', 50, 4, '2006-10-16 18:31:43.620578', 50);
INSERT INTO emailaddress (id, email, person, status, date_created, account) VALUES (44, 'kreutzm@itp.uni-hannover.de', 51, 4, '2006-10-16 18:31:43.620959', 51);
INSERT INTO emailaddress (id, email, person, status, date_created, account) VALUES (45, 'support@ubuntu.com', 17, 4, '2006-10-16 18:31:43.621341', NULL);
INSERT INTO emailaddress (id, email, person, status, date_created, account) VALUES (46, 'no-priv@canonical.com', 52, 4, '2006-10-16 18:31:43.621725', 52);
INSERT INTO emailaddress (id, email, person, status, date_created, account) VALUES (47, 'stuart@stuartbishop.net', 22, 2, '2006-10-16 18:31:43.622107', 22);
INSERT INTO emailaddress (id, email, person, status, date_created, account) VALUES (48, 'zen@shangri-la.dropbear.id.au', 22, 3, '2006-10-16 18:31:43.6241', 22);
INSERT INTO emailaddress (id, email, person, status, date_created, account) VALUES (49, 'stub@fastmail.fm', 22, 1, '2006-10-16 18:31:43.6245', 22);
INSERT INTO emailaddress (id, email, person, status, date_created, account) VALUES (50, 'marilize@hbd.com', 55, 4, '2006-10-16 18:31:43.624885', 55);
INSERT INTO emailaddress (id, email, person, status, date_created, account) VALUES (51, 'jordi@ubuntu.com', 56, 4, '2006-10-16 18:31:43.625266', 56);
INSERT INTO emailaddress (id, email, person, status, date_created, account) VALUES (52, 'daniel.silverstone@canonical.com', 26, 4, '2006-10-16 18:31:43.625647', 26);
INSERT INTO emailaddress (id, email, person, status, date_created, account) VALUES (53, 'bug-importer@launchpad.net', 58, 4, '2006-10-16 18:31:43.62603', 58);
INSERT INTO emailaddress (id, email, person, status, date_created, account) VALUES (54, 'rosetta@launchpad.net', 30, 4, '2006-10-16 18:31:43.626521', NULL);
INSERT INTO emailaddress (id, email, person, status, date_created, account) VALUES (55, 'salgado@ubuntu.com', 29, 1, '2006-10-16 18:31:43.626932', 29);
INSERT INTO emailaddress (id, email, person, status, date_created, account) VALUES (56, 'cprov@ubuntu.com', 28, 2, '2006-10-16 18:31:43.627318', 28);
INSERT INTO emailaddress (id, email, person, status, date_created, account) VALUES (57, 'bugwatch@bugs.launchpad.net', 62, 1, '2006-10-16 18:31:43.62774', 62);
INSERT INTO emailaddress (id, email, person, status, date_created, account) VALUES (58, 'karl@canonical.com', 63, 4, '2006-10-16 18:31:43.628123', 63);
INSERT INTO emailaddress (id, email, person, status, date_created, account) VALUES (59, 'limi@plone.org', 10, 4, '2006-10-16 18:31:43.628504', 10);
INSERT INTO emailaddress (id, email, person, status, date_created, account) VALUES (60, 'janitor@launchpad.net', 65, 4, '2006-10-17 23:23:23.232323', 65);
INSERT INTO emailaddress (id, email, person, status, date_created, account) VALUES (61, 'matsubara@async.com.br', 66, 1, '2006-12-13 21:19:06.369142', 66);
INSERT INTO emailaddress (id, email, person, status, date_created, account) VALUES (62, 'no-team-memberships@test.com', 243602, 4, '2007-02-19 11:17:57.755666', 243602);
INSERT INTO emailaddress (id, email, person, status, date_created, account) VALUES (63, 'one-membership@test.com', 243603, 4, '2007-02-21 10:53:59.700105', 243603);
INSERT INTO emailaddress (id, email, person, status, date_created, account) VALUES (64, 'beta-admin@launchpad.net', 68, 4, '2007-01-31 06:56:25.096519', 68);
INSERT INTO emailaddress (id, email, person, status, date_created, account) VALUES (66, 'launchpad@julian-edwards.com', 243606, 1, '2007-08-09 21:25:37.832976', 243606);
INSERT INTO emailaddress (id, email, person, status, date_created, account) VALUES (67, 'doc@lists.ubuntu.com', 243608, 1, '2007-11-12 15:23:19.847132', 243608);
INSERT INTO emailaddress (id, email, person, status, date_created, account) VALUES (68, 'carlos@test.com', 13, 2, '2006-10-16 18:31:43.548591', 13);
INSERT INTO emailaddress (id, email, person, status, date_created, account) VALUES (69, 'archive@ubuntu.com', 243609, 4, '2007-12-07 13:43:20.393704', 243609);
INSERT INTO emailaddress (id, email, person, status, date_created, account) VALUES (70, 'member@canonical.com', 243610, 4, '2007-12-14 16:52:15.403833', 243610);
INSERT INTO emailaddress (id, email, person, status, date_created, account) VALUES (71, 'owner@canonical.com', 243611, 4, '2007-12-14 16:52:15.403833', 243611);
INSERT INTO emailaddress (id, email, person, status, date_created, account) VALUES (72, 'jbuhl_nospam@gmx.de', 243614, 1, '2007-12-18 16:31:34.790641', 243614);
INSERT INTO emailaddress (id, email, person, status, date_created, account) VALUES (73, 'sjoerd@spring.luon.net', 243615, 1, '2007-12-18 16:31:34.790641', 243615);
INSERT INTO emailaddress (id, email, person, status, date_created, account) VALUES (74, 'mpitt@debian.org', 243616, 1, '2007-12-18 16:31:34.790641', 243616);
INSERT INTO emailaddress (id, email, person, status, date_created, account) VALUES (75, 'tim@canonical.com', 243617, 4, '2008-03-06 09:55:27.289842', 243617);
INSERT INTO emailaddress (id, email, person, status, date_created, account) VALUES (76, 'commercial-member@canonical.com', 243622, 4, '2008-05-12 17:38:38.798696', 243622);
INSERT INTO emailaddress (id, email, person, status, date_created, account) VALUES (77, 'former-user@canonical.com', 70, 3, '2006-05-12 17:38:38.798696', 70);
INSERT INTO emailaddress (id, email, person, status, date_created, account) VALUES (78, 'bac@canonical.com', 243623, 4, '2008-06-27 14:49:11.149508', 243623);
INSERT INTO emailaddress (id, email, person, status, date_created, account) VALUES (79, 'admin@canonical.com', 16, 2, '2008-08-05 12:01:32.086327', 16);
INSERT INTO emailaddress (id, email, person, status, date_created, account) VALUES (80, 'ubuntu-branches-owner@example.com', 243627, 4, '2009-03-17 07:28:15.948042', 243625);
INSERT INTO emailaddress (id, email, person, status, date_created, account) VALUES (81, 'guadamen@lists.launchpad.dev', 32, 4, '2009-06-24 00:34:34.490304', NULL);
INSERT INTO emailaddress (id, email, person, status, date_created, account) VALUES (82, 'techboard-owner@example.com', 243631, 4, '2009-08-04 10:49:59.788665', 243626);
INSERT INTO emailaddress (id, email, person, status, date_created, account) VALUES (83, 'translations-deity@example.com', 243633, 4, '2009-08-24 13:10:40.725354', 243627);
INSERT INTO emailaddress (id, email, person, status, date_created, account) VALUES (84, 'srba@example.com', 243634, 4, '2009-08-24 14:09:47.90688', 243628);
INSERT INTO emailaddress (id, email, person, status, date_created, account) VALUES (85, 'joao@example.com', 243635, 4, '2009-08-24 14:09:47.985931', 243629);
INSERT INTO emailaddress (id, email, person, status, date_created, account) VALUES (86, 'jurgen@example.com', 243636, 4, '2009-08-24 14:09:48.020245', 243630);
INSERT INTO emailaddress (id, email, person, status, date_created, account) VALUES (87, 'dolores@example.com', 243637, 4, '2009-08-24 14:09:48.055449', 243631);
INSERT INTO emailaddress (id, email, person, status, date_created, account) VALUES (88, 'ivan@example.com', 243643, 4, '2009-08-24 14:18:51.939952', 243632);
INSERT INTO emailaddress (id, email, person, status, date_created, account) VALUES (89, 'juanita@example.com', 243646, 4, '2009-08-24 14:19:05.515651', 243633);
INSERT INTO emailaddress (id, email, person, status, date_created, account) VALUES (90, 'epiphany-maintainer@example.com', 243648, 4, '2009-08-24 14:36:04.670944', 243634);
INSERT INTO emailaddress (id, email, person, status, date_created, account) VALUES (91, 'intltool-maintainer@example.com', 243649, 4, '2009-08-24 14:39:04.682972', 243635);
INSERT INTO emailaddress (id, email, person, status, date_created, account) VALUES (92, 'lies@example.com', 243650, 4, '2009-08-24 14:41:04.403504', 243636);
INSERT INTO emailaddress (id, email, person, status, date_created, account) VALUES (93, 'software-center-agent@example.com', 243651, 4, '2010-07-12 09:48:27.198885', 243637);


ALTER TABLE emailaddress ENABLE TRIGGER ALL;


ALTER TABLE entitlement DISABLE TRIGGER ALL;

INSERT INTO entitlement (id, person, entitlement_type, quota, amount_used, date_starts, date_expires, registrant, date_created, approved_by, date_approved, state, whiteboard, is_dirty, distribution, product, project) VALUES (1, 17, 10, 100, 0, '2007-06-11 12:00:00', '2008-06-11 12:00:00', NULL, '2007-06-10 12:00:00', NULL, NULL, 30, NULL, true, NULL, NULL, NULL);
INSERT INTO entitlement (id, person, entitlement_type, quota, amount_used, date_starts, date_expires, registrant, date_created, approved_by, date_approved, state, whiteboard, is_dirty, distribution, product, project) VALUES (2, 17, 20, 200, 0, '2007-06-11 12:00:00', '2008-06-11 12:00:00', NULL, '2007-06-10 12:00:00', NULL, NULL, 30, NULL, true, NULL, NULL, NULL);
INSERT INTO entitlement (id, person, entitlement_type, quota, amount_used, date_starts, date_expires, registrant, date_created, approved_by, date_approved, state, whiteboard, is_dirty, distribution, product, project) VALUES (4, 18, 10, 5, 0, '2007-06-11 12:00:00', '2007-06-11 00:00:00', NULL, '2007-06-11 00:44:19.267601', NULL, NULL, 30, NULL, true, NULL, NULL, NULL);
INSERT INTO entitlement (id, person, entitlement_type, quota, amount_used, date_starts, date_expires, registrant, date_created, approved_by, date_approved, state, whiteboard, is_dirty, distribution, product, project) VALUES (5, 18, 10, 3, 0, '2007-06-11 12:00:00', '2007-06-11 00:00:00', NULL, '2007-06-11 01:02:48.538842', NULL, NULL, 30, NULL, true, NULL, NULL, NULL);


ALTER TABLE entitlement ENABLE TRIGGER ALL;


ALTER TABLE faq DISABLE TRIGGER ALL;

INSERT INTO faq (id, title, tags, content, product, distribution, owner, date_created, last_updated_by, date_last_updated, fti) VALUES (1, 'Wireless Networking Documentation', 'wifi', 'Installation instructions for many wireless cards can be found at:

https://help.ubuntu.com/community/WifiDocs', NULL, 1, 16, '2007-07-03 21:13:24.061479', NULL, NULL, NULL);
INSERT INTO faq (id, title, tags, content, product, distribution, owner, date_created, last_updated_by, date_last_updated, fti) VALUES (2, 'Dial-up Modem Networking Configuration', 'networking dial-up modem', 'Instructions on how to configure networking with a dial-up modem can be found at:

https://help.ubuntu.com/community/DialupModemHowto

This include explanations on how to install drivers for many common "soft-modems".', NULL, 1, 16, '2007-07-03 21:18:35.586123', NULL, NULL, NULL);
INSERT INTO faq (id, title, tags, content, product, distribution, owner, date_created, last_updated_by, date_last_updated, fti) VALUES (3, 'How to obtain a fixed hostname with a dynamic IP', 'networking dns', 'The following document explains how to obtain a hostname that will work with the dynamic addresses that most providers give to their users:

https://help.ubuntu.com/community/DynamicDNS

', NULL, 1, 16, '2007-07-03 21:28:59.461247', NULL, NULL, NULL);
INSERT INTO faq (id, title, tags, content, product, distribution, owner, date_created, last_updated_by, date_last_updated, fti) VALUES (4, 'How can I make VOIP calls?', 'sip phone', 'Ekiga is the standard Ubuntu application to make Voice-over-IP calls. 

A document explaining how to configure and use it is available at:
https://help.ubuntu.com/community/Ekiga', NULL, 1, 12, '2007-07-03 21:33:49.087585', NULL, NULL, NULL);
INSERT INTO faq (id, title, tags, content, product, distribution, owner, date_created, last_updated_by, date_last_updated, fti) VALUES (5, 'How can I customize my desktop?', NULL, 'Instructions on how to customize your desktop environment can be found at:
https://help.ubuntu.com/7.04/user-guide/C/prefs-look-and-feel.html

This explain how to change:
- the desktop background image (aka wallpaper);
- the default font;
- the appearance of windows;
- the screensaver;
- and a lot of other items also.', NULL, 1, 12, '2007-07-03 21:37:51.922609', NULL, NULL, NULL);
INSERT INTO faq (id, title, tags, content, product, distribution, owner, date_created, last_updated_by, date_last_updated, fti) VALUES (6, 'How can I play MP3/Divx/DVDs/Quicktime/Realmedia files or view Flash/Java web pages', NULL, 'Playing many common formats such as DVIX, MP3, DVD, or Flash animations require the installation of plugins.

See https://help.ubuntu.com/community/RestrictedFormats for all the details.', NULL, 1, 16, '2007-07-03 21:43:57.613622', NULL, NULL, NULL);
INSERT INTO faq (id, title, tags, content, product, distribution, owner, date_created, last_updated_by, date_last_updated, fti) VALUES (7, 'How do I install Java?', NULL, 'Windows

On Windows, Firefox can be used with Sun''s Java Runtime Environment (JRE) 1.4 and above. It is possible to install the latest version from within Firefox, using XPInstall technology: http://www.java.com/en/download/

Linux

Firefox is compiled with gcc 3.2.3, so a compatible version of the Java plugin must be used. On Linux, Firefox requires JRE 1.4.2 or later (http://java.sun.com/j2se/1.4.2/download.html).

If you are using an older Linux distribution, you may need to install the gcc3 support libraries, as the gcc 3.2 version of the Java plugin requires libgcc_s.so.1 to operate. You may be able to find packages using Google.

If you are using an old or unofficial build of Firefox, you can check which compiler was used by entering about:buildconfig in the location bar and pressing enter. You will see a line such as gcc version 3.3 20030226 (prerelease) (SuSE Linux), which will show the compiler that was used. If gcc2.9x was used, you need to use the ns610 plugin, not the ns610-gcc32 plugin.

Mac OS X

Java software can be downloaded directly from Apple (http://www.apple.com/java/).
', 4, NULL, 12, '2007-07-03 21:58:34.782395', NULL, NULL, NULL);
INSERT INTO faq (id, title, tags, content, product, distribution, owner, date_created, last_updated_by, date_last_updated, fti) VALUES (8, 'How do I install Extensions?', NULL, 'You can find various extensions  at http://addons.mozilla.org.

When you see a link on a website to download or install an extension, simply click on that link. If you get prompted to save a XPI file, save it, and use File > Open File..., to open the file in Firefox.

You can also open the Add-ons window (Tools > Add-ons), and drag the link or file to the Add-ons window.', 4, NULL, 12, '2007-07-03 22:01:00.585767', NULL, NULL, NULL);
INSERT INTO faq (id, title, tags, content, product, distribution, owner, date_created, last_updated_by, date_last_updated, fti) VALUES (9, 'How do I troubleshoot problems with extensions/themes?', NULL, 'Poorly designed or incompatible Extensions can cause problems with your browser, including make it crash, slow down page display, etc. If you encounter strange problems relating to parts of the browser no longer working, the browser not starting, windows with strange or distorted appearance, degraded performance, etc, you may be suffering from Extension or Theme trouble. Restart the browser in Safe Mode. On Windows, start using the "Safe Mode" shortcut created in your Start menu or by running firefox.exe -safe-mode. On Linux, start with ./firefox -safe-mode and on Mac OS X, run:

    cd /Applications/Firefox.app/Contents/MacOS/
    ./firefox-bin -safe-mode

When started in Safe Mode all extensions are disabled and the Default theme is used. Disable the Extension/Theme that is causing trouble and then start normally.
', 4, NULL, 12, '2007-07-03 22:02:39.407123', NULL, NULL, NULL);
INSERT INTO faq (id, title, tags, content, product, distribution, owner, date_created, last_updated_by, date_last_updated, fti) VALUES (10, 'How do I install plugins (Shockwave, QuickTime, etc.)?', NULL, 'PluginDoc (http://plugindoc.mozdev.org/faqs/) lists common plugins (such as RealPlayer, QuickTime, Flash, Java, etc.) and how to install them in Firefox.', 4, NULL, 16, '2007-07-03 22:05:36.648951', NULL, NULL, NULL);
INSERT INTO faq (id, title, tags, content, product, distribution, owner, date_created, last_updated_by, date_last_updated, fti) VALUES (11, 'What''s the keyboard shortcut for [random feature]?', NULL, 'See the Keyboard Shortcuts table available at http://www.mozilla.org/support/firefox/keyboard  for a list of the most common keyboard shortcuts.', 4, NULL, 12, '2007-07-07 16:03:54.231152', NULL, NULL, NULL);


ALTER TABLE faq ENABLE TRIGGER ALL;


ALTER TABLE featuredproject DISABLE TRIGGER ALL;

INSERT INTO featuredproject (id, pillar_name) VALUES (1, 1);
INSERT INTO featuredproject (id, pillar_name) VALUES (2, 4);
INSERT INTO featuredproject (id, pillar_name) VALUES (3, 11);
INSERT INTO featuredproject (id, pillar_name) VALUES (4, 27);
INSERT INTO featuredproject (id, pillar_name) VALUES (5, 15);
INSERT INTO featuredproject (id, pillar_name) VALUES (6, 28);
INSERT INTO featuredproject (id, pillar_name) VALUES (7, 13);
INSERT INTO featuredproject (id, pillar_name) VALUES (8, 16);
INSERT INTO featuredproject (id, pillar_name) VALUES (9, 21);


ALTER TABLE featuredproject ENABLE TRIGGER ALL;


ALTER TABLE featureflag DISABLE TRIGGER ALL;



ALTER TABLE featureflag ENABLE TRIGGER ALL;


ALTER TABLE flatpackagesetinclusion DISABLE TRIGGER ALL;



ALTER TABLE flatpackagesetinclusion ENABLE TRIGGER ALL;







ALTER TABLE gpgkey DISABLE TRIGGER ALL;

INSERT INTO gpgkey (id, owner, keyid, fingerprint, active, algorithm, keysize, can_encrypt, date_created) VALUES (1, 16, '12345678', 'ABCDEF0123456789ABCDDCBA0000111112345678', true, 17, 1024, true, '2006-10-16 18:31:43.631499');


ALTER TABLE gpgkey ENABLE TRIGGER ALL;


ALTER TABLE hwdevice DISABLE TRIGGER ALL;

INSERT INTO hwdevice (id, bus_vendor_id, bus_product_id, variant, name, submissions) VALUES (1, 1, 'MS-7369', NULL, 'MS-7369', 0);
INSERT INTO hwdevice (id, bus_vendor_id, bus_product_id, variant, name, submissions) VALUES (2, 2, '0x0455', NULL, 'MCP65 USB Controller', 0);
INSERT INTO hwdevice (id, bus_vendor_id, bus_product_id, variant, name, submissions) VALUES (3, 3, '0x6560', NULL, 'CY7C65640 USB-2.0 "TetraHub"', 0);
INSERT INTO hwdevice (id, bus_vendor_id, bus_product_id, variant, name, submissions) VALUES (4, 4, '0x2026', NULL, 'USB2.0 Card Reader', 0);
INSERT INTO hwdevice (id, bus_vendor_id, bus_product_id, variant, name, submissions) VALUES (5, 2, '0x045d', NULL, 'MCP65 SATA Controller', 0);
INSERT INTO hwdevice (id, bus_vendor_id, bus_product_id, variant, name, submissions) VALUES (6, 5, 'DVD RW AD-7170S ', NULL, 'DVD RW AD-7170S', 0);
INSERT INTO hwdevice (id, bus_vendor_id, bus_product_id, variant, name, submissions) VALUES (7, 6, 'ST3250820NS     ', NULL, 'ST3250820NS', 0);


ALTER TABLE hwdevice ENABLE TRIGGER ALL;


ALTER TABLE hwdeviceclass DISABLE TRIGGER ALL;



ALTER TABLE hwdeviceclass ENABLE TRIGGER ALL;


ALTER TABLE hwdevicedriverlink DISABLE TRIGGER ALL;

INSERT INTO hwdevicedriverlink (id, device, driver) VALUES (1, 1, NULL);
INSERT INTO hwdevicedriverlink (id, device, driver) VALUES (2, 2, NULL);
INSERT INTO hwdevicedriverlink (id, device, driver) VALUES (3, 2, 1);
INSERT INTO hwdevicedriverlink (id, device, driver) VALUES (4, 2, 2);
INSERT INTO hwdevicedriverlink (id, device, driver) VALUES (5, 3, NULL);
INSERT INTO hwdevicedriverlink (id, device, driver) VALUES (6, 3, 2);
INSERT INTO hwdevicedriverlink (id, device, driver) VALUES (7, 4, NULL);
INSERT INTO hwdevicedriverlink (id, device, driver) VALUES (8, 4, 2);
INSERT INTO hwdevicedriverlink (id, device, driver) VALUES (9, 4, 3);
INSERT INTO hwdevicedriverlink (id, device, driver) VALUES (10, 4, 4);
INSERT INTO hwdevicedriverlink (id, device, driver) VALUES (11, 3, 5);
INSERT INTO hwdevicedriverlink (id, device, driver) VALUES (12, 2, 5);
INSERT INTO hwdevicedriverlink (id, device, driver) VALUES (13, 5, NULL);
INSERT INTO hwdevicedriverlink (id, device, driver) VALUES (14, 5, 6);
INSERT INTO hwdevicedriverlink (id, device, driver) VALUES (15, 6, NULL);
INSERT INTO hwdevicedriverlink (id, device, driver) VALUES (16, 6, 7);
INSERT INTO hwdevicedriverlink (id, device, driver) VALUES (17, 7, NULL);
INSERT INTO hwdevicedriverlink (id, device, driver) VALUES (18, 7, 4);


ALTER TABLE hwdevicedriverlink ENABLE TRIGGER ALL;


ALTER TABLE hwdevicenamevariant DISABLE TRIGGER ALL;



ALTER TABLE hwdevicenamevariant ENABLE TRIGGER ALL;


ALTER TABLE hwdmihandle DISABLE TRIGGER ALL;



ALTER TABLE hwdmihandle ENABLE TRIGGER ALL;


ALTER TABLE hwdmivalue DISABLE TRIGGER ALL;



ALTER TABLE hwdmivalue ENABLE TRIGGER ALL;


ALTER TABLE hwdriver DISABLE TRIGGER ALL;

INSERT INTO hwdriver (id, package_name, name, license) VALUES (1, 'linux-image-2.6.24-19-generic', 'ehci_hcd', NULL);
INSERT INTO hwdriver (id, package_name, name, license) VALUES (2, 'linux-image-2.6.24-19-generic', 'usb', NULL);
INSERT INTO hwdriver (id, package_name, name, license) VALUES (3, 'linux-image-2.6.24-19-generic', 'usb-storage', NULL);
INSERT INTO hwdriver (id, package_name, name, license) VALUES (4, 'linux-image-2.6.24-19-generic', 'sd', NULL);
INSERT INTO hwdriver (id, package_name, name, license) VALUES (5, 'linux-image-2.6.24-19-generic', 'hub', NULL);
INSERT INTO hwdriver (id, package_name, name, license) VALUES (6, 'linux-image-2.6.24-19-generic', 'ahci', NULL);
INSERT INTO hwdriver (id, package_name, name, license) VALUES (7, 'linux-image-2.6.24-19-generic', 'sr', NULL);


ALTER TABLE hwdriver ENABLE TRIGGER ALL;


ALTER TABLE hwsubmission DISABLE TRIGGER ALL;

INSERT INTO hwsubmission (id, date_created, date_submitted, format, status, private, contactable, submission_key, owner, distroarchseries, raw_submission, system_fingerprint, raw_emailaddress) VALUES (1, '2007-09-11 00:00:00', '2007-09-11 15:23:45.653316', 1, 1, false, false, 'test_submission_id_1', 12, NULL, 63, 1, 'test@canonical.com');
INSERT INTO hwsubmission (id, date_created, date_submitted, format, status, private, contactable, submission_key, owner, distroarchseries, raw_submission, system_fingerprint, raw_emailaddress) VALUES (2, '2008-09-26 17:19:18', '2008-09-30 08:19:00.222131', 1, 2, false, false, 'sample-submission', 12, 6, 92, 2, 'test@canonical.com');


ALTER TABLE hwsubmission ENABLE TRIGGER ALL;


ALTER TABLE hwsubmissionbug DISABLE TRIGGER ALL;



ALTER TABLE hwsubmissionbug ENABLE TRIGGER ALL;


ALTER TABLE hwsubmissiondevice DISABLE TRIGGER ALL;

INSERT INTO hwsubmissiondevice (id, device_driver_link, submission, parent, hal_device_id) VALUES (1, 1, 2, NULL, 11);
INSERT INTO hwsubmissiondevice (id, device_driver_link, submission, parent, hal_device_id) VALUES (2, 2, 2, 1, 121);
INSERT INTO hwsubmissiondevice (id, device_driver_link, submission, parent, hal_device_id) VALUES (3, 3, 2, 2, 121);
INSERT INTO hwsubmissiondevice (id, device_driver_link, submission, parent, hal_device_id) VALUES (4, 4, 2, 3, 122);
INSERT INTO hwsubmissiondevice (id, device_driver_link, submission, parent, hal_device_id) VALUES (5, 5, 2, 4, 123);
INSERT INTO hwsubmissiondevice (id, device_driver_link, submission, parent, hal_device_id) VALUES (6, 6, 2, 5, 123);
INSERT INTO hwsubmissiondevice (id, device_driver_link, submission, parent, hal_device_id) VALUES (7, 7, 2, 6, 124);
INSERT INTO hwsubmissiondevice (id, device_driver_link, submission, parent, hal_device_id) VALUES (8, 8, 2, 7, 124);
INSERT INTO hwsubmissiondevice (id, device_driver_link, submission, parent, hal_device_id) VALUES (9, 9, 2, 8, 125);
INSERT INTO hwsubmissiondevice (id, device_driver_link, submission, parent, hal_device_id) VALUES (10, 10, 2, 9, 136);
INSERT INTO hwsubmissiondevice (id, device_driver_link, submission, parent, hal_device_id) VALUES (11, 10, 2, 9, 130);
INSERT INTO hwsubmissiondevice (id, device_driver_link, submission, parent, hal_device_id) VALUES (12, 10, 2, 9, 127);
INSERT INTO hwsubmissiondevice (id, device_driver_link, submission, parent, hal_device_id) VALUES (13, 10, 2, 9, 133);
INSERT INTO hwsubmissiondevice (id, device_driver_link, submission, parent, hal_device_id) VALUES (14, 11, 2, 6, 139);
INSERT INTO hwsubmissiondevice (id, device_driver_link, submission, parent, hal_device_id) VALUES (15, 12, 2, 4, 140);
INSERT INTO hwsubmissiondevice (id, device_driver_link, submission, parent, hal_device_id) VALUES (16, 13, 2, 1, 65);
INSERT INTO hwsubmissiondevice (id, device_driver_link, submission, parent, hal_device_id) VALUES (17, 14, 2, 16, 65);
INSERT INTO hwsubmissiondevice (id, device_driver_link, submission, parent, hal_device_id) VALUES (18, 15, 2, 17, 67);
INSERT INTO hwsubmissiondevice (id, device_driver_link, submission, parent, hal_device_id) VALUES (19, 16, 2, 18, 67);
INSERT INTO hwsubmissiondevice (id, device_driver_link, submission, parent, hal_device_id) VALUES (20, 17, 2, 17, 71);
INSERT INTO hwsubmissiondevice (id, device_driver_link, submission, parent, hal_device_id) VALUES (21, 18, 2, 20, 71);


ALTER TABLE hwsubmissiondevice ENABLE TRIGGER ALL;


ALTER TABLE hwsystemfingerprint DISABLE TRIGGER ALL;

INSERT INTO hwsystemfingerprint (id, fingerprint) VALUES (1, 'TONKA TUFFBOOK2600');
INSERT INTO hwsystemfingerprint (id, fingerprint) VALUES (2, 'MSI MS-7369');


ALTER TABLE hwsystemfingerprint ENABLE TRIGGER ALL;


ALTER TABLE hwtest DISABLE TRIGGER ALL;



ALTER TABLE hwtest ENABLE TRIGGER ALL;


ALTER TABLE hwtestanswer DISABLE TRIGGER ALL;



ALTER TABLE hwtestanswer ENABLE TRIGGER ALL;


ALTER TABLE hwtestanswerchoice DISABLE TRIGGER ALL;



ALTER TABLE hwtestanswerchoice ENABLE TRIGGER ALL;


ALTER TABLE hwtestanswercount DISABLE TRIGGER ALL;



ALTER TABLE hwtestanswercount ENABLE TRIGGER ALL;


ALTER TABLE hwtestanswercountdevice DISABLE TRIGGER ALL;



ALTER TABLE hwtestanswercountdevice ENABLE TRIGGER ALL;


ALTER TABLE hwtestanswerdevice DISABLE TRIGGER ALL;



ALTER TABLE hwtestanswerdevice ENABLE TRIGGER ALL;


ALTER TABLE hwvendorid DISABLE TRIGGER ALL;

INSERT INTO hwvendorid (id, bus, vendor_id_for_bus, vendor_name) VALUES (1, 0, 'MSI', 1);
INSERT INTO hwvendorid (id, bus, vendor_id_for_bus, vendor_name) VALUES (2, 1, '0x10de', 5);
INSERT INTO hwvendorid (id, bus, vendor_id_for_bus, vendor_name) VALUES (3, 2, '0x04b4', 6);
INSERT INTO hwvendorid (id, bus, vendor_id_for_bus, vendor_name) VALUES (4, 2, '0x0dda', 2);
INSERT INTO hwvendorid (id, bus, vendor_id_for_bus, vendor_name) VALUES (5, 7, 'Optiarc', 3);
INSERT INTO hwvendorid (id, bus, vendor_id_for_bus, vendor_name) VALUES (6, 7, 'SEAGATE', 4);


ALTER TABLE hwvendorid ENABLE TRIGGER ALL;


ALTER TABLE hwvendorname DISABLE TRIGGER ALL;

INSERT INTO hwvendorname (id, name) VALUES (1, 'MSI');
INSERT INTO hwvendorname (id, name) VALUES (2, 'Unknown');
INSERT INTO hwvendorname (id, name) VALUES (3, 'Optiarc');
INSERT INTO hwvendorname (id, name) VALUES (4, 'SEAGATE');
INSERT INTO hwvendorname (id, name) VALUES (5, 'nVidia Corporation');
INSERT INTO hwvendorname (id, name) VALUES (6, 'Cypress Semiconductor Corp.');


ALTER TABLE hwvendorname ENABLE TRIGGER ALL;


ALTER TABLE ircid DISABLE TRIGGER ALL;

INSERT INTO ircid (id, person, network, nickname) VALUES (1, 1, 'irc.freenode.net', 'mark');
INSERT INTO ircid (id, person, network, nickname) VALUES (2, 11, 'irc.freenode.net', 'SteveA');
INSERT INTO ircid (id, person, network, nickname) VALUES (3, 10, 'irc.freenode.net', 'limi');
INSERT INTO ircid (id, person, network, nickname) VALUES (4, 8, 'irc.freenode.net', 'jblack');
INSERT INTO ircid (id, person, network, nickname) VALUES (5, 3, 'irc.freenode.net', 'justdave');
INSERT INTO ircid (id, person, network, nickname) VALUES (6, 9, 'irc.freenode.net', 'kiko');
INSERT INTO ircid (id, person, network, nickname) VALUES (7, 4, 'irc.freenode.net', 'cjwatson');
INSERT INTO ircid (id, person, network, nickname) VALUES (8, 5, 'irc.freenode.net', 'Keybuk');
INSERT INTO ircid (id, person, network, nickname) VALUES (9, 6, 'irc.freenode.net', 'jeff');


ALTER TABLE ircid ENABLE TRIGGER ALL;


ALTER TABLE jabberid DISABLE TRIGGER ALL;

INSERT INTO jabberid (id, person, jabberid) VALUES (1, 1, 'markshuttleworth@jabber.org');
INSERT INTO jabberid (id, person, jabberid) VALUES (2, 11, 'stevea@jabber.org');
INSERT INTO jabberid (id, person, jabberid) VALUES (3, 10, 'limi@jabber.org');
INSERT INTO jabberid (id, person, jabberid) VALUES (4, 8, 'jblack@jabber.org');
INSERT INTO jabberid (id, person, jabberid) VALUES (5, 9, 'kiko@jabber.org');
INSERT INTO jabberid (id, person, jabberid) VALUES (6, 4, 'colin@jabber.org');
INSERT INTO jabberid (id, person, jabberid) VALUES (7, 5, 'scott@jabber.org');
INSERT INTO jabberid (id, person, jabberid) VALUES (8, 7, 'spiv@jabber.org');
INSERT INTO jabberid (id, person, jabberid) VALUES (9, 3, 'justdave@jabber.org');
INSERT INTO jabberid (id, person, jabberid) VALUES (10, 6, 'jeff@jabber.org');


ALTER TABLE jabberid ENABLE TRIGGER ALL;


ALTER TABLE job DISABLE TRIGGER ALL;

INSERT INTO job (id, requester, reason, status, progress, last_report_seen, next_report_due, attempt_count, max_retries, log, scheduled_start, lease_expires, date_created, date_started, date_finished) VALUES (1, NULL, NULL, 0, NULL, NULL, NULL, 0, 0, NULL, NULL, NULL, '2005-06-15 09:14:12.820778', '2005-06-15 09:20:12.820778', NULL);
INSERT INTO job (id, requester, reason, status, progress, last_report_seen, next_report_due, attempt_count, max_retries, log, scheduled_start, lease_expires, date_created, date_started, date_finished) VALUES (2, NULL, NULL, 0, NULL, NULL, NULL, 0, 0, NULL, NULL, NULL, '2005-06-15 10:14:12.820778', NULL, NULL);


ALTER TABLE job ENABLE TRIGGER ALL;


ALTER TABLE karma DISABLE TRIGGER ALL;

INSERT INTO karma (id, datecreated, person, action, product, distribution, sourcepackagename) VALUES (2, '2001-07-05 05:24:07.414864', 12, 2, NULL, 1, 9);
INSERT INTO karma (id, datecreated, person, action, product, distribution, sourcepackagename) VALUES (3, '2001-07-05 05:24:07.415443', 12, 3, NULL, 1, 14);
INSERT INTO karma (id, datecreated, person, action, product, distribution, sourcepackagename) VALUES (4, '2001-07-05 05:24:07.415915', 12, 4, 4, NULL, NULL);
INSERT INTO karma (id, datecreated, person, action, product, distribution, sourcepackagename) VALUES (5, '2001-07-05 05:24:07.416384', 12, 5, 4, NULL, NULL);
INSERT INTO karma (id, datecreated, person, action, product, distribution, sourcepackagename) VALUES (6, '2001-07-05 05:24:07.416837', 12, 6, 4, NULL, NULL);
INSERT INTO karma (id, datecreated, person, action, product, distribution, sourcepackagename) VALUES (7, '2001-07-05 05:24:07.41729', 12, 7, 4, NULL, NULL);
INSERT INTO karma (id, datecreated, person, action, product, distribution, sourcepackagename) VALUES (8, '2001-07-05 05:24:07.417756', 12, 8, 4, NULL, NULL);
INSERT INTO karma (id, datecreated, person, action, product, distribution, sourcepackagename) VALUES (9, '2001-07-05 05:24:07.418209', 12, 9, 4, NULL, NULL);
INSERT INTO karma (id, datecreated, person, action, product, distribution, sourcepackagename) VALUES (10, '2001-07-13 14:43:02.452716', 12, 9, NULL, 1, NULL);
INSERT INTO karma (id, datecreated, person, action, product, distribution, sourcepackagename) VALUES (11, '2001-08-03 12:04:50.669962', 16, 9, NULL, 1, 19);
INSERT INTO karma (id, datecreated, person, action, product, distribution, sourcepackagename) VALUES (12, '2001-08-04 01:15:48.241836', 16, 9, 5, NULL, NULL);
INSERT INTO karma (id, datecreated, person, action, product, distribution, sourcepackagename) VALUES (13, '2001-08-10 16:30:32.295049', 12, 9, 4, NULL, NULL);
INSERT INTO karma (id, datecreated, person, action, product, distribution, sourcepackagename) VALUES (14, '2001-08-10 16:30:47.448639', 12, 9, 4, NULL, NULL);
INSERT INTO karma (id, datecreated, person, action, product, distribution, sourcepackagename) VALUES (15, '2001-10-14 15:12:29.602117', 16, 1, NULL, 1, 1);
INSERT INTO karma (id, datecreated, person, action, product, distribution, sourcepackagename) VALUES (16, '2001-10-14 15:12:29.602117', 16, 1, 8, NULL, NULL);
INSERT INTO karma (id, datecreated, person, action, product, distribution, sourcepackagename) VALUES (17, '2001-10-28 09:10:17.13237', 12, 1, 12, NULL, NULL);
INSERT INTO karma (id, datecreated, person, action, product, distribution, sourcepackagename) VALUES (18, '2001-10-28 09:10:47.344393', 16, 17, 4, NULL, NULL);
INSERT INTO karma (id, datecreated, person, action, product, distribution, sourcepackagename) VALUES (19, '2001-10-28 09:11:07.93721', 16, 8, 13, NULL, NULL);
INSERT INTO karma (id, datecreated, person, action, product, distribution, sourcepackagename) VALUES (20, '2001-11-02 15:14:22.177596', 12, 22, 9, NULL, NULL);
INSERT INTO karma (id, datecreated, person, action, product, distribution, sourcepackagename) VALUES (21, '2001-11-02 15:14:22.177596', 12, 22, 6, NULL, NULL);
INSERT INTO karma (id, datecreated, person, action, product, distribution, sourcepackagename) VALUES (22, '2001-02-23 16:42:14.080227', 16, 1, 4, NULL, NULL);
INSERT INTO karma (id, datecreated, person, action, product, distribution, sourcepackagename) VALUES (23, '2001-02-23 16:42:40.288553', 12, 17, NULL, 1, NULL);
INSERT INTO karma (id, datecreated, person, action, product, distribution, sourcepackagename) VALUES (24, '2001-02-23 16:43:25.744534', 12, 21, NULL, 1, 22);
INSERT INTO karma (id, datecreated, person, action, product, distribution, sourcepackagename) VALUES (25, '2001-02-23 16:43:25.744534', 12, 9, NULL, 1, NULL);
INSERT INTO karma (id, datecreated, person, action, product, distribution, sourcepackagename) VALUES (26, '2001-02-22 19:42:21.890299', 16, 1, NULL, 1, 17);
INSERT INTO karma (id, datecreated, person, action, product, distribution, sourcepackagename) VALUES (27, '2001-03-06 10:11:02.729077', 16, 9, 14, NULL, NULL);
INSERT INTO karma (id, datecreated, person, action, product, distribution, sourcepackagename) VALUES (28, '2001-11-02 00:00:00', 1, 22, 5, NULL, NULL);
INSERT INTO karma (id, datecreated, person, action, product, distribution, sourcepackagename) VALUES (29, '2001-04-02 00:00:00', 1, 22, NULL, 1, NULL);
INSERT INTO karma (id, datecreated, person, action, product, distribution, sourcepackagename) VALUES (30, '2001-08-02 00:00:00', 1, 22, NULL, 1, NULL);
INSERT INTO karma (id, datecreated, person, action, product, distribution, sourcepackagename) VALUES (31, '2001-01-02 00:00:00', 1, 22, 13, NULL, NULL);
INSERT INTO karma (id, datecreated, person, action, product, distribution, sourcepackagename) VALUES (32, '2001-06-02 00:00:00', 1, 22, 11, NULL, NULL);
INSERT INTO karma (id, datecreated, person, action, product, distribution, sourcepackagename) VALUES (33, '2001-09-02 00:00:00', 1, 22, 15, NULL, NULL);
INSERT INTO karma (id, datecreated, person, action, product, distribution, sourcepackagename) VALUES (34, '2001-01-02 00:00:00', 1, 22, 4, NULL, NULL);
INSERT INTO karma (id, datecreated, person, action, product, distribution, sourcepackagename) VALUES (35, '2001-10-02 00:00:00', 1, 22, 4, NULL, NULL);
INSERT INTO karma (id, datecreated, person, action, product, distribution, sourcepackagename) VALUES (36, '2001-04-02 00:00:00', 1, 23, 15, NULL, NULL);
INSERT INTO karma (id, datecreated, person, action, product, distribution, sourcepackagename) VALUES (37, '2001-05-02 00:00:00', 1, 23, 4, NULL, NULL);
INSERT INTO karma (id, datecreated, person, action, product, distribution, sourcepackagename) VALUES (38, '2001-07-02 00:00:00', 1, 23, NULL, 1, NULL);
INSERT INTO karma (id, datecreated, person, action, product, distribution, sourcepackagename) VALUES (39, '2001-06-02 00:00:00', 1, 23, NULL, 1, NULL);
INSERT INTO karma (id, datecreated, person, action, product, distribution, sourcepackagename) VALUES (40, '2001-08-02 00:00:00', 1, 22, NULL, 1, NULL);
INSERT INTO karma (id, datecreated, person, action, product, distribution, sourcepackagename) VALUES (41, '2001-09-02 00:00:00', 1, 22, 12, NULL, NULL);
INSERT INTO karma (id, datecreated, person, action, product, distribution, sourcepackagename) VALUES (42, '2001-03-02 00:00:00', 1, 22, 4, NULL, NULL);
INSERT INTO karma (id, datecreated, person, action, product, distribution, sourcepackagename) VALUES (43, '2001-04-02 00:00:00', 1, 22, 4, NULL, NULL);
INSERT INTO karma (id, datecreated, person, action, product, distribution, sourcepackagename) VALUES (44, '2001-12-13 21:19:05.833412', 16, 10, 5, NULL, NULL);
INSERT INTO karma (id, datecreated, person, action, product, distribution, sourcepackagename) VALUES (45, '2001-12-13 21:19:06.369142', 16, 11, 5, NULL, NULL);
INSERT INTO karma (id, datecreated, person, action, product, distribution, sourcepackagename) VALUES (46, '2001-12-22 11:47:14.827772', 13, 14, 5, NULL, NULL);
INSERT INTO karma (id, datecreated, person, action, product, distribution, sourcepackagename) VALUES (47, '2001-12-23 16:23:11.856461', 13, 14, 5, NULL, NULL);
INSERT INTO karma (id, datecreated, person, action, product, distribution, sourcepackagename) VALUES (48, '2000-03-13 20:33:56.67893', 16, 1, 20, NULL, NULL);
INSERT INTO karma (id, datecreated, person, action, product, distribution, sourcepackagename) VALUES (49, '2000-03-13 20:34:26.518114', 16, 2, 20, NULL, NULL);
INSERT INTO karma (id, datecreated, person, action, product, distribution, sourcepackagename) VALUES (50, '2000-03-13 20:35:10.133383', 16, 2, 20, NULL, NULL);
INSERT INTO karma (id, datecreated, person, action, product, distribution, sourcepackagename) VALUES (51, '2000-03-13 20:36:01.779544', 16, 2, 20, NULL, NULL);
INSERT INTO karma (id, datecreated, person, action, product, distribution, sourcepackagename) VALUES (52, '2000-03-13 20:36:57.133832', 16, 2, 20, NULL, NULL);
INSERT INTO karma (id, datecreated, person, action, product, distribution, sourcepackagename) VALUES (53, '2000-03-13 20:37:27.991571', 16, 2, 20, NULL, NULL);
INSERT INTO karma (id, datecreated, person, action, product, distribution, sourcepackagename) VALUES (54, '2000-03-13 20:37:51.544376', 16, 2, 20, NULL, NULL);
INSERT INTO karma (id, datecreated, person, action, product, distribution, sourcepackagename) VALUES (55, '2000-03-13 20:41:18.635493', 16, 1, 20, NULL, NULL);
INSERT INTO karma (id, datecreated, person, action, product, distribution, sourcepackagename) VALUES (56, '2000-03-13 20:41:42.154264', 16, 17, 20, NULL, NULL);
INSERT INTO karma (id, datecreated, person, action, product, distribution, sourcepackagename) VALUES (57, '2000-03-13 20:41:42.154264', 16, 18, 20, NULL, NULL);
INSERT INTO karma (id, datecreated, person, action, product, distribution, sourcepackagename) VALUES (58, '2000-03-13 20:43:14.981111', 16, 2, 20, NULL, NULL);
INSERT INTO karma (id, datecreated, person, action, product, distribution, sourcepackagename) VALUES (59, '2000-03-13 20:45:15.852052', 16, 2, 20, NULL, NULL);
INSERT INTO karma (id, datecreated, person, action, product, distribution, sourcepackagename) VALUES (60, '2000-03-13 20:45:51.817826', 16, 2, 20, NULL, NULL);
INSERT INTO karma (id, datecreated, person, action, product, distribution, sourcepackagename) VALUES (61, '2000-03-13 20:46:49.83307', 16, 2, 20, NULL, NULL);
INSERT INTO karma (id, datecreated, person, action, product, distribution, sourcepackagename) VALUES (62, '2001-07-03 21:30:51.583356', 12, 47, NULL, 1, NULL);
INSERT INTO karma (id, datecreated, person, action, product, distribution, sourcepackagename) VALUES (63, '2001-08-09 11:39:16.836856', 63, 1, 20, NULL, NULL);


ALTER TABLE karma ENABLE TRIGGER ALL;


ALTER TABLE karmaaction DISABLE TRIGGER ALL;

INSERT INTO karmaaction (id, category, points, name, title, summary) VALUES (1, 2, 10, 'bugcreated', 'New Bug Filed', 'The user filed a new bug report. This is distinct from creating a new "task" for an existing bug, on, say, an upstream product.');
INSERT INTO karmaaction (id, category, points, name, title, summary) VALUES (2, 2, 0, 'bugcommentadded', 'Bug Comment Added', 'The user commented on an existing bug in Malone.');
INSERT INTO karmaaction (id, category, points, name, title, summary) VALUES (3, 2, 1, 'bugtitlechanged', 'Edited Bug Title', 'The user edited the title of the bug to provide a clearer idea of the core issue.');
INSERT INTO karmaaction (id, category, points, name, title, summary) VALUES (4, 2, 2, 'bugsummarychanged', 'Edited Bug Summary', 'The user edited the bug summary. This will specifically help users searching for existing bugs in Malone.');
INSERT INTO karmaaction (id, category, points, name, title, summary) VALUES (5, 2, 3, 'bugdescriptionchanged', 'Edited Bug Description', 'The user edited the bug description to describe more clearly the specific symptoms and expected outcomes for the bug. This will also improve the ability of other users to find this bug report and avoid creating duplicates.');
INSERT INTO karmaaction (id, category, points, name, title, summary) VALUES (6, 2, 10, 'bugextrefadded', 'Bug External Reference Added', 'The user provided a URL to information which is relevant to this bug, for example, to a mailing list archive where it is discussed, or to a detailed problem report.');
INSERT INTO karmaaction (id, category, points, name, title, summary) VALUES (7, 2, 15, 'bugcverefadded', 'Bug CVE Link Added', 'The user has linked a bug report to a specific entry in the CVE database.');
INSERT INTO karmaaction (id, category, points, name, title, summary) VALUES (8, 2, 10, 'bugfixed', 'Bug Marked as Fixed', 'The user marked a bug as fixed.');
INSERT INTO karmaaction (id, category, points, name, title, summary) VALUES (9, 2, 10, 'bugtaskcreated', 'Bug Task Created', 'The user has created a new task on a bug. This means that they have indicated that the same bug exists in another place (for example, upstream) and have reported that in Malone.');
INSERT INTO karmaaction (id, category, points, name, title, summary) VALUES (10, 3, 1, 'translationtemplateimport', 'Import of Translation Template', 'The user updated a translation template, providing a newer version to be imported in Rosetta.');
INSERT INTO karmaaction (id, category, points, name, title, summary) VALUES (11, 3, 0, 'translationimportupstream', 'Upstream Translation Imported', 'The user imported a set of upstream translations into Rosetta');
INSERT INTO karmaaction (id, category, points, name, title, summary) VALUES (12, 3, 2, 'translationtemplatedescriptionchanged', 'Edited Translation Template Description', 'The user updated the description of a specific translation template.');
INSERT INTO karmaaction (id, category, points, name, title, summary) VALUES (13, 3, 1, 'translationsuggestionadded', 'Translation Suggestion', 'The user contributed a new suggested translation. That may not yet have been accepted, but is valued nonetheless.');
INSERT INTO karmaaction (id, category, points, name, title, summary) VALUES (14, 3, 1, 'translationsuggestionapproved', 'Translation Suggestion Approved', 'The user approved a translation suggestion that was previously contributed by someone else.');
INSERT INTO karmaaction (id, category, points, name, title, summary) VALUES (15, 3, 1, 'translationreview', 'Translation Review', 'The user has completed a review of suggested translations.');
INSERT INTO karmaaction (id, category, points, name, title, summary) VALUES (16, 2, 3, 'bugrejected', 'Bug Rejected', 'The user has rejected a bug.');
INSERT INTO karmaaction (id, category, points, name, title, summary) VALUES (17, 2, 5, 'bugaccepted', 'Bug Accepted', 'The user has marked a bug as accepted.');
INSERT INTO karmaaction (id, category, points, name, title, summary) VALUES (18, 2, 1, 'bugtaskimportancechanged', 'Bug importance changed', 'Updating the importance of a bug to a specific context. (The importance of a bug can vary depending on where the buggy code is being used.)');
INSERT INTO karmaaction (id, category, points, name, title, summary) VALUES (19, 2, 1, 'bugtaskprioritychanged', 'Bug Priority Changed', 'The user has updated the priority of a particular bug task. Note that bug task has a distinct priority, because each of them will likely have a different developer responsible for them.');
INSERT INTO karmaaction (id, category, points, name, title, summary) VALUES (20, 2, 5, 'bugmarkedasduplicate', 'Bug Marked as Duplicate', 'The user has marked a bug as a duplicate of another bug. This greatly reduces the amount of time developers need to spend reviewing existing bug lists.');
INSERT INTO karmaaction (id, category, points, name, title, summary) VALUES (21, 2, 10, 'bugwatchadded', 'Bug Watch Added', 'The user has linked an existing bug in Launchpad to an external bug tracker, to indicate that the bug is being tracked in that bug tracker too.');
INSERT INTO karmaaction (id, category, points, name, title, summary) VALUES (22, 6, 30, 'addspec', 'Registered Specification', 'The user has registered a new specification in the Launchpad spec tracker.');
INSERT INTO karmaaction (id, category, points, name, title, summary) VALUES (23, 6, 5, 'specpriority', 'Updated Specification Priority', 'The user has changed the priority of a specification to match the requirements of the project.');
INSERT INTO karmaaction (id, category, points, name, title, summary) VALUES (24, 6, 2, 'spectitlechanged', 'Edited Specification Title', 'The user edited the title of a specification.');
INSERT INTO karmaaction (id, category, points, name, title, summary) VALUES (25, 6, 2, 'specsummarychanged', 'Edited Specification Summary', 'The user edited the summary of a specification.');
INSERT INTO karmaaction (id, category, points, name, title, summary) VALUES (26, 6, 5, 'specseries', 'Targeted Specification to Series', 'The user has targetted a specification to a particular series.');
INSERT INTO karmaaction (id, category, points, name, title, summary) VALUES (27, 6, 5, 'specrelease', 'Targeted Specification to Release', 'The user has targetted a specification to a particular distribution release.');
INSERT INTO karmaaction (id, category, points, name, title, summary) VALUES (28, 6, 5, 'specmilestone', 'Targeted Specification to Milestone', 'The user has targetted a specification to a particular milestone.');
INSERT INTO karmaaction (id, category, points, name, title, summary) VALUES (29, 6, 3, 'specdraft', 'Specification Drafting', 'The user has changed the status of the specification to indicate that drafting has begun.');
INSERT INTO karmaaction (id, category, points, name, title, summary) VALUES (30, 6, 15, 'specpendingapproval', 'Specification is Pending Approval', 'The user has set the status of the spec to PendingApproval');
INSERT INTO karmaaction (id, category, points, name, title, summary) VALUES (31, 6, 10, 'specreviewed', 'Specification Review', 'The user has completed a review of a specification.');
INSERT INTO karmaaction (id, category, points, name, title, summary) VALUES (32, 6, 10, 'specbugadded', 'Linked Bug to Specification', 'The user has indicated that a particular bug is related to a specification.');
INSERT INTO karmaaction (id, category, points, name, title, summary) VALUES (33, 6, 10, 'specbugremoved', 'Removed Bug from Specification', 'The user has indicated that a particular bug is not related to a specification.');
INSERT INTO karmaaction (id, category, points, name, title, summary) VALUES (34, 6, 2, 'specurlchanged', 'Specification URL Updated', 'The user edited the URL of a specification.');
INSERT INTO karmaaction (id, category, points, name, title, summary) VALUES (35, 7, 0, 'questioncommentadded', 'Comment made on a question', 'User made a comment on a ticket in Launchpad.');
INSERT INTO karmaaction (id, category, points, name, title, summary) VALUES (36, 7, 1, 'questiontitlechanged', 'Question title changed', 'User changed the title of a question in the Answer Tracker');
INSERT INTO karmaaction (id, category, points, name, title, summary) VALUES (37, 7, 3, 'questiondescriptionchanged', 'Question description changed', 'User changed the description of a question in the Answer Tracker');
INSERT INTO karmaaction (id, category, points, name, title, summary) VALUES (38, 7, 5, 'questionlinkedtobug', 'Question linked to a bug', 'User linked a question in the Answer Tracker to a bug.');
INSERT INTO karmaaction (id, category, points, name, title, summary) VALUES (39, 7, 5, 'questionansweraccepted', 'Question owner accepted answer', 'User accepted one of the message as the actual answer to his question.');
INSERT INTO karmaaction (id, category, points, name, title, summary) VALUES (40, 7, 15, 'questionanswered', 'Answered question', 'User posed a message that was accepted by the question owner as answering the question.');
INSERT INTO karmaaction (id, category, points, name, title, summary) VALUES (41, 7, 0, 'questionrequestedinfo', 'Requested for information on a question', 'User post a message requesting for more information from a question owner in the Answer Tracker.');
INSERT INTO karmaaction (id, category, points, name, title, summary) VALUES (42, 7, 0, 'questiongaveinfo', 'Gave more information on a question', 'User replied to a message asking for more information on a question in the Answer Tracker.');
INSERT INTO karmaaction (id, category, points, name, title, summary) VALUES (43, 7, 0, 'questiongaveanswer', 'Gave answer on a question', 'User post a message containing an answer to a question in the Answer Tracker. This is distinct from having that message confirmed as solving the problem.');
INSERT INTO karmaaction (id, category, points, name, title, summary) VALUES (44, 7, 0, 'questionrejected', 'Rejected question', 'User rejected a question in the Answer Tracker.');
INSERT INTO karmaaction (id, category, points, name, title, summary) VALUES (45, 7, 3, 'questionownersolved', 'Solved own question', 'User post a message explaining how he solved his own problem.');
INSERT INTO karmaaction (id, category, points, name, title, summary) VALUES (46, 7, 0, 'questionreopened', 'Reopened question', 'User posed a message to reopen his question in the Answer Tracker.');
INSERT INTO karmaaction (id, category, points, name, title, summary) VALUES (47, 7, 1, 'questionasked', 'Asked question', 'User asked a question in the Answer Tracker.');
INSERT INTO karmaaction (id, category, points, name, title, summary) VALUES (48, 7, 5, 'faqcreated', 'FAQ created', 'User create a new FAQ in Launchpad.');
INSERT INTO karmaaction (id, category, points, name, title, summary) VALUES (49, 7, 1, 'faqedited', 'FAQ edited', 'User updated the details of a FAQ in Launchpad.');
INSERT INTO karmaaction (id, category, points, name, title, summary) VALUES (50, 8, 1, 'branchcreated', 'New branch registered', 'User registered a new branch.');
INSERT INTO karmaaction (id, category, points, name, title, summary) VALUES (51, 8, 5, 'bugbranchcreated', 'Branch linked to a bug', 'User linked a branch to a bug.');
INSERT INTO karmaaction (id, category, points, name, title, summary) VALUES (52, 8, 5, 'specbranchcreated', 'Branch linked to a blueprint', 'User linked a branch to a blueprint.');
INSERT INTO karmaaction (id, category, points, name, title, summary) VALUES (53, 8, 1, 'revisionadded', 'Revision added', 'A new revision by the user is available through Launchpad.');
INSERT INTO karmaaction (id, category, points, name, title, summary) VALUES (54, 8, 1, 'branchmergeproposed', 'Branch merge proposed', 'User proposed a branch for merging.');
INSERT INTO karmaaction (id, category, points, name, title, summary) VALUES (55, 8, 15, 'branchmergeapproved', 'Branch merge approved', 'User approved a branch for merging.');
INSERT INTO karmaaction (id, category, points, name, title, summary) VALUES (56, 8, 0, 'branchmergeapprovedown', 'Branch merge approved', 'User approved their own branch for merging.');
INSERT INTO karmaaction (id, category, points, name, title, summary) VALUES (57, 8, 15, 'branchmergerejected', 'Branch merge rejected', 'User rejected a proposed branch merge.');
INSERT INTO karmaaction (id, category, points, name, title, summary) VALUES (58, 8, 0, 'branchmergerejectedown', 'Branch merge rejected', 'User rejected their own proposed branch merge.');
INSERT INTO karmaaction (id, category, points, name, title, summary) VALUES (59, 8, 0, 'codereviewcomment', 'Commented on a review', 'User commented on a code review.');
INSERT INTO karmaaction (id, category, points, name, title, summary) VALUES (60, 8, 10, 'codereviewreviewercomment', 'Reviewer commented on a review', 'Reviewer commented on a code review.');
INSERT INTO karmaaction (id, category, points, name, title, summary) VALUES (61, 9, 10, 'distributionuploadaccepted', 'Distribution package upload accepted', 'A user uploaded a package to a distribution.');
INSERT INTO karmaaction (id, category, points, name, title, summary) VALUES (62, 9, 5, 'sponsoruploadaccepted', 'Sponsored package upload accepted', 'A package sponsor uploaded a package to a distribution.');
INSERT INTO karmaaction (id, category, points, name, title, summary) VALUES (63, 9, 1, 'ppauploadaccepted', 'PPA package upload accepted', 'A user uploaded a package to a PPA.');


ALTER TABLE karmaaction ENABLE TRIGGER ALL;


ALTER TABLE karmacache DISABLE TRIGGER ALL;

INSERT INTO karmacache (id, person, category, karmavalue, product, distribution, sourcepackagename, project) VALUES (1423, 12, 6, 22, 6, NULL, NULL, NULL);
INSERT INTO karmacache (id, person, category, karmavalue, product, distribution, sourcepackagename, project) VALUES (1424, 12, 2, 15, 12, NULL, NULL, NULL);
INSERT INTO karmacache (id, person, category, karmavalue, product, distribution, sourcepackagename, project) VALUES (1425, 13, 3, 9, 5, NULL, NULL, NULL);
INSERT INTO karmacache (id, person, category, karmavalue, product, distribution, sourcepackagename, project) VALUES (1426, 12, 6, 22, 9, NULL, NULL, NULL);
INSERT INTO karmacache (id, person, category, karmavalue, product, distribution, sourcepackagename, project) VALUES (1427, 12, 2, 13, NULL, 1, NULL, NULL);
INSERT INTO karmacache (id, person, category, karmavalue, product, distribution, sourcepackagename, project) VALUES (1428, 12, 2, 66, 4, NULL, NULL, NULL);
INSERT INTO karmacache (id, person, category, karmavalue, product, distribution, sourcepackagename, project) VALUES (1429, 1, 6, 22, 5, NULL, NULL, NULL);
INSERT INTO karmacache (id, person, category, karmavalue, product, distribution, sourcepackagename, project) VALUES (1430, 16, 2, 15, 8, NULL, NULL, NULL);
INSERT INTO karmacache (id, person, category, karmavalue, product, distribution, sourcepackagename, project) VALUES (1431, 1, 6, 27, 4, NULL, NULL, NULL);
INSERT INTO karmacache (id, person, category, karmavalue, product, distribution, sourcepackagename, project) VALUES (1432, 16, 2, 2, 14, NULL, NULL, NULL);
INSERT INTO karmacache (id, person, category, karmavalue, product, distribution, sourcepackagename, project) VALUES (1433, 16, 2, 15, 13, NULL, NULL, NULL);
INSERT INTO karmacache (id, person, category, karmavalue, product, distribution, sourcepackagename, project) VALUES (1434, 1, 6, 37, NULL, 1, NULL, NULL);
INSERT INTO karmacache (id, person, category, karmavalue, product, distribution, sourcepackagename, project) VALUES (1435, 1, 6, 18, 15, NULL, NULL, NULL);
INSERT INTO karmacache (id, person, category, karmavalue, product, distribution, sourcepackagename, project) VALUES (1437, 16, 2, 26, NULL, 1, NULL, NULL);
INSERT INTO karmacache (id, person, category, karmavalue, product, distribution, sourcepackagename, project) VALUES (1438, 1, 6, 17, 12, NULL, NULL, NULL);
INSERT INTO karmacache (id, person, category, karmavalue, product, distribution, sourcepackagename, project) VALUES (1439, 1, 6, 9, 11, NULL, NULL, NULL);
INSERT INTO karmacache (id, person, category, karmavalue, product, distribution, sourcepackagename, project) VALUES (1440, 16, 3, 164, 5, NULL, NULL, NULL);
INSERT INTO karmacache (id, person, category, karmavalue, product, distribution, sourcepackagename, project) VALUES (1441, 16, 2, 11, 5, NULL, NULL, NULL);
INSERT INTO karmacache (id, person, category, karmavalue, product, distribution, sourcepackagename, project) VALUES (1442, 16, 2, 8, 4, NULL, NULL, NULL);
INSERT INTO karmacache (id, person, category, karmavalue, product, distribution, sourcepackagename, project) VALUES (1443, 1, 6, 130, NULL, NULL, NULL, NULL);
INSERT INTO karmacache (id, person, category, karmavalue, product, distribution, sourcepackagename, project) VALUES (1444, 12, 2, 94, NULL, NULL, NULL, NULL);
INSERT INTO karmacache (id, person, category, karmavalue, product, distribution, sourcepackagename, project) VALUES (1445, 12, 6, 44, NULL, NULL, NULL, NULL);
INSERT INTO karmacache (id, person, category, karmavalue, product, distribution, sourcepackagename, project) VALUES (1446, 13, 3, 9, NULL, NULL, NULL, NULL);
INSERT INTO karmacache (id, person, category, karmavalue, product, distribution, sourcepackagename, project) VALUES (1447, 16, 2, 77, NULL, NULL, NULL, NULL);
INSERT INTO karmacache (id, person, category, karmavalue, product, distribution, sourcepackagename, project) VALUES (1448, 16, 3, 164, NULL, NULL, NULL, NULL);
INSERT INTO karmacache (id, person, category, karmavalue, product, distribution, sourcepackagename, project) VALUES (1449, 12, NULL, 22, 9, NULL, NULL, NULL);
INSERT INTO karmacache (id, person, category, karmavalue, product, distribution, sourcepackagename, project) VALUES (1450, 12, NULL, 15, 12, NULL, NULL, NULL);
INSERT INTO karmacache (id, person, category, karmavalue, product, distribution, sourcepackagename, project) VALUES (1451, 16, NULL, 8, 4, NULL, NULL, NULL);
INSERT INTO karmacache (id, person, category, karmavalue, product, distribution, sourcepackagename, project) VALUES (1452, 16, NULL, 175, 5, NULL, NULL, NULL);
INSERT INTO karmacache (id, person, category, karmavalue, product, distribution, sourcepackagename, project) VALUES (1453, 1, NULL, 27, 4, NULL, NULL, NULL);
INSERT INTO karmacache (id, person, category, karmavalue, product, distribution, sourcepackagename, project) VALUES (1454, 1, NULL, 22, 5, NULL, NULL, NULL);
INSERT INTO karmacache (id, person, category, karmavalue, product, distribution, sourcepackagename, project) VALUES (1455, 16, NULL, 15, 8, NULL, NULL, NULL);
INSERT INTO karmacache (id, person, category, karmavalue, product, distribution, sourcepackagename, project) VALUES (1456, 1, NULL, 9, 11, NULL, NULL, NULL);
INSERT INTO karmacache (id, person, category, karmavalue, product, distribution, sourcepackagename, project) VALUES (1457, 12, NULL, 66, 4, NULL, NULL, NULL);
INSERT INTO karmacache (id, person, category, karmavalue, product, distribution, sourcepackagename, project) VALUES (1458, 16, NULL, 15, 13, NULL, NULL, NULL);
INSERT INTO karmacache (id, person, category, karmavalue, product, distribution, sourcepackagename, project) VALUES (1459, 1, NULL, 18, 15, NULL, NULL, NULL);
INSERT INTO karmacache (id, person, category, karmavalue, product, distribution, sourcepackagename, project) VALUES (1460, 12, NULL, 22, 6, NULL, NULL, NULL);
INSERT INTO karmacache (id, person, category, karmavalue, product, distribution, sourcepackagename, project) VALUES (1461, 16, NULL, 2, 14, NULL, NULL, NULL);
INSERT INTO karmacache (id, person, category, karmavalue, product, distribution, sourcepackagename, project) VALUES (1462, 1, NULL, 17, 12, NULL, NULL, NULL);
INSERT INTO karmacache (id, person, category, karmavalue, product, distribution, sourcepackagename, project) VALUES (1463, 13, NULL, 9, 5, NULL, NULL, NULL);
INSERT INTO karmacache (id, person, category, karmavalue, product, distribution, sourcepackagename, project) VALUES (1464, 12, NULL, 13, NULL, 1, NULL, NULL);
INSERT INTO karmacache (id, person, category, karmavalue, product, distribution, sourcepackagename, project) VALUES (1465, 16, NULL, 26, NULL, 1, NULL, NULL);
INSERT INTO karmacache (id, person, category, karmavalue, product, distribution, sourcepackagename, project) VALUES (1466, 1, NULL, 37, NULL, 1, NULL, NULL);
INSERT INTO karmacache (id, person, category, karmavalue, product, distribution, sourcepackagename, project) VALUES (1467, 16, NULL, 23, NULL, NULL, NULL, 4);
INSERT INTO karmacache (id, person, category, karmavalue, product, distribution, sourcepackagename, project) VALUES (1468, 12, NULL, 66, NULL, NULL, NULL, 4);
INSERT INTO karmacache (id, person, category, karmavalue, product, distribution, sourcepackagename, project) VALUES (1469, 16, NULL, 190, NULL, NULL, NULL, 5);
INSERT INTO karmacache (id, person, category, karmavalue, product, distribution, sourcepackagename, project) VALUES (1470, 12, NULL, 44, NULL, NULL, NULL, 5);
INSERT INTO karmacache (id, person, category, karmavalue, product, distribution, sourcepackagename, project) VALUES (1471, 1, NULL, 27, NULL, NULL, NULL, 4);
INSERT INTO karmacache (id, person, category, karmavalue, product, distribution, sourcepackagename, project) VALUES (1472, 13, NULL, 9, NULL, NULL, NULL, 5);
INSERT INTO karmacache (id, person, category, karmavalue, product, distribution, sourcepackagename, project) VALUES (1473, 1, NULL, 31, NULL, NULL, NULL, 5);
INSERT INTO karmacache (id, person, category, karmavalue, product, distribution, sourcepackagename, project) VALUES (1474, 1, 6, 31, NULL, NULL, NULL, 5);
INSERT INTO karmacache (id, person, category, karmavalue, product, distribution, sourcepackagename, project) VALUES (1475, 1, 6, 27, NULL, NULL, NULL, 4);
INSERT INTO karmacache (id, person, category, karmavalue, product, distribution, sourcepackagename, project) VALUES (1476, 16, 3, 164, NULL, NULL, NULL, 5);
INSERT INTO karmacache (id, person, category, karmavalue, product, distribution, sourcepackagename, project) VALUES (1477, 16, 2, 26, NULL, NULL, NULL, 5);
INSERT INTO karmacache (id, person, category, karmavalue, product, distribution, sourcepackagename, project) VALUES (1478, 12, 6, 44, NULL, NULL, NULL, 5);
INSERT INTO karmacache (id, person, category, karmavalue, product, distribution, sourcepackagename, project) VALUES (1479, 16, 2, 23, NULL, NULL, NULL, 4);
INSERT INTO karmacache (id, person, category, karmavalue, product, distribution, sourcepackagename, project) VALUES (1480, 12, 2, 66, NULL, NULL, NULL, 4);
INSERT INTO karmacache (id, person, category, karmavalue, product, distribution, sourcepackagename, project) VALUES (1481, 13, 3, 9, NULL, NULL, NULL, 5);


ALTER TABLE karmacache ENABLE TRIGGER ALL;


ALTER TABLE karmacategory DISABLE TRIGGER ALL;

INSERT INTO karmacategory (id, name, title, summary) VALUES (2, 'bugs', 'Bug Management', 'This karma category covers work in the Malone bug tracking system, such as filing, closing and otherwise working with bugs.');
INSERT INTO karmacategory (id, name, title, summary) VALUES (3, 'translations', 'Translations in Rosetta', 'This categor covers all actions related to translation using the Rosetta web translation portal. Creating new translation projects, submitting new translations and editing existing translations will all earn karma.');
INSERT INTO karmacategory (id, name, title, summary) VALUES (6, 'specs', 'Specification Tracking', 'This category includes all karma associated with the Launchpad specification tracking system.');
INSERT INTO karmacategory (id, name, title, summary) VALUES (7, 'answers', 'Answer Tracker', 'This is the category for all karma associated with helping with users questions in the Launchpad Answer Tracker. Help solve users problems to earn this karma.');
INSERT INTO karmacategory (id, name, title, summary) VALUES (8, 'code', 'Bazaar Branches', 'This category for all karma associated with branches and the links between branches and other Launchpad entities.');
INSERT INTO karmacategory (id, name, title, summary) VALUES (9, 'soyuz', 'Soyuz', 'This category is for all karma associated with Soyuz actions.');


ALTER TABLE karmacategory ENABLE TRIGGER ALL;


ALTER TABLE karmatotalcache DISABLE TRIGGER ALL;

INSERT INTO karmatotalcache (id, person, karma_total) VALUES (78, 12, 138);
INSERT INTO karmatotalcache (id, person, karma_total) VALUES (79, 13, 9);
INSERT INTO karmatotalcache (id, person, karma_total) VALUES (80, 16, 241);
INSERT INTO karmatotalcache (id, person, karma_total) VALUES (81, 1, 130);


ALTER TABLE karmatotalcache ENABLE TRIGGER ALL;


ALTER TABLE language DISABLE TRIGGER ALL;

INSERT INTO language (id, code, englishname, nativename, pluralforms, pluralexpression, visible, direction, uuid) VALUES (1, 'aa', 'Afar', NULL, NULL, NULL, true, 0, NULL);
INSERT INTO language (id, code, englishname, nativename, pluralforms, pluralexpression, visible, direction, uuid) VALUES (2, 'ab', 'Abkhazian', NULL, NULL, NULL, true, 0, NULL);
INSERT INTO language (id, code, englishname, nativename, pluralforms, pluralexpression, visible, direction, uuid) VALUES (3, 'ace', 'Achinese', NULL, NULL, NULL, true, 0, NULL);
INSERT INTO language (id, code, englishname, nativename, pluralforms, pluralexpression, visible, direction, uuid) VALUES (4, 'ach', 'Acoli', NULL, NULL, NULL, true, 0, NULL);
INSERT INTO language (id, code, englishname, nativename, pluralforms, pluralexpression, visible, direction, uuid) VALUES (5, 'ada', 'Adangme', NULL, NULL, NULL, true, 0, NULL);
INSERT INTO language (id, code, englishname, nativename, pluralforms, pluralexpression, visible, direction, uuid) VALUES (6, 'ady', 'Adyghe; Adygei', NULL, NULL, NULL, true, 0, NULL);
INSERT INTO language (id, code, englishname, nativename, pluralforms, pluralexpression, visible, direction, uuid) VALUES (7, 'afa', 'Afro-Asiatic (Other)', NULL, NULL, NULL, true, 0, NULL);
INSERT INTO language (id, code, englishname, nativename, pluralforms, pluralexpression, visible, direction, uuid) VALUES (8, 'afh', 'Afrihili', NULL, NULL, NULL, true, 0, NULL);
INSERT INTO language (id, code, englishname, nativename, pluralforms, pluralexpression, visible, direction, uuid) VALUES (9, 'af', 'Afrikaans', NULL, 2, 'n != 1', true, 0, '{95a05dab-bf44-4804-bb97-be2a3ee83acd}');
INSERT INTO language (id, code, englishname, nativename, pluralforms, pluralexpression, visible, direction, uuid) VALUES (10, 'ak', 'Akan', NULL, 2, 'n > 1', true, 0, NULL);
INSERT INTO language (id, code, englishname, nativename, pluralforms, pluralexpression, visible, direction, uuid) VALUES (11, 'akk', 'Akkadian', NULL, 2, 'n > 1', true, 0, NULL);
INSERT INTO language (id, code, englishname, nativename, pluralforms, pluralexpression, visible, direction, uuid) VALUES (12, 'sq', 'Albanian', NULL, 2, 'n != 1', true, 0, '{5ea95deb-8819-4960-837f-46de0f22bf81}');
INSERT INTO language (id, code, englishname, nativename, pluralforms, pluralexpression, visible, direction, uuid) VALUES (13, 'ale', 'Aleut', NULL, NULL, NULL, true, 0, NULL);
INSERT INTO language (id, code, englishname, nativename, pluralforms, pluralexpression, visible, direction, uuid) VALUES (14, 'alg', 'Algonquian languages', NULL, NULL, NULL, true, 0, NULL);
INSERT INTO language (id, code, englishname, nativename, pluralforms, pluralexpression, visible, direction, uuid) VALUES (15, 'am', 'Amharic', NULL, 2, 'n > 1', true, 0, NULL);
INSERT INTO language (id, code, englishname, nativename, pluralforms, pluralexpression, visible, direction, uuid) VALUES (16, 'ang', 'English, Old (ca.450-1100)', NULL, NULL, NULL, true, 0, NULL);
INSERT INTO language (id, code, englishname, nativename, pluralforms, pluralexpression, visible, direction, uuid) VALUES (17, 'apa', 'Apache languages', NULL, NULL, NULL, true, 0, NULL);
INSERT INTO language (id, code, englishname, nativename, pluralforms, pluralexpression, visible, direction, uuid) VALUES (18, 'ar', 'Arabic', NULL, 6, 'n==0 ? 0 : n==1 ? 1 : n==2 ? 2 : n%100>=3 && n%100<=10 ? 3 : n%100>=11 && n%100<=99 ? 4 : 5', true, 1, NULL);
INSERT INTO language (id, code, englishname, nativename, pluralforms, pluralexpression, visible, direction, uuid) VALUES (19, 'arc', 'Aramaic', NULL, NULL, NULL, true, 0, NULL);
INSERT INTO language (id, code, englishname, nativename, pluralforms, pluralexpression, visible, direction, uuid) VALUES (20, 'an', 'Aragonese', NULL, 2, 'n != 1', true, 0, NULL);
INSERT INTO language (id, code, englishname, nativename, pluralforms, pluralexpression, visible, direction, uuid) VALUES (21, 'hy', 'Armenian', NULL, NULL, NULL, true, 0, NULL);
INSERT INTO language (id, code, englishname, nativename, pluralforms, pluralexpression, visible, direction, uuid) VALUES (22, 'arn', 'Araucanian', NULL, NULL, NULL, true, 0, NULL);
INSERT INTO language (id, code, englishname, nativename, pluralforms, pluralexpression, visible, direction, uuid) VALUES (23, 'arp', 'Arapaho', NULL, NULL, NULL, true, 0, NULL);
INSERT INTO language (id, code, englishname, nativename, pluralforms, pluralexpression, visible, direction, uuid) VALUES (24, 'art', 'Artificial (Other)', NULL, NULL, NULL, true, 0, NULL);
INSERT INTO language (id, code, englishname, nativename, pluralforms, pluralexpression, visible, direction, uuid) VALUES (25, 'arw', 'Arawak', NULL, NULL, NULL, true, 0, NULL);
INSERT INTO language (id, code, englishname, nativename, pluralforms, pluralexpression, visible, direction, uuid) VALUES (26, 'as', 'Assamese', NULL, NULL, NULL, true, 0, NULL);
INSERT INTO language (id, code, englishname, nativename, pluralforms, pluralexpression, visible, direction, uuid) VALUES (27, 'ast', 'Asturian; Bable', NULL, 1, 'n != 1', true, 0, '{b5cfaf65-895d-4d69-ba92-99438d6003e9}');
INSERT INTO language (id, code, englishname, nativename, pluralforms, pluralexpression, visible, direction, uuid) VALUES (28, 'ath', 'Athapascan language', NULL, NULL, NULL, true, 0, NULL);
INSERT INTO language (id, code, englishname, nativename, pluralforms, pluralexpression, visible, direction, uuid) VALUES (29, 'aus', 'Australian languages', NULL, NULL, NULL, true, 0, NULL);
INSERT INTO language (id, code, englishname, nativename, pluralforms, pluralexpression, visible, direction, uuid) VALUES (30, 'av', 'Avaric', NULL, NULL, NULL, true, 0, NULL);
INSERT INTO language (id, code, englishname, nativename, pluralforms, pluralexpression, visible, direction, uuid) VALUES (31, 'ae', 'Avestan', NULL, NULL, NULL, true, 0, NULL);
INSERT INTO language (id, code, englishname, nativename, pluralforms, pluralexpression, visible, direction, uuid) VALUES (32, 'awa', 'Awadhi', NULL, NULL, NULL, true, 0, NULL);
INSERT INTO language (id, code, englishname, nativename, pluralforms, pluralexpression, visible, direction, uuid) VALUES (33, 'ay', 'Aymara', NULL, NULL, NULL, true, 0, NULL);
INSERT INTO language (id, code, englishname, nativename, pluralforms, pluralexpression, visible, direction, uuid) VALUES (34, 'az', 'Azerbaijani', NULL, 2, 'n != 1', true, 1, NULL);
INSERT INTO language (id, code, englishname, nativename, pluralforms, pluralexpression, visible, direction, uuid) VALUES (35, 'bad', 'Banda', NULL, NULL, NULL, true, 0, NULL);
INSERT INTO language (id, code, englishname, nativename, pluralforms, pluralexpression, visible, direction, uuid) VALUES (36, 'bai', 'Bamileke languages', NULL, NULL, NULL, true, 0, NULL);
INSERT INTO language (id, code, englishname, nativename, pluralforms, pluralexpression, visible, direction, uuid) VALUES (37, 'ba', 'Bashkir', NULL, NULL, NULL, true, 0, NULL);
INSERT INTO language (id, code, englishname, nativename, pluralforms, pluralexpression, visible, direction, uuid) VALUES (38, 'bal', 'Baluchi', NULL, NULL, NULL, true, 0, NULL);
INSERT INTO language (id, code, englishname, nativename, pluralforms, pluralexpression, visible, direction, uuid) VALUES (39, 'bm', 'Bambara', NULL, NULL, NULL, true, 0, NULL);
INSERT INTO language (id, code, englishname, nativename, pluralforms, pluralexpression, visible, direction, uuid) VALUES (40, 'ban', 'Balinese', NULL, NULL, NULL, true, 0, NULL);
INSERT INTO language (id, code, englishname, nativename, pluralforms, pluralexpression, visible, direction, uuid) VALUES (41, 'eu', 'Basque', NULL, 2, 'n != 1', true, 0, NULL);
INSERT INTO language (id, code, englishname, nativename, pluralforms, pluralexpression, visible, direction, uuid) VALUES (42, 'bas', 'Basa', NULL, NULL, NULL, true, 0, NULL);
INSERT INTO language (id, code, englishname, nativename, pluralforms, pluralexpression, visible, direction, uuid) VALUES (43, 'bat', 'Baltic (Other)', NULL, NULL, NULL, true, 0, NULL);
INSERT INTO language (id, code, englishname, nativename, pluralforms, pluralexpression, visible, direction, uuid) VALUES (44, 'bej', 'Beja', NULL, NULL, NULL, true, 0, NULL);
INSERT INTO language (id, code, englishname, nativename, pluralforms, pluralexpression, visible, direction, uuid) VALUES (45, 'be', 'Belarusian', NULL, NULL, NULL, true, 0, NULL);
INSERT INTO language (id, code, englishname, nativename, pluralforms, pluralexpression, visible, direction, uuid) VALUES (46, 'bem', 'Bemba', NULL, NULL, NULL, true, 0, NULL);
INSERT INTO language (id, code, englishname, nativename, pluralforms, pluralexpression, visible, direction, uuid) VALUES (47, 'bn', 'Bengali', NULL, 2, 'n != 1', true, 0, NULL);
INSERT INTO language (id, code, englishname, nativename, pluralforms, pluralexpression, visible, direction, uuid) VALUES (48, 'ber', 'Berber (Other)', NULL, 2, 'n != 1', true, 0, NULL);
INSERT INTO language (id, code, englishname, nativename, pluralforms, pluralexpression, visible, direction, uuid) VALUES (49, 'bho', 'Bhojpuri', NULL, NULL, NULL, true, 0, NULL);
INSERT INTO language (id, code, englishname, nativename, pluralforms, pluralexpression, visible, direction, uuid) VALUES (50, 'bh', 'Bihari', NULL, NULL, NULL, true, 0, NULL);
INSERT INTO language (id, code, englishname, nativename, pluralforms, pluralexpression, visible, direction, uuid) VALUES (51, 'bik', 'Bikol', NULL, NULL, NULL, true, 0, NULL);
INSERT INTO language (id, code, englishname, nativename, pluralforms, pluralexpression, visible, direction, uuid) VALUES (52, 'bin', 'Bini', NULL, NULL, NULL, true, 0, NULL);
INSERT INTO language (id, code, englishname, nativename, pluralforms, pluralexpression, visible, direction, uuid) VALUES (53, 'bi', 'Bislama', NULL, NULL, NULL, true, 0, NULL);
INSERT INTO language (id, code, englishname, nativename, pluralforms, pluralexpression, visible, direction, uuid) VALUES (54, 'bla', 'Siksika', NULL, NULL, NULL, true, 0, NULL);
INSERT INTO language (id, code, englishname, nativename, pluralforms, pluralexpression, visible, direction, uuid) VALUES (55, 'bnt', 'Bantu (Other)', NULL, NULL, NULL, true, 0, NULL);
INSERT INTO language (id, code, englishname, nativename, pluralforms, pluralexpression, visible, direction, uuid) VALUES (56, 'bs', 'Bosnian', NULL, 3, 'n%10==1 && n%100!=11 ? 0 : n%10>=2 && n%10<=4 && (n%100<10 || n%100>=20) ? 1 : 2', true, 0, NULL);
INSERT INTO language (id, code, englishname, nativename, pluralforms, pluralexpression, visible, direction, uuid) VALUES (57, 'bra', 'Braj', NULL, NULL, NULL, true, 0, NULL);
INSERT INTO language (id, code, englishname, nativename, pluralforms, pluralexpression, visible, direction, uuid) VALUES (58, 'br', 'Breton', NULL, 2, 'n > 1', true, 0, NULL);
INSERT INTO language (id, code, englishname, nativename, pluralforms, pluralexpression, visible, direction, uuid) VALUES (59, 'btk', 'Batak (Indonesia)', NULL, NULL, NULL, true, 0, NULL);
INSERT INTO language (id, code, englishname, nativename, pluralforms, pluralexpression, visible, direction, uuid) VALUES (60, 'bua', 'Buriat', NULL, NULL, NULL, true, 0, NULL);
INSERT INTO language (id, code, englishname, nativename, pluralforms, pluralexpression, visible, direction, uuid) VALUES (61, 'bug', 'Buginese', NULL, NULL, NULL, true, 0, NULL);
INSERT INTO language (id, code, englishname, nativename, pluralforms, pluralexpression, visible, direction, uuid) VALUES (62, 'bg', 'Bulgarian', NULL, 2, 'n != 1', true, 0, '{b5962da4-752e-416c-9934-f97724f07051}');
INSERT INTO language (id, code, englishname, nativename, pluralforms, pluralexpression, visible, direction, uuid) VALUES (63, 'my', 'Burmese', NULL, NULL, NULL, true, 0, NULL);
INSERT INTO language (id, code, englishname, nativename, pluralforms, pluralexpression, visible, direction, uuid) VALUES (64, 'byn', 'Blin; Bilin', NULL, NULL, NULL, true, 0, NULL);
INSERT INTO language (id, code, englishname, nativename, pluralforms, pluralexpression, visible, direction, uuid) VALUES (65, 'cad', 'Caddo', NULL, NULL, NULL, true, 0, NULL);
INSERT INTO language (id, code, englishname, nativename, pluralforms, pluralexpression, visible, direction, uuid) VALUES (66, 'cai', 'Central American Indian (Other)', NULL, NULL, NULL, true, 0, NULL);
INSERT INTO language (id, code, englishname, nativename, pluralforms, pluralexpression, visible, direction, uuid) VALUES (67, 'car', 'Carib', NULL, NULL, NULL, true, 0, NULL);
INSERT INTO language (id, code, englishname, nativename, pluralforms, pluralexpression, visible, direction, uuid) VALUES (68, 'ca', 'Catalan', NULL, 2, 'n != 1', true, 0, '{f3b38190-f8e0-4e8b-bf29-451fb95c0cbd}');
INSERT INTO language (id, code, englishname, nativename, pluralforms, pluralexpression, visible, direction, uuid) VALUES (69, 'cau', 'Caucasian (Other)', NULL, NULL, NULL, true, 0, NULL);
INSERT INTO language (id, code, englishname, nativename, pluralforms, pluralexpression, visible, direction, uuid) VALUES (70, 'ceb', 'Cebuano', NULL, NULL, NULL, true, 0, NULL);
INSERT INTO language (id, code, englishname, nativename, pluralforms, pluralexpression, visible, direction, uuid) VALUES (71, 'cel', 'Celtic (Other)', NULL, NULL, NULL, true, 0, NULL);
INSERT INTO language (id, code, englishname, nativename, pluralforms, pluralexpression, visible, direction, uuid) VALUES (72, 'ch', 'Chamorro', NULL, NULL, NULL, true, 0, NULL);
INSERT INTO language (id, code, englishname, nativename, pluralforms, pluralexpression, visible, direction, uuid) VALUES (73, 'chb', 'Chibcha', NULL, NULL, NULL, true, 0, NULL);
INSERT INTO language (id, code, englishname, nativename, pluralforms, pluralexpression, visible, direction, uuid) VALUES (74, 'ce', 'Chechen', NULL, NULL, NULL, true, 0, NULL);
INSERT INTO language (id, code, englishname, nativename, pluralforms, pluralexpression, visible, direction, uuid) VALUES (75, 'chg', 'Chagatai', NULL, NULL, NULL, true, 0, NULL);
INSERT INTO language (id, code, englishname, nativename, pluralforms, pluralexpression, visible, direction, uuid) VALUES (76, 'zh', 'Chinese', NULL, 1, '0', false, 0, NULL);
INSERT INTO language (id, code, englishname, nativename, pluralforms, pluralexpression, visible, direction, uuid) VALUES (77, 'chk', 'Chukese', NULL, NULL, NULL, true, 0, NULL);
INSERT INTO language (id, code, englishname, nativename, pluralforms, pluralexpression, visible, direction, uuid) VALUES (78, 'chm', 'Mari', NULL, NULL, NULL, true, 0, NULL);
INSERT INTO language (id, code, englishname, nativename, pluralforms, pluralexpression, visible, direction, uuid) VALUES (79, 'chn', 'Chinook jargon', NULL, NULL, NULL, true, 0, NULL);
INSERT INTO language (id, code, englishname, nativename, pluralforms, pluralexpression, visible, direction, uuid) VALUES (80, 'cho', 'Choctaw', NULL, NULL, NULL, true, 0, NULL);
INSERT INTO language (id, code, englishname, nativename, pluralforms, pluralexpression, visible, direction, uuid) VALUES (81, 'chp', 'Chipewyan', NULL, NULL, NULL, true, 0, NULL);
INSERT INTO language (id, code, englishname, nativename, pluralforms, pluralexpression, visible, direction, uuid) VALUES (82, 'chr', 'Cherokee', NULL, NULL, NULL, true, 0, NULL);
INSERT INTO language (id, code, englishname, nativename, pluralforms, pluralexpression, visible, direction, uuid) VALUES (83, 'chu', 'Church Slavic', NULL, NULL, NULL, true, 0, NULL);
INSERT INTO language (id, code, englishname, nativename, pluralforms, pluralexpression, visible, direction, uuid) VALUES (84, 'cv', 'Chuvash', NULL, NULL, NULL, true, 0, NULL);
INSERT INTO language (id, code, englishname, nativename, pluralforms, pluralexpression, visible, direction, uuid) VALUES (85, 'chy', 'Cheyenne', NULL, NULL, NULL, true, 0, NULL);
INSERT INTO language (id, code, englishname, nativename, pluralforms, pluralexpression, visible, direction, uuid) VALUES (86, 'cmc', 'Chamic languages', NULL, NULL, NULL, true, 0, NULL);
INSERT INTO language (id, code, englishname, nativename, pluralforms, pluralexpression, visible, direction, uuid) VALUES (87, 'cop', 'Coptic', NULL, NULL, NULL, true, 0, NULL);
INSERT INTO language (id, code, englishname, nativename, pluralforms, pluralexpression, visible, direction, uuid) VALUES (88, 'kw', 'Cornish', NULL, NULL, NULL, true, 0, NULL);
INSERT INTO language (id, code, englishname, nativename, pluralforms, pluralexpression, visible, direction, uuid) VALUES (89, 'co', 'Corsican', NULL, NULL, NULL, true, 0, NULL);
INSERT INTO language (id, code, englishname, nativename, pluralforms, pluralexpression, visible, direction, uuid) VALUES (90, 'cpe', 'English-based (Other)', NULL, NULL, NULL, true, 0, NULL);
INSERT INTO language (id, code, englishname, nativename, pluralforms, pluralexpression, visible, direction, uuid) VALUES (91, 'cpf', 'French-based (Other)', NULL, NULL, NULL, true, 0, NULL);
INSERT INTO language (id, code, englishname, nativename, pluralforms, pluralexpression, visible, direction, uuid) VALUES (92, 'cpp', 'Portuguese-based (Other)', NULL, NULL, NULL, true, 0, NULL);
INSERT INTO language (id, code, englishname, nativename, pluralforms, pluralexpression, visible, direction, uuid) VALUES (93, 'cr', 'Cree', NULL, NULL, NULL, true, 0, NULL);
INSERT INTO language (id, code, englishname, nativename, pluralforms, pluralexpression, visible, direction, uuid) VALUES (94, 'crh', 'Crimean Turkish; Crimean Tatar', NULL, NULL, NULL, true, 0, NULL);
INSERT INTO language (id, code, englishname, nativename, pluralforms, pluralexpression, visible, direction, uuid) VALUES (95, 'crp', 'Creoles and pidgins (Other)', NULL, NULL, NULL, true, 0, NULL);
INSERT INTO language (id, code, englishname, nativename, pluralforms, pluralexpression, visible, direction, uuid) VALUES (96, 'csb', 'Kashubian', NULL, 3, 'n==1 ? 0 : n%10>=2 && n%10<=4 && (n%100<10 || n%100>=20) ? 1 : 2', true, 0, NULL);
INSERT INTO language (id, code, englishname, nativename, pluralforms, pluralexpression, visible, direction, uuid) VALUES (97, 'cus', 'Cushitic (Other)', NULL, NULL, NULL, true, 0, NULL);
INSERT INTO language (id, code, englishname, nativename, pluralforms, pluralexpression, visible, direction, uuid) VALUES (98, 'cs', 'Czech', NULL, 3, 'n%10==1 && n%100!=11 ? 0 : n%10>=2 && n%10<=4 && (n%100<10 || n%100>=20) ? 1 : 2', true, 0, '{37b3f2ec-1229-4289-a6d9-e94d2948ae7e}');
INSERT INTO language (id, code, englishname, nativename, pluralforms, pluralexpression, visible, direction, uuid) VALUES (99, 'dak', 'Dakota', NULL, NULL, NULL, true, 0, NULL);
INSERT INTO language (id, code, englishname, nativename, pluralforms, pluralexpression, visible, direction, uuid) VALUES (100, 'da', 'Danish', NULL, 2, 'n != 1', true, 0, '{1f391bb4-a820-4e44-8b68-01b385d13f94}');
INSERT INTO language (id, code, englishname, nativename, pluralforms, pluralexpression, visible, direction, uuid) VALUES (101, 'dar', 'Dargwa', NULL, NULL, NULL, true, 0, NULL);
INSERT INTO language (id, code, englishname, nativename, pluralforms, pluralexpression, visible, direction, uuid) VALUES (102, 'del', 'Delaware', NULL, NULL, NULL, true, 0, NULL);
INSERT INTO language (id, code, englishname, nativename, pluralforms, pluralexpression, visible, direction, uuid) VALUES (103, 'den', 'Slave (Athapascan)', NULL, NULL, NULL, true, 0, NULL);
INSERT INTO language (id, code, englishname, nativename, pluralforms, pluralexpression, visible, direction, uuid) VALUES (104, 'dgr', 'Dogrib', NULL, NULL, NULL, true, 0, NULL);
INSERT INTO language (id, code, englishname, nativename, pluralforms, pluralexpression, visible, direction, uuid) VALUES (105, 'din', 'Dinka', NULL, NULL, NULL, true, 0, NULL);
INSERT INTO language (id, code, englishname, nativename, pluralforms, pluralexpression, visible, direction, uuid) VALUES (106, 'dv', 'Divehi', NULL, NULL, NULL, true, 0, NULL);
INSERT INTO language (id, code, englishname, nativename, pluralforms, pluralexpression, visible, direction, uuid) VALUES (107, 'doi', 'Dogri', NULL, NULL, NULL, true, 0, NULL);
INSERT INTO language (id, code, englishname, nativename, pluralforms, pluralexpression, visible, direction, uuid) VALUES (108, 'dra', 'Dravidian (Other)', NULL, NULL, NULL, true, 0, NULL);
INSERT INTO language (id, code, englishname, nativename, pluralforms, pluralexpression, visible, direction, uuid) VALUES (109, 'dsb', 'Lower Sorbian', NULL, NULL, NULL, true, 0, NULL);
INSERT INTO language (id, code, englishname, nativename, pluralforms, pluralexpression, visible, direction, uuid) VALUES (110, 'dua', 'Duala', NULL, NULL, NULL, true, 0, NULL);
INSERT INTO language (id, code, englishname, nativename, pluralforms, pluralexpression, visible, direction, uuid) VALUES (111, 'dum', 'Dutch, Middle (ca. 1050-1350)', NULL, NULL, NULL, true, 0, NULL);
INSERT INTO language (id, code, englishname, nativename, pluralforms, pluralexpression, visible, direction, uuid) VALUES (112, 'nl', 'Dutch', NULL, 2, 'n != 1', true, 0, '{83532d50-69a7-46d7-9873-ed232d5b246b}');
INSERT INTO language (id, code, englishname, nativename, pluralforms, pluralexpression, visible, direction, uuid) VALUES (113, 'dyu', 'Dyula', NULL, NULL, NULL, true, 0, NULL);
INSERT INTO language (id, code, englishname, nativename, pluralforms, pluralexpression, visible, direction, uuid) VALUES (114, 'dz', 'Dzongkha', NULL, 1, '0', true, 0, NULL);
INSERT INTO language (id, code, englishname, nativename, pluralforms, pluralexpression, visible, direction, uuid) VALUES (115, 'efi', 'Efik', NULL, NULL, NULL, true, 0, NULL);
INSERT INTO language (id, code, englishname, nativename, pluralforms, pluralexpression, visible, direction, uuid) VALUES (116, 'egy', 'Egyptian (Ancient)', NULL, NULL, NULL, true, 0, NULL);
INSERT INTO language (id, code, englishname, nativename, pluralforms, pluralexpression, visible, direction, uuid) VALUES (117, 'eka', 'Ekajuk', NULL, NULL, NULL, true, 0, NULL);
INSERT INTO language (id, code, englishname, nativename, pluralforms, pluralexpression, visible, direction, uuid) VALUES (118, 'elx', 'Elamite', NULL, NULL, NULL, true, 0, NULL);
INSERT INTO language (id, code, englishname, nativename, pluralforms, pluralexpression, visible, direction, uuid) VALUES (119, 'en', 'English', NULL, 2, 'n != 1', true, 0, '{6c3a4023-ca27-4847-a410-2fe8a2401654}');
INSERT INTO language (id, code, englishname, nativename, pluralforms, pluralexpression, visible, direction, uuid) VALUES (120, 'enm', 'English, Middle (1100-1500)', NULL, NULL, NULL, true, 0, NULL);
INSERT INTO language (id, code, englishname, nativename, pluralforms, pluralexpression, visible, direction, uuid) VALUES (121, 'eo', 'Esperanto', NULL, 2, 'n != 1', true, 0, NULL);
INSERT INTO language (id, code, englishname, nativename, pluralforms, pluralexpression, visible, direction, uuid) VALUES (122, 'et', 'Estonian', NULL, 2, 'n != 1', true, 0, NULL);
INSERT INTO language (id, code, englishname, nativename, pluralforms, pluralexpression, visible, direction, uuid) VALUES (123, 'ee', 'Ewe', NULL, NULL, NULL, true, 0, NULL);
INSERT INTO language (id, code, englishname, nativename, pluralforms, pluralexpression, visible, direction, uuid) VALUES (124, 'ewo', 'Ewondo', NULL, NULL, NULL, true, 0, NULL);
INSERT INTO language (id, code, englishname, nativename, pluralforms, pluralexpression, visible, direction, uuid) VALUES (125, 'fan', 'Fang', NULL, NULL, NULL, true, 0, NULL);
INSERT INTO language (id, code, englishname, nativename, pluralforms, pluralexpression, visible, direction, uuid) VALUES (126, 'fo', 'Faroese', NULL, 2, 'n != 1', true, 0, NULL);
INSERT INTO language (id, code, englishname, nativename, pluralforms, pluralexpression, visible, direction, uuid) VALUES (127, 'fat', 'Fanti', NULL, NULL, NULL, true, 0, NULL);
INSERT INTO language (id, code, englishname, nativename, pluralforms, pluralexpression, visible, direction, uuid) VALUES (128, 'fj', 'Fijian', NULL, NULL, NULL, true, 0, NULL);
INSERT INTO language (id, code, englishname, nativename, pluralforms, pluralexpression, visible, direction, uuid) VALUES (129, 'fi', 'Finnish', NULL, 2, 'n != 1', true, 0, '{c5e1e759-ba2e-44b1-9915-51239d89c492}');
INSERT INTO language (id, code, englishname, nativename, pluralforms, pluralexpression, visible, direction, uuid) VALUES (130, 'fiu', 'Finno-Ugrian (Other)', NULL, NULL, NULL, true, 0, NULL);
INSERT INTO language (id, code, englishname, nativename, pluralforms, pluralexpression, visible, direction, uuid) VALUES (131, 'fon', 'Fon', NULL, NULL, NULL, true, 0, NULL);
INSERT INTO language (id, code, englishname, nativename, pluralforms, pluralexpression, visible, direction, uuid) VALUES (132, 'fr', 'French', NULL, 2, 'n > 1', true, 0, '{5102ddd3-a33f-436f-b43c-f9468a8f8b32}');
INSERT INTO language (id, code, englishname, nativename, pluralforms, pluralexpression, visible, direction, uuid) VALUES (133, 'frm', 'French, Middle (ca.1400-1600)', NULL, NULL, NULL, true, 0, NULL);
INSERT INTO language (id, code, englishname, nativename, pluralforms, pluralexpression, visible, direction, uuid) VALUES (134, 'fro', 'French, Old (842-ca.1400)', NULL, NULL, NULL, true, 0, NULL);
INSERT INTO language (id, code, englishname, nativename, pluralforms, pluralexpression, visible, direction, uuid) VALUES (135, 'fy', 'Frisian', NULL, NULL, NULL, true, 0, NULL);
INSERT INTO language (id, code, englishname, nativename, pluralforms, pluralexpression, visible, direction, uuid) VALUES (136, 'ff', 'Fulah', NULL, NULL, NULL, true, 0, NULL);
INSERT INTO language (id, code, englishname, nativename, pluralforms, pluralexpression, visible, direction, uuid) VALUES (137, 'fur', 'Friulian', NULL, 2, 'n != 1', true, 0, NULL);
INSERT INTO language (id, code, englishname, nativename, pluralforms, pluralexpression, visible, direction, uuid) VALUES (138, 'gaa', 'Ga', NULL, NULL, NULL, true, 0, NULL);
INSERT INTO language (id, code, englishname, nativename, pluralforms, pluralexpression, visible, direction, uuid) VALUES (139, 'gay', 'Gayo', NULL, NULL, NULL, true, 0, NULL);
INSERT INTO language (id, code, englishname, nativename, pluralforms, pluralexpression, visible, direction, uuid) VALUES (140, 'gba', 'Gbaya', NULL, NULL, NULL, true, 0, NULL);
INSERT INTO language (id, code, englishname, nativename, pluralforms, pluralexpression, visible, direction, uuid) VALUES (141, 'gem', 'Germanic (Other)', NULL, NULL, NULL, true, 0, NULL);
INSERT INTO language (id, code, englishname, nativename, pluralforms, pluralexpression, visible, direction, uuid) VALUES (142, 'ka', 'Georgian', NULL, 1, '0', true, 0, NULL);
INSERT INTO language (id, code, englishname, nativename, pluralforms, pluralexpression, visible, direction, uuid) VALUES (143, 'de', 'German', NULL, 2, 'n != 1', true, 0, '{69C47786-9BEF-49BD-B99B-148C9264AF72}');
INSERT INTO language (id, code, englishname, nativename, pluralforms, pluralexpression, visible, direction, uuid) VALUES (144, 'gez', 'Geez', NULL, NULL, NULL, true, 0, NULL);
INSERT INTO language (id, code, englishname, nativename, pluralforms, pluralexpression, visible, direction, uuid) VALUES (145, 'gil', 'Gilbertese', NULL, NULL, NULL, true, 0, NULL);
INSERT INTO language (id, code, englishname, nativename, pluralforms, pluralexpression, visible, direction, uuid) VALUES (146, 'gd', 'Gaelic; Scottish', NULL, 3, 'n < 2 ? 0 : n == 2 ? 1 : 2', true, 0, NULL);
INSERT INTO language (id, code, englishname, nativename, pluralforms, pluralexpression, visible, direction, uuid) VALUES (147, 'ga', 'Irish', NULL, 3, 'n==1 ? 0 : n==2 ? 1 : 2', true, 0, '{906b5382-9a34-4ab1-a627-39487b0678a9}');
INSERT INTO language (id, code, englishname, nativename, pluralforms, pluralexpression, visible, direction, uuid) VALUES (148, 'gl', 'Galician', NULL, 2, 'n != 1', true, 0, NULL);
INSERT INTO language (id, code, englishname, nativename, pluralforms, pluralexpression, visible, direction, uuid) VALUES (149, 'gv', 'Manx', NULL, NULL, NULL, true, 0, NULL);
INSERT INTO language (id, code, englishname, nativename, pluralforms, pluralexpression, visible, direction, uuid) VALUES (150, 'gmh', 'German, Middle High (ca.1050-1500)', NULL, NULL, NULL, true, 0, NULL);
INSERT INTO language (id, code, englishname, nativename, pluralforms, pluralexpression, visible, direction, uuid) VALUES (151, 'goh', 'German, Old High (ca.750-1050)', NULL, NULL, NULL, true, 0, NULL);
INSERT INTO language (id, code, englishname, nativename, pluralforms, pluralexpression, visible, direction, uuid) VALUES (152, 'gon', 'Gondi', NULL, NULL, NULL, true, 0, NULL);
INSERT INTO language (id, code, englishname, nativename, pluralforms, pluralexpression, visible, direction, uuid) VALUES (153, 'gor', 'Gorontalo', NULL, NULL, NULL, true, 0, NULL);
INSERT INTO language (id, code, englishname, nativename, pluralforms, pluralexpression, visible, direction, uuid) VALUES (154, 'got', 'Gothic', NULL, NULL, NULL, true, 0, NULL);
INSERT INTO language (id, code, englishname, nativename, pluralforms, pluralexpression, visible, direction, uuid) VALUES (155, 'grb', 'Grebo', NULL, NULL, NULL, true, 0, NULL);
INSERT INTO language (id, code, englishname, nativename, pluralforms, pluralexpression, visible, direction, uuid) VALUES (156, 'grc', 'Greek, Ancient (to 1453)', NULL, NULL, NULL, true, 0, NULL);
INSERT INTO language (id, code, englishname, nativename, pluralforms, pluralexpression, visible, direction, uuid) VALUES (157, 'el', 'Greek, Modern (1453-)', NULL, 2, 'n != 1', true, 0, '{eb0c5e26-c8a7-4873-b633-0f453cb1debc}');
INSERT INTO language (id, code, englishname, nativename, pluralforms, pluralexpression, visible, direction, uuid) VALUES (158, 'gn', 'Guarani', NULL, NULL, NULL, true, 0, NULL);
INSERT INTO language (id, code, englishname, nativename, pluralforms, pluralexpression, visible, direction, uuid) VALUES (159, 'gu', 'Gujarati', NULL, 2, 'n != 1', true, 0, '{16baab125756b023981bc4a14bd77b5c}');
INSERT INTO language (id, code, englishname, nativename, pluralforms, pluralexpression, visible, direction, uuid) VALUES (160, 'gwi', 'Gwichin', NULL, NULL, NULL, true, 0, NULL);
INSERT INTO language (id, code, englishname, nativename, pluralforms, pluralexpression, visible, direction, uuid) VALUES (161, 'hai', 'Haida', NULL, NULL, NULL, true, 0, NULL);
INSERT INTO language (id, code, englishname, nativename, pluralforms, pluralexpression, visible, direction, uuid) VALUES (162, 'ht', 'Haitian; Haitian Creole', NULL, NULL, NULL, true, 0, NULL);
INSERT INTO language (id, code, englishname, nativename, pluralforms, pluralexpression, visible, direction, uuid) VALUES (163, 'ha', 'Hausa', NULL, NULL, NULL, true, 0, NULL);
INSERT INTO language (id, code, englishname, nativename, pluralforms, pluralexpression, visible, direction, uuid) VALUES (164, 'haw', 'Hawaiian', NULL, NULL, NULL, true, 0, NULL);
INSERT INTO language (id, code, englishname, nativename, pluralforms, pluralexpression, visible, direction, uuid) VALUES (165, 'he', 'Hebrew', NULL, 2, 'n != 1', true, 1, '{9818f84c-1be1-4eea-aded-55f406c70e37}');
INSERT INTO language (id, code, englishname, nativename, pluralforms, pluralexpression, visible, direction, uuid) VALUES (166, 'hz', 'Herero', NULL, NULL, NULL, true, 0, NULL);
INSERT INTO language (id, code, englishname, nativename, pluralforms, pluralexpression, visible, direction, uuid) VALUES (167, 'hil', 'Hiligaynon', NULL, NULL, NULL, true, 0, NULL);
INSERT INTO language (id, code, englishname, nativename, pluralforms, pluralexpression, visible, direction, uuid) VALUES (168, 'him', 'Himachali', NULL, NULL, NULL, true, 0, NULL);
INSERT INTO language (id, code, englishname, nativename, pluralforms, pluralexpression, visible, direction, uuid) VALUES (169, 'hi', 'Hindi', NULL, 2, 'n != 1', true, 0, NULL);
INSERT INTO language (id, code, englishname, nativename, pluralforms, pluralexpression, visible, direction, uuid) VALUES (170, 'hit', 'Hittite', NULL, NULL, NULL, true, 0, NULL);
INSERT INTO language (id, code, englishname, nativename, pluralforms, pluralexpression, visible, direction, uuid) VALUES (171, 'hmn', 'Hmong', NULL, NULL, NULL, true, 0, NULL);
INSERT INTO language (id, code, englishname, nativename, pluralforms, pluralexpression, visible, direction, uuid) VALUES (172, 'ho', 'Hiri', NULL, NULL, NULL, true, 0, NULL);
INSERT INTO language (id, code, englishname, nativename, pluralforms, pluralexpression, visible, direction, uuid) VALUES (173, 'hsb', 'Upper Sorbian', NULL, NULL, NULL, true, 0, NULL);
INSERT INTO language (id, code, englishname, nativename, pluralforms, pluralexpression, visible, direction, uuid) VALUES (174, 'hu', 'Hungarian', NULL, 1, '0', true, 0, '{cacb8e15-7f1b-4e71-a3c0-d63ce907366f}');
INSERT INTO language (id, code, englishname, nativename, pluralforms, pluralexpression, visible, direction, uuid) VALUES (175, 'hup', 'Hupa', NULL, NULL, NULL, true, 0, NULL);
INSERT INTO language (id, code, englishname, nativename, pluralforms, pluralexpression, visible, direction, uuid) VALUES (176, 'iba', 'Iban', NULL, NULL, NULL, true, 0, NULL);
INSERT INTO language (id, code, englishname, nativename, pluralforms, pluralexpression, visible, direction, uuid) VALUES (177, 'ig', 'Igbo', NULL, NULL, NULL, true, 0, NULL);
INSERT INTO language (id, code, englishname, nativename, pluralforms, pluralexpression, visible, direction, uuid) VALUES (178, 'is', 'Icelandic', NULL, 2, 'n != 1', true, 0, NULL);
INSERT INTO language (id, code, englishname, nativename, pluralforms, pluralexpression, visible, direction, uuid) VALUES (179, 'io', 'Ido', NULL, NULL, NULL, true, 0, NULL);
INSERT INTO language (id, code, englishname, nativename, pluralforms, pluralexpression, visible, direction, uuid) VALUES (180, 'ii', 'Sichuan Yi', NULL, NULL, NULL, true, 0, NULL);
INSERT INTO language (id, code, englishname, nativename, pluralforms, pluralexpression, visible, direction, uuid) VALUES (181, 'ijo', 'Ijo', NULL, NULL, NULL, true, 0, NULL);
INSERT INTO language (id, code, englishname, nativename, pluralforms, pluralexpression, visible, direction, uuid) VALUES (182, 'iu', 'Inuktitut', NULL, NULL, NULL, true, 0, NULL);
INSERT INTO language (id, code, englishname, nativename, pluralforms, pluralexpression, visible, direction, uuid) VALUES (183, 'ie', 'Interlingue', NULL, NULL, NULL, true, 0, NULL);
INSERT INTO language (id, code, englishname, nativename, pluralforms, pluralexpression, visible, direction, uuid) VALUES (184, 'ilo', 'Iloko', NULL, NULL, NULL, true, 0, NULL);
INSERT INTO language (id, code, englishname, nativename, pluralforms, pluralexpression, visible, direction, uuid) VALUES (185, 'ia', 'Interlingua', NULL, NULL, NULL, true, 0, NULL);
INSERT INTO language (id, code, englishname, nativename, pluralforms, pluralexpression, visible, direction, uuid) VALUES (186, 'inc', 'Indic (Other)', NULL, NULL, NULL, true, 0, NULL);
INSERT INTO language (id, code, englishname, nativename, pluralforms, pluralexpression, visible, direction, uuid) VALUES (187, 'id', 'Indonesian', NULL, 1, '0', true, 0, NULL);
INSERT INTO language (id, code, englishname, nativename, pluralforms, pluralexpression, visible, direction, uuid) VALUES (188, 'ine', 'Indo-European (Other)', NULL, NULL, NULL, true, 0, NULL);
INSERT INTO language (id, code, englishname, nativename, pluralforms, pluralexpression, visible, direction, uuid) VALUES (189, 'inh', 'Ingush', NULL, NULL, NULL, true, 0, NULL);
INSERT INTO language (id, code, englishname, nativename, pluralforms, pluralexpression, visible, direction, uuid) VALUES (190, 'ik', 'Inupiaq', NULL, NULL, NULL, true, 0, NULL);
INSERT INTO language (id, code, englishname, nativename, pluralforms, pluralexpression, visible, direction, uuid) VALUES (191, 'ira', 'Iranian (Other)', NULL, NULL, NULL, true, 0, NULL);
INSERT INTO language (id, code, englishname, nativename, pluralforms, pluralexpression, visible, direction, uuid) VALUES (192, 'iro', 'Iroquoian languages', NULL, NULL, NULL, true, 0, NULL);
INSERT INTO language (id, code, englishname, nativename, pluralforms, pluralexpression, visible, direction, uuid) VALUES (193, 'it', 'Italian', NULL, 2, 'n != 1', true, 0, '{9db167da-cba5-4d12-b045-5d2a5a36a88a}');
INSERT INTO language (id, code, englishname, nativename, pluralforms, pluralexpression, visible, direction, uuid) VALUES (194, 'jv', 'Javanese', NULL, NULL, NULL, true, 0, NULL);
INSERT INTO language (id, code, englishname, nativename, pluralforms, pluralexpression, visible, direction, uuid) VALUES (195, 'jbo', 'Lojban', NULL, 1, '0', true, 0, NULL);
INSERT INTO language (id, code, englishname, nativename, pluralforms, pluralexpression, visible, direction, uuid) VALUES (196, 'ja', 'Japanese', NULL, 1, '0', true, 0, '{02d61967-84bb-455b-a14b-76abc5864739}');
INSERT INTO language (id, code, englishname, nativename, pluralforms, pluralexpression, visible, direction, uuid) VALUES (197, 'jpr', 'Judeo-Persian', NULL, NULL, NULL, true, 0, NULL);
INSERT INTO language (id, code, englishname, nativename, pluralforms, pluralexpression, visible, direction, uuid) VALUES (198, 'jrb', 'Judeo-Arabic', NULL, NULL, NULL, true, 0, NULL);
INSERT INTO language (id, code, englishname, nativename, pluralforms, pluralexpression, visible, direction, uuid) VALUES (199, 'kaa', 'Kara-Kalpak', NULL, NULL, NULL, true, 0, NULL);
INSERT INTO language (id, code, englishname, nativename, pluralforms, pluralexpression, visible, direction, uuid) VALUES (200, 'kab', 'Kabyle', NULL, NULL, NULL, true, 0, NULL);
INSERT INTO language (id, code, englishname, nativename, pluralforms, pluralexpression, visible, direction, uuid) VALUES (201, 'kac', 'Kachin', NULL, NULL, NULL, true, 0, NULL);
INSERT INTO language (id, code, englishname, nativename, pluralforms, pluralexpression, visible, direction, uuid) VALUES (202, 'kl', 'Greenlandic (Kalaallisut)', NULL, NULL, NULL, true, 0, NULL);
INSERT INTO language (id, code, englishname, nativename, pluralforms, pluralexpression, visible, direction, uuid) VALUES (203, 'kam', 'Kamba', NULL, NULL, NULL, true, 0, NULL);
INSERT INTO language (id, code, englishname, nativename, pluralforms, pluralexpression, visible, direction, uuid) VALUES (204, 'kn', 'Kannada', NULL, NULL, NULL, true, 0, NULL);
INSERT INTO language (id, code, englishname, nativename, pluralforms, pluralexpression, visible, direction, uuid) VALUES (205, 'kar', 'Karen', NULL, NULL, NULL, true, 0, NULL);
INSERT INTO language (id, code, englishname, nativename, pluralforms, pluralexpression, visible, direction, uuid) VALUES (206, 'ks', 'Kashmiri', NULL, NULL, NULL, true, 0, NULL);
INSERT INTO language (id, code, englishname, nativename, pluralforms, pluralexpression, visible, direction, uuid) VALUES (207, 'kr', 'Kanuri', NULL, 1, '0', true, 0, NULL);
INSERT INTO language (id, code, englishname, nativename, pluralforms, pluralexpression, visible, direction, uuid) VALUES (208, 'kaw', 'Kawi', NULL, NULL, NULL, true, 0, NULL);
INSERT INTO language (id, code, englishname, nativename, pluralforms, pluralexpression, visible, direction, uuid) VALUES (209, 'kk', 'Kazakh', NULL, NULL, NULL, true, 0, NULL);
INSERT INTO language (id, code, englishname, nativename, pluralforms, pluralexpression, visible, direction, uuid) VALUES (210, 'kbd', 'Kabardian', NULL, NULL, NULL, true, 0, NULL);
INSERT INTO language (id, code, englishname, nativename, pluralforms, pluralexpression, visible, direction, uuid) VALUES (211, 'kha', 'Khazi', NULL, NULL, NULL, true, 0, NULL);
INSERT INTO language (id, code, englishname, nativename, pluralforms, pluralexpression, visible, direction, uuid) VALUES (212, 'khi', 'Khoisan (Other)', NULL, NULL, NULL, true, 0, NULL);
INSERT INTO language (id, code, englishname, nativename, pluralforms, pluralexpression, visible, direction, uuid) VALUES (213, 'km', 'Khmer', NULL, NULL, NULL, true, 0, NULL);
INSERT INTO language (id, code, englishname, nativename, pluralforms, pluralexpression, visible, direction, uuid) VALUES (214, 'kho', 'Khotanese', NULL, NULL, NULL, true, 0, NULL);
INSERT INTO language (id, code, englishname, nativename, pluralforms, pluralexpression, visible, direction, uuid) VALUES (215, 'ki', 'Kikuyu', NULL, NULL, NULL, true, 0, NULL);
INSERT INTO language (id, code, englishname, nativename, pluralforms, pluralexpression, visible, direction, uuid) VALUES (216, 'rw', 'Kinyarwanda', NULL, NULL, NULL, true, 0, NULL);
INSERT INTO language (id, code, englishname, nativename, pluralforms, pluralexpression, visible, direction, uuid) VALUES (217, 'ky', 'Kirghiz', NULL, NULL, NULL, true, 0, NULL);
INSERT INTO language (id, code, englishname, nativename, pluralforms, pluralexpression, visible, direction, uuid) VALUES (218, 'kmb', 'Kimbundu', NULL, NULL, NULL, true, 0, NULL);
INSERT INTO language (id, code, englishname, nativename, pluralforms, pluralexpression, visible, direction, uuid) VALUES (219, 'kok', 'Konkani', NULL, NULL, NULL, true, 0, NULL);
INSERT INTO language (id, code, englishname, nativename, pluralforms, pluralexpression, visible, direction, uuid) VALUES (220, 'kv', 'Komi', NULL, NULL, NULL, true, 0, NULL);
INSERT INTO language (id, code, englishname, nativename, pluralforms, pluralexpression, visible, direction, uuid) VALUES (221, 'kg', 'Kongo', NULL, NULL, NULL, true, 0, NULL);
INSERT INTO language (id, code, englishname, nativename, pluralforms, pluralexpression, visible, direction, uuid) VALUES (222, 'ko', 'Korean', NULL, 1, '0', true, 0, '{dcff4b08-a6cc-4588-a941-852609855803}');
